--
-- Host: 127.0.0.1    Database: suba_garcia-garcia
-- ------------------------------------------------------


--
-- Table structure for table `addresses`
--

CREATE TABLE `addresses` (
  `id` int(11) NOT NULL,
  `primaryOwnerId` int(11) DEFAULT NULL,
  `fieldId` int(11) DEFAULT NULL,
  `countryCode` varchar(255) NOT NULL,
  `administrativeArea` varchar(255) DEFAULT NULL,
  `locality` varchar(255) DEFAULT NULL,
  `dependentLocality` varchar(255) DEFAULT NULL,
  `postalCode` varchar(255) DEFAULT NULL,
  `sortingCode` varchar(255) DEFAULT NULL,
  `addressLine1` varchar(255) DEFAULT NULL,
  `addressLine2` varchar(255) DEFAULT NULL,
  `addressLine3` varchar(255) DEFAULT NULL,
  `organization` varchar(255) DEFAULT NULL,
  `organizationTaxId` varchar(255) DEFAULT NULL,
  `fullName` varchar(255) DEFAULT NULL,
  `firstName` varchar(255) DEFAULT NULL,
  `lastName` varchar(255) DEFAULT NULL,
  `latitude` varchar(255) DEFAULT NULL,
  `longitude` varchar(255) DEFAULT NULL,
  `dateCreated` datetime NOT NULL,
  `dateUpdated` datetime NOT NULL,
  PRIMARY KEY (`id`),
  KEY `fk_zeoxqrczomoilsezvbmrfbdudvpbrgfadjrz` (`primaryOwnerId`),
  CONSTRAINT `fk_btoyluisrtrzosqdgudpoizspapjjjjjfyqz` FOREIGN KEY (`id`) REFERENCES `elements` (`id`) ON DELETE CASCADE,
  CONSTRAINT `fk_zeoxqrczomoilsezvbmrfbdudvpbrgfadjrz` FOREIGN KEY (`primaryOwnerId`) REFERENCES `elements` (`id`) ON DELETE CASCADE
) ENGINE=InnoDB DEFAULT CHARSET=utf8mb4 COLLATE=utf8mb4_unicode_ci;

--
-- Table structure for table `announcements`
--

CREATE TABLE `announcements` (
  `id` int(11) NOT NULL AUTO_INCREMENT,
  `userId` int(11) NOT NULL,
  `pluginId` int(11) DEFAULT NULL,
  `heading` varchar(255) NOT NULL,
  `body` text NOT NULL,
  `unread` tinyint(1) NOT NULL DEFAULT 1,
  `dateRead` datetime DEFAULT NULL,
  `dateCreated` datetime NOT NULL,
  PRIMARY KEY (`id`),
  KEY `idx_rktgxcnpsfobhraghadxplwykrfwdklienky` (`userId`,`unread`,`dateRead`,`dateCreated`),
  KEY `idx_ytgonammmjlxmqgschsqpupwltfjabcsjxdh` (`dateRead`),
  KEY `fk_fntccyehfxaoorxehheshkdvdgjmcibmubmo` (`pluginId`),
  CONSTRAINT `fk_fntccyehfxaoorxehheshkdvdgjmcibmubmo` FOREIGN KEY (`pluginId`) REFERENCES `plugins` (`id`) ON DELETE CASCADE,
  CONSTRAINT `fk_wwsqmmyeldefxxxqcufcnkplyxuejuyscfiu` FOREIGN KEY (`userId`) REFERENCES `users` (`id`) ON DELETE CASCADE
) ENGINE=InnoDB DEFAULT CHARSET=utf8mb4 COLLATE=utf8mb4_unicode_ci;

--
-- Table structure for table `assetindexdata`
--

CREATE TABLE `assetindexdata` (
  `id` int(11) NOT NULL AUTO_INCREMENT,
  `sessionId` int(11) NOT NULL,
  `volumeId` int(11) NOT NULL,
  `uri` text DEFAULT NULL,
  `size` bigint(20) unsigned DEFAULT NULL,
  `timestamp` datetime DEFAULT NULL,
  `isDir` tinyint(1) DEFAULT 0,
  `recordId` int(11) DEFAULT NULL,
  `isSkipped` tinyint(1) DEFAULT 0,
  `inProgress` tinyint(1) DEFAULT 0,
  `completed` tinyint(1) DEFAULT 0,
  `dateCreated` datetime NOT NULL,
  `dateUpdated` datetime NOT NULL,
  `uid` char(36) NOT NULL DEFAULT '0',
  PRIMARY KEY (`id`),
  KEY `idx_swbullgzmftamrqrigcpshpyakrwchannatq` (`sessionId`,`volumeId`),
  KEY `idx_kmzqacsajjlvivstnwzvripepmarvztobhnx` (`volumeId`),
  CONSTRAINT `fk_fazhllewcsmpsaqfmbpdtarnvnwmwodlyyxc` FOREIGN KEY (`volumeId`) REFERENCES `volumes` (`id`) ON DELETE CASCADE,
  CONSTRAINT `fk_qhyfboiwdpjkwpkpvlcgzmtvqpsslwcrepod` FOREIGN KEY (`sessionId`) REFERENCES `assetindexingsessions` (`id`) ON DELETE CASCADE
) ENGINE=InnoDB DEFAULT CHARSET=utf8mb4 COLLATE=utf8mb4_unicode_ci;

--
-- Table structure for table `assetindexingsessions`
--

CREATE TABLE `assetindexingsessions` (
  `id` int(11) NOT NULL AUTO_INCREMENT,
  `indexedVolumes` text DEFAULT NULL,
  `totalEntries` int(11) DEFAULT NULL,
  `processedEntries` int(11) NOT NULL DEFAULT 0,
  `cacheRemoteImages` tinyint(1) DEFAULT NULL,
  `listEmptyFolders` tinyint(1) DEFAULT 0,
  `isCli` tinyint(1) DEFAULT 0,
  `actionRequired` tinyint(1) DEFAULT 0,
  `processIfRootEmpty` tinyint(1) DEFAULT 0,
  `dateCreated` datetime NOT NULL,
  `dateUpdated` datetime NOT NULL,
  `uid` char(36) NOT NULL DEFAULT '0',
  PRIMARY KEY (`id`)
) ENGINE=InnoDB DEFAULT CHARSET=utf8mb4 COLLATE=utf8mb4_unicode_ci;

--
-- Table structure for table `assets`
--

CREATE TABLE `assets` (
  `id` int(11) NOT NULL,
  `volumeId` int(11) DEFAULT NULL,
  `folderId` int(11) NOT NULL,
  `uploaderId` int(11) DEFAULT NULL,
  `filename` varchar(255) NOT NULL,
  `mimeType` varchar(255) DEFAULT NULL,
  `kind` varchar(50) NOT NULL DEFAULT 'unknown',
  `alt` text DEFAULT NULL,
  `width` int(11) unsigned DEFAULT NULL,
  `height` int(11) unsigned DEFAULT NULL,
  `size` bigint(20) unsigned DEFAULT NULL,
  `focalPoint` varchar(13) DEFAULT NULL,
  `deletedWithVolume` tinyint(1) DEFAULT NULL,
  `keptFile` tinyint(1) DEFAULT NULL,
  `dateModified` datetime DEFAULT NULL,
  `dateCreated` datetime NOT NULL,
  `dateUpdated` datetime NOT NULL,
  PRIMARY KEY (`id`),
  KEY `idx_nuewizejwzsutulpcctihdavbpycwjedqizp` (`filename`,`folderId`),
  KEY `idx_rpoajpjerzztueybxozdafqlbhvwywlyhups` (`folderId`),
  KEY `idx_cqpcxemhtbvgwmzpmfyaofbbqcprexpomgqn` (`volumeId`),
  KEY `fk_lbmckwjbemfjoppgklftbrpvblrwaqpkcbiy` (`uploaderId`),
  CONSTRAINT `fk_dekwvvwcygjxxynlxeqqqqkjxpizsvetisfq` FOREIGN KEY (`id`) REFERENCES `elements` (`id`) ON DELETE CASCADE,
  CONSTRAINT `fk_fjzwutyfmcezmmryjdsmybxwpttyoioenkys` FOREIGN KEY (`volumeId`) REFERENCES `volumes` (`id`) ON DELETE CASCADE,
  CONSTRAINT `fk_lbmckwjbemfjoppgklftbrpvblrwaqpkcbiy` FOREIGN KEY (`uploaderId`) REFERENCES `users` (`id`) ON DELETE SET NULL,
  CONSTRAINT `fk_lbzoeenpfojybaneylqflzwrvfghababhoks` FOREIGN KEY (`folderId`) REFERENCES `volumefolders` (`id`) ON DELETE CASCADE
) ENGINE=InnoDB DEFAULT CHARSET=utf8mb4 COLLATE=utf8mb4_unicode_ci;

--
-- Table structure for table `assets_sites`
--

CREATE TABLE `assets_sites` (
  `assetId` int(11) NOT NULL,
  `siteId` int(11) NOT NULL,
  `alt` text DEFAULT NULL,
  PRIMARY KEY (`assetId`,`siteId`),
  KEY `fk_nuilmmafeihsyzwevekarxqiydpnntusznxu` (`siteId`),
  CONSTRAINT `fk_nuilmmafeihsyzwevekarxqiydpnntusznxu` FOREIGN KEY (`siteId`) REFERENCES `sites` (`id`) ON DELETE CASCADE ON UPDATE CASCADE,
  CONSTRAINT `fk_smxhtndxgfyoyonqppjrikcwmxaktnfyogpu` FOREIGN KEY (`assetId`) REFERENCES `assets` (`id`) ON DELETE CASCADE
) ENGINE=InnoDB DEFAULT CHARSET=utf8mb4 COLLATE=utf8mb4_unicode_ci;

--
-- Table structure for table `auth_oauth_tokens`
--

CREATE TABLE `auth_oauth_tokens` (
  `id` int(11) NOT NULL AUTO_INCREMENT,
  `ownerHandle` varchar(255) NOT NULL,
  `providerType` varchar(255) NOT NULL,
  `tokenType` varchar(255) NOT NULL,
  `reference` varchar(255) DEFAULT NULL,
  `accessToken` text DEFAULT NULL,
  `secret` text DEFAULT NULL,
  `expires` varchar(255) DEFAULT NULL,
  `refreshToken` text DEFAULT NULL,
  `resourceOwnerId` varchar(255) DEFAULT NULL,
  `values` text DEFAULT NULL,
  `dateCreated` datetime NOT NULL,
  `dateUpdated` datetime NOT NULL,
  `uid` char(36) NOT NULL DEFAULT '0',
  PRIMARY KEY (`id`)
) ENGINE=InnoDB DEFAULT CHARSET=utf8mb4 COLLATE=utf8mb4_unicode_ci;

--
-- Table structure for table `authenticator`
--

CREATE TABLE `authenticator` (
  `id` int(11) NOT NULL AUTO_INCREMENT,
  `userId` int(11) NOT NULL,
  `auth2faSecret` varchar(255) DEFAULT NULL,
  `oldTimestamp` int(11) unsigned DEFAULT NULL,
  `dateCreated` datetime NOT NULL,
  `dateUpdated` datetime NOT NULL,
  PRIMARY KEY (`id`),
  KEY `fk_rpywrtosrkxnzviblmzkmnafdueeonucdhji` (`userId`),
  CONSTRAINT `fk_rpywrtosrkxnzviblmzkmnafdueeonucdhji` FOREIGN KEY (`userId`) REFERENCES `users` (`id`) ON DELETE CASCADE
) ENGINE=InnoDB DEFAULT CHARSET=utf8mb4 COLLATE=utf8mb4_unicode_ci;

--
-- Table structure for table `bulkopevents`
--

CREATE TABLE `bulkopevents` (
  `key` char(10) NOT NULL,
  `senderClass` varchar(255) NOT NULL,
  `eventName` varchar(255) NOT NULL,
  `timestamp` datetime NOT NULL,
  PRIMARY KEY (`key`,`senderClass`,`eventName`),
  KEY `idx_gsjmvnazdjantejkxjcxibxmpvmbrhqbdlrm` (`timestamp`)
) ENGINE=InnoDB DEFAULT CHARSET=utf8mb4 COLLATE=utf8mb4_unicode_ci;

--
-- Table structure for table `categories`
--

CREATE TABLE `categories` (
  `id` int(11) NOT NULL,
  `groupId` int(11) NOT NULL,
  `parentId` int(11) DEFAULT NULL,
  `deletedWithGroup` tinyint(1) DEFAULT NULL,
  `dateCreated` datetime NOT NULL,
  `dateUpdated` datetime NOT NULL,
  PRIMARY KEY (`id`),
  KEY `idx_ohcwknchkawiqabgyomizgjkmjojfthvddnf` (`groupId`),
  KEY `fk_rykgejuzxnixbiiygmuamnktkkkyangpbtdw` (`parentId`),
  CONSTRAINT `fk_lnndfsieevxbbiplhlydevdtgyphaqnaxisp` FOREIGN KEY (`id`) REFERENCES `elements` (`id`) ON DELETE CASCADE,
  CONSTRAINT `fk_rykgejuzxnixbiiygmuamnktkkkyangpbtdw` FOREIGN KEY (`parentId`) REFERENCES `categories` (`id`) ON DELETE SET NULL,
  CONSTRAINT `fk_xrxgfulrdoiglitpgkvldpvndhvhccsrehye` FOREIGN KEY (`groupId`) REFERENCES `categorygroups` (`id`) ON DELETE CASCADE
) ENGINE=InnoDB DEFAULT CHARSET=utf8mb4 COLLATE=utf8mb4_unicode_ci;

--
-- Table structure for table `categorygroups`
--

CREATE TABLE `categorygroups` (
  `id` int(11) NOT NULL AUTO_INCREMENT,
  `structureId` int(11) NOT NULL,
  `fieldLayoutId` int(11) DEFAULT NULL,
  `name` varchar(255) NOT NULL,
  `handle` varchar(255) NOT NULL,
  `defaultPlacement` enum('beginning','end') NOT NULL DEFAULT 'end',
  `dateCreated` datetime NOT NULL,
  `dateUpdated` datetime NOT NULL,
  `dateDeleted` datetime DEFAULT NULL,
  `uid` char(36) NOT NULL DEFAULT '0',
  PRIMARY KEY (`id`),
  KEY `idx_tnqlarsjcjkzyrgxipdvebaiggyxbeqauigx` (`name`),
  KEY `idx_gxqagshsgjzxjjzvkocbwpzhpxjukoxdssyf` (`handle`),
  KEY `idx_boybawydrrqeobbelgjqhmjfpnzvmrkclvna` (`structureId`),
  KEY `idx_liedvodxjrufxsmzoaxwtutfitygabqtngyo` (`fieldLayoutId`),
  KEY `idx_mmnjnxfnomvolfqdwpryzzxvhvsubntmgllr` (`dateDeleted`),
  CONSTRAINT `fk_ftazvgimhylahevbextjjrtfwposqfaezsus` FOREIGN KEY (`structureId`) REFERENCES `structures` (`id`) ON DELETE CASCADE,
  CONSTRAINT `fk_zjihiuapvxginpmoxiuumytsmiwssahlsnvq` FOREIGN KEY (`fieldLayoutId`) REFERENCES `fieldlayouts` (`id`) ON DELETE SET NULL
) ENGINE=InnoDB AUTO_INCREMENT=4 DEFAULT CHARSET=utf8mb4 COLLATE=utf8mb4_unicode_ci;

--
-- Table structure for table `categorygroups_sites`
--

CREATE TABLE `categorygroups_sites` (
  `id` int(11) NOT NULL AUTO_INCREMENT,
  `groupId` int(11) NOT NULL,
  `siteId` int(11) NOT NULL,
  `hasUrls` tinyint(1) NOT NULL DEFAULT 1,
  `uriFormat` text DEFAULT NULL,
  `template` varchar(500) DEFAULT NULL,
  `dateCreated` datetime NOT NULL,
  `dateUpdated` datetime NOT NULL,
  `uid` char(36) NOT NULL DEFAULT '0',
  PRIMARY KEY (`id`),
  UNIQUE KEY `idx_hezecmxfqejflpygbzgjbultfucytwyopdra` (`groupId`,`siteId`),
  KEY `idx_yiohqxfocxgayyippekwzpdfjnwaulpfehef` (`siteId`),
  CONSTRAINT `fk_edoyjiznsnsnvxgyugkwlksswpflhejiiikt` FOREIGN KEY (`groupId`) REFERENCES `categorygroups` (`id`) ON DELETE CASCADE,
  CONSTRAINT `fk_xabdjcqirmokrlriveaiiysfixtsqymopnfe` FOREIGN KEY (`siteId`) REFERENCES `sites` (`id`) ON DELETE CASCADE ON UPDATE CASCADE
) ENGINE=InnoDB AUTO_INCREMENT=9 DEFAULT CHARSET=utf8mb4 COLLATE=utf8mb4_unicode_ci;

--
-- Table structure for table `changedattributes`
--

CREATE TABLE `changedattributes` (
  `elementId` int(11) NOT NULL,
  `siteId` int(11) NOT NULL,
  `attribute` varchar(255) NOT NULL,
  `dateUpdated` datetime NOT NULL,
  `propagated` tinyint(1) NOT NULL,
  `userId` int(11) DEFAULT NULL,
  PRIMARY KEY (`elementId`,`siteId`,`attribute`),
  KEY `idx_chcdirxkvysdkodfcnitvorpmkcxfufttefr` (`elementId`,`siteId`,`dateUpdated`),
  KEY `fk_mnvwlihaljdtvppygybtnasjmhrqiwqylmhu` (`siteId`),
  KEY `fk_woarungomcnqjtgvijpmscpwrokcvcxhokxx` (`userId`),
  CONSTRAINT `fk_mnvwlihaljdtvppygybtnasjmhrqiwqylmhu` FOREIGN KEY (`siteId`) REFERENCES `sites` (`id`) ON DELETE CASCADE ON UPDATE CASCADE,
  CONSTRAINT `fk_woarungomcnqjtgvijpmscpwrokcvcxhokxx` FOREIGN KEY (`userId`) REFERENCES `users` (`id`) ON DELETE SET NULL ON UPDATE CASCADE,
  CONSTRAINT `fk_ymxxzknpdezxyteenwivvyeqjxgpnkwwsaip` FOREIGN KEY (`elementId`) REFERENCES `elements` (`id`) ON DELETE CASCADE ON UPDATE CASCADE
) ENGINE=InnoDB DEFAULT CHARSET=utf8mb4 COLLATE=utf8mb4_unicode_ci;

--
-- Table structure for table `changedfields`
--

CREATE TABLE `changedfields` (
  `elementId` int(11) NOT NULL,
  `siteId` int(11) NOT NULL,
  `fieldId` int(11) NOT NULL,
  `layoutElementUid` char(36) NOT NULL DEFAULT '0',
  `dateUpdated` datetime NOT NULL,
  `propagated` tinyint(1) NOT NULL,
  `userId` int(11) DEFAULT NULL,
  PRIMARY KEY (`elementId`,`siteId`,`fieldId`,`layoutElementUid`),
  KEY `idx_lcbfqzsdnzagkwqeqprxfizymmvbrrihyxtz` (`elementId`,`siteId`,`dateUpdated`),
  KEY `fk_dqebjghdudsuuhigohfnmfytjcqqywpfcfex` (`siteId`),
  KEY `fk_kucjnpsiaulaswmidfeevfjmcieqgkglazfe` (`fieldId`),
  KEY `fk_vrmfwulydyxhnorgpwzesyxhqbcwqrrnoasd` (`userId`),
  CONSTRAINT `fk_dqebjghdudsuuhigohfnmfytjcqqywpfcfex` FOREIGN KEY (`siteId`) REFERENCES `sites` (`id`) ON DELETE CASCADE ON UPDATE CASCADE,
  CONSTRAINT `fk_gwxhmvmxmgfcsnhjwhcnczlcougzhwgkeulo` FOREIGN KEY (`elementId`) REFERENCES `elements` (`id`) ON DELETE CASCADE ON UPDATE CASCADE,
  CONSTRAINT `fk_kucjnpsiaulaswmidfeevfjmcieqgkglazfe` FOREIGN KEY (`fieldId`) REFERENCES `fields` (`id`) ON DELETE CASCADE ON UPDATE CASCADE,
  CONSTRAINT `fk_vrmfwulydyxhnorgpwzesyxhqbcwqrrnoasd` FOREIGN KEY (`userId`) REFERENCES `users` (`id`) ON DELETE SET NULL ON UPDATE CASCADE
) ENGINE=InnoDB DEFAULT CHARSET=utf8mb4 COLLATE=utf8mb4_unicode_ci;

--
-- Table structure for table `contentblocks`
--

CREATE TABLE `contentblocks` (
  `id` int(11) NOT NULL,
  `primaryOwnerId` int(11) DEFAULT NULL,
  `fieldId` int(11) DEFAULT NULL,
  PRIMARY KEY (`id`),
  KEY `idx_htpsjvdjtphwfmvtzezztxphezfgzhkcohwi` (`primaryOwnerId`),
  KEY `idx_bezrtngxsmetljusjblyerrwcuvjviloxhzj` (`fieldId`),
  CONSTRAINT `fk_gjabvbjxzytwafnhjmujwsjzzraqkkgwllgp` FOREIGN KEY (`primaryOwnerId`) REFERENCES `elements` (`id`) ON DELETE CASCADE,
  CONSTRAINT `fk_lamnjicozkcembomwqwqgergtdzusowkampb` FOREIGN KEY (`fieldId`) REFERENCES `fields` (`id`) ON DELETE CASCADE,
  CONSTRAINT `fk_osarkqrntksincengsfqgyvzprrsezewuetb` FOREIGN KEY (`id`) REFERENCES `elements` (`id`) ON DELETE CASCADE
) ENGINE=InnoDB DEFAULT CHARSET=utf8mb4 COLLATE=utf8mb4_unicode_ci;

--
-- Table structure for table `cpnav_layout`
--

CREATE TABLE `cpnav_layout` (
  `id` int(11) NOT NULL AUTO_INCREMENT,
  `name` varchar(255) DEFAULT NULL,
  `isDefault` tinyint(1) DEFAULT 0,
  `permissions` text DEFAULT NULL,
  `sortOrder` smallint(6) unsigned DEFAULT NULL,
  `dateCreated` datetime NOT NULL,
  `dateUpdated` datetime NOT NULL,
  `uid` char(36) NOT NULL DEFAULT '0',
  PRIMARY KEY (`id`)
) ENGINE=InnoDB AUTO_INCREMENT=2 DEFAULT CHARSET=utf8mb4 COLLATE=utf8mb4_unicode_ci;

--
-- Table structure for table `cpnav_navigation`
--

CREATE TABLE `cpnav_navigation` (
  `id` int(11) NOT NULL AUTO_INCREMENT,
  `layoutId` int(11) NOT NULL,
  `handle` varchar(255) DEFAULT NULL,
  `prevLabel` varchar(255) DEFAULT NULL,
  `currLabel` varchar(255) DEFAULT NULL,
  `enabled` tinyint(1) DEFAULT 1,
  `sortOrder` smallint(6) unsigned DEFAULT NULL,
  `prevLevel` smallint(6) DEFAULT NULL,
  `level` smallint(6) DEFAULT 1,
  `prevParentId` int(11) DEFAULT NULL,
  `parentId` int(11) DEFAULT NULL,
  `prevUrl` varchar(255) DEFAULT NULL,
  `url` varchar(255) DEFAULT NULL,
  `icon` varchar(255) DEFAULT NULL,
  `customIcon` varchar(255) DEFAULT NULL,
  `type` varchar(255) DEFAULT NULL,
  `newWindow` tinyint(1) DEFAULT 0,
  `subnavBehaviour` varchar(255) DEFAULT NULL,
  `dateCreated` datetime NOT NULL,
  `dateUpdated` datetime NOT NULL,
  `uid` char(36) NOT NULL DEFAULT '0',
  PRIMARY KEY (`id`),
  KEY `fk_nbrtujivcrantoreblwgelhpvddppqcjkcrm` (`layoutId`),
  CONSTRAINT `fk_nbrtujivcrantoreblwgelhpvddppqcjkcrm` FOREIGN KEY (`layoutId`) REFERENCES `cpnav_layout` (`id`) ON DELETE CASCADE
) ENGINE=InnoDB AUTO_INCREMENT=46 DEFAULT CHARSET=utf8mb4 COLLATE=utf8mb4_unicode_ci;

--
-- Table structure for table `craftidtokens`
--

CREATE TABLE `craftidtokens` (
  `id` int(11) NOT NULL AUTO_INCREMENT,
  `userId` int(11) NOT NULL,
  `accessToken` text NOT NULL,
  `expiryDate` datetime DEFAULT NULL,
  `dateCreated` datetime NOT NULL,
  `dateUpdated` datetime NOT NULL,
  `uid` char(36) NOT NULL DEFAULT '0',
  PRIMARY KEY (`id`),
  KEY `fk_lcpfccecyywbwnaliobaefqxflmmazqulkfe` (`userId`),
  CONSTRAINT `fk_lcpfccecyywbwnaliobaefqxflmmazqulkfe` FOREIGN KEY (`userId`) REFERENCES `users` (`id`) ON DELETE CASCADE
) ENGINE=InnoDB DEFAULT CHARSET=utf8mb4 COLLATE=utf8mb4_unicode_ci;

--
-- Table structure for table `deprecationerrors`
--

CREATE TABLE `deprecationerrors` (
  `id` int(11) NOT NULL AUTO_INCREMENT,
  `key` varchar(255) NOT NULL,
  `fingerprint` varchar(255) NOT NULL,
  `lastOccurrence` datetime NOT NULL,
  `file` varchar(255) NOT NULL,
  `line` smallint(6) unsigned DEFAULT NULL,
  `message` text DEFAULT NULL,
  `traces` longtext CHARACTER SET utf8mb4 COLLATE utf8mb4_bin DEFAULT NULL CHECK (json_valid(`traces`)),
  `dateCreated` datetime NOT NULL,
  `dateUpdated` datetime NOT NULL,
  `uid` char(36) NOT NULL DEFAULT '0',
  PRIMARY KEY (`id`),
  UNIQUE KEY `idx_cdrjjrwmcpyzdprlejeqypgdlwluhxfbakie` (`key`,`fingerprint`)
) ENGINE=InnoDB DEFAULT CHARSET=utf8mb4 COLLATE=utf8mb4_unicode_ci;

--
-- Table structure for table `drafts`
--

CREATE TABLE `drafts` (
  `id` int(11) NOT NULL AUTO_INCREMENT,
  `canonicalId` int(11) DEFAULT NULL,
  `creatorId` int(11) DEFAULT NULL,
  `provisional` tinyint(1) NOT NULL DEFAULT 0,
  `name` varchar(255) NOT NULL,
  `notes` text DEFAULT NULL,
  `trackChanges` tinyint(1) NOT NULL DEFAULT 0,
  `dateLastMerged` datetime DEFAULT NULL,
  `saved` tinyint(1) NOT NULL DEFAULT 1,
  PRIMARY KEY (`id`),
  KEY `idx_actjsmeqbtreghqcajnnwhxckclbjedwoxhu` (`creatorId`,`provisional`),
  KEY `idx_nanmuztahiucuejoshijahkijtjskbpmpfwq` (`saved`),
  KEY `fk_sscxqrkkkqjmfxpvluxbljsexgwtfrrytepb` (`canonicalId`),
  CONSTRAINT `fk_sscxqrkkkqjmfxpvluxbljsexgwtfrrytepb` FOREIGN KEY (`canonicalId`) REFERENCES `elements` (`id`) ON DELETE CASCADE,
  CONSTRAINT `fk_zmpsgsfztchgmqqpylptxqnfarxwdblchvfn` FOREIGN KEY (`creatorId`) REFERENCES `users` (`id`) ON DELETE SET NULL
) ENGINE=InnoDB AUTO_INCREMENT=580 DEFAULT CHARSET=utf8mb4 COLLATE=utf8mb4_unicode_ci;

--
-- Table structure for table `elementactivity`
--

CREATE TABLE `elementactivity` (
  `elementId` int(11) NOT NULL,
  `userId` int(11) NOT NULL,
  `siteId` int(11) NOT NULL,
  `draftId` int(11) DEFAULT NULL,
  `type` varchar(255) NOT NULL,
  `timestamp` datetime DEFAULT NULL,
  PRIMARY KEY (`elementId`,`userId`,`type`),
  KEY `idx_wkawsepfifooqnicwvzjxzrvhkrcmiurswes` (`elementId`,`timestamp`,`userId`),
  KEY `fk_vaihxzckgiiwvhdzsdbnpgszvlhmdkdyicar` (`userId`),
  KEY `fk_hvyocfjoawngdumqkjtzvvsnkoqccuovtjtv` (`siteId`),
  KEY `fk_aluxvplqiqbwrcdxiiroacvvmzuolfmumajb` (`draftId`),
  CONSTRAINT `fk_aluxvplqiqbwrcdxiiroacvvmzuolfmumajb` FOREIGN KEY (`draftId`) REFERENCES `drafts` (`id`) ON DELETE CASCADE,
  CONSTRAINT `fk_eqvuatmzgobgsjhvxjsbtxydtasnaoslvlwb` FOREIGN KEY (`elementId`) REFERENCES `elements` (`id`) ON DELETE CASCADE,
  CONSTRAINT `fk_hvyocfjoawngdumqkjtzvvsnkoqccuovtjtv` FOREIGN KEY (`siteId`) REFERENCES `sites` (`id`) ON DELETE CASCADE,
  CONSTRAINT `fk_vaihxzckgiiwvhdzsdbnpgszvlhmdkdyicar` FOREIGN KEY (`userId`) REFERENCES `users` (`id`) ON DELETE CASCADE
) ENGINE=InnoDB DEFAULT CHARSET=utf8mb4 COLLATE=utf8mb4_unicode_ci;

--
-- Table structure for table `elements`
--

CREATE TABLE `elements` (
  `id` int(11) NOT NULL AUTO_INCREMENT,
  `canonicalId` int(11) DEFAULT NULL,
  `draftId` int(11) DEFAULT NULL,
  `revisionId` int(11) DEFAULT NULL,
  `fieldLayoutId` int(11) DEFAULT NULL,
  `type` varchar(255) NOT NULL,
  `enabled` tinyint(1) NOT NULL DEFAULT 1,
  `archived` tinyint(1) NOT NULL DEFAULT 0,
  `dateCreated` datetime NOT NULL,
  `dateUpdated` datetime NOT NULL,
  `dateLastMerged` datetime DEFAULT NULL,
  `dateDeleted` datetime DEFAULT NULL,
  `deletedWithOwner` tinyint(1) DEFAULT NULL,
  `uid` char(36) NOT NULL DEFAULT '0',
  PRIMARY KEY (`id`),
  KEY `idx_jfugdiqtewmsitqfwlhbqpebpuoeitymtduj` (`dateDeleted`),
  KEY `idx_qwdbpbilwaodioapsvwyxiicsultktqfbbqe` (`fieldLayoutId`),
  KEY `idx_bncvuvbnsovpnjtxiibpmwfevjkdssbtcvrf` (`type`),
  KEY `idx_hzlvcwprurajvcgtngeeetskurtoxchkizia` (`enabled`),
  KEY `idx_ccltyfnaxcoqtkjdtvyonjtuwwakiplpizbv` (`canonicalId`),
  KEY `idx_grpecymuehczgzybafusufbhmbdmxilyxjzm` (`archived`,`dateCreated`),
  KEY `idx_zpmgbhhyujblazrldcfzloktoaobwfjhbhgy` (`archived`,`dateDeleted`,`draftId`,`revisionId`,`canonicalId`),
  KEY `idx_rlwccqffxqdyyuifdwiqyaimseivpligljun` (`archived`,`dateDeleted`,`draftId`,`revisionId`,`canonicalId`,`enabled`),
  KEY `fk_fkhdcybogcnxnwnjsmxsyfwdzafwhzbqbnqe` (`draftId`),
  KEY `fk_ebhmkfqzfogiddyccrhoxjfeeekillzexxxg` (`revisionId`),
  CONSTRAINT `fk_ebhmkfqzfogiddyccrhoxjfeeekillzexxxg` FOREIGN KEY (`revisionId`) REFERENCES `revisions` (`id`) ON DELETE CASCADE,
  CONSTRAINT `fk_fkhdcybogcnxnwnjsmxsyfwdzafwhzbqbnqe` FOREIGN KEY (`draftId`) REFERENCES `drafts` (`id`) ON DELETE CASCADE,
  CONSTRAINT `fk_kayrohtecaaupnpcncwjkhlmrhrmbxcvrrke` FOREIGN KEY (`canonicalId`) REFERENCES `elements` (`id`) ON DELETE SET NULL,
  CONSTRAINT `fk_nxqfnpyqwlppdalcvodiiiyjszwvbrxyhynw` FOREIGN KEY (`fieldLayoutId`) REFERENCES `fieldlayouts` (`id`) ON DELETE SET NULL
) ENGINE=InnoDB AUTO_INCREMENT=2146 DEFAULT CHARSET=utf8mb4 COLLATE=utf8mb4_unicode_ci;

--
-- Table structure for table `elements_bulkops`
--

CREATE TABLE `elements_bulkops` (
  `elementId` int(11) NOT NULL,
  `key` char(10) NOT NULL,
  `timestamp` datetime NOT NULL,
  PRIMARY KEY (`elementId`,`key`),
  KEY `idx_akdfpqxwwjpcpmgatisjwzbmpdrylweelccc` (`timestamp`)
) ENGINE=InnoDB DEFAULT CHARSET=utf8mb4 COLLATE=utf8mb4_unicode_ci;

--
-- Table structure for table `elements_owners`
--

CREATE TABLE `elements_owners` (
  `elementId` int(11) NOT NULL,
  `ownerId` int(11) NOT NULL,
  `sortOrder` smallint(6) unsigned NOT NULL,
  PRIMARY KEY (`elementId`,`ownerId`),
  KEY `fk_zffvzqtnnnfyneyyubghqfhefbmqgtujewpj` (`ownerId`),
  KEY `idx_yoeaxdzojugrtynfmavusjxqoihjydgcfrfw` (`sortOrder`),
  CONSTRAINT `fk_axjtmyssnpqhgtwnaqxcclveppceqeutkfos` FOREIGN KEY (`elementId`) REFERENCES `elements` (`id`) ON DELETE CASCADE,
  CONSTRAINT `fk_zffvzqtnnnfyneyyubghqfhefbmqgtujewpj` FOREIGN KEY (`ownerId`) REFERENCES `elements` (`id`) ON DELETE CASCADE
) ENGINE=InnoDB DEFAULT CHARSET=utf8mb4 COLLATE=utf8mb4_unicode_ci;

--
-- Table structure for table `elements_sites`
--

CREATE TABLE `elements_sites` (
  `id` int(11) NOT NULL AUTO_INCREMENT,
  `elementId` int(11) NOT NULL,
  `siteId` int(11) NOT NULL,
  `title` varchar(255) DEFAULT NULL,
  `slug` varchar(255) DEFAULT NULL,
  `uri` varchar(255) DEFAULT NULL,
  `content` longtext CHARACTER SET utf8mb4 COLLATE utf8mb4_bin DEFAULT NULL CHECK (json_valid(`content`)),
  `enabled` tinyint(1) NOT NULL DEFAULT 1,
  `dateCreated` datetime NOT NULL,
  `dateUpdated` datetime NOT NULL,
  `uid` char(36) NOT NULL DEFAULT '0',
  PRIMARY KEY (`id`),
  UNIQUE KEY `idx_crzvjwxapqzjyqzhiecvbnpdzakwhkjhyste` (`elementId`,`siteId`),
  KEY `idx_ojkthdoieijwkynyrjhaccdtomswwddovpym` (`siteId`),
  KEY `idx_kqamehrgujacxyeasmkvnmicmqhjumfdcwkf` (`title`,`siteId`),
  KEY `idx_vcobjsjyvmwhehzllprdggxlbjdqkhyumgut` (`slug`,`siteId`),
  KEY `idx_soouptbuuufrknmbnkojmscadvlqtwftudxy` (`enabled`),
  KEY `idx_asnmvsbpcwpjvobxqdglyseikwjozbuxkhak` (`uri`,`siteId`),
  CONSTRAINT `fk_gjiqtbwbmwlasokooiebgjjsnwxcncxkpbdq` FOREIGN KEY (`elementId`) REFERENCES `elements` (`id`) ON DELETE CASCADE,
  CONSTRAINT `fk_mpgymdzoxtxxuujdkrjilupiuqhgmmteakvn` FOREIGN KEY (`siteId`) REFERENCES `sites` (`id`) ON DELETE CASCADE ON UPDATE CASCADE
) ENGINE=InnoDB AUTO_INCREMENT=5548 DEFAULT CHARSET=utf8mb4 COLLATE=utf8mb4_unicode_ci;

--
-- Table structure for table `entries`
--

CREATE TABLE `entries` (
  `id` int(11) NOT NULL,
  `sectionId` int(11) DEFAULT NULL,
  `parentId` int(11) DEFAULT NULL,
  `primaryOwnerId` int(11) DEFAULT NULL,
  `fieldId` int(11) DEFAULT NULL,
  `typeId` int(11) NOT NULL,
  `postDate` datetime DEFAULT NULL,
  `expiryDate` datetime DEFAULT NULL,
  `status` enum('live','pending','expired') NOT NULL DEFAULT 'live',
  `deletedWithEntryType` tinyint(1) DEFAULT NULL,
  `deletedWithSection` tinyint(1) DEFAULT NULL,
  `dateCreated` datetime NOT NULL,
  `dateUpdated` datetime NOT NULL,
  PRIMARY KEY (`id`),
  KEY `idx_vomuwwazsoouuwnfxppmpxcxmdndmydeabsu` (`postDate`),
  KEY `idx_nczitqzazqgklhhkadeflrchcapzwbovksbi` (`expiryDate`),
  KEY `idx_qcvssmoiuzateximtmqvltswlopvlpjajbhp` (`status`),
  KEY `idx_skdaefhugnexujcxnkipzscaqizqtfqaqqck` (`sectionId`),
  KEY `idx_bgxnftlhxuuaktbndfzixkhinatbaavfclhh` (`typeId`),
  KEY `idx_aeflnktnyzdnwdnunvokorbbyhvozrmfgqes` (`primaryOwnerId`),
  KEY `idx_hvieuudtxcxiomkhzubiqxbxmnfdkqaxcoro` (`fieldId`),
  KEY `fk_wzmgdtclkbwbuigohuiijvjmjxwgacdtfigd` (`parentId`),
  CONSTRAINT `fk_ckszwlsxbsffabxubgzmaidlomvhoszyeqye` FOREIGN KEY (`sectionId`) REFERENCES `sections` (`id`) ON DELETE CASCADE,
  CONSTRAINT `fk_dkvqvhtarerzjmochwbrwzrzueayvhljiayj` FOREIGN KEY (`fieldId`) REFERENCES `fields` (`id`) ON DELETE CASCADE,
  CONSTRAINT `fk_edjvudsvoqdalcbhmcupwzyizcjfyjkxntpm` FOREIGN KEY (`typeId`) REFERENCES `entrytypes` (`id`) ON DELETE CASCADE,
  CONSTRAINT `fk_phkqjaklxbopocanrtrhzyuglljkxwsgddug` FOREIGN KEY (`primaryOwnerId`) REFERENCES `elements` (`id`) ON DELETE CASCADE,
  CONSTRAINT `fk_uxqxyqndabigfwdufkebqhlzthpiubetxbdj` FOREIGN KEY (`id`) REFERENCES `elements` (`id`) ON DELETE CASCADE,
  CONSTRAINT `fk_wzmgdtclkbwbuigohuiijvjmjxwgacdtfigd` FOREIGN KEY (`parentId`) REFERENCES `entries` (`id`) ON DELETE SET NULL
) ENGINE=InnoDB DEFAULT CHARSET=utf8mb4 COLLATE=utf8mb4_unicode_ci;

--
-- Table structure for table `entries_authors`
--

CREATE TABLE `entries_authors` (
  `entryId` int(11) NOT NULL,
  `authorId` int(11) NOT NULL,
  `sortOrder` smallint(6) unsigned NOT NULL,
  PRIMARY KEY (`entryId`,`authorId`),
  KEY `idx_blfijrbtfrppvogscdoamrthjdlbgisnuxli` (`authorId`),
  KEY `idx_adjnjhdmagijkwtzjizlnqitmgdugqvauixv` (`entryId`,`sortOrder`),
  CONSTRAINT `fk_dxfhjlsmmhopubevyruttqvuuvuhipqkabsg` FOREIGN KEY (`authorId`) REFERENCES `users` (`id`) ON DELETE CASCADE,
  CONSTRAINT `fk_xpcloagywblsxbunqgllqvlonioabbzjefgp` FOREIGN KEY (`entryId`) REFERENCES `entries` (`id`) ON DELETE CASCADE
) ENGINE=InnoDB DEFAULT CHARSET=utf8mb4 COLLATE=utf8mb4_unicode_ci;

--
-- Table structure for table `entrytypes`
--

CREATE TABLE `entrytypes` (
  `id` int(11) NOT NULL AUTO_INCREMENT,
  `fieldLayoutId` int(11) DEFAULT NULL,
  `name` varchar(255) NOT NULL,
  `handle` varchar(255) NOT NULL,
  `description` text DEFAULT NULL,
  `icon` varchar(255) DEFAULT NULL,
  `color` varchar(255) DEFAULT NULL,
  `uiLabelFormat` varchar(255) NOT NULL DEFAULT '{title}',
  `hasTitleField` tinyint(1) NOT NULL DEFAULT 1,
  `titleTranslationMethod` varchar(255) NOT NULL DEFAULT 'site',
  `titleTranslationKeyFormat` text DEFAULT NULL,
  `titleFormat` varchar(255) DEFAULT NULL,
  `showSlugField` tinyint(1) DEFAULT 1,
  `slugTranslationMethod` varchar(255) NOT NULL DEFAULT 'site',
  `slugTranslationKeyFormat` text DEFAULT NULL,
  `showStatusField` tinyint(1) DEFAULT 1,
  `dateCreated` datetime NOT NULL,
  `dateUpdated` datetime NOT NULL,
  `dateDeleted` datetime DEFAULT NULL,
  `uid` char(36) NOT NULL DEFAULT '0',
  `allowLineBreaksInTitles` tinyint(1) NOT NULL DEFAULT 0,
  PRIMARY KEY (`id`),
  KEY `idx_qrghpmpvqmqywczvnwvgzxraobhbjzsdqzly` (`fieldLayoutId`),
  KEY `idx_ifptlcyvshmpjsannsmfxeqvixjjmokocvci` (`dateDeleted`),
  CONSTRAINT `fk_fiazbbpkplzjfwlgtcifzcfvoccfbngfheoh` FOREIGN KEY (`fieldLayoutId`) REFERENCES `fieldlayouts` (`id`) ON DELETE SET NULL
) ENGINE=InnoDB AUTO_INCREMENT=173 DEFAULT CHARSET=utf8mb4 COLLATE=utf8mb4_unicode_ci;

--
-- Table structure for table `fieldlayouts`
--

CREATE TABLE `fieldlayouts` (
  `id` int(11) NOT NULL AUTO_INCREMENT,
  `type` varchar(255) NOT NULL,
  `config` longtext CHARACTER SET utf8mb4 COLLATE utf8mb4_bin DEFAULT NULL CHECK (json_valid(`config`)),
  `dateCreated` datetime NOT NULL,
  `dateUpdated` datetime NOT NULL,
  `dateDeleted` datetime DEFAULT NULL,
  `uid` char(36) NOT NULL DEFAULT '0',
  PRIMARY KEY (`id`),
  KEY `idx_bdxidziwrjpzkozsibcayhnufhhoihrfryqq` (`dateDeleted`),
  KEY `idx_nmmxrgasbhhyuitgfbddgrufxynfhmwdpgsj` (`type`)
) ENGINE=InnoDB AUTO_INCREMENT=179 DEFAULT CHARSET=utf8mb4 COLLATE=utf8mb4_unicode_ci;

--
-- Table structure for table `fields`
--

CREATE TABLE `fields` (
  `id` int(11) NOT NULL AUTO_INCREMENT,
  `name` text NOT NULL,
  `handle` varchar(64) NOT NULL,
  `context` varchar(255) NOT NULL DEFAULT 'global',
  `columnSuffix` char(8) DEFAULT NULL,
  `instructions` text DEFAULT NULL,
  `searchable` tinyint(1) NOT NULL DEFAULT 1,
  `translationMethod` varchar(255) NOT NULL DEFAULT 'none',
  `translationKeyFormat` text DEFAULT NULL,
  `type` varchar(255) NOT NULL,
  `settings` text DEFAULT NULL,
  `dateCreated` datetime NOT NULL,
  `dateUpdated` datetime NOT NULL,
  `dateDeleted` datetime DEFAULT NULL,
  `uid` char(36) NOT NULL DEFAULT '0',
  PRIMARY KEY (`id`),
  KEY `idx_gzxhwaljuxfnceyuvlbjtwxqnxkswxhnptir` (`handle`,`context`),
  KEY `idx_kfiqxvmvbpedmwusxkqfqbxjqbaisyrldjom` (`context`),
  KEY `idx_kxopzdyegfveovxjnyxuxxarlpmsezkudrxs` (`dateDeleted`)
) ENGINE=InnoDB AUTO_INCREMENT=141 DEFAULT CHARSET=utf8mb4 COLLATE=utf8mb4_unicode_ci;

--
-- Table structure for table `formie_emailtemplates`
--

CREATE TABLE `formie_emailtemplates` (
  `id` int(11) NOT NULL AUTO_INCREMENT,
  `name` varchar(255) NOT NULL,
  `handle` varchar(64) NOT NULL,
  `template` varchar(255) NOT NULL,
  `sortOrder` smallint(6) unsigned DEFAULT NULL,
  `dateDeleted` datetime DEFAULT NULL,
  `dateCreated` datetime NOT NULL,
  `dateUpdated` datetime NOT NULL,
  `uid` char(36) NOT NULL DEFAULT '0',
  PRIMARY KEY (`id`)
) ENGINE=InnoDB DEFAULT CHARSET=utf8mb4 COLLATE=utf8mb4_unicode_ci;

--
-- Table structure for table `formie_fieldlayout_pages`
--

CREATE TABLE `formie_fieldlayout_pages` (
  `id` int(11) NOT NULL AUTO_INCREMENT,
  `layoutId` int(11) NOT NULL,
  `label` text NOT NULL,
  `sortOrder` smallint(6) unsigned DEFAULT NULL,
  `settings` text DEFAULT NULL,
  `dateCreated` datetime NOT NULL,
  `dateUpdated` datetime NOT NULL,
  `uid` char(36) NOT NULL DEFAULT '0',
  PRIMARY KEY (`id`),
  KEY `idx_aqpsgubbbpbvhekseqxqtkcbjxzhdoverhlb` (`layoutId`),
  CONSTRAINT `fk_mhohchiivvemmywsixwssduidphezyxwblvl` FOREIGN KEY (`layoutId`) REFERENCES `formie_fieldlayouts` (`id`) ON DELETE CASCADE
) ENGINE=InnoDB DEFAULT CHARSET=utf8mb4 COLLATE=utf8mb4_unicode_ci;

--
-- Table structure for table `formie_fieldlayout_rows`
--

CREATE TABLE `formie_fieldlayout_rows` (
  `id` int(11) NOT NULL AUTO_INCREMENT,
  `layoutId` int(11) NOT NULL,
  `pageId` int(11) NOT NULL,
  `sortOrder` smallint(6) unsigned DEFAULT NULL,
  `dateCreated` datetime NOT NULL,
  `dateUpdated` datetime NOT NULL,
  `uid` char(36) NOT NULL DEFAULT '0',
  PRIMARY KEY (`id`),
  KEY `idx_dazsrzzwspmyqinxbispemabmwofvqeakpvw` (`layoutId`),
  KEY `idx_ysowssoknlzslwysvlcgwqrurhgvauzmfldn` (`pageId`),
  CONSTRAINT `fk_pzduhgqxnkygqfdxnuvylkfjjtvgipohsamo` FOREIGN KEY (`pageId`) REFERENCES `formie_fieldlayout_pages` (`id`) ON DELETE CASCADE,
  CONSTRAINT `fk_qfplvexeijltmmwovslntxeanmurjgmgesem` FOREIGN KEY (`layoutId`) REFERENCES `formie_fieldlayouts` (`id`) ON DELETE CASCADE
) ENGINE=InnoDB DEFAULT CHARSET=utf8mb4 COLLATE=utf8mb4_unicode_ci;

--
-- Table structure for table `formie_fieldlayouts`
--

CREATE TABLE `formie_fieldlayouts` (
  `id` int(11) NOT NULL AUTO_INCREMENT,
  `dateCreated` datetime NOT NULL,
  `dateUpdated` datetime NOT NULL,
  `uid` char(36) NOT NULL DEFAULT '0',
  PRIMARY KEY (`id`)
) ENGINE=InnoDB DEFAULT CHARSET=utf8mb4 COLLATE=utf8mb4_unicode_ci;

--
-- Table structure for table `formie_fields`
--

CREATE TABLE `formie_fields` (
  `id` int(11) NOT NULL AUTO_INCREMENT,
  `layoutId` int(11) NOT NULL,
  `pageId` int(11) NOT NULL,
  `rowId` int(11) NOT NULL,
  `syncId` int(11) DEFAULT NULL,
  `label` text NOT NULL,
  `handle` varchar(64) NOT NULL,
  `type` varchar(255) NOT NULL,
  `sortOrder` smallint(6) unsigned DEFAULT NULL,
  `settings` mediumtext DEFAULT NULL,
  `dateCreated` datetime NOT NULL,
  `dateUpdated` datetime NOT NULL,
  `uid` char(36) NOT NULL DEFAULT '0',
  PRIMARY KEY (`id`),
  KEY `idx_uhrzpjldhprfcuquhhvlddzowmmacgauwprp` (`layoutId`),
  KEY `idx_ildmnijdfyiioppbnteefebnnkrefestgkzu` (`pageId`),
  KEY `idx_esmoibairaobavlsmypeltmiezcbjkibtbju` (`rowId`),
  KEY `idx_viyizbyybiuviyocsfnxzonocxjqieenrenm` (`syncId`),
  KEY `idx_bqgfawutyimsiqjjzinmtmlxuohcmqggtrab` (`handle`),
  CONSTRAINT `fk_azrjhgnkvlqyqxvznpmkjkchzsgxccajchap` FOREIGN KEY (`syncId`) REFERENCES `formie_fields` (`id`) ON DELETE SET NULL,
  CONSTRAINT `fk_ghqwlkbyxedxaovfzduqkkxdzofiqlcelvge` FOREIGN KEY (`pageId`) REFERENCES `formie_fieldlayout_pages` (`id`) ON DELETE CASCADE,
  CONSTRAINT `fk_jjzbzsyvmcfsjslxgjxcnueugqiivfheeeyq` FOREIGN KEY (`layoutId`) REFERENCES `formie_fieldlayouts` (`id`) ON DELETE CASCADE,
  CONSTRAINT `fk_mhanoriyakoeppjpynysraihnyyocdmwwyxb` FOREIGN KEY (`rowId`) REFERENCES `formie_fieldlayout_rows` (`id`) ON DELETE CASCADE
) ENGINE=InnoDB DEFAULT CHARSET=utf8mb4 COLLATE=utf8mb4_unicode_ci;

--
-- Table structure for table `formie_forms`
--

CREATE TABLE `formie_forms` (
  `id` int(11) NOT NULL AUTO_INCREMENT,
  `handle` varchar(64) NOT NULL,
  `settings` mediumtext DEFAULT NULL,
  `layoutId` int(11) DEFAULT NULL,
  `templateId` int(11) DEFAULT NULL,
  `submitActionEntryId` int(11) DEFAULT NULL,
  `submitActionEntrySiteId` int(11) DEFAULT NULL,
  `defaultStatusId` int(11) DEFAULT NULL,
  `dataRetention` enum('forever','minutes','hours','days','weeks','months','years') NOT NULL DEFAULT 'forever',
  `dataRetentionValue` int(11) DEFAULT NULL,
  `userDeletedAction` enum('retain','delete') NOT NULL DEFAULT 'retain',
  `fileUploadsAction` enum('retain','delete') NOT NULL DEFAULT 'retain',
  `dateCreated` datetime NOT NULL,
  `dateUpdated` datetime NOT NULL,
  `uid` char(36) NOT NULL DEFAULT '0',
  PRIMARY KEY (`id`),
  KEY `idx_wjuclvenaflfdynjdbgoqqrqvvidpojqxfja` (`layoutId`),
  KEY `idx_wbzgjqrfppbhuibjaatilchqehnfbveztwmr` (`templateId`),
  KEY `idx_gcrpuxrqptwjofbxzamnlbzfurxrxnjluftb` (`defaultStatusId`),
  KEY `idx_oiiyxklpmzzrbeknftzbrxeffunfvtyrdfuh` (`submitActionEntryId`),
  KEY `idx_ymvucjijyyjihdeekbqdrmtefaoiyyrpejbe` (`submitActionEntrySiteId`),
  CONSTRAINT `fk_beutxqbdmskyplxbzukpqxetgmnrrckttlvi` FOREIGN KEY (`templateId`) REFERENCES `formie_formtemplates` (`id`) ON DELETE SET NULL,
  CONSTRAINT `fk_hmvcsaohmlhvsnjjcremghugrktghrglmsgt` FOREIGN KEY (`defaultStatusId`) REFERENCES `formie_statuses` (`id`) ON DELETE SET NULL,
  CONSTRAINT `fk_kugsxxbiqlkzcrhnvgdbkzphdxprpvlabnmn` FOREIGN KEY (`submitActionEntryId`) REFERENCES `entries` (`id`) ON DELETE SET NULL,
  CONSTRAINT `fk_ncnmldtzlxlcvipvzovmcxlzpjjrqickercu` FOREIGN KEY (`layoutId`) REFERENCES `formie_fieldlayouts` (`id`) ON DELETE SET NULL,
  CONSTRAINT `fk_wlhmaznwikywazwtouflezshnkjpxyhbffss` FOREIGN KEY (`id`) REFERENCES `elements` (`id`) ON DELETE CASCADE
) ENGINE=InnoDB DEFAULT CHARSET=utf8mb4 COLLATE=utf8mb4_unicode_ci;

--
-- Table structure for table `formie_formtemplates`
--

CREATE TABLE `formie_formtemplates` (
  `id` int(11) NOT NULL AUTO_INCREMENT,
  `name` varchar(255) NOT NULL,
  `handle` varchar(64) NOT NULL,
  `template` varchar(255) DEFAULT NULL,
  `useCustomTemplates` tinyint(1) DEFAULT 1,
  `outputCssLayout` tinyint(1) DEFAULT 1,
  `outputCssTheme` tinyint(1) DEFAULT 1,
  `outputJsBase` tinyint(1) DEFAULT 1,
  `outputJsTheme` tinyint(1) DEFAULT 1,
  `outputCssLocation` varchar(255) DEFAULT NULL,
  `outputJsLocation` varchar(255) DEFAULT NULL,
  `sortOrder` smallint(6) unsigned DEFAULT NULL,
  `fieldLayoutId` int(11) DEFAULT NULL,
  `dateDeleted` datetime DEFAULT NULL,
  `dateCreated` datetime NOT NULL,
  `dateUpdated` datetime NOT NULL,
  `uid` char(36) NOT NULL DEFAULT '0',
  PRIMARY KEY (`id`),
  KEY `idx_qjnszyuamnvfjjkkywowpqtphdskpyhzakzt` (`fieldLayoutId`),
  CONSTRAINT `fk_lcmqjzfigimyjlusvmajwusfvctkmxbopaei` FOREIGN KEY (`fieldLayoutId`) REFERENCES `fieldlayouts` (`id`) ON DELETE CASCADE
) ENGINE=InnoDB DEFAULT CHARSET=utf8mb4 COLLATE=utf8mb4_unicode_ci;

--
-- Table structure for table `formie_integrations`
--

CREATE TABLE `formie_integrations` (
  `id` int(11) NOT NULL AUTO_INCREMENT,
  `name` varchar(255) NOT NULL,
  `handle` varchar(64) NOT NULL,
  `type` varchar(255) NOT NULL,
  `sortOrder` smallint(6) unsigned DEFAULT NULL,
  `enabled` varchar(255) NOT NULL DEFAULT 'true',
  `settings` mediumtext DEFAULT NULL,
  `cache` longtext DEFAULT NULL,
  `dateDeleted` datetime DEFAULT NULL,
  `dateCreated` datetime NOT NULL,
  `dateUpdated` datetime NOT NULL,
  `uid` char(36) NOT NULL DEFAULT '0',
  PRIMARY KEY (`id`)
) ENGINE=InnoDB DEFAULT CHARSET=utf8mb4 COLLATE=utf8mb4_unicode_ci;

--
-- Table structure for table `formie_notifications`
--

CREATE TABLE `formie_notifications` (
  `id` int(11) NOT NULL AUTO_INCREMENT,
  `formId` int(11) NOT NULL,
  `templateId` int(11) DEFAULT NULL,
  `pdfTemplateId` int(11) DEFAULT NULL,
  `name` text NOT NULL,
  `handle` varchar(64) NOT NULL,
  `enabled` tinyint(1) DEFAULT 1,
  `subject` text DEFAULT NULL,
  `recipients` enum('email','conditions') NOT NULL DEFAULT 'email',
  `to` text DEFAULT NULL,
  `toConditions` text DEFAULT NULL,
  `cc` text DEFAULT NULL,
  `bcc` text DEFAULT NULL,
  `replyTo` text DEFAULT NULL,
  `replyToName` text DEFAULT NULL,
  `from` text DEFAULT NULL,
  `fromName` text DEFAULT NULL,
  `sender` text DEFAULT NULL,
  `content` text DEFAULT NULL,
  `attachFiles` tinyint(1) DEFAULT 1,
  `attachPdf` tinyint(1) DEFAULT 0,
  `attachAssets` text DEFAULT NULL,
  `enableConditions` tinyint(1) DEFAULT 0,
  `conditions` text DEFAULT NULL,
  `customSettings` text DEFAULT NULL,
  `dateCreated` datetime NOT NULL,
  `dateUpdated` datetime NOT NULL,
  `uid` char(36) NOT NULL DEFAULT '0',
  PRIMARY KEY (`id`),
  KEY `idx_myqihirtgcskfspajbkkcaxtmuqlzfewpujn` (`formId`),
  KEY `idx_ykryexoqvvjwbukkmqdyhzkfqpozzvzxmnag` (`templateId`),
  KEY `fk_fzmlyjewxcofjlvtbxdukwmeuicgdxcoojmq` (`pdfTemplateId`),
  CONSTRAINT `fk_fzmlyjewxcofjlvtbxdukwmeuicgdxcoojmq` FOREIGN KEY (`pdfTemplateId`) REFERENCES `formie_pdftemplates` (`id`) ON DELETE SET NULL,
  CONSTRAINT `fk_hygmfccmyzooaxbpfwwutslasesjshosvbxa` FOREIGN KEY (`formId`) REFERENCES `formie_forms` (`id`) ON DELETE CASCADE,
  CONSTRAINT `fk_tymjxjdwwcfuoczjwaigxqneptmnossftybh` FOREIGN KEY (`templateId`) REFERENCES `formie_emailtemplates` (`id`) ON DELETE SET NULL
) ENGINE=InnoDB DEFAULT CHARSET=utf8mb4 COLLATE=utf8mb4_unicode_ci;

--
-- Table structure for table `formie_payments`
--

CREATE TABLE `formie_payments` (
  `id` int(11) NOT NULL AUTO_INCREMENT,
  `integrationId` int(11) NOT NULL,
  `submissionId` int(11) NOT NULL,
  `fieldId` int(11) NOT NULL,
  `subscriptionId` int(11) DEFAULT NULL,
  `amount` decimal(14,4) DEFAULT NULL,
  `currency` varchar(255) DEFAULT NULL,
  `status` enum('pending','redirect','success','failed','processing') NOT NULL,
  `reference` varchar(255) DEFAULT NULL,
  `code` varchar(255) DEFAULT NULL,
  `message` text DEFAULT NULL,
  `note` mediumtext DEFAULT NULL,
  `response` text DEFAULT NULL,
  `dateCreated` datetime NOT NULL,
  `dateUpdated` datetime NOT NULL,
  `uid` char(36) NOT NULL DEFAULT '0',
  PRIMARY KEY (`id`),
  KEY `idx_njlnixwyqstywpjdbgwjvrwedsknftsrpcon` (`integrationId`),
  KEY `idx_ddxsfubuvmrenhoiqmqgzwzczsasshqivgth` (`fieldId`),
  KEY `idx_pegqrzbtslmuxahvvztsgwavgwpmlxxwpwjl` (`reference`),
  KEY `fk_eraznnfqityojjhxfzdivsbgimwshdlvyrjr` (`submissionId`),
  KEY `fk_bybjnpleyawlpchyuyqudfvhgybclstawvjp` (`subscriptionId`),
  CONSTRAINT `fk_bybjnpleyawlpchyuyqudfvhgybclstawvjp` FOREIGN KEY (`subscriptionId`) REFERENCES `formie_payments_subscriptions` (`id`) ON DELETE CASCADE,
  CONSTRAINT `fk_eraznnfqityojjhxfzdivsbgimwshdlvyrjr` FOREIGN KEY (`submissionId`) REFERENCES `formie_submissions` (`id`) ON DELETE CASCADE,
  CONSTRAINT `fk_fvjfqpwkenlwnhqjavuuwphortzdtzvfrbns` FOREIGN KEY (`fieldId`) REFERENCES `formie_fields` (`id`) ON DELETE CASCADE,
  CONSTRAINT `fk_pajgdcnfxpvvooxazjrgbabdazkfhmzguite` FOREIGN KEY (`integrationId`) REFERENCES `formie_integrations` (`id`) ON DELETE CASCADE
) ENGINE=InnoDB DEFAULT CHARSET=utf8mb4 COLLATE=utf8mb4_unicode_ci;

--
-- Table structure for table `formie_payments_plans`
--

CREATE TABLE `formie_payments_plans` (
  `id` int(11) NOT NULL AUTO_INCREMENT,
  `integrationId` int(11) NOT NULL,
  `name` varchar(255) DEFAULT NULL,
  `handle` varchar(255) DEFAULT NULL,
  `reference` varchar(255) NOT NULL,
  `enabled` tinyint(1) NOT NULL,
  `planData` text DEFAULT NULL,
  `isArchived` tinyint(1) NOT NULL,
  `dateArchived` datetime DEFAULT NULL,
  `sortOrder` int(11) DEFAULT NULL,
  `dateCreated` datetime NOT NULL,
  `dateUpdated` datetime NOT NULL,
  `uid` char(36) NOT NULL DEFAULT '0',
  PRIMARY KEY (`id`),
  UNIQUE KEY `idx_esytvcmlsoefureovwsnpgmsyloaphyltowp` (`handle`),
  KEY `idx_gytnjvrvmycwvvjuyavanhxmqybnpyxuiere` (`integrationId`),
  KEY `idx_ybwrqltplglvllpciuvwwihbrcvjtkejivge` (`reference`),
  CONSTRAINT `fk_rtdkkatqdoebyokgekiltxwxyrtfaxslbqnm` FOREIGN KEY (`integrationId`) REFERENCES `formie_integrations` (`id`) ON DELETE CASCADE
) ENGINE=InnoDB DEFAULT CHARSET=utf8mb4 COLLATE=utf8mb4_unicode_ci;

--
-- Table structure for table `formie_payments_subscriptions`
--

CREATE TABLE `formie_payments_subscriptions` (
  `id` int(11) NOT NULL AUTO_INCREMENT,
  `integrationId` int(11) DEFAULT NULL,
  `submissionId` int(11) DEFAULT NULL,
  `fieldId` int(11) DEFAULT NULL,
  `planId` int(11) DEFAULT NULL,
  `reference` varchar(255) NOT NULL,
  `subscriptionData` text DEFAULT NULL,
  `trialDays` int(11) NOT NULL,
  `nextPaymentDate` datetime DEFAULT NULL,
  `hasStarted` tinyint(1) NOT NULL DEFAULT 1,
  `isSuspended` tinyint(1) NOT NULL DEFAULT 0,
  `dateSuspended` datetime DEFAULT NULL,
  `isCanceled` tinyint(1) NOT NULL,
  `dateCanceled` datetime DEFAULT NULL,
  `isExpired` tinyint(1) NOT NULL,
  `dateExpired` datetime DEFAULT NULL,
  `dateCreated` datetime NOT NULL,
  `dateUpdated` datetime NOT NULL,
  `uid` char(36) NOT NULL DEFAULT '0',
  PRIMARY KEY (`id`),
  KEY `idx_mfqsoufodocezfcdlonksbankqonaievyhkx` (`integrationId`),
  KEY `idx_wmfyxqmqhbhixyrolqzlisopleoqjsqzcndg` (`submissionId`),
  KEY `idx_uomftsdioavkhrjjvtjsjsbkltvzcnpbdxmw` (`fieldId`),
  KEY `idx_esumiypiytdohvngcnixiwcrrppgwefpffyj` (`planId`),
  KEY `idx_pfuttajwspzwboojjshabymxaemaavcglwhv` (`reference`),
  KEY `idx_crowxlrymybsoqbqauxkaffingvjgqokiida` (`nextPaymentDate`),
  KEY `idx_vtbgpbaaeanittyikkipyanfsgatztfyvogn` (`dateExpired`),
  KEY `idx_bfldwhpcqhvfifgpdkjbjgnvtihjmpzldnza` (`dateExpired`),
  CONSTRAINT `fk_bdnrktfdnsjyrypasjjlhuvciwairgglxslh` FOREIGN KEY (`submissionId`) REFERENCES `formie_submissions` (`id`),
  CONSTRAINT `fk_eppbvtnuycfdchnumowsnhwjcewllfgrtyuf` FOREIGN KEY (`integrationId`) REFERENCES `formie_integrations` (`id`),
  CONSTRAINT `fk_vjkqsrilkwivuacvtilddedhbkztysfvyxpl` FOREIGN KEY (`planId`) REFERENCES `formie_payments_plans` (`id`),
  CONSTRAINT `fk_vnsiybkovbboivwixbxohdytfdiuukjzqwpi` FOREIGN KEY (`fieldId`) REFERENCES `formie_fields` (`id`)
) ENGINE=InnoDB DEFAULT CHARSET=utf8mb4 COLLATE=utf8mb4_unicode_ci;

--
-- Table structure for table `formie_pdftemplates`
--

CREATE TABLE `formie_pdftemplates` (
  `id` int(11) NOT NULL AUTO_INCREMENT,
  `name` varchar(255) NOT NULL,
  `handle` varchar(64) NOT NULL,
  `template` varchar(255) NOT NULL,
  `filenameFormat` varchar(255) NOT NULL,
  `sortOrder` smallint(6) unsigned DEFAULT NULL,
  `dateDeleted` datetime DEFAULT NULL,
  `dateCreated` datetime NOT NULL,
  `dateUpdated` datetime NOT NULL,
  `uid` char(36) NOT NULL DEFAULT '0',
  PRIMARY KEY (`id`)
) ENGINE=InnoDB DEFAULT CHARSET=utf8mb4 COLLATE=utf8mb4_unicode_ci;

--
-- Table structure for table `formie_relations`
--

CREATE TABLE `formie_relations` (
  `id` int(11) NOT NULL AUTO_INCREMENT,
  `type` varchar(255) NOT NULL,
  `sourceId` int(11) NOT NULL,
  `sourceSiteId` int(11) DEFAULT NULL,
  `targetId` int(11) NOT NULL,
  `dateCreated` datetime NOT NULL,
  `dateUpdated` datetime NOT NULL,
  `uid` char(36) NOT NULL DEFAULT '0',
  PRIMARY KEY (`id`),
  UNIQUE KEY `idx_gknjbbjruhzfoirstmokqqcamxdjbksnixjz` (`sourceId`,`sourceSiteId`,`targetId`),
  KEY `idx_voofcbvodtolzunfmrydpkisryklvtjrjojb` (`sourceId`),
  KEY `idx_nuxrffjwwhxwpldeivbwbiksyzhsmjootqiq` (`targetId`),
  KEY `idx_rraantnszepvdoxcaquurjoxisuslxqbgqlx` (`sourceSiteId`),
  CONSTRAINT `fk_cujhuxesrscornqbgvnlxyxsodtzyybyuvyy` FOREIGN KEY (`targetId`) REFERENCES `elements` (`id`) ON DELETE CASCADE,
  CONSTRAINT `fk_grvmrgbjwgwfeuyfzdmcrekuiupixiaifpzl` FOREIGN KEY (`sourceSiteId`) REFERENCES `sites` (`id`) ON DELETE CASCADE ON UPDATE CASCADE,
  CONSTRAINT `fk_prhrfduqsmgfzzpbgybzhbikfczdgkoggpdr` FOREIGN KEY (`sourceId`) REFERENCES `elements` (`id`) ON DELETE CASCADE
) ENGINE=InnoDB DEFAULT CHARSET=utf8mb4 COLLATE=utf8mb4_unicode_ci;

--
-- Table structure for table `formie_sentnotifications`
--

CREATE TABLE `formie_sentnotifications` (
  `id` int(11) NOT NULL AUTO_INCREMENT,
  `title` varchar(255) DEFAULT NULL,
  `formId` int(11) DEFAULT NULL,
  `submissionId` int(11) DEFAULT NULL,
  `notificationId` int(11) DEFAULT NULL,
  `subject` text DEFAULT NULL,
  `to` text DEFAULT NULL,
  `cc` text DEFAULT NULL,
  `bcc` text DEFAULT NULL,
  `replyTo` text DEFAULT NULL,
  `replyToName` text DEFAULT NULL,
  `from` text DEFAULT NULL,
  `fromName` text DEFAULT NULL,
  `sender` text DEFAULT NULL,
  `body` mediumtext DEFAULT NULL,
  `htmlBody` mediumtext DEFAULT NULL,
  `info` text DEFAULT NULL,
  `success` tinyint(1) DEFAULT NULL,
  `message` text DEFAULT NULL,
  `dateCreated` datetime DEFAULT NULL,
  `dateUpdated` datetime DEFAULT NULL,
  `uid` char(36) NOT NULL DEFAULT '0',
  PRIMARY KEY (`id`),
  KEY `fk_ekjnjvqcmdokqdmnpioyuketoveyjetwpblc` (`formId`),
  KEY `fk_xnrsfwhxmhytftmxnalxjoutrnkprupqshyg` (`submissionId`),
  KEY `fk_dnsnefxjbkqcackayhqzvvyfqdqiyvehxlou` (`notificationId`),
  CONSTRAINT `fk_dnsnefxjbkqcackayhqzvvyfqdqiyvehxlou` FOREIGN KEY (`notificationId`) REFERENCES `formie_notifications` (`id`) ON DELETE SET NULL,
  CONSTRAINT `fk_ekjnjvqcmdokqdmnpioyuketoveyjetwpblc` FOREIGN KEY (`formId`) REFERENCES `formie_forms` (`id`) ON DELETE SET NULL,
  CONSTRAINT `fk_nvbkrwijpdshtlgwnrymbkhnaqmezmopypuq` FOREIGN KEY (`id`) REFERENCES `elements` (`id`) ON DELETE CASCADE,
  CONSTRAINT `fk_xnrsfwhxmhytftmxnalxjoutrnkprupqshyg` FOREIGN KEY (`submissionId`) REFERENCES `formie_submissions` (`id`) ON DELETE SET NULL
) ENGINE=InnoDB DEFAULT CHARSET=utf8mb4 COLLATE=utf8mb4_unicode_ci;

--
-- Table structure for table `formie_statuses`
--

CREATE TABLE `formie_statuses` (
  `id` int(11) NOT NULL AUTO_INCREMENT,
  `name` varchar(255) NOT NULL,
  `handle` varchar(64) NOT NULL,
  `color` enum('green','orange','red','blue','yellow','pink','purple','turquoise','light','grey','black') NOT NULL DEFAULT 'green',
  `description` varchar(255) DEFAULT NULL,
  `sortOrder` smallint(6) unsigned DEFAULT NULL,
  `isDefault` tinyint(1) DEFAULT NULL,
  `dateDeleted` datetime DEFAULT NULL,
  `dateCreated` datetime NOT NULL,
  `dateUpdated` datetime NOT NULL,
  `uid` char(36) NOT NULL DEFAULT '0',
  PRIMARY KEY (`id`)
) ENGINE=InnoDB DEFAULT CHARSET=utf8mb4 COLLATE=utf8mb4_unicode_ci;

--
-- Table structure for table `formie_stencils`
--

CREATE TABLE `formie_stencils` (
  `id` int(11) NOT NULL AUTO_INCREMENT,
  `name` varchar(255) NOT NULL,
  `handle` varchar(64) NOT NULL,
  `data` mediumtext DEFAULT NULL,
  `templateId` int(11) DEFAULT NULL,
  `submitActionEntryId` int(11) DEFAULT NULL,
  `submitActionEntrySiteId` int(11) DEFAULT NULL,
  `defaultStatusId` int(11) DEFAULT NULL,
  `dateDeleted` datetime DEFAULT NULL,
  `dateCreated` datetime NOT NULL,
  `dateUpdated` datetime NOT NULL,
  `uid` char(36) NOT NULL DEFAULT '0',
  PRIMARY KEY (`id`),
  KEY `idx_ecoalkxhiuteoitgxknuzbxbpgpawwbxyxvu` (`templateId`),
  KEY `idx_cmbifghtclnbqjoaqunitdjvixvupbqhiwht` (`defaultStatusId`),
  CONSTRAINT `fk_eummfchuulejqccwhhyfuqufqznjjhhdeqib` FOREIGN KEY (`templateId`) REFERENCES `formie_formtemplates` (`id`) ON DELETE SET NULL,
  CONSTRAINT `fk_ueztpebysafxqkoxixsfyorpbtndgueoixvm` FOREIGN KEY (`defaultStatusId`) REFERENCES `formie_statuses` (`id`) ON DELETE SET NULL
) ENGINE=InnoDB DEFAULT CHARSET=utf8mb4 COLLATE=utf8mb4_unicode_ci;

--
-- Table structure for table `formie_submissions`
--

CREATE TABLE `formie_submissions` (
  `id` int(11) NOT NULL AUTO_INCREMENT,
  `content` longtext CHARACTER SET utf8mb4 COLLATE utf8mb4_bin DEFAULT NULL CHECK (json_valid(`content`)),
  `formId` int(11) NOT NULL,
  `statusId` int(11) DEFAULT NULL,
  `userId` int(11) DEFAULT NULL,
  `isIncomplete` tinyint(1) DEFAULT 0,
  `isSpam` tinyint(1) DEFAULT 0,
  `spamReason` text DEFAULT NULL,
  `spamClass` varchar(255) DEFAULT NULL,
  `snapshot` text DEFAULT NULL,
  `ipAddress` varchar(255) DEFAULT NULL,
  `dateCreated` datetime NOT NULL,
  `dateUpdated` datetime NOT NULL,
  `uid` char(36) NOT NULL DEFAULT '0',
  PRIMARY KEY (`id`),
  KEY `idx_qfbtpnqljypjxofpfezkcbjlftjtpsbqirxb` (`formId`),
  KEY `idx_vvranrqlgxeqlltjbwoohrsapsjbifnvukpm` (`statusId`),
  KEY `idx_xbypjbyodcnfemagqodqmqzrosqkwxqergrv` (`userId`),
  CONSTRAINT `fk_gnyvjhbnnubovrhrkiifewpvkectghhyckub` FOREIGN KEY (`formId`) REFERENCES `formie_forms` (`id`) ON DELETE CASCADE,
  CONSTRAINT `fk_hfeoedvlgyqinknxpclgcryzonmuqhnajfhn` FOREIGN KEY (`id`) REFERENCES `elements` (`id`) ON DELETE CASCADE,
  CONSTRAINT `fk_owinaflkdzkcghoxzxdunhqllxrovrpymexy` FOREIGN KEY (`userId`) REFERENCES `users` (`id`) ON DELETE SET NULL,
  CONSTRAINT `fk_vecmqkennmggkjzhdmayowdzvfqrjonkgowj` FOREIGN KEY (`statusId`) REFERENCES `formie_statuses` (`id`) ON DELETE SET NULL
) ENGINE=InnoDB DEFAULT CHARSET=utf8mb4 COLLATE=utf8mb4_unicode_ci;

--
-- Table structure for table `freeform_crm_fields`
--

CREATE TABLE `freeform_crm_fields` (
  `id` int(11) NOT NULL AUTO_INCREMENT,
  `integrationId` int(11) NOT NULL,
  `label` text NOT NULL,
  `handle` varchar(255) NOT NULL,
  `type` varchar(50) NOT NULL,
  `category` varchar(50) DEFAULT NULL,
  `required` tinyint(1) DEFAULT 0,
  `options` longtext DEFAULT NULL,
  `dateCreated` datetime NOT NULL,
  `dateUpdated` datetime NOT NULL,
  `uid` char(36) NOT NULL DEFAULT '0',
  PRIMARY KEY (`id`),
  KEY `freeform_crm_fields_type_idx` (`type`),
  KEY `freeform_crm_fields_integrationId_category_idx` (`integrationId`,`category`)
) ENGINE=InnoDB DEFAULT CHARSET=utf8mb4 COLLATE=utf8mb4_unicode_ci;

--
-- Table structure for table `freeform_email_marketing_fields`
--

CREATE TABLE `freeform_email_marketing_fields` (
  `id` int(11) NOT NULL AUTO_INCREMENT,
  `mailingListId` int(11) NOT NULL,
  `label` varchar(255) NOT NULL,
  `handle` varchar(255) NOT NULL,
  `type` varchar(50) NOT NULL,
  `category` varchar(50) DEFAULT NULL,
  `required` tinyint(1) DEFAULT 0,
  `options` longtext DEFAULT NULL,
  `dateCreated` datetime NOT NULL,
  `dateUpdated` datetime NOT NULL,
  `uid` char(36) NOT NULL DEFAULT '0',
  PRIMARY KEY (`id`),
  KEY `freeform_email_marketing_fields_type_idx` (`type`),
  KEY `freeform_email_marketing_fields_mailingListId_category_idx` (`mailingListId`,`category`)
) ENGINE=InnoDB DEFAULT CHARSET=utf8mb4 COLLATE=utf8mb4_unicode_ci;

--
-- Table structure for table `freeform_email_marketing_lists`
--

CREATE TABLE `freeform_email_marketing_lists` (
  `id` int(11) NOT NULL AUTO_INCREMENT,
  `integrationId` int(11) NOT NULL,
  `resourceId` varchar(255) NOT NULL,
  `name` varchar(255) NOT NULL,
  `memberCount` int(11) DEFAULT NULL,
  `dateCreated` datetime NOT NULL,
  `dateUpdated` datetime NOT NULL,
  `uid` char(36) NOT NULL DEFAULT '0',
  PRIMARY KEY (`id`),
  UNIQUE KEY `freeform_email_marketing_lists_integrationId_resourceId_unq_idx` (`integrationId`,`resourceId`)
) ENGINE=InnoDB DEFAULT CHARSET=utf8mb4 COLLATE=utf8mb4_unicode_ci;

--
-- Table structure for table `freeform_export_notifications`
--

CREATE TABLE `freeform_export_notifications` (
  `id` int(11) NOT NULL AUTO_INCREMENT,
  `profileId` int(11) NOT NULL,
  `enabled` tinyint(1) DEFAULT 1,
  `name` varchar(255) NOT NULL,
  `fileType` varchar(30) NOT NULL,
  `fileName` varchar(255) DEFAULT NULL,
  `frequency` varchar(20) NOT NULL,
  `recipients` longtext NOT NULL,
  `subject` varchar(255) DEFAULT NULL,
  `message` text DEFAULT NULL,
  `dateCreated` datetime NOT NULL,
  `dateUpdated` datetime NOT NULL,
  `uid` char(36) NOT NULL DEFAULT '0',
  PRIMARY KEY (`id`),
  UNIQUE KEY `name` (`name`),
  KEY `freeform_export_notifications_profileId_fk` (`profileId`)
) ENGINE=InnoDB DEFAULT CHARSET=utf8mb4 COLLATE=utf8mb4_unicode_ci;

--
-- Table structure for table `freeform_export_profiles`
--

CREATE TABLE `freeform_export_profiles` (
  `id` int(11) NOT NULL AUTO_INCREMENT,
  `formId` int(11) NOT NULL,
  `name` varchar(255) NOT NULL,
  `limit` int(11) DEFAULT NULL,
  `dateRange` varchar(255) DEFAULT NULL,
  `rangeStart` varchar(255) DEFAULT NULL,
  `rangeEnd` varchar(255) DEFAULT NULL,
  `fields` longtext NOT NULL,
  `filters` longtext DEFAULT NULL,
  `statuses` text NOT NULL,
  `dateCreated` datetime NOT NULL,
  `dateUpdated` datetime NOT NULL,
  `uid` char(36) NOT NULL DEFAULT '0',
  PRIMARY KEY (`id`),
  UNIQUE KEY `name` (`name`),
  KEY `freeform_export_profiles_formId_fk` (`formId`)
) ENGINE=InnoDB DEFAULT CHARSET=utf8mb4 COLLATE=utf8mb4_unicode_ci;

--
-- Table structure for table `freeform_export_settings`
--

CREATE TABLE `freeform_export_settings` (
  `id` int(11) NOT NULL AUTO_INCREMENT,
  `userId` int(11) NOT NULL,
  `setting` longtext DEFAULT NULL,
  `dateCreated` datetime NOT NULL,
  `dateUpdated` datetime NOT NULL,
  `uid` char(36) NOT NULL DEFAULT '0',
  PRIMARY KEY (`id`),
  KEY `freeform_export_settings_userId_fk` (`userId`)
) ENGINE=InnoDB DEFAULT CHARSET=utf8mb4 COLLATE=utf8mb4_unicode_ci;

--
-- Table structure for table `freeform_favorite_fields`
--

CREATE TABLE `freeform_favorite_fields` (
  `id` int(11) NOT NULL AUTO_INCREMENT,
  `userId` int(11) DEFAULT NULL,
  `label` varchar(255) NOT NULL,
  `type` varchar(255) NOT NULL,
  `metadata` longtext DEFAULT NULL,
  `dateCreated` datetime NOT NULL,
  `dateUpdated` datetime NOT NULL,
  `uid` char(36) NOT NULL DEFAULT '0',
  PRIMARY KEY (`id`),
  KEY `freeform_favorite_fields_userId_fk` (`userId`)
) ENGINE=InnoDB DEFAULT CHARSET=utf8mb4 COLLATE=utf8mb4_unicode_ci;

--
-- Table structure for table `freeform_feed_messages`
--

CREATE TABLE `freeform_feed_messages` (
  `id` int(11) NOT NULL AUTO_INCREMENT,
  `feedId` int(11) NOT NULL,
  `message` text NOT NULL,
  `conditions` longtext NOT NULL,
  `type` varchar(255) NOT NULL,
  `seen` tinyint(1) NOT NULL DEFAULT 0,
  `issueDate` datetime NOT NULL,
  `dateCreated` datetime NOT NULL,
  `dateUpdated` datetime NOT NULL,
  `uid` char(36) NOT NULL DEFAULT '0',
  PRIMARY KEY (`id`),
  KEY `freeform_feed_messages_feedId_fk` (`feedId`)
) ENGINE=InnoDB AUTO_INCREMENT=2 DEFAULT CHARSET=utf8mb4 COLLATE=utf8mb4_unicode_ci;

--
-- Table structure for table `freeform_fields_type_groups`
--

CREATE TABLE `freeform_fields_type_groups` (
  `id` int(11) NOT NULL AUTO_INCREMENT,
  `color` varchar(10) DEFAULT NULL,
  `label` varchar(255) DEFAULT NULL,
  `types` longtext NOT NULL,
  `dateCreated` datetime NOT NULL,
  `dateUpdated` datetime NOT NULL,
  `uid` char(36) NOT NULL DEFAULT '0',
  PRIMARY KEY (`id`)
) ENGINE=InnoDB AUTO_INCREMENT=7 DEFAULT CHARSET=utf8mb4 COLLATE=utf8mb4_unicode_ci;

--
-- Table structure for table `freeform_forms`
--

CREATE TABLE `freeform_forms` (
  `id` int(11) NOT NULL AUTO_INCREMENT,
  `type` varchar(200) NOT NULL,
  `name` varchar(100) NOT NULL,
  `handle` varchar(100) NOT NULL,
  `spamBlockCount` int(11) unsigned NOT NULL DEFAULT 0,
  `metadata` longtext DEFAULT NULL,
  `order` int(11) DEFAULT NULL,
  `createdByUserId` int(11) DEFAULT NULL,
  `updatedByUserId` int(11) DEFAULT NULL,
  `dateArchived` datetime DEFAULT NULL,
  `dateCreated` datetime NOT NULL,
  `dateUpdated` datetime NOT NULL,
  `uid` char(36) NOT NULL DEFAULT '0',
  PRIMARY KEY (`id`),
  UNIQUE KEY `handle` (`handle`),
  KEY `freeform_forms_order_idx` (`order`),
  KEY `freeform_forms_createdByUserId_fk` (`createdByUserId`),
  KEY `freeform_forms_updatedByUserId_fk` (`updatedByUserId`)
) ENGINE=InnoDB AUTO_INCREMENT=6 DEFAULT CHARSET=utf8mb4 COLLATE=utf8mb4_unicode_ci;

--
-- Table structure for table `freeform_forms_fields`
--

CREATE TABLE `freeform_forms_fields` (
  `id` int(11) NOT NULL AUTO_INCREMENT,
  `formId` int(11) NOT NULL,
  `type` varchar(255) NOT NULL,
  `metadata` longtext DEFAULT NULL,
  `rowId` int(11) DEFAULT NULL,
  `order` int(11) DEFAULT NULL,
  `dateCreated` datetime NOT NULL,
  `dateUpdated` datetime NOT NULL,
  `uid` char(36) NOT NULL DEFAULT '0',
  PRIMARY KEY (`id`),
  KEY `freeform_forms_fields_rowId_order_idx` (`rowId`,`order`),
  KEY `freeform_forms_fields_formId_fk` (`formId`)
) ENGINE=InnoDB AUTO_INCREMENT=41 DEFAULT CHARSET=utf8mb4 COLLATE=utf8mb4_unicode_ci;

--
-- Table structure for table `freeform_forms_groups`
--

CREATE TABLE `freeform_forms_groups` (
  `id` int(11) NOT NULL AUTO_INCREMENT,
  `siteId` int(11) NOT NULL,
  `label` varchar(255) DEFAULT NULL,
  `order` int(11) NOT NULL,
  `dateCreated` datetime NOT NULL,
  `dateUpdated` datetime NOT NULL,
  `uid` char(36) NOT NULL DEFAULT '0',
  PRIMARY KEY (`id`),
  KEY `freeform_forms_groups_siteId_fk` (`siteId`)
) ENGINE=InnoDB DEFAULT CHARSET=utf8mb4 COLLATE=utf8mb4_unicode_ci;

--
-- Table structure for table `freeform_forms_groups_entries`
--

CREATE TABLE `freeform_forms_groups_entries` (
  `id` int(11) NOT NULL AUTO_INCREMENT,
  `groupId` int(11) NOT NULL,
  `formId` int(11) NOT NULL,
  `order` int(11) NOT NULL,
  `dateCreated` datetime NOT NULL,
  `dateUpdated` datetime NOT NULL,
  `uid` char(36) NOT NULL DEFAULT '0',
  PRIMARY KEY (`id`),
  KEY `freeform_forms_groups_entries_groupId_fk` (`groupId`),
  KEY `freeform_forms_groups_entries_formId_fk` (`formId`)
) ENGINE=InnoDB DEFAULT CHARSET=utf8mb4 COLLATE=utf8mb4_unicode_ci;

--
-- Table structure for table `freeform_forms_integrations`
--

CREATE TABLE `freeform_forms_integrations` (
  `id` int(11) NOT NULL AUTO_INCREMENT,
  `integrationId` int(11) NOT NULL,
  `formId` int(11) NOT NULL,
  `enabled` tinyint(1) NOT NULL DEFAULT 1,
  `metadata` longtext DEFAULT NULL,
  `dateCreated` datetime NOT NULL,
  `dateUpdated` datetime NOT NULL,
  `uid` char(36) NOT NULL DEFAULT '0',
  PRIMARY KEY (`id`),
  KEY `freeform_forms_integrations_integrationId_fk` (`integrationId`),
  KEY `freeform_forms_integrations_formId_fk` (`formId`)
) ENGINE=InnoDB AUTO_INCREMENT=4 DEFAULT CHARSET=utf8mb4 COLLATE=utf8mb4_unicode_ci;

--
-- Table structure for table `freeform_forms_layouts`
--

CREATE TABLE `freeform_forms_layouts` (
  `id` int(11) NOT NULL AUTO_INCREMENT,
  `formId` int(11) NOT NULL,
  `dateCreated` datetime NOT NULL,
  `dateUpdated` datetime NOT NULL,
  `uid` char(36) NOT NULL DEFAULT '0',
  PRIMARY KEY (`id`),
  KEY `freeform_forms_layouts_formId_idx` (`formId`)
) ENGINE=InnoDB AUTO_INCREMENT=6 DEFAULT CHARSET=utf8mb4 COLLATE=utf8mb4_unicode_ci;

--
-- Table structure for table `freeform_forms_notifications`
--

CREATE TABLE `freeform_forms_notifications` (
  `id` int(11) NOT NULL AUTO_INCREMENT,
  `class` varchar(255) NOT NULL,
  `formId` int(11) NOT NULL,
  `enabled` tinyint(1) NOT NULL DEFAULT 1,
  `metadata` longtext DEFAULT NULL,
  `dateCreated` datetime NOT NULL,
  `dateUpdated` datetime NOT NULL,
  `uid` char(36) NOT NULL DEFAULT '0',
  PRIMARY KEY (`id`),
  KEY `freeform_forms_notifications_formId_fk` (`formId`)
) ENGINE=InnoDB AUTO_INCREMENT=8 DEFAULT CHARSET=utf8mb4 COLLATE=utf8mb4_unicode_ci;

--
-- Table structure for table `freeform_forms_pages`
--

CREATE TABLE `freeform_forms_pages` (
  `id` int(11) NOT NULL AUTO_INCREMENT,
  `formId` int(11) NOT NULL,
  `layoutId` int(11) NOT NULL,
  `label` varchar(255) NOT NULL,
  `order` int(11) DEFAULT NULL,
  `metadata` longtext DEFAULT NULL,
  `dateCreated` datetime NOT NULL,
  `dateUpdated` datetime NOT NULL,
  `uid` char(36) NOT NULL DEFAULT '0',
  PRIMARY KEY (`id`),
  KEY `freeform_forms_pages_formId_order_idx` (`formId`,`order`),
  KEY `freeform_forms_pages_layoutId_fk` (`layoutId`)
) ENGINE=InnoDB AUTO_INCREMENT=6 DEFAULT CHARSET=utf8mb4 COLLATE=utf8mb4_unicode_ci;

--
-- Table structure for table `freeform_forms_rows`
--

CREATE TABLE `freeform_forms_rows` (
  `id` int(11) NOT NULL AUTO_INCREMENT,
  `formId` int(11) NOT NULL,
  `layoutId` int(11) NOT NULL,
  `order` int(11) DEFAULT NULL,
  `dateCreated` datetime NOT NULL,
  `dateUpdated` datetime NOT NULL,
  `uid` char(36) NOT NULL DEFAULT '0',
  PRIMARY KEY (`id`),
  KEY `freeform_forms_rows_formId_order_idx` (`formId`,`order`),
  KEY `freeform_forms_rows_layoutId_fk` (`layoutId`)
) ENGINE=InnoDB AUTO_INCREMENT=31 DEFAULT CHARSET=utf8mb4 COLLATE=utf8mb4_unicode_ci;

--
-- Table structure for table `freeform_forms_sites`
--

CREATE TABLE `freeform_forms_sites` (
  `id` int(11) NOT NULL AUTO_INCREMENT,
  `formId` int(11) NOT NULL,
  `siteId` int(11) NOT NULL,
  `dateCreated` datetime NOT NULL,
  `dateUpdated` datetime NOT NULL,
  `uid` char(36) NOT NULL DEFAULT '0',
  PRIMARY KEY (`id`),
  UNIQUE KEY `freeform_forms_sites_siteId_formId_unq_idx` (`siteId`,`formId`),
  KEY `freeform_forms_sites_formId_fk` (`formId`)
) ENGINE=InnoDB AUTO_INCREMENT=16 DEFAULT CHARSET=utf8mb4 COLLATE=utf8mb4_unicode_ci;

--
-- Table structure for table `freeform_forms_translations`
--

CREATE TABLE `freeform_forms_translations` (
  `id` int(11) NOT NULL AUTO_INCREMENT,
  `formId` int(11) NOT NULL,
  `siteId` int(11) NOT NULL,
  `translations` longtext NOT NULL,
  `dateCreated` datetime NOT NULL,
  `dateUpdated` datetime NOT NULL,
  `uid` char(36) NOT NULL DEFAULT '0',
  PRIMARY KEY (`id`),
  UNIQUE KEY `freeform_forms_translations_formId_siteId_unq_idx` (`formId`,`siteId`),
  KEY `freeform_forms_translations_siteId_fk` (`siteId`)
) ENGINE=InnoDB AUTO_INCREMENT=5 DEFAULT CHARSET=utf8mb4 COLLATE=utf8mb4_unicode_ci;

--
-- Table structure for table `freeform_integrations`
--

CREATE TABLE `freeform_integrations` (
  `id` int(11) NOT NULL AUTO_INCREMENT,
  `enabled` tinyint(1) DEFAULT 1,
  `legacy` tinyint(1) DEFAULT 0,
  `connectionEstablished` tinyint(1) DEFAULT 0,
  `name` varchar(255) NOT NULL,
  `handle` varchar(255) NOT NULL,
  `type` varchar(50) NOT NULL,
  `class` varchar(255) DEFAULT NULL,
  `metadata` longtext DEFAULT NULL,
  `dateCreated` datetime NOT NULL,
  `dateUpdated` datetime NOT NULL,
  `uid` char(36) NOT NULL DEFAULT '0',
  PRIMARY KEY (`id`),
  UNIQUE KEY `handle` (`handle`),
  KEY `freeform_integrations_type_idx` (`type`)
) ENGINE=InnoDB AUTO_INCREMENT=2 DEFAULT CHARSET=utf8mb4 COLLATE=utf8mb4_unicode_ci;

--
-- Table structure for table `freeform_integrations_queue`
--

CREATE TABLE `freeform_integrations_queue` (
  `id` int(11) NOT NULL AUTO_INCREMENT,
  `submissionId` int(11) NOT NULL,
  `integrationType` varchar(50) NOT NULL,
  `status` varchar(50) NOT NULL,
  `fieldHash` varchar(20) DEFAULT NULL,
  `dateCreated` datetime NOT NULL,
  `dateUpdated` datetime NOT NULL,
  `uid` char(36) NOT NULL DEFAULT '0',
  PRIMARY KEY (`id`),
  KEY `freeform_integrations_queue_status_idx` (`status`),
  KEY `freeform_integrations_queue_submissionId_fk` (`submissionId`)
) ENGINE=InnoDB DEFAULT CHARSET=utf8mb4 COLLATE=utf8mb4_unicode_ci;

--
-- Table structure for table `freeform_limited_users`
--

CREATE TABLE `freeform_limited_users` (
  `id` int(11) NOT NULL AUTO_INCREMENT,
  `name` varchar(255) NOT NULL,
  `description` text NOT NULL,
  `settings` longtext NOT NULL,
  `dateCreated` datetime NOT NULL,
  `dateUpdated` datetime NOT NULL,
  `uid` char(36) NOT NULL DEFAULT '0',
  PRIMARY KEY (`id`)
) ENGINE=InnoDB DEFAULT CHARSET=utf8mb4 COLLATE=utf8mb4_unicode_ci;

--
-- Table structure for table `freeform_notification_log`
--

CREATE TABLE `freeform_notification_log` (
  `id` int(11) NOT NULL AUTO_INCREMENT,
  `type` varchar(30) NOT NULL,
  `identifier` varchar(100) DEFAULT NULL,
  `digestDate` date NOT NULL,
  `name` varchar(255) DEFAULT NULL,
  `dateCreated` datetime NOT NULL,
  `dateUpdated` datetime NOT NULL,
  `uid` char(36) NOT NULL DEFAULT '0',
  PRIMARY KEY (`id`),
  UNIQUE KEY `idx_type_digestDate_identifier` (`type`,`digestDate`,`identifier`),
  KEY `freeform_notification_log_type_dateCreated_idx` (`type`,`dateCreated`),
  KEY `idx_type_identifier_name_digestDate` (`type`,`identifier`,`name`,`digestDate`)
) ENGINE=InnoDB DEFAULT CHARSET=utf8mb4 COLLATE=utf8mb4_unicode_ci;

--
-- Table structure for table `freeform_notification_template_wrappers`
--

CREATE TABLE `freeform_notification_template_wrappers` (
  `id` int(11) NOT NULL AUTO_INCREMENT,
  `name` varchar(255) NOT NULL,
  `handle` varchar(255) NOT NULL,
  `description` text DEFAULT NULL,
  `content` longtext NOT NULL,
  `dateCreated` datetime NOT NULL,
  `dateUpdated` datetime NOT NULL,
  `uid` char(36) NOT NULL DEFAULT '0',
  PRIMARY KEY (`id`),
  UNIQUE KEY `handle` (`handle`)
) ENGINE=InnoDB DEFAULT CHARSET=utf8mb4 COLLATE=utf8mb4_unicode_ci;

--
-- Table structure for table `freeform_notification_templates`
--

CREATE TABLE `freeform_notification_templates` (
  `id` int(11) NOT NULL AUTO_INCREMENT,
  `formId` int(11) DEFAULT NULL,
  `wrapperId` int(11) DEFAULT NULL,
  `pdfTemplateIds` text DEFAULT NULL,
  `name` varchar(255) NOT NULL,
  `handle` varchar(255) NOT NULL,
  `subject` varchar(255) NOT NULL,
  `description` text DEFAULT NULL,
  `fromName` varchar(255) NOT NULL,
  `fromEmail` varchar(255) NOT NULL,
  `replyToName` varchar(255) DEFAULT NULL,
  `replyToEmail` varchar(255) DEFAULT NULL,
  `cc` varchar(255) DEFAULT NULL,
  `bcc` varchar(255) DEFAULT NULL,
  `bodyHtml` mediumtext DEFAULT NULL,
  `bodyText` mediumtext DEFAULT NULL,
  `autoText` tinyint(1) NOT NULL DEFAULT 1,
  `includeAttachments` tinyint(1) DEFAULT 1,
  `presetAssets` varchar(255) DEFAULT NULL,
  `sortOrder` int(11) DEFAULT NULL,
  `dateCreated` datetime NOT NULL,
  `dateUpdated` datetime NOT NULL,
  `uid` char(36) NOT NULL DEFAULT '0',
  PRIMARY KEY (`id`),
  KEY `fk_wrapperId` (`wrapperId`),
  KEY `freeform_notification_templates_formId` (`formId`)
) ENGINE=InnoDB AUTO_INCREMENT=5 DEFAULT CHARSET=utf8mb4 COLLATE=utf8mb4_unicode_ci;

--
-- Table structure for table `freeform_payments`
--

CREATE TABLE `freeform_payments` (
  `id` int(11) NOT NULL AUTO_INCREMENT,
  `integrationId` int(11) NOT NULL,
  `fieldId` int(11) NOT NULL,
  `submissionId` int(11) NOT NULL,
  `resourceId` varchar(50) DEFAULT NULL,
  `type` varchar(20) DEFAULT NULL,
  `amount` float DEFAULT NULL,
  `currency` varchar(3) DEFAULT NULL,
  `status` varchar(40) DEFAULT NULL,
  `link` varchar(255) DEFAULT NULL,
  `metadata` longtext DEFAULT NULL,
  `dateCreated` datetime NOT NULL,
  `dateUpdated` datetime NOT NULL,
  `uid` char(36) NOT NULL DEFAULT '0',
  PRIMARY KEY (`id`),
  UNIQUE KEY `freeform_payments_integrationId_resourceId_unq_idx` (`integrationId`,`resourceId`),
  KEY `freeform_payments_integrationId_type_idx` (`integrationId`,`type`),
  KEY `freeform_payments_resourceId_idx` (`resourceId`),
  KEY `freeform_payments_fieldId_fk` (`fieldId`),
  KEY `freeform_payments_submissionId_fk` (`submissionId`)
) ENGINE=InnoDB DEFAULT CHARSET=utf8mb4 COLLATE=utf8mb4_unicode_ci;

--
-- Table structure for table `freeform_pdf_templates`
--

CREATE TABLE `freeform_pdf_templates` (
  `id` int(11) NOT NULL AUTO_INCREMENT,
  `name` varchar(255) NOT NULL,
  `description` text DEFAULT NULL,
  `fileName` text NOT NULL,
  `body` longtext NOT NULL,
  `sortOrder` int(11) NOT NULL DEFAULT 0,
  `dateCreated` datetime NOT NULL,
  `dateUpdated` datetime NOT NULL,
  `uid` char(36) NOT NULL DEFAULT '0',
  PRIMARY KEY (`id`)
) ENGINE=InnoDB DEFAULT CHARSET=utf8mb4 COLLATE=utf8mb4_unicode_ci;

--
-- Table structure for table `freeform_rules`
--

CREATE TABLE `freeform_rules` (
  `id` int(11) NOT NULL AUTO_INCREMENT,
  `combinator` varchar(20) NOT NULL,
  `dateCreated` datetime NOT NULL,
  `dateUpdated` datetime NOT NULL,
  `uid` char(36) NOT NULL DEFAULT '0',
  PRIMARY KEY (`id`)
) ENGINE=InnoDB DEFAULT CHARSET=utf8mb4 COLLATE=utf8mb4_unicode_ci;

--
-- Table structure for table `freeform_rules_buttons`
--

CREATE TABLE `freeform_rules_buttons` (
  `id` int(11) NOT NULL AUTO_INCREMENT,
  `pageId` int(11) NOT NULL,
  `button` varchar(30) NOT NULL,
  `display` varchar(10) NOT NULL,
  `dateCreated` datetime NOT NULL,
  `dateUpdated` datetime NOT NULL,
  `uid` char(36) NOT NULL DEFAULT '0',
  PRIMARY KEY (`id`),
  KEY `fk_vgcspuzjnirzpmtgevhfkcgbjisxxryiprbi` (`pageId`)
) ENGINE=InnoDB DEFAULT CHARSET=utf8mb4 COLLATE=utf8mb4_unicode_ci;

--
-- Table structure for table `freeform_rules_conditions`
--

CREATE TABLE `freeform_rules_conditions` (
  `id` int(11) NOT NULL AUTO_INCREMENT,
  `ruleId` int(11) NOT NULL,
  `fieldId` int(11) NOT NULL,
  `operator` varchar(20) NOT NULL,
  `value` text NOT NULL,
  `dateCreated` datetime NOT NULL,
  `dateUpdated` datetime NOT NULL,
  `uid` char(36) NOT NULL DEFAULT '0',
  PRIMARY KEY (`id`),
  KEY `freeform_rules_conditions_ruleId_fk` (`ruleId`),
  KEY `fk_qogqlmlttuzxbivicrgdroxyhbekndzphxpm` (`fieldId`)
) ENGINE=InnoDB DEFAULT CHARSET=utf8mb4 COLLATE=utf8mb4_unicode_ci;

--
-- Table structure for table `freeform_rules_fields`
--

CREATE TABLE `freeform_rules_fields` (
  `id` int(11) NOT NULL AUTO_INCREMENT,
  `fieldId` int(11) NOT NULL,
  `display` varchar(10) NOT NULL,
  `dateCreated` datetime NOT NULL,
  `dateUpdated` datetime NOT NULL,
  `uid` char(36) NOT NULL DEFAULT '0',
  PRIMARY KEY (`id`),
  KEY `fk_ozmppkiyimihdqxbirkdhhixudsjdnwnsowg` (`fieldId`)
) ENGINE=InnoDB DEFAULT CHARSET=utf8mb4 COLLATE=utf8mb4_unicode_ci;

--
-- Table structure for table `freeform_rules_integrations`
--

CREATE TABLE `freeform_rules_integrations` (
  `id` int(11) NOT NULL AUTO_INCREMENT,
  `integrationId` int(11) NOT NULL,
  `push` tinyint(1) NOT NULL,
  `dateCreated` datetime NOT NULL,
  `dateUpdated` datetime NOT NULL,
  `uid` char(36) NOT NULL DEFAULT '0',
  PRIMARY KEY (`id`),
  KEY `fk_integrationId` (`integrationId`)
) ENGINE=InnoDB DEFAULT CHARSET=utf8mb4 COLLATE=utf8mb4_unicode_ci;

--
-- Table structure for table `freeform_rules_notifications`
--

CREATE TABLE `freeform_rules_notifications` (
  `id` int(11) NOT NULL AUTO_INCREMENT,
  `notificationId` int(11) NOT NULL,
  `send` tinyint(1) NOT NULL,
  `dateCreated` datetime NOT NULL,
  `dateUpdated` datetime NOT NULL,
  `uid` char(36) NOT NULL DEFAULT '0',
  PRIMARY KEY (`id`),
  KEY `fk_uehegipgxoltbbxlxmxzcfkogpnuaodmnpvt` (`notificationId`)
) ENGINE=InnoDB DEFAULT CHARSET=utf8mb4 COLLATE=utf8mb4_unicode_ci;

--
-- Table structure for table `freeform_rules_pages`
--

CREATE TABLE `freeform_rules_pages` (
  `id` int(11) NOT NULL AUTO_INCREMENT,
  `pageId` int(11) NOT NULL,
  `dateCreated` datetime NOT NULL,
  `dateUpdated` datetime NOT NULL,
  `uid` char(36) NOT NULL DEFAULT '0',
  PRIMARY KEY (`id`),
  KEY `fk_zxhpzgofkzjqctdygvaujudrdfwpfxpcdgep` (`pageId`)
) ENGINE=InnoDB DEFAULT CHARSET=utf8mb4 COLLATE=utf8mb4_unicode_ci;

--
-- Table structure for table `freeform_rules_submit_form`
--

CREATE TABLE `freeform_rules_submit_form` (
  `id` int(11) NOT NULL AUTO_INCREMENT,
  `formId` int(11) NOT NULL,
  `dateCreated` datetime NOT NULL,
  `dateUpdated` datetime NOT NULL,
  `uid` char(36) NOT NULL DEFAULT '0',
  PRIMARY KEY (`id`),
  KEY `fk_nqsatswxewuueclucstvgbaneagfzosbnbpq` (`formId`)
) ENGINE=InnoDB DEFAULT CHARSET=utf8mb4 COLLATE=utf8mb4_unicode_ci;

--
-- Table structure for table `freeform_saved_forms`
--

CREATE TABLE `freeform_saved_forms` (
  `id` int(11) NOT NULL AUTO_INCREMENT,
  `sessionId` varchar(100) DEFAULT NULL,
  `formId` int(11) NOT NULL,
  `token` varchar(100) NOT NULL,
  `payload` longtext DEFAULT NULL,
  `dateCreated` datetime NOT NULL,
  `dateUpdated` datetime NOT NULL,
  `uid` char(36) NOT NULL DEFAULT '0',
  PRIMARY KEY (`id`),
  KEY `freeform_saved_forms_token_idx` (`token`),
  KEY `freeform_saved_forms_dateCreated_idx` (`dateCreated`),
  KEY `freeform_saved_forms_sessionId_idx` (`sessionId`),
  KEY `freeform_saved_forms_formId_fk` (`formId`)
) ENGINE=InnoDB DEFAULT CHARSET=utf8mb4 COLLATE=utf8mb4_unicode_ci;

--
-- Table structure for table `freeform_session_context`
--

CREATE TABLE `freeform_session_context` (
  `id` int(11) NOT NULL AUTO_INCREMENT,
  `contextKey` varchar(100) NOT NULL,
  `sessionId` varchar(100) NOT NULL,
  `formId` int(11) NOT NULL,
  `propertyBag` longtext DEFAULT NULL,
  `attributeBag` longtext DEFAULT NULL,
  `dateCreated` datetime NOT NULL,
  `dateUpdated` datetime NOT NULL,
  `uid` char(36) NOT NULL DEFAULT '0',
  PRIMARY KEY (`id`),
  KEY `freeform_session_context_contextKey_formId_idx` (`contextKey`,`formId`),
  KEY `freeform_session_context_sessionId_idx` (`sessionId`),
  KEY `freeform_session_context_formId_fk` (`formId`)
) ENGINE=InnoDB DEFAULT CHARSET=utf8mb4 COLLATE=utf8mb4_unicode_ci;

--
-- Table structure for table `freeform_spam_reason`
--

CREATE TABLE `freeform_spam_reason` (
  `id` int(11) NOT NULL AUTO_INCREMENT,
  `submissionId` int(11) NOT NULL,
  `reasonType` varchar(100) NOT NULL,
  `reasonMessage` text DEFAULT NULL,
  `reasonValue` longtext DEFAULT NULL,
  `dateCreated` datetime NOT NULL,
  `dateUpdated` datetime NOT NULL,
  `uid` char(36) NOT NULL DEFAULT '0',
  PRIMARY KEY (`id`),
  KEY `freeform_spam_reason_submissionId_reasonType_idx` (`submissionId`,`reasonType`)
) ENGINE=InnoDB DEFAULT CHARSET=utf8mb4 COLLATE=utf8mb4_unicode_ci;

--
-- Table structure for table `freeform_statuses`
--

CREATE TABLE `freeform_statuses` (
  `id` int(11) NOT NULL AUTO_INCREMENT,
  `name` varchar(255) NOT NULL,
  `handle` varchar(255) NOT NULL,
  `color` varchar(30) DEFAULT NULL,
  `sortOrder` int(11) DEFAULT NULL,
  `dateCreated` datetime NOT NULL,
  `dateUpdated` datetime NOT NULL,
  `uid` char(36) NOT NULL DEFAULT '0',
  PRIMARY KEY (`id`),
  UNIQUE KEY `handle` (`handle`)
) ENGINE=InnoDB AUTO_INCREMENT=4 DEFAULT CHARSET=utf8mb4 COLLATE=utf8mb4_unicode_ci;

--
-- Table structure for table `freeform_submission_notes`
--

CREATE TABLE `freeform_submission_notes` (
  `id` int(11) NOT NULL AUTO_INCREMENT,
  `submissionId` int(11) NOT NULL,
  `note` text DEFAULT NULL,
  `dateCreated` datetime NOT NULL,
  `dateUpdated` datetime NOT NULL,
  `uid` char(36) NOT NULL DEFAULT '0',
  PRIMARY KEY (`id`),
  KEY `freeform_submission_notes_submissionId_fk` (`submissionId`)
) ENGINE=InnoDB DEFAULT CHARSET=utf8mb4 COLLATE=utf8mb4_unicode_ci;

--
-- Table structure for table `freeform_submissions_candidaturas_4`
--

CREATE TABLE `freeform_submissions_candidaturas_4` (
  `id` int(11) NOT NULL,
  `nome_19` text DEFAULT NULL,
  `email_20` text DEFAULT NULL,
  `telefone_21` text DEFAULT NULL,
  `cargo_22` text DEFAULT NULL,
  `mensagem_23` text DEFAULT NULL,
  `politica_24` text DEFAULT NULL,
  `cv_26` text DEFAULT NULL,
  PRIMARY KEY (`id`)
) ENGINE=InnoDB DEFAULT CHARSET=utf8mb4 COLLATE=utf8mb4_unicode_ci;

--
-- Table structure for table `freeform_submissions_contacto_1`
--

CREATE TABLE `freeform_submissions_contacto_1` (
  `id` int(11) NOT NULL,
  `nome_1` text DEFAULT NULL,
  `email_2` text DEFAULT NULL,
  `telefone_3` text DEFAULT NULL,
  `mensagem_5` text DEFAULT NULL,
  `politica_6` text DEFAULT NULL,
  `assunto_40` text DEFAULT NULL,
  PRIMARY KEY (`id`)
) ENGINE=InnoDB DEFAULT CHARSET=utf8mb4 COLLATE=utf8mb4_unicode_ci;

--
-- Table structure for table `freeform_submissions_newsletter_5`
--

CREATE TABLE `freeform_submissions_newsletter_5` (
  `id` int(11) NOT NULL,
  `nome_30` text DEFAULT NULL,
  `email_31` text DEFAULT NULL,
  `politica_35` text DEFAULT NULL,
  PRIMARY KEY (`id`)
) ENGINE=InnoDB DEFAULT CHARSET=utf8mb4 COLLATE=utf8mb4_unicode_ci;

--
-- Table structure for table `freeform_submissions_tracking_parameters`
--

CREATE TABLE `freeform_submissions_tracking_parameters` (
  `id` int(11) NOT NULL AUTO_INCREMENT,
  `submissionId` int(11) NOT NULL,
  `name` varchar(255) NOT NULL,
  `value` text DEFAULT NULL,
  `dateCreated` datetime NOT NULL,
  `dateUpdated` datetime NOT NULL,
  `uid` char(36) NOT NULL DEFAULT '0',
  PRIMARY KEY (`id`),
  KEY `submissionId_name` (`submissionId`,`name`)
) ENGINE=InnoDB DEFAULT CHARSET=utf8mb4 COLLATE=utf8mb4_unicode_ci;

--
-- Table structure for table `freeform_survey_preferences`
--

CREATE TABLE `freeform_survey_preferences` (
  `id` int(11) NOT NULL AUTO_INCREMENT,
  `userId` int(11) NOT NULL,
  `fieldId` int(11) NOT NULL,
  `chartType` varchar(200) NOT NULL,
  `dateCreated` datetime NOT NULL,
  `dateUpdated` datetime NOT NULL,
  `uid` char(36) NOT NULL DEFAULT '0',
  PRIMARY KEY (`id`),
  KEY `freeform_survey_preferences_userId_fk` (`userId`),
  KEY `fk_isbmwxniwfrisiedebvwignjqaxyzhsfpwmf` (`fieldId`)
) ENGINE=InnoDB DEFAULT CHARSET=utf8mb4 COLLATE=utf8mb4_unicode_ci;

--
-- Table structure for table `freeform_unfinalized_files`
--

CREATE TABLE `freeform_unfinalized_files` (
  `id` int(11) NOT NULL AUTO_INCREMENT,
  `assetId` int(11) NOT NULL,
  `fieldHandle` varchar(255) DEFAULT NULL,
  `formToken` varchar(255) DEFAULT NULL,
  `dateCreated` datetime NOT NULL,
  `dateUpdated` datetime NOT NULL,
  `uid` char(36) NOT NULL DEFAULT '0',
  PRIMARY KEY (`id`),
  KEY `freeform_unfinalized_files_fieldHandle_formToken_idx` (`fieldHandle`,`formToken`),
  KEY `freeform_unfinalized_files_assetId_fk` (`assetId`)
) ENGINE=InnoDB AUTO_INCREMENT=2 DEFAULT CHARSET=utf8mb4 COLLATE=utf8mb4_unicode_ci;

--
-- Table structure for table `globalsets`
--

CREATE TABLE `globalsets` (
  `id` int(11) NOT NULL AUTO_INCREMENT,
  `name` varchar(255) NOT NULL,
  `handle` varchar(255) NOT NULL,
  `fieldLayoutId` int(11) DEFAULT NULL,
  `sortOrder` smallint(6) unsigned DEFAULT NULL,
  `dateCreated` datetime NOT NULL,
  `dateUpdated` datetime NOT NULL,
  `uid` char(36) NOT NULL DEFAULT '0',
  PRIMARY KEY (`id`),
  KEY `idx_vgiglvkrvxfocmctwmgnjxteoohbqxyacjul` (`name`),
  KEY `idx_rezayxupuzpjzmbwfzdfdypisczowgayfmzf` (`handle`),
  KEY `idx_aewxlbndifohkbbkhfpdwsvimpbfmzxicagp` (`fieldLayoutId`),
  KEY `idx_pnukldbalymekcwmamqoazzsaoxsdnsiddih` (`sortOrder`),
  CONSTRAINT `fk_ceyqqckziiifucwouajkwiayzidehosjhkwa` FOREIGN KEY (`fieldLayoutId`) REFERENCES `fieldlayouts` (`id`) ON DELETE SET NULL,
  CONSTRAINT `fk_svkxiygrytdnvbfedhregrsojpdiinwefmzr` FOREIGN KEY (`id`) REFERENCES `elements` (`id`) ON DELETE CASCADE
) ENGINE=InnoDB AUTO_INCREMENT=72 DEFAULT CHARSET=utf8mb4 COLLATE=utf8mb4_unicode_ci;

--
-- Table structure for table `gqlschemas`
--

CREATE TABLE `gqlschemas` (
  `id` int(11) NOT NULL AUTO_INCREMENT,
  `name` varchar(255) NOT NULL,
  `scope` longtext CHARACTER SET utf8mb4 COLLATE utf8mb4_bin DEFAULT NULL CHECK (json_valid(`scope`)),
  `isPublic` tinyint(1) NOT NULL DEFAULT 0,
  `dateCreated` datetime NOT NULL,
  `dateUpdated` datetime NOT NULL,
  `uid` char(36) NOT NULL DEFAULT '0',
  PRIMARY KEY (`id`)
) ENGINE=InnoDB AUTO_INCREMENT=2 DEFAULT CHARSET=utf8mb4 COLLATE=utf8mb4_unicode_ci;

--
-- Table structure for table `gqltokens`
--

CREATE TABLE `gqltokens` (
  `id` int(11) NOT NULL AUTO_INCREMENT,
  `name` varchar(255) NOT NULL,
  `accessToken` varchar(255) NOT NULL,
  `enabled` tinyint(1) NOT NULL DEFAULT 1,
  `expiryDate` datetime DEFAULT NULL,
  `lastUsed` datetime DEFAULT NULL,
  `schemaId` int(11) DEFAULT NULL,
  `dateCreated` datetime NOT NULL,
  `dateUpdated` datetime NOT NULL,
  `uid` char(36) NOT NULL DEFAULT '0',
  PRIMARY KEY (`id`),
  UNIQUE KEY `idx_luvqdmysttdxtpshlnukiuwiawmdcmgarxpe` (`accessToken`),
  UNIQUE KEY `idx_nabzsaczzmlufhvjfieifblhlfcbxkbltygg` (`name`),
  KEY `fk_ghpvanqysfcafjyvtnvpmtsesyoefeorwggx` (`schemaId`),
  CONSTRAINT `fk_ghpvanqysfcafjyvtnvpmtsesyoefeorwggx` FOREIGN KEY (`schemaId`) REFERENCES `gqlschemas` (`id`) ON DELETE SET NULL
) ENGINE=InnoDB DEFAULT CHARSET=utf8mb4 COLLATE=utf8mb4_unicode_ci;

--
-- Table structure for table `imagetransformindex`
--

CREATE TABLE `imagetransformindex` (
  `id` int(11) NOT NULL AUTO_INCREMENT,
  `assetId` int(11) NOT NULL,
  `transformer` varchar(255) DEFAULT NULL,
  `filename` varchar(255) DEFAULT NULL,
  `format` varchar(255) DEFAULT NULL,
  `transformString` varchar(255) NOT NULL,
  `fileExists` tinyint(1) NOT NULL DEFAULT 0,
  `inProgress` tinyint(1) NOT NULL DEFAULT 0,
  `error` tinyint(1) NOT NULL DEFAULT 0,
  `dateIndexed` datetime DEFAULT NULL,
  `dateCreated` datetime NOT NULL,
  `dateUpdated` datetime NOT NULL,
  `uid` char(36) NOT NULL DEFAULT '0',
  PRIMARY KEY (`id`),
  KEY `idx_wpksnjknwogybfcmcxqyibqcnouoddstnugj` (`assetId`,`transformString`)
) ENGINE=InnoDB AUTO_INCREMENT=121 DEFAULT CHARSET=utf8mb4 COLLATE=utf8mb4_unicode_ci;

--
-- Table structure for table `imagetransforms`
--

CREATE TABLE `imagetransforms` (
  `id` int(11) NOT NULL AUTO_INCREMENT,
  `name` varchar(255) NOT NULL,
  `handle` varchar(255) NOT NULL,
  `mode` enum('stretch','fit','crop','letterbox') NOT NULL DEFAULT 'crop',
  `position` enum('top-left','top-center','top-right','center-left','center-center','center-right','bottom-left','bottom-center','bottom-right') NOT NULL DEFAULT 'center-center',
  `width` int(11) unsigned DEFAULT NULL,
  `height` int(11) unsigned DEFAULT NULL,
  `format` varchar(255) DEFAULT NULL,
  `quality` int(11) DEFAULT NULL,
  `interlace` enum('none','line','plane','partition') NOT NULL DEFAULT 'none',
  `fill` varchar(11) DEFAULT NULL,
  `upscale` tinyint(1) NOT NULL DEFAULT 1,
  `parameterChangeTime` datetime DEFAULT NULL,
  `dateCreated` datetime NOT NULL,
  `dateUpdated` datetime NOT NULL,
  `uid` char(36) NOT NULL DEFAULT '0',
  PRIMARY KEY (`id`),
  KEY `idx_mqzjaaimvokhxxwfoplpucjaniytrxpdvphd` (`name`),
  KEY `idx_bfottzpwclkxwsoszhxrkwrluojmsbwrxfpp` (`handle`)
) ENGINE=InnoDB DEFAULT CHARSET=utf8mb4 COLLATE=utf8mb4_unicode_ci;

--
-- Table structure for table `info`
--

CREATE TABLE `info` (
  `id` int(11) NOT NULL AUTO_INCREMENT,
  `version` varchar(50) NOT NULL,
  `schemaVersion` varchar(15) NOT NULL,
  `maintenance` tinyint(1) NOT NULL DEFAULT 0,
  `configVersion` char(12) NOT NULL DEFAULT '000000000000',
  `fieldVersion` char(12) NOT NULL DEFAULT '000000000000',
  `dateCreated` datetime NOT NULL,
  `dateUpdated` datetime NOT NULL,
  `uid` char(36) NOT NULL DEFAULT '0',
  PRIMARY KEY (`id`)
) ENGINE=InnoDB AUTO_INCREMENT=2 DEFAULT CHARSET=utf8mb4 COLLATE=utf8mb4_unicode_ci;

--
-- Table structure for table `migrations`
--

CREATE TABLE `migrations` (
  `id` int(11) NOT NULL AUTO_INCREMENT,
  `track` varchar(255) NOT NULL,
  `name` varchar(255) NOT NULL,
  `applyTime` datetime NOT NULL,
  `dateCreated` datetime NOT NULL,
  `dateUpdated` datetime NOT NULL,
  `uid` char(36) NOT NULL DEFAULT '0',
  PRIMARY KEY (`id`),
  UNIQUE KEY `idx_caydkvmxcmpjrtumygijfmdwesigxcxrgnkc` (`track`,`name`)
) ENGINE=InnoDB AUTO_INCREMENT=216 DEFAULT CHARSET=utf8mb4 COLLATE=utf8mb4_unicode_ci;

--
-- Table structure for table `plugins`
--

CREATE TABLE `plugins` (
  `id` int(11) NOT NULL AUTO_INCREMENT,
  `handle` varchar(255) NOT NULL,
  `version` varchar(255) NOT NULL,
  `schemaVersion` varchar(255) NOT NULL,
  `installDate` datetime NOT NULL,
  `dateCreated` datetime NOT NULL,
  `dateUpdated` datetime NOT NULL,
  `uid` char(36) NOT NULL DEFAULT '0',
  PRIMARY KEY (`id`),
  UNIQUE KEY `idx_cdnafpmgxmqfjdohphrmwyclvsfscyjfnfhb` (`handle`)
) ENGINE=InnoDB AUTO_INCREMENT=12 DEFAULT CHARSET=utf8mb4 COLLATE=utf8mb4_unicode_ci;

--
-- Table structure for table `projectconfig`
--

CREATE TABLE `projectconfig` (
  `path` varchar(255) NOT NULL,
  `value` text NOT NULL,
  PRIMARY KEY (`path`)
) ENGINE=InnoDB DEFAULT CHARSET=utf8mb4 COLLATE=utf8mb4_unicode_ci;

--
-- Table structure for table `queue`
--

CREATE TABLE `queue` (
  `id` int(11) NOT NULL AUTO_INCREMENT,
  `channel` varchar(255) NOT NULL DEFAULT 'queue',
  `job` longblob NOT NULL,
  `description` text DEFAULT NULL,
  `timePushed` int(11) NOT NULL,
  `ttr` int(11) NOT NULL,
  `delay` int(11) NOT NULL DEFAULT 0,
  `priority` int(11) unsigned NOT NULL DEFAULT 1024,
  `dateReserved` datetime DEFAULT NULL,
  `timeUpdated` int(11) DEFAULT NULL,
  `progress` smallint(6) NOT NULL DEFAULT 0,
  `progressLabel` varchar(255) DEFAULT NULL,
  `attempt` int(11) DEFAULT NULL,
  `fail` tinyint(1) DEFAULT 0,
  `dateFailed` datetime DEFAULT NULL,
  `error` text DEFAULT NULL,
  PRIMARY KEY (`id`),
  KEY `idx_ziegnuyukzjgftnnorzdddbxuizohjapydui` (`channel`,`fail`,`timeUpdated`,`timePushed`),
  KEY `idx_zojpiiaaimokdbicmytovxlzwestcotajxza` (`channel`,`fail`,`timeUpdated`,`delay`)
) ENGINE=InnoDB AUTO_INCREMENT=11984 DEFAULT CHARSET=utf8mb4 COLLATE=utf8mb4_unicode_ci;

--
-- Table structure for table `recoverycodes`
--

CREATE TABLE `recoverycodes` (
  `id` int(11) NOT NULL AUTO_INCREMENT,
  `userId` int(11) NOT NULL,
  `recoveryCodes` text DEFAULT NULL,
  `dateCreated` datetime NOT NULL,
  `dateUpdated` datetime NOT NULL,
  PRIMARY KEY (`id`)
) ENGINE=InnoDB DEFAULT CHARSET=utf8mb4 COLLATE=utf8mb4_unicode_ci;

--
-- Table structure for table `relations`
--

CREATE TABLE `relations` (
  `id` int(11) NOT NULL AUTO_INCREMENT,
  `fieldId` int(11) NOT NULL,
  `sourceId` int(11) NOT NULL,
  `sourceSiteId` int(11) DEFAULT NULL,
  `targetId` int(11) NOT NULL,
  `sortOrder` smallint(6) unsigned DEFAULT NULL,
  `dateCreated` datetime NOT NULL,
  `dateUpdated` datetime NOT NULL,
  `uid` char(36) NOT NULL DEFAULT '0',
  PRIMARY KEY (`id`),
  UNIQUE KEY `idx_avvrlqzhjcuvefkxwckpuhtwaipathpoufex` (`fieldId`,`sourceId`,`sourceSiteId`,`targetId`),
  KEY `idx_femynvinyrqkmmqvlalmzubgadargdbphqbx` (`sourceId`),
  KEY `idx_jnfvraqnxwleexuotgefnxtehxuptmpeklww` (`targetId`),
  KEY `idx_fjknlwqbldenhgbmstqwczmhcweqmgpiwmvj` (`sourceSiteId`),
  CONSTRAINT `fk_feywtijdtjxyefvtagkonkwdjrosbauqhbio` FOREIGN KEY (`sourceSiteId`) REFERENCES `sites` (`id`) ON DELETE CASCADE ON UPDATE CASCADE,
  CONSTRAINT `fk_jxhgmstzgjzwrbalweoolojhabonwhnepekk` FOREIGN KEY (`fieldId`) REFERENCES `fields` (`id`) ON DELETE CASCADE,
  CONSTRAINT `fk_mdzvmllqakcocyrwixsorkmxaixlxzzwslyp` FOREIGN KEY (`sourceId`) REFERENCES `elements` (`id`) ON DELETE CASCADE
) ENGINE=InnoDB AUTO_INCREMENT=1601 DEFAULT CHARSET=utf8mb4 COLLATE=utf8mb4_unicode_ci;

--
-- Table structure for table `resourcepaths`
--

CREATE TABLE `resourcepaths` (
  `hash` varchar(255) NOT NULL,
  `path` varchar(255) NOT NULL,
  PRIMARY KEY (`hash`)
) ENGINE=InnoDB DEFAULT CHARSET=utf8mb4 COLLATE=utf8mb4_unicode_ci;

--
-- Table structure for table `revisions`
--

CREATE TABLE `revisions` (
  `id` int(11) NOT NULL AUTO_INCREMENT,
  `canonicalId` int(11) NOT NULL,
  `creatorId` int(11) DEFAULT NULL,
  `num` int(11) NOT NULL,
  `notes` text DEFAULT NULL,
  PRIMARY KEY (`id`),
  UNIQUE KEY `idx_owddtjfkkeoeezhaegxfrxdjtgcayxplissr` (`canonicalId`,`num`),
  KEY `fk_lcmlhwfuiqfzokcammwojwrmyqzpmohfanff` (`creatorId`),
  CONSTRAINT `fk_lcmlhwfuiqfzokcammwojwrmyqzpmohfanff` FOREIGN KEY (`creatorId`) REFERENCES `users` (`id`) ON DELETE SET NULL,
  CONSTRAINT `fk_opbpmawauohixaftqpekbnmvvhhtmcaqebfy` FOREIGN KEY (`canonicalId`) REFERENCES `elements` (`id`) ON DELETE CASCADE
) ENGINE=InnoDB AUTO_INCREMENT=1072 DEFAULT CHARSET=utf8mb4 COLLATE=utf8mb4_unicode_ci;

--
-- Table structure for table `searchindex`
--

CREATE TABLE `searchindex` (
  `elementId` int(11) NOT NULL,
  `attribute` varchar(25) NOT NULL,
  `fieldId` int(11) NOT NULL,
  `siteId` int(11) NOT NULL,
  `keywords` text NOT NULL,
  PRIMARY KEY (`elementId`,`attribute`,`fieldId`,`siteId`),
  FULLTEXT KEY `idx_fmmggmlggcutfibmvkyugqgeujbxxbbymnai` (`keywords`)
) ENGINE=InnoDB DEFAULT CHARSET=utf8mb4 COLLATE=utf8mb4_unicode_ci;

--
-- Table structure for table `searchindexqueue`
--

CREATE TABLE `searchindexqueue` (
  `id` int(11) NOT NULL AUTO_INCREMENT,
  `elementId` int(11) NOT NULL,
  `siteId` int(11) NOT NULL,
  `reserved` tinyint(1) NOT NULL DEFAULT 0,
  PRIMARY KEY (`id`),
  KEY `idx_clhgwjlcmhuasscfufulgfgikcctbzolcpvd` (`elementId`,`siteId`,`reserved`)
) ENGINE=InnoDB AUTO_INCREMENT=3882 DEFAULT CHARSET=utf8mb4 COLLATE=utf8mb4_unicode_ci;

--
-- Table structure for table `searchindexqueue_fields`
--

CREATE TABLE `searchindexqueue_fields` (
  `jobId` int(11) NOT NULL,
  `fieldHandle` varchar(255) NOT NULL,
  PRIMARY KEY (`jobId`,`fieldHandle`),
  UNIQUE KEY `idx_iekrvwbrjthqdhblnlkwjiyyhgcbrcnpjlno` (`jobId`,`fieldHandle`),
  CONSTRAINT `fk_tyftdgwrfcebkagdhquzcajefafwmxomjsph` FOREIGN KEY (`jobId`) REFERENCES `searchindexqueue` (`id`) ON DELETE CASCADE
) ENGINE=InnoDB DEFAULT CHARSET=utf8mb4 COLLATE=utf8mb4_unicode_ci;

--
-- Table structure for table `sections`
--

CREATE TABLE `sections` (
  `id` int(11) NOT NULL AUTO_INCREMENT,
  `structureId` int(11) DEFAULT NULL,
  `name` varchar(255) NOT NULL,
  `handle` varchar(255) NOT NULL,
  `type` enum('single','channel','structure') NOT NULL DEFAULT 'channel',
  `enableVersioning` tinyint(1) NOT NULL DEFAULT 0,
  `maxAuthors` smallint(6) unsigned DEFAULT NULL,
  `propagationMethod` varchar(255) NOT NULL DEFAULT 'all',
  `defaultPlacement` enum('beginning','end') NOT NULL DEFAULT 'end',
  `previewTargets` longtext CHARACTER SET utf8mb4 COLLATE utf8mb4_bin DEFAULT NULL CHECK (json_valid(`previewTargets`)),
  `dateCreated` datetime NOT NULL,
  `dateUpdated` datetime NOT NULL,
  `dateDeleted` datetime DEFAULT NULL,
  `uid` char(36) NOT NULL DEFAULT '0',
  PRIMARY KEY (`id`),
  KEY `idx_xzdyeggahbnkqcullzrdtvsavxnycjylkmkh` (`handle`),
  KEY `idx_djdcjwupcyupgfxoiyatuspgogfszsmjqoop` (`name`),
  KEY `idx_ozdpxzdrvxzcuswjgrixphybfabmtqfamwak` (`structureId`),
  KEY `idx_goefpskeppjwuopwwksiizlqhcdmsrupxozw` (`dateDeleted`),
  CONSTRAINT `fk_ccqotiinitewkhgubyhqagbubcugdsomhykt` FOREIGN KEY (`structureId`) REFERENCES `structures` (`id`) ON DELETE SET NULL
) ENGINE=InnoDB AUTO_INCREMENT=25 DEFAULT CHARSET=utf8mb4 COLLATE=utf8mb4_unicode_ci;

--
-- Table structure for table `sections_entrytypes`
--

CREATE TABLE `sections_entrytypes` (
  `sectionId` int(11) NOT NULL,
  `typeId` int(11) NOT NULL,
  `sortOrder` smallint(6) unsigned NOT NULL,
  `name` varchar(255) DEFAULT NULL,
  `handle` varchar(255) DEFAULT NULL,
  `description` text DEFAULT NULL,
  PRIMARY KEY (`sectionId`,`typeId`),
  KEY `fk_gswigeoembanyiuanuzyiwandtmhirjmityy` (`typeId`),
  CONSTRAINT `fk_befdjvlvydwpaggoylnbvkwzvtznpakreblf` FOREIGN KEY (`sectionId`) REFERENCES `sections` (`id`) ON DELETE CASCADE,
  CONSTRAINT `fk_gswigeoembanyiuanuzyiwandtmhirjmityy` FOREIGN KEY (`typeId`) REFERENCES `entrytypes` (`id`) ON DELETE CASCADE
) ENGINE=InnoDB DEFAULT CHARSET=utf8mb4 COLLATE=utf8mb4_unicode_ci;

--
-- Table structure for table `sections_sites`
--

CREATE TABLE `sections_sites` (
  `id` int(11) NOT NULL AUTO_INCREMENT,
  `sectionId` int(11) NOT NULL,
  `siteId` int(11) NOT NULL,
  `hasUrls` tinyint(1) NOT NULL DEFAULT 1,
  `uriFormat` text DEFAULT NULL,
  `template` varchar(500) DEFAULT NULL,
  `enabledByDefault` tinyint(1) NOT NULL DEFAULT 1,
  `dateCreated` datetime NOT NULL,
  `dateUpdated` datetime NOT NULL,
  `uid` char(36) NOT NULL DEFAULT '0',
  PRIMARY KEY (`id`),
  UNIQUE KEY `idx_rxpchtevpqnpbtgqimvucdxqfzgvguwsdlfz` (`sectionId`,`siteId`),
  KEY `idx_ussyfkuryyonzusidmhuxusfegnpxtljhytl` (`siteId`),
  CONSTRAINT `fk_jpurxwxavxscrpkjvocxjzrfjsxreahvnlcn` FOREIGN KEY (`sectionId`) REFERENCES `sections` (`id`) ON DELETE CASCADE,
  CONSTRAINT `fk_txcagvilxlkydqrybrhjddicmqpdwylqshln` FOREIGN KEY (`siteId`) REFERENCES `sites` (`id`) ON DELETE CASCADE ON UPDATE CASCADE
) ENGINE=InnoDB AUTO_INCREMENT=74 DEFAULT CHARSET=utf8mb4 COLLATE=utf8mb4_unicode_ci;

--
-- Table structure for table `seo_redirects`
--

CREATE TABLE `seo_redirects` (
  `id` int(11) NOT NULL AUTO_INCREMENT,
  `uri` varchar(255) NOT NULL,
  `to` varchar(255) NOT NULL,
  `type` enum('301','302') NOT NULL,
  `siteId` int(11) DEFAULT NULL,
  `order` int(11) DEFAULT NULL,
  `dateCreated` datetime NOT NULL,
  `dateUpdated` datetime NOT NULL,
  `uid` char(36) NOT NULL DEFAULT '0',
  PRIMARY KEY (`id`)
) ENGINE=InnoDB DEFAULT CHARSET=utf8mb4 COLLATE=utf8mb4_unicode_ci;

--
-- Table structure for table `seo_sitemap`
--

CREATE TABLE `seo_sitemap` (
  `id` int(11) NOT NULL AUTO_INCREMENT,
  `group` enum('sections','categories','productTypes','customUrls') NOT NULL,
  `url` varchar(255) NOT NULL,
  `frequency` enum('always','hourly','daily','weekly','monthly','yearly','never') NOT NULL,
  `priority` float NOT NULL,
  `enabled` tinyint(1) NOT NULL DEFAULT 0,
  `dateCreated` datetime NOT NULL,
  `dateUpdated` datetime NOT NULL,
  `uid` char(36) NOT NULL DEFAULT '0',
  PRIMARY KEY (`id`)
) ENGINE=InnoDB DEFAULT CHARSET=utf8mb4 COLLATE=utf8mb4_unicode_ci;

--
-- Table structure for table `sequences`
--

CREATE TABLE `sequences` (
  `name` varchar(255) NOT NULL,
  `next` int(11) unsigned NOT NULL DEFAULT 1,
  PRIMARY KEY (`name`)
) ENGINE=InnoDB DEFAULT CHARSET=utf8mb4 COLLATE=utf8mb4_unicode_ci;

--
-- Table structure for table `sessions`
--

CREATE TABLE `sessions` (
  `id` int(11) NOT NULL AUTO_INCREMENT,
  `userId` int(11) NOT NULL,
  `token` char(100) NOT NULL,
  `dateCreated` datetime NOT NULL,
  `dateUpdated` datetime NOT NULL,
  `uid` char(36) NOT NULL DEFAULT '0',
  PRIMARY KEY (`id`),
  KEY `idx_dyoaeifzndseonadriocjjrfybiygadlyqsx` (`uid`),
  KEY `idx_zvpzzsrraoaoyyunfezsolwkplgcssbmyxtp` (`token`),
  KEY `idx_tebhlqkyssbzfzpavaedqtjbckojrfralfmq` (`dateUpdated`),
  KEY `idx_rjexpvbnricmhvxajamfuwakpltruyghchvu` (`userId`),
  CONSTRAINT `fk_ljwfivolepoqxkzuaypxbzgwamflnfxuwbpv` FOREIGN KEY (`userId`) REFERENCES `users` (`id`) ON DELETE CASCADE
) ENGINE=InnoDB AUTO_INCREMENT=47 DEFAULT CHARSET=utf8mb4 COLLATE=utf8mb4_unicode_ci;

--
-- Table structure for table `shunnedmessages`
--

CREATE TABLE `shunnedmessages` (
  `id` int(11) NOT NULL AUTO_INCREMENT,
  `userId` int(11) NOT NULL,
  `message` varchar(255) NOT NULL,
  `expiryDate` datetime DEFAULT NULL,
  `dateCreated` datetime NOT NULL,
  `dateUpdated` datetime NOT NULL,
  `uid` char(36) NOT NULL DEFAULT '0',
  PRIMARY KEY (`id`),
  UNIQUE KEY `idx_mrmrlocvjsilyelrfxttnlsbafaoqywdjoko` (`userId`,`message`),
  CONSTRAINT `fk_whsnuupqzdnjdofltpdiqmtwlwnzvnmerskf` FOREIGN KEY (`userId`) REFERENCES `users` (`id`) ON DELETE CASCADE
) ENGINE=InnoDB DEFAULT CHARSET=utf8mb4 COLLATE=utf8mb4_unicode_ci;

--
-- Table structure for table `sitegroups`
--

CREATE TABLE `sitegroups` (
  `id` int(11) NOT NULL AUTO_INCREMENT,
  `name` varchar(255) NOT NULL,
  `dateCreated` datetime NOT NULL,
  `dateUpdated` datetime NOT NULL,
  `dateDeleted` datetime DEFAULT NULL,
  `uid` char(36) NOT NULL DEFAULT '0',
  PRIMARY KEY (`id`),
  KEY `idx_dgsmuqdpwoyligexljmgndkiaxztsvzyxqnl` (`name`)
) ENGINE=InnoDB AUTO_INCREMENT=2 DEFAULT CHARSET=utf8mb4 COLLATE=utf8mb4_unicode_ci;

--
-- Table structure for table `sites`
--

CREATE TABLE `sites` (
  `id` int(11) NOT NULL AUTO_INCREMENT,
  `groupId` int(11) NOT NULL,
  `primary` tinyint(1) NOT NULL,
  `enabled` varchar(255) NOT NULL DEFAULT 'true',
  `name` varchar(255) NOT NULL,
  `handle` varchar(255) NOT NULL,
  `language` varchar(255) NOT NULL,
  `hasUrls` tinyint(1) NOT NULL DEFAULT 0,
  `baseUrl` varchar(255) DEFAULT NULL,
  `sortOrder` smallint(6) unsigned DEFAULT NULL,
  `dateCreated` datetime NOT NULL,
  `dateUpdated` datetime NOT NULL,
  `dateDeleted` datetime DEFAULT NULL,
  `uid` char(36) NOT NULL DEFAULT '0',
  PRIMARY KEY (`id`),
  KEY `idx_wbxjpumpptzyuqmhjoakyavhfbnhksfrekll` (`dateDeleted`),
  KEY `idx_hbzlqubaesxgpgctxovtghbzklenxxbzjyto` (`handle`),
  KEY `idx_ttpoeldunfwpkscadubjcbqdtnbgqqppawab` (`sortOrder`),
  KEY `fk_qohfwpjibnmnedhnbwzasybmgoaeohllxrlx` (`groupId`),
  CONSTRAINT `fk_qohfwpjibnmnedhnbwzasybmgoaeohllxrlx` FOREIGN KEY (`groupId`) REFERENCES `sitegroups` (`id`) ON DELETE CASCADE
) ENGINE=InnoDB AUTO_INCREMENT=7 DEFAULT CHARSET=utf8mb4 COLLATE=utf8mb4_unicode_ci;

--
-- Table structure for table `sso_identities`
--

CREATE TABLE `sso_identities` (
  `provider` varchar(255) NOT NULL,
  `identityId` varchar(255) NOT NULL,
  `userId` int(11) NOT NULL,
  `dateCreated` datetime NOT NULL,
  `dateUpdated` datetime NOT NULL,
  PRIMARY KEY (`provider`,`identityId`,`userId`),
  KEY `fk_wngtskxbtwntopchkyuljbxpkcjlfutrhteo` (`userId`),
  CONSTRAINT `fk_wngtskxbtwntopchkyuljbxpkcjlfutrhteo` FOREIGN KEY (`userId`) REFERENCES `users` (`id`) ON DELETE CASCADE
) ENGINE=InnoDB DEFAULT CHARSET=utf8mb4 COLLATE=utf8mb4_unicode_ci;

--
-- Table structure for table `structureelements`
--

CREATE TABLE `structureelements` (
  `id` int(11) NOT NULL AUTO_INCREMENT,
  `structureId` int(11) NOT NULL,
  `elementId` int(11) DEFAULT NULL,
  `root` int(11) unsigned DEFAULT NULL,
  `lft` int(11) unsigned NOT NULL,
  `rgt` int(11) unsigned NOT NULL,
  `level` smallint(6) unsigned NOT NULL,
  `dateCreated` datetime NOT NULL,
  `dateUpdated` datetime NOT NULL,
  `uid` char(36) NOT NULL DEFAULT '0',
  PRIMARY KEY (`id`),
  UNIQUE KEY `idx_ewbjbobuuvlctevursnkhbnzsqlvnehubxhr` (`structureId`,`elementId`),
  KEY `idx_swzdvrwphnriqgzezmoefnpinnhiwyrwflfv` (`root`),
  KEY `idx_ixuttplifigrhrzorvrilibpyndhgibubkqh` (`lft`),
  KEY `idx_aiyeljpaptrcqgfrceqmgxbsqnhspafxxeyh` (`rgt`),
  KEY `idx_iwzdguvnhrpnfflufarklnyykyiqjdfoymjg` (`level`),
  KEY `idx_ofhmupkylhhdrfmifxvuqvuxxtqhfrojoidj` (`elementId`),
  CONSTRAINT `fk_ycnmqsaneowetvcrafqjnznghqfjdcxbitcc` FOREIGN KEY (`structureId`) REFERENCES `structures` (`id`) ON DELETE CASCADE
) ENGINE=InnoDB AUTO_INCREMENT=10 DEFAULT CHARSET=utf8mb4 COLLATE=utf8mb4_unicode_ci;

--
-- Table structure for table `structures`
--

CREATE TABLE `structures` (
  `id` int(11) NOT NULL AUTO_INCREMENT,
  `maxLevels` smallint(6) unsigned DEFAULT NULL,
  `dateCreated` datetime NOT NULL,
  `dateUpdated` datetime NOT NULL,
  `dateDeleted` datetime DEFAULT NULL,
  `uid` char(36) NOT NULL DEFAULT '0',
  PRIMARY KEY (`id`),
  KEY `idx_hwdbagjhbhiinmytjohwcakhvmbzzfpwoeny` (`dateDeleted`)
) ENGINE=InnoDB AUTO_INCREMENT=4 DEFAULT CHARSET=utf8mb4 COLLATE=utf8mb4_unicode_ci;

--
-- Table structure for table `systemmessages`
--

CREATE TABLE `systemmessages` (
  `id` int(11) NOT NULL AUTO_INCREMENT,
  `language` varchar(255) NOT NULL,
  `key` varchar(255) NOT NULL,
  `subject` text NOT NULL,
  `body` text NOT NULL,
  `dateCreated` datetime NOT NULL,
  `dateUpdated` datetime NOT NULL,
  `uid` char(36) NOT NULL DEFAULT '0',
  PRIMARY KEY (`id`),
  UNIQUE KEY `idx_mfeazpzcdpkwekyhccubfpvaujenbdhovpqz` (`key`,`language`),
  KEY `idx_yilnhzgfgppkmqydxitkboufqkzuauzyckdb` (`language`)
) ENGINE=InnoDB DEFAULT CHARSET=utf8mb4 COLLATE=utf8mb4_unicode_ci;

--
-- Table structure for table `taggroups`
--

CREATE TABLE `taggroups` (
  `id` int(11) NOT NULL AUTO_INCREMENT,
  `name` varchar(255) NOT NULL,
  `handle` varchar(255) NOT NULL,
  `fieldLayoutId` int(11) DEFAULT NULL,
  `dateCreated` datetime NOT NULL,
  `dateUpdated` datetime NOT NULL,
  `dateDeleted` datetime DEFAULT NULL,
  `uid` char(36) NOT NULL DEFAULT '0',
  PRIMARY KEY (`id`),
  KEY `idx_nzoofcqdqwssoaddornvajjkhhqjajptmpqi` (`name`),
  KEY `idx_ojeukrdncjcbuynlrifxndtbevzzkixighnt` (`handle`),
  KEY `idx_adrsswbzmdfqthuesxuknmjcijssycscyqah` (`dateDeleted`),
  KEY `fk_cjkszvtbdrcnpvyxezszahjdanthybovxlng` (`fieldLayoutId`),
  CONSTRAINT `fk_cjkszvtbdrcnpvyxezszahjdanthybovxlng` FOREIGN KEY (`fieldLayoutId`) REFERENCES `fieldlayouts` (`id`) ON DELETE SET NULL
) ENGINE=InnoDB DEFAULT CHARSET=utf8mb4 COLLATE=utf8mb4_unicode_ci;

--
-- Table structure for table `tags`
--

CREATE TABLE `tags` (
  `id` int(11) NOT NULL,
  `groupId` int(11) NOT NULL,
  `deletedWithGroup` tinyint(1) DEFAULT NULL,
  `dateCreated` datetime NOT NULL,
  `dateUpdated` datetime NOT NULL,
  PRIMARY KEY (`id`),
  KEY `idx_dncovfhgtuhavsdxsofwsytqbsegauljillw` (`groupId`),
  CONSTRAINT `fk_lftilxykewxvhmdvmvlpyhgzzhobhzjzxwyo` FOREIGN KEY (`groupId`) REFERENCES `taggroups` (`id`) ON DELETE CASCADE,
  CONSTRAINT `fk_vwedqtbznozkndcrwlitbucblnzslpwmbpwt` FOREIGN KEY (`id`) REFERENCES `elements` (`id`) ON DELETE CASCADE
) ENGINE=InnoDB DEFAULT CHARSET=utf8mb4 COLLATE=utf8mb4_unicode_ci;

--
-- Table structure for table `usergroups`
--

CREATE TABLE `usergroups` (
  `id` int(11) NOT NULL AUTO_INCREMENT,
  `name` varchar(255) NOT NULL,
  `handle` varchar(255) NOT NULL,
  `description` text DEFAULT NULL,
  `dateCreated` datetime NOT NULL,
  `dateUpdated` datetime NOT NULL,
  `uid` char(36) NOT NULL DEFAULT '0',
  PRIMARY KEY (`id`),
  KEY `idx_igscnyokoxcueevjnzbkslztuevebxceczrb` (`handle`),
  KEY `idx_zoiybvekccjbjucknbgxcgkwpbxdwnzbnqmw` (`name`)
) ENGINE=InnoDB DEFAULT CHARSET=utf8mb4 COLLATE=utf8mb4_unicode_ci;

--
-- Table structure for table `usergroups_users`
--

CREATE TABLE `usergroups_users` (
  `id` int(11) NOT NULL AUTO_INCREMENT,
  `groupId` int(11) NOT NULL,
  `userId` int(11) NOT NULL,
  `dateCreated` datetime NOT NULL,
  `dateUpdated` datetime NOT NULL,
  `uid` char(36) NOT NULL DEFAULT '0',
  PRIMARY KEY (`id`),
  UNIQUE KEY `idx_twdkznkqoopgtjyulxqcrzsjououzwevqobq` (`groupId`,`userId`),
  KEY `idx_bkxsewtqdthjpacjzfiyixpkacglocetzjrs` (`userId`),
  CONSTRAINT `fk_aigpslaxzazbjmfempancbkkshoblrljypmz` FOREIGN KEY (`groupId`) REFERENCES `usergroups` (`id`) ON DELETE CASCADE,
  CONSTRAINT `fk_mhiqnobhbcrqbnngdknpqijrkxbgcxnfkkpr` FOREIGN KEY (`userId`) REFERENCES `users` (`id`) ON DELETE CASCADE
) ENGINE=InnoDB DEFAULT CHARSET=utf8mb4 COLLATE=utf8mb4_unicode_ci;

--
-- Table structure for table `userpermissions`
--

CREATE TABLE `userpermissions` (
  `id` int(11) NOT NULL AUTO_INCREMENT,
  `name` varchar(255) NOT NULL,
  `dateCreated` datetime NOT NULL,
  `dateUpdated` datetime NOT NULL,
  `uid` char(36) NOT NULL DEFAULT '0',
  PRIMARY KEY (`id`),
  UNIQUE KEY `idx_dcfotwtntfrwblcgpbbbxktwdbxwvxxzkuuk` (`name`)
) ENGINE=InnoDB AUTO_INCREMENT=15 DEFAULT CHARSET=utf8mb4 COLLATE=utf8mb4_unicode_ci;

--
-- Table structure for table `userpermissions_usergroups`
--

CREATE TABLE `userpermissions_usergroups` (
  `id` int(11) NOT NULL AUTO_INCREMENT,
  `permissionId` int(11) NOT NULL,
  `groupId` int(11) NOT NULL,
  `dateCreated` datetime NOT NULL,
  `dateUpdated` datetime NOT NULL,
  `uid` char(36) NOT NULL DEFAULT '0',
  PRIMARY KEY (`id`),
  UNIQUE KEY `idx_vavewjrdgldkxkdiikfhanegtnuqujnrkqpa` (`permissionId`,`groupId`),
  KEY `idx_yrgckudjaxhsgzfhirrrosnyfvpjuaadzfzo` (`groupId`),
  CONSTRAINT `fk_igrkofwmpzwjgrdnrppahpzbszatopsfhekl` FOREIGN KEY (`permissionId`) REFERENCES `userpermissions` (`id`) ON DELETE CASCADE,
  CONSTRAINT `fk_londxanbkdudnlghwzyxerxtqmzctjlhcoyo` FOREIGN KEY (`groupId`) REFERENCES `usergroups` (`id`) ON DELETE CASCADE
) ENGINE=InnoDB DEFAULT CHARSET=utf8mb4 COLLATE=utf8mb4_unicode_ci;

--
-- Table structure for table `userpermissions_users`
--

CREATE TABLE `userpermissions_users` (
  `id` int(11) NOT NULL AUTO_INCREMENT,
  `permissionId` int(11) NOT NULL,
  `userId` int(11) NOT NULL,
  `dateCreated` datetime NOT NULL,
  `dateUpdated` datetime NOT NULL,
  `uid` char(36) NOT NULL DEFAULT '0',
  PRIMARY KEY (`id`),
  UNIQUE KEY `idx_vrhrrjwmldpvetcnyazcmnxjkqtjirnrqmuu` (`permissionId`,`userId`),
  KEY `idx_vkiuslvxaplnquwrytdhsmigteypzpiaqwjw` (`userId`),
  CONSTRAINT `fk_pdzkoyhvmmoihzslomzcqzfzubtkocdffqsx` FOREIGN KEY (`userId`) REFERENCES `users` (`id`) ON DELETE CASCADE,
  CONSTRAINT `fk_znuzacixekzoetihrikxfalllwtsybntwjof` FOREIGN KEY (`permissionId`) REFERENCES `userpermissions` (`id`) ON DELETE CASCADE
) ENGINE=InnoDB DEFAULT CHARSET=utf8mb4 COLLATE=utf8mb4_unicode_ci;

--
-- Table structure for table `userpreferences`
--

CREATE TABLE `userpreferences` (
  `userId` int(11) NOT NULL AUTO_INCREMENT,
  `preferences` longtext CHARACTER SET utf8mb4 COLLATE utf8mb4_bin DEFAULT NULL CHECK (json_valid(`preferences`)),
  PRIMARY KEY (`userId`),
  CONSTRAINT `fk_lyjubtqfbxviyuwxdsuouyoylazjfbbtvlfh` FOREIGN KEY (`userId`) REFERENCES `users` (`id`) ON DELETE CASCADE
) ENGINE=InnoDB AUTO_INCREMENT=2 DEFAULT CHARSET=utf8mb4 COLLATE=utf8mb4_unicode_ci;

--
-- Table structure for table `volumefolders`
--

CREATE TABLE `volumefolders` (
  `id` int(11) NOT NULL AUTO_INCREMENT,
  `parentId` int(11) DEFAULT NULL,
  `volumeId` int(11) DEFAULT NULL,
  `name` varchar(255) NOT NULL,
  `path` varchar(255) DEFAULT NULL,
  `dateCreated` datetime NOT NULL,
  `dateUpdated` datetime NOT NULL,
  `uid` char(36) NOT NULL DEFAULT '0',
  PRIMARY KEY (`id`),
  UNIQUE KEY `idx_mphtoaicojbckqqifsikasebqumegfiseffz` (`name`,`parentId`,`volumeId`),
  KEY `idx_blaoxmquxabedeqwbnapvtlhmkwuzypoedye` (`parentId`),
  KEY `idx_edyqcgwwbeypaclyaksgzlpztaixqzdmieec` (`volumeId`),
  CONSTRAINT `fk_odlrbfdquiphdilnexgugagpbhvzlbxzicec` FOREIGN KEY (`parentId`) REFERENCES `volumefolders` (`id`) ON DELETE CASCADE,
  CONSTRAINT `fk_xmzuwvmyniqqijolgkkdqatgdieyvhqymdlo` FOREIGN KEY (`volumeId`) REFERENCES `volumes` (`id`) ON DELETE CASCADE
) ENGINE=InnoDB AUTO_INCREMENT=5 DEFAULT CHARSET=utf8mb4 COLLATE=utf8mb4_unicode_ci;

--
-- Table structure for table `volumes`
--

CREATE TABLE `volumes` (
  `id` int(11) NOT NULL AUTO_INCREMENT,
  `fieldLayoutId` int(11) DEFAULT NULL,
  `name` varchar(255) NOT NULL,
  `handle` varchar(255) NOT NULL,
  `fs` varchar(255) NOT NULL,
  `subpath` varchar(255) DEFAULT NULL,
  `transformFs` varchar(255) DEFAULT NULL,
  `transformSubpath` varchar(255) DEFAULT NULL,
  `titleTranslationMethod` varchar(255) NOT NULL DEFAULT 'site',
  `titleTranslationKeyFormat` text DEFAULT NULL,
  `altTranslationMethod` varchar(255) NOT NULL DEFAULT 'site',
  `altTranslationKeyFormat` text DEFAULT NULL,
  `sortOrder` smallint(6) unsigned DEFAULT NULL,
  `dateCreated` datetime NOT NULL,
  `dateUpdated` datetime NOT NULL,
  `dateDeleted` datetime DEFAULT NULL,
  `uid` char(36) NOT NULL DEFAULT '0',
  PRIMARY KEY (`id`),
  KEY `idx_zvsfdgwacdoyoytzxyelqtvzsjcyacyrjhpu` (`name`),
  KEY `idx_cphcisyifzsifzhqsexkoigpylxoqmygvdyx` (`handle`),
  KEY `idx_ibmpgmpdmsrzwplkwrgmlrqzqkcppmhelyzw` (`fieldLayoutId`),
  KEY `idx_zzvnwyrfrlzbythmyobyjsftxurxhitobjmr` (`dateDeleted`),
  CONSTRAINT `fk_wqbksejnjsrxuesjlqwvdqmugziyvyirusea` FOREIGN KEY (`fieldLayoutId`) REFERENCES `fieldlayouts` (`id`) ON DELETE SET NULL
) ENGINE=InnoDB AUTO_INCREMENT=2 DEFAULT CHARSET=utf8mb4 COLLATE=utf8mb4_unicode_ci;

--
-- Table structure for table `webauthn`
--

CREATE TABLE `webauthn` (
  `id` int(11) NOT NULL AUTO_INCREMENT,
  `userId` int(11) NOT NULL,
  `credentialId` varchar(255) DEFAULT NULL,
  `credential` text DEFAULT NULL,
  `credentialName` varchar(255) DEFAULT NULL,
  `dateLastUsed` datetime DEFAULT NULL,
  `dateCreated` datetime NOT NULL,
  `dateUpdated` datetime NOT NULL,
  `uid` char(36) NOT NULL DEFAULT '0',
  PRIMARY KEY (`id`),
  KEY `fk_baehhcygyxgukhhvkcnkzospfzwzopvkulmt` (`userId`),
  CONSTRAINT `fk_baehhcygyxgukhhvkcnkzospfzwzopvkulmt` FOREIGN KEY (`userId`) REFERENCES `users` (`id`) ON DELETE CASCADE
) ENGINE=InnoDB DEFAULT CHARSET=utf8mb4 COLLATE=utf8mb4_unicode_ci;

--
-- Table structure for table `widgets`
--

CREATE TABLE `widgets` (
  `id` int(11) NOT NULL AUTO_INCREMENT,
  `userId` int(11) NOT NULL,
  `type` varchar(255) NOT NULL,
  `sortOrder` smallint(6) unsigned DEFAULT NULL,
  `colspan` tinyint(3) DEFAULT NULL,
  `settings` longtext CHARACTER SET utf8mb4 COLLATE utf8mb4_bin DEFAULT NULL CHECK (json_valid(`settings`)),
  `dateCreated` datetime NOT NULL,
  `dateUpdated` datetime NOT NULL,
  `uid` char(36) NOT NULL DEFAULT '0',
  PRIMARY KEY (`id`),
  KEY `idx_bgflofgjtdrncjkrvoyfxebfxqolicyfholt` (`userId`),
  CONSTRAINT `fk_pgbsgcdygetsdzdjfuucgsqxqmyusbclfhhx` FOREIGN KEY (`userId`) REFERENCES `users` (`id`) ON DELETE CASCADE
) ENGINE=InnoDB AUTO_INCREMENT=5 DEFAULT CHARSET=utf8mb4 COLLATE=utf8mb4_unicode_ci;

--
-- Dumping routines for database 'suba_garcia-garcia'
--


--
-- Host: 127.0.0.1    Database: suba_garcia-garcia
-- ------------------------------------------------------


--
-- Dumping data for table `addresses`
--

set autocommit=0;
commit;

--
-- Dumping data for table `announcements`
--

set autocommit=0;
commit;

--
-- Dumping data for table `assetindexingsessions`
--

set autocommit=0;
commit;

--
-- Dumping data for table `assets`
--

set autocommit=0;
INSERT INTO `assets` VALUES (182,1,3,1,'Social_Media_Share.png',NULL,'image',NULL,1200,630,803269,NULL,NULL,NULL,'2025-10-24 10:59:43','2025-06-26 08:59:41','2025-10-24 10:59:43'),(932,1,3,1,'Favicon.png',NULL,'image',NULL,256,256,15964,NULL,NULL,NULL,'2025-10-24 10:59:27','2025-10-24 10:59:27','2025-10-24 13:18:43'),(934,1,3,1,'menu-logo.svg',NULL,'image',NULL,176,39,13299,NULL,NULL,NULL,'2025-10-24 10:59:48','2025-10-24 10:59:48','2025-10-24 10:59:48'),(1005,1,3,1,'home-sec-1-video.mp4','video/mp4','video',NULL,NULL,NULL,6297761,NULL,NULL,NULL,'2025-10-24 14:00:42','2025-10-24 14:00:42','2025-10-24 14:00:42'),(1009,1,3,1,'home-sec-2-img.png','image/png','image',NULL,801,410,613982,NULL,0,0,'2025-10-24 14:01:05','2025-10-24 14:01:05','2025-10-24 14:01:05'),(1025,1,3,1,'home-sec-4-icon-6.svg','image/svg+xml','image',NULL,24,24,990,NULL,0,0,'2025-10-24 14:02:57','2025-10-24 14:02:57','2025-10-24 14:02:57'),(1026,1,3,1,'home-sec-4-icon-1.svg','image/svg+xml','image',NULL,24,24,1116,NULL,0,0,'2025-10-24 14:02:59','2025-10-24 14:02:59','2025-10-24 14:02:59'),(1027,1,3,1,'home-sec-4-icon-2.svg','image/svg+xml','image',NULL,24,24,901,NULL,0,0,'2025-10-24 14:02:59','2025-10-24 14:02:59','2025-10-24 14:02:59'),(1028,1,3,1,'home-sec-4-icon-3.svg','image/svg+xml','image',NULL,24,24,598,NULL,0,0,'2025-10-24 14:03:00','2025-10-24 14:03:00','2025-10-24 14:03:00'),(1029,1,3,1,'home-sec-4-icon-4.svg','image/svg+xml','image',NULL,24,24,1413,NULL,0,0,'2025-10-24 14:03:01','2025-10-24 14:03:01','2025-10-24 14:03:01'),(1030,1,3,1,'home-sec-4-icon-5.svg','image/svg+xml','image',NULL,24,24,2497,NULL,0,0,'2025-10-24 14:03:02','2025-10-24 14:03:02','2025-10-24 14:03:02'),(1062,1,3,1,'home-sec-5-icon-1.svg','image/svg+xml','image',NULL,24,24,999,NULL,0,0,'2025-10-24 14:05:19','2025-10-24 14:05:19','2025-10-24 14:05:19'),(1063,1,3,1,'home-sec-5-icon-2.svg','image/svg+xml','image',NULL,24,24,2376,NULL,0,0,'2025-10-24 14:05:20','2025-10-24 14:05:20','2025-10-24 14:05:20'),(1064,1,3,1,'home-sec-5-icon-3.svg','image/svg+xml','image',NULL,24,24,2497,NULL,0,0,'2025-10-24 14:05:21','2025-10-24 14:05:21','2025-10-24 14:05:21'),(1065,1,3,1,'home-sec-5-icon-4.svg','image/svg+xml','image',NULL,24,24,3283,NULL,0,0,'2025-10-24 14:05:22','2025-10-24 14:05:22','2025-10-24 14:05:22'),(1157,1,3,1,'home-sec-7-img.png','image/png','image',NULL,960,354,765036,NULL,0,0,'2025-10-24 14:12:29','2025-10-24 14:12:29','2025-10-24 14:12:29'),(1167,1,3,1,'about-sec-1-img.png','image/png','image',NULL,801,443,652945,NULL,0,0,'2025-10-24 14:13:10','2025-10-24 14:13:10','2025-10-24 14:13:10'),(1170,1,3,1,'banner-img.png','image/png','image',NULL,1920,399,1005661,NULL,0,0,'2025-10-24 14:14:09','2025-10-24 14:14:09','2025-10-24 14:14:09'),(1171,1,3,1,'about-sec-2-logo.svg','image/svg+xml','image',NULL,193,53,35041,NULL,0,0,'2025-10-24 14:14:14','2025-10-24 14:14:14','2025-10-24 14:14:14'),(1172,1,3,1,'about-sec-3-img.png','image/png','image',NULL,799,353,701899,NULL,0,0,'2025-10-24 14:15:42','2025-10-24 14:15:42','2025-10-24 14:15:42'),(1189,1,3,1,'cont-sec-2-img.png','image/png','image',NULL,799,704,1349103,NULL,0,0,'2025-10-24 14:21:59','2025-10-24 14:21:59','2025-10-24 14:27:26'),(1190,1,3,1,'cont-sec-1-icon-1.svg','image/svg+xml','image',NULL,24,24,2875,NULL,0,0,'2025-10-24 14:22:00','2025-10-24 14:22:00','2025-10-24 14:22:00'),(1191,1,3,1,'cont-sec-1-icon-2.svg','image/svg+xml','image',NULL,24,24,937,NULL,0,0,'2025-10-24 14:22:01','2025-10-24 14:22:01','2025-10-24 14:22:01'),(1192,1,3,1,'cont-sec-1-icon-3.svg','image/svg+xml','image',NULL,24,24,1889,NULL,0,0,'2025-10-24 14:22:02','2025-10-24 14:22:02','2025-10-24 14:22:02'),(1215,1,3,1,'home-sec-3-icon-1.svg','image/svg+xml','image',NULL,24,24,1247,NULL,0,0,'2025-10-24 14:24:33','2025-10-24 14:24:33','2025-10-24 14:24:33'),(1216,1,3,1,'home-sec-3-icon-2.svg','image/svg+xml','image',NULL,24,24,627,NULL,0,0,'2025-10-24 14:24:34','2025-10-24 14:24:34','2025-10-24 14:24:34'),(1217,1,3,1,'provisorias-sec-1-img.png','image/png','image',NULL,801,396,580908,NULL,0,0,'2025-10-24 14:25:24','2025-10-24 14:25:24','2025-10-24 14:25:24'),(1218,1,3,1,'provisorias-sec-2-img.png','image/png','image',NULL,1072,604,284824,NULL,0,0,'2025-10-24 14:27:06','2025-10-24 14:27:06','2025-10-24 14:27:21'),(1221,1,3,1,'provisorias-sec-4-icon-6.svg','image/svg+xml','image',NULL,24,24,1628,NULL,0,0,'2025-10-24 14:29:41','2025-10-24 14:29:41','2025-10-24 14:29:41'),(1222,1,3,1,'provisorias-sec-4-icon-1.svg','image/svg+xml','image',NULL,24,24,2711,NULL,0,0,'2025-10-24 14:29:42','2025-10-24 14:29:42','2025-10-24 14:29:42'),(1223,1,3,1,'provisorias-sec-4-icon-2.svg','image/svg+xml','image',NULL,24,24,1664,NULL,0,0,'2025-10-24 14:29:42','2025-10-24 14:29:42','2025-10-24 14:29:42'),(1224,1,3,1,'provisorias-sec-4-icon-3.svg','image/svg+xml','image',NULL,24,24,453,NULL,0,0,'2025-10-24 14:29:44','2025-10-24 14:29:44','2025-10-24 14:29:44'),(1225,1,3,1,'provisorias-sec-4-icon-4.svg','image/svg+xml','image',NULL,24,24,2377,NULL,0,0,'2025-10-24 14:29:44','2025-10-24 14:29:44','2025-10-24 14:29:44'),(1226,1,3,1,'provisorias-sec-4-icon-5.svg','image/svg+xml','image',NULL,24,24,1116,NULL,0,0,'2025-10-24 14:29:45','2025-10-24 14:29:45','2025-10-24 14:29:45'),(1234,1,3,1,'provisorias-sec-5-img-1.png','image/png','image',NULL,528,300,339596,NULL,0,0,'2025-10-24 14:34:40','2025-10-24 14:34:40','2025-10-24 14:34:40'),(1235,1,3,1,'provisorias-sec-5-img-2.png','image/png','image',NULL,528,300,474059,NULL,0,0,'2025-10-24 14:34:41','2025-10-24 14:34:41','2025-10-24 14:34:41'),(1236,1,3,1,'provisorias-sec-5-img-3.png','image/png','image',NULL,528,300,394330,NULL,0,0,'2025-10-24 14:34:41','2025-10-24 14:34:41','2025-10-24 14:34:41'),(1237,1,3,1,'provisorias-sec-5-img-4.png','image/png','image',NULL,528,300,469708,NULL,0,0,'2025-10-24 14:34:42','2025-10-24 14:34:42','2025-10-24 14:34:42'),(1238,1,3,1,'provisorias-sec-5-img-5.png','image/png','image',NULL,528,300,382319,NULL,0,0,'2025-10-24 14:34:43','2025-10-24 14:34:43','2025-10-24 14:34:43'),(1308,1,3,1,'permanentes-sec-4-icon-1.svg','image/svg+xml','image',NULL,24,24,1615,NULL,0,0,'2025-10-24 14:40:51','2025-10-24 14:40:51','2025-10-24 14:40:51'),(1309,1,3,1,'permanentes-sec-4-icon-2.svg','image/svg+xml','image',NULL,24,24,1116,NULL,0,0,'2025-10-24 14:40:51','2025-10-24 14:40:51','2025-10-24 14:40:51'),(1310,1,3,1,'permanentes-sec-4-icon-3.svg','image/svg+xml','image',NULL,24,24,1164,NULL,0,0,'2025-10-24 14:40:52','2025-10-24 14:40:52','2025-10-24 14:40:52'),(1311,1,3,1,'permanentes-sec-4-icon-4.svg','image/svg+xml','image',NULL,24,24,2377,NULL,0,0,'2025-10-24 14:40:54','2025-10-24 14:40:54','2025-10-24 14:40:54'),(1312,1,3,1,'permanentes-sec-4-icon-5.svg','image/svg+xml','image',NULL,24,24,2645,NULL,0,0,'2025-10-24 14:40:55','2025-10-24 14:40:55','2025-10-24 14:40:55'),(1313,1,3,1,'permanentes-sec-4-icon-6.svg','image/svg+xml','image',NULL,24,24,1628,NULL,0,0,'2025-10-24 14:40:56','2025-10-24 14:40:56','2025-10-24 14:40:56'),(1321,1,3,1,'permanentes-sec-5-img-2.png','image/png','image',NULL,620,352,636510,NULL,0,0,'2025-10-24 14:42:47','2025-10-24 14:42:47','2025-10-24 14:42:47'),(1322,1,3,1,'permanentes-sec-5-img-3.png','image/png','image',NULL,605,352,404314,NULL,0,0,'2025-10-24 14:42:49','2025-10-24 14:42:49','2025-10-24 14:42:49'),(1323,1,3,1,'permanentes-sec-5-img-4.png','image/png','image',NULL,620,352,344507,NULL,0,0,'2025-10-24 14:42:51','2025-10-24 14:42:51','2025-10-24 14:42:51'),(1324,1,3,1,'permanentes-sec-5-img-5.png','image/png','image',NULL,620,352,505635,NULL,0,0,'2025-10-24 14:42:52','2025-10-24 14:42:52','2025-10-24 14:42:52'),(1325,1,3,1,'permanentes-sec-5-img-1.png','image/png','image',NULL,620,352,566386,NULL,0,0,'2025-10-24 14:42:53','2025-10-24 14:42:53','2025-10-24 14:42:53'),(1331,1,3,1,'Group-221.png','image/png','image',NULL,801,419,721963,NULL,0,0,'2025-10-24 14:44:28','2025-10-24 14:44:28','2025-10-24 14:44:28'),(1332,1,3,1,'detalhe-1.png','image/png','image',NULL,1072,602,545843,NULL,0,0,'2025-10-24 14:44:46','2025-10-24 14:44:46','2025-10-24 14:45:03'),(1368,1,3,1,'cat-sec-1-img-3.png','image/png','image',NULL,342,407,191039,NULL,0,0,'2025-10-24 14:47:29','2025-10-24 14:47:29','2025-10-24 14:47:29'),(1369,1,3,1,'cat-sec-1-img-1.png','image/png','image',NULL,342,407,192447,NULL,0,0,'2025-10-24 14:47:31','2025-10-24 14:47:31','2025-10-24 14:47:31'),(1370,1,3,1,'cat-sec-1-img-2.png','image/png','image',NULL,342,407,163264,NULL,0,0,'2025-10-24 14:47:32','2025-10-24 14:47:32','2025-10-24 14:47:32'),(1387,1,3,1,'footer-icon-fb.svg','image/svg+xml','image',NULL,32,32,923,NULL,NULL,NULL,'2025-10-31 11:43:20','2025-10-31 11:43:20','2025-10-31 11:43:20'),(1388,1,3,1,'footer-icon-inta.svg','image/svg+xml','image',NULL,32,32,1473,NULL,NULL,NULL,'2025-10-31 11:43:20','2025-10-31 11:43:20','2025-10-31 11:43:20'),(1389,1,3,1,'footer-icon-linked.svg','image/svg+xml','image',NULL,32,32,1211,NULL,NULL,NULL,'2025-10-31 11:43:20','2025-10-31 11:43:20','2025-10-31 11:43:20'),(1390,1,3,1,'footer-icon-youtube.svg','image/svg+xml','image',NULL,32,32,728,NULL,NULL,NULL,'2025-10-31 11:43:21','2025-10-31 11:43:21','2025-10-31 11:43:21'),(1465,1,3,1,'placeholder.png','image/png','image',NULL,1920,500,1170698,NULL,NULL,NULL,'2026-01-19 16:01:29','2026-01-19 16:01:29','2026-01-19 16:01:29');
commit;

--
-- Dumping data for table `assets_sites`
--

set autocommit=0;
INSERT INTO `assets_sites` VALUES (182,1,NULL),(182,5,NULL),(182,6,NULL),(932,1,NULL),(932,5,NULL),(932,6,NULL),(934,1,NULL),(934,5,NULL),(934,6,NULL),(1005,1,NULL),(1005,5,NULL),(1005,6,NULL),(1009,1,NULL),(1009,5,NULL),(1009,6,NULL),(1025,1,NULL),(1025,5,NULL),(1025,6,NULL),(1026,1,NULL),(1026,5,NULL),(1026,6,NULL),(1027,1,NULL),(1027,5,NULL),(1027,6,NULL),(1028,1,NULL),(1028,5,NULL),(1028,6,NULL),(1029,1,NULL),(1029,5,NULL),(1029,6,NULL),(1030,1,NULL),(1030,5,NULL),(1030,6,NULL),(1062,1,NULL),(1062,5,NULL),(1062,6,NULL),(1063,1,NULL),(1063,5,NULL),(1063,6,NULL),(1064,1,NULL),(1064,5,NULL),(1064,6,NULL),(1065,1,NULL),(1065,5,NULL),(1065,6,NULL),(1157,1,NULL),(1157,5,NULL),(1157,6,NULL),(1167,1,NULL),(1167,5,NULL),(1167,6,NULL),(1170,1,NULL),(1170,5,NULL),(1170,6,NULL),(1171,1,NULL),(1171,5,NULL),(1171,6,NULL),(1172,1,NULL),(1172,5,NULL),(1172,6,NULL),(1189,1,NULL),(1189,5,NULL),(1189,6,NULL),(1190,1,NULL),(1190,5,NULL),(1190,6,NULL),(1191,1,NULL),(1191,5,NULL),(1191,6,NULL),(1192,1,NULL),(1192,5,NULL),(1192,6,NULL),(1215,1,NULL),(1215,5,NULL),(1215,6,NULL),(1216,1,NULL),(1216,5,NULL),(1216,6,NULL),(1217,1,NULL),(1217,5,NULL),(1217,6,NULL),(1218,1,NULL),(1218,5,NULL),(1218,6,NULL),(1221,1,NULL),(1221,5,NULL),(1221,6,NULL),(1222,1,NULL),(1222,5,NULL),(1222,6,NULL),(1223,1,NULL),(1223,5,NULL),(1223,6,NULL),(1224,1,NULL),(1224,5,NULL),(1224,6,NULL),(1225,1,NULL),(1225,5,NULL),(1225,6,NULL),(1226,1,NULL),(1226,5,NULL),(1226,6,NULL),(1234,1,NULL),(1234,5,NULL),(1234,6,NULL),(1235,1,NULL),(1235,5,NULL),(1235,6,NULL),(1236,1,NULL),(1236,5,NULL),(1236,6,NULL),(1237,1,NULL),(1237,5,NULL),(1237,6,NULL),(1238,1,NULL),(1238,5,NULL),(1238,6,NULL),(1308,1,NULL),(1308,5,NULL),(1308,6,NULL),(1309,1,NULL),(1309,5,NULL),(1309,6,NULL),(1310,1,NULL),(1310,5,NULL),(1310,6,NULL),(1311,1,NULL),(1311,5,NULL),(1311,6,NULL),(1312,1,NULL),(1312,5,NULL),(1312,6,NULL),(1313,1,NULL),(1313,5,NULL),(1313,6,NULL),(1321,1,NULL),(1321,5,NULL),(1321,6,NULL),(1322,1,NULL),(1322,5,NULL),(1322,6,NULL),(1323,1,NULL),(1323,5,NULL),(1323,6,NULL),(1324,1,NULL),(1324,5,NULL),(1324,6,NULL),(1325,1,NULL),(1325,5,NULL),(1325,6,NULL),(1331,1,NULL),(1331,5,NULL),(1331,6,NULL),(1332,1,NULL),(1332,5,NULL),(1332,6,NULL),(1368,1,NULL),(1368,5,NULL),(1368,6,NULL),(1369,1,NULL),(1369,5,NULL),(1369,6,NULL),(1370,1,NULL),(1370,5,NULL),(1370,6,NULL),(1387,1,NULL),(1387,5,NULL),(1387,6,NULL),(1388,1,NULL),(1388,5,NULL),(1388,6,NULL),(1389,1,NULL),(1389,5,NULL),(1389,6,NULL),(1390,1,NULL),(1390,5,NULL),(1390,6,NULL),(1465,1,NULL),(1465,5,NULL),(1465,6,NULL);
commit;

--
-- Dumping data for table `auth_oauth_tokens`
--

set autocommit=0;
commit;

--
-- Dumping data for table `authenticator`
--

set autocommit=0;
commit;

--
-- Dumping data for table `bulkopevents`
--

set autocommit=0;
commit;

--
-- Dumping data for table `categories`
--

set autocommit=0;
commit;

--
-- Dumping data for table `categorygroups`
--

set autocommit=0;
commit;

--
-- Dumping data for table `categorygroups_sites`
--

set autocommit=0;
commit;

--
-- Dumping data for table `changedattributes`
--

set autocommit=0;
INSERT INTO `changedattributes` VALUES (16,1,'title','2025-10-24 13:42:06',0,1),(18,1,'title','2025-10-24 13:42:07',0,1),(22,1,'title','2025-10-24 13:42:07',0,1),(24,1,'title','2025-10-24 13:42:07',0,1),(28,1,'title','2025-10-24 13:42:08',0,1),(32,1,'title','2025-10-24 13:42:11',0,1),(32,5,'title','2025-10-24 13:42:11',1,1),(72,1,'title','2026-01-20 16:28:27',0,1),(72,5,'title','2026-01-20 16:28:27',1,1),(72,6,'title','2026-01-20 16:28:27',1,1),(73,1,'title','2026-01-20 16:54:19',0,1),(73,5,'title','2026-01-20 16:54:19',1,1),(73,6,'title','2026-01-20 16:54:19',1,1),(75,1,'title','2026-01-20 16:54:19',0,1),(75,5,'title','2026-01-20 16:54:19',1,1),(75,6,'title','2026-01-20 16:54:19',1,1),(76,1,'slug','2026-01-20 16:52:40',0,1),(76,1,'title','2026-01-20 16:52:40',0,1),(76,5,'title','2026-01-20 16:52:40',1,1),(76,6,'title','2026-01-20 16:52:40',1,1),(77,1,'slug','2026-01-20 16:25:29',0,1),(77,1,'title','2026-01-20 16:25:29',0,1),(77,5,'title','2026-01-20 16:25:29',1,1),(77,6,'title','2026-01-20 16:25:29',1,1),(109,1,'title','2025-10-24 13:42:11',0,1),(109,5,'title','2025-10-24 13:42:11',1,1),(113,1,'title','2025-10-24 13:42:11',0,1),(113,5,'title','2025-10-24 13:42:11',1,1),(115,1,'title','2025-10-24 13:42:11',0,1),(115,5,'title','2025-10-24 13:42:11',1,1),(117,1,'title','2025-10-24 13:42:11',0,1),(117,5,'title','2025-10-24 13:42:11',1,1),(120,1,'title','2025-10-24 13:42:11',0,1),(120,5,'title','2025-10-24 13:42:11',1,1),(138,1,'title','2025-10-24 13:42:14',0,1),(138,5,'title','2025-10-24 13:42:14',1,1),(139,1,'title','2025-10-24 13:42:14',0,1),(139,5,'title','2025-10-24 13:42:14',1,1),(140,1,'title','2025-10-24 13:42:14',0,1),(140,5,'title','2025-10-24 13:42:14',1,1),(141,1,'title','2025-10-24 13:42:14',0,1),(141,5,'title','2025-10-24 13:42:14',1,1),(142,1,'title','2025-10-24 13:42:14',0,1),(142,5,'title','2025-10-24 13:42:14',1,1),(144,1,'title','2025-10-24 13:42:14',0,1),(144,5,'title','2025-10-24 13:42:14',1,1),(211,1,'slug','2026-01-20 16:52:49',0,1),(211,1,'title','2026-01-20 16:52:49',0,1),(211,5,'title','2026-01-20 16:52:49',1,1),(211,6,'title','2026-01-20 16:52:49',1,1),(212,1,'slug','2026-01-20 16:53:02',0,1),(212,1,'title','2026-01-20 16:53:02',0,1),(212,5,'title','2026-01-20 16:53:02',1,1),(212,6,'title','2026-01-20 16:53:02',1,1),(288,1,'title','2025-10-24 13:42:16',0,1),(288,5,'title','2025-10-24 13:42:16',1,1),(290,1,'title','2025-10-24 13:42:16',0,1),(290,5,'title','2025-10-24 13:42:16',1,1),(292,1,'title','2025-10-24 13:42:16',0,1),(292,5,'title','2025-10-24 13:42:16',1,1),(294,1,'title','2025-10-24 13:42:16',0,1),(294,5,'title','2025-10-24 13:42:16',1,1),(301,1,'title','2025-10-24 13:42:15',0,1),(304,1,'title','2025-10-24 13:42:16',0,1),(304,5,'title','2025-10-24 13:42:16',1,1),(305,1,'title','2025-10-24 13:42:17',0,1),(305,5,'title','2025-10-24 13:42:17',1,1),(317,1,'title','2025-10-24 13:42:16',0,1),(317,5,'title','2025-10-24 13:42:16',1,1),(352,1,'title','2025-10-24 13:42:38',0,1),(352,5,'title','2025-10-24 13:42:38',1,1),(353,1,'title','2025-10-24 13:42:38',0,1),(353,5,'title','2025-10-24 13:42:38',1,1),(428,1,'title','2025-10-24 13:28:36',0,1),(428,5,'title','2025-10-24 13:28:36',1,1),(429,1,'title','2025-10-24 13:28:36',0,1),(429,5,'title','2025-10-24 13:28:36',1,1),(492,1,'title','2026-01-20 12:28:51',0,1),(492,5,'title','2026-01-20 12:28:51',1,1),(493,1,'primaryOwnerId','2026-01-20 12:28:51',0,1),(493,1,'title','2026-01-20 12:28:51',0,1),(493,5,'primaryOwnerId','2026-01-20 12:28:51',1,1),(498,1,'title','2025-10-24 13:42:19',0,1),(498,5,'title','2025-10-24 13:42:19',1,1),(499,1,'title','2025-10-24 13:42:18',0,1),(500,1,'title','2025-10-24 13:42:18',0,1),(530,1,'title','2025-10-24 13:42:19',0,1),(530,5,'title','2025-10-24 13:42:19',1,1),(551,1,'slug','2026-01-20 16:26:17',0,1),(551,1,'title','2026-01-20 16:26:17',0,1),(551,5,'title','2026-01-20 16:26:17',1,1),(551,6,'title','2026-01-20 16:26:17',1,1),(761,1,'title','2025-10-24 13:28:37',0,1),(761,5,'title','2025-10-24 13:28:37',1,1),(762,1,'title','2025-10-24 13:28:38',0,1),(762,5,'title','2025-10-24 13:28:37',1,1),(944,1,'title','2025-10-24 13:28:40',0,1),(944,5,'title','2025-10-24 13:28:40',1,1),(945,1,'title','2025-10-24 13:28:41',0,1),(945,5,'title','2025-10-24 13:28:41',1,1),(959,1,'title','2025-10-24 13:28:42',0,1),(959,5,'title','2025-10-24 13:28:42',1,1),(960,1,'title','2025-10-24 13:28:42',0,1),(960,5,'title','2025-10-24 13:28:42',1,1),(968,1,'title','2025-10-24 13:42:17',0,1),(968,5,'title','2025-10-24 13:42:17',1,1),(969,1,'title','2025-10-24 13:42:17',0,1),(969,5,'title','2025-10-24 13:42:17',1,1),(970,1,'title','2025-10-24 13:42:17',0,1),(970,5,'title','2025-10-24 13:42:17',1,1),(971,1,'title','2025-10-24 13:42:17',0,1),(971,5,'title','2025-10-24 13:42:17',1,1),(972,1,'title','2025-10-24 13:42:17',0,1),(972,5,'title','2025-10-24 13:42:17',1,1),(974,1,'title','2025-10-24 13:42:17',0,1),(974,5,'title','2025-10-24 13:42:17',1,1),(975,1,'title','2025-10-24 13:42:17',0,1),(975,5,'title','2025-10-24 13:42:17',1,1),(978,1,'title','2025-10-24 13:42:20',0,1),(978,5,'title','2025-10-24 13:42:20',1,1),(979,1,'title','2025-10-24 13:42:20',0,1),(979,5,'title','2025-10-24 13:42:20',1,1),(986,1,'title','2025-10-24 13:42:39',0,1),(986,5,'title','2025-10-24 13:42:39',1,1),(987,1,'title','2025-10-24 13:42:39',0,1),(987,5,'title','2025-10-24 13:42:39',1,1),(1196,1,'primaryOwnerId','2026-01-20 12:28:51',0,1),(1196,1,'title','2026-01-20 12:28:51',0,1),(1196,5,'primaryOwnerId','2026-01-20 12:28:51',1,1),(1197,1,'title','2026-01-20 12:28:52',0,1),(1197,5,'title','2026-01-20 12:28:52',1,1),(1841,1,'fieldLayoutId','2026-01-20 11:21:10',0,1),(1841,1,'typeId','2026-01-20 11:21:10',0,1),(1841,5,'fieldLayoutId','2026-01-20 11:21:09',1,1),(1841,5,'typeId','2026-01-20 11:21:09',1,1),(1841,6,'fieldLayoutId','2026-01-20 11:21:09',1,1),(1841,6,'typeId','2026-01-20 11:21:09',1,1),(1893,1,'title','2026-01-20 11:32:21',0,1),(1893,5,'title','2026-01-20 11:32:21',1,1),(1893,6,'title','2026-01-20 11:32:21',1,1),(2031,1,'postDate','2026-01-20 15:10:34',0,1),(2031,1,'slug','2026-01-20 15:10:21',0,1),(2031,1,'title','2026-01-20 15:10:21',0,1),(2031,1,'uri','2026-01-20 15:10:21',0,1),(2031,5,'postDate','2026-01-20 15:10:34',1,1),(2031,5,'slug','2026-01-20 15:10:21',1,1),(2031,5,'title','2026-01-20 15:10:21',1,1),(2031,5,'uri','2026-01-20 15:10:21',1,1),(2031,6,'postDate','2026-01-20 15:10:34',1,1),(2031,6,'slug','2026-01-20 15:10:21',1,1),(2031,6,'title','2026-01-20 15:10:21',1,1),(2031,6,'uri','2026-01-20 15:10:21',1,1),(2032,1,'postDate','2026-01-20 15:10:33',0,1),(2032,1,'slug','2026-01-20 15:10:25',0,1),(2032,1,'title','2026-01-20 15:10:25',0,1),(2032,1,'uri','2026-01-20 15:10:25',0,1),(2032,5,'postDate','2026-01-20 15:10:33',1,1),(2032,5,'slug','2026-01-20 15:10:25',1,1),(2032,5,'title','2026-01-20 15:10:25',1,1),(2032,5,'uri','2026-01-20 15:10:25',1,1),(2032,6,'postDate','2026-01-20 15:10:33',1,1),(2032,6,'slug','2026-01-20 15:10:25',1,1),(2032,6,'title','2026-01-20 15:10:25',1,1),(2032,6,'uri','2026-01-20 15:10:25',1,1),(2033,1,'postDate','2026-01-20 15:10:32',0,1),(2033,1,'slug','2026-01-20 15:10:31',0,1),(2033,1,'title','2026-01-20 15:10:31',0,1),(2033,1,'uri','2026-01-20 15:10:31',0,1),(2033,5,'postDate','2026-01-20 15:10:32',1,1),(2033,5,'slug','2026-01-20 15:10:31',1,1),(2033,5,'title','2026-01-20 15:10:31',1,1),(2033,5,'uri','2026-01-20 15:10:31',1,1),(2033,6,'postDate','2026-01-20 15:10:32',1,1),(2033,6,'slug','2026-01-20 15:10:31',1,1),(2033,6,'title','2026-01-20 15:10:31',1,1),(2033,6,'uri','2026-01-20 15:10:31',1,1),(2034,1,'postDate','2026-01-20 15:10:45',0,1),(2034,1,'slug','2026-01-20 15:10:44',0,1),(2034,1,'title','2026-01-20 15:10:44',0,1),(2034,1,'uri','2026-01-20 15:10:44',0,1),(2034,5,'postDate','2026-01-20 15:10:45',1,1),(2034,5,'slug','2026-01-20 15:10:44',1,1),(2034,5,'title','2026-01-20 15:10:44',1,1),(2034,5,'uri','2026-01-20 15:10:44',1,1),(2034,6,'postDate','2026-01-20 15:10:45',1,1),(2034,6,'slug','2026-01-20 15:10:44',1,1),(2034,6,'title','2026-01-20 15:10:44',1,1),(2034,6,'uri','2026-01-20 15:10:44',1,1),(2039,1,'postDate','2026-01-20 15:13:32',0,1),(2039,1,'slug','2026-01-20 15:13:17',0,1),(2039,1,'title','2026-01-20 15:13:17',0,1),(2039,1,'uri','2026-01-20 15:13:17',0,1),(2039,5,'postDate','2026-01-20 15:13:32',1,1),(2039,5,'slug','2026-01-20 15:13:17',1,1),(2039,5,'title','2026-01-20 15:13:17',1,1),(2039,5,'uri','2026-01-20 15:13:17',1,1),(2039,6,'postDate','2026-01-20 15:13:32',1,1),(2039,6,'slug','2026-01-20 15:13:17',1,1),(2039,6,'title','2026-01-20 15:13:17',1,1),(2039,6,'uri','2026-01-20 15:13:17',1,1),(2094,1,'uri','2026-01-20 15:49:05',0,1),(2094,5,'uri','2026-01-20 15:49:05',1,1),(2099,1,'uri','2026-01-20 15:50:08',0,1),(2099,5,'uri','2026-01-20 15:50:08',1,1),(2099,6,'uri','2026-01-20 15:50:08',1,1),(2111,1,'fieldLayoutId','2026-01-20 16:23:54',0,1),(2111,1,'typeId','2026-01-20 16:23:54',0,1),(2111,5,'fieldLayoutId','2026-01-20 16:23:54',1,1),(2111,5,'typeId','2026-01-20 16:23:54',1,1),(2111,6,'fieldLayoutId','2026-01-20 16:23:54',1,1),(2111,6,'typeId','2026-01-20 16:23:54',1,1),(2117,1,'postDate','2026-01-20 16:24:56',0,1),(2117,1,'slug','2026-01-20 16:24:56',0,1),(2117,1,'status','2026-01-20 16:24:56',0,1),(2117,1,'title','2026-01-20 16:25:16',0,1),(2117,5,'postDate','2026-01-20 16:24:56',1,1),(2117,5,'slug','2026-01-20 16:25:16',1,1),(2117,5,'status','2026-01-20 16:24:56',1,1),(2117,5,'title','2026-01-20 16:25:16',1,1),(2117,6,'postDate','2026-01-20 16:24:56',1,1),(2117,6,'slug','2026-01-20 16:25:16',1,1),(2117,6,'status','2026-01-20 16:24:56',1,1),(2117,6,'title','2026-01-20 16:25:16',1,1),(2120,1,'postDate','2026-01-20 16:25:42',0,1),(2120,1,'slug','2026-01-20 16:25:42',0,1),(2120,1,'status','2026-01-20 16:25:42',0,1),(2120,1,'title','2026-01-20 16:25:42',0,1),(2120,5,'postDate','2026-01-20 16:25:42',1,1),(2120,5,'slug','2026-01-20 16:25:42',1,1),(2120,5,'status','2026-01-20 16:25:42',1,1),(2120,5,'title','2026-01-20 16:25:42',1,1),(2120,6,'postDate','2026-01-20 16:25:42',1,1),(2120,6,'slug','2026-01-20 16:25:42',1,1),(2120,6,'status','2026-01-20 16:25:42',1,1),(2120,6,'title','2026-01-20 16:25:42',1,1),(2121,1,'postDate','2026-01-20 16:25:55',0,1),(2121,1,'slug','2026-01-20 16:25:55',0,1),(2121,1,'status','2026-01-20 16:25:55',0,1),(2121,1,'title','2026-01-20 16:25:55',0,1),(2121,5,'postDate','2026-01-20 16:25:55',1,1),(2121,5,'slug','2026-01-20 16:25:55',1,1),(2121,5,'status','2026-01-20 16:25:55',1,1),(2121,5,'title','2026-01-20 16:25:55',1,1),(2121,6,'postDate','2026-01-20 16:25:55',1,1),(2121,6,'slug','2026-01-20 16:25:55',1,1),(2121,6,'status','2026-01-20 16:25:55',1,1),(2121,6,'title','2026-01-20 16:25:55',1,1),(2123,1,'postDate','2026-01-20 16:26:32',0,1),(2123,1,'slug','2026-01-20 16:26:32',0,1),(2123,1,'status','2026-01-20 16:26:32',0,1),(2123,1,'title','2026-01-20 16:26:32',0,1),(2123,5,'postDate','2026-01-20 16:26:32',1,1),(2123,5,'slug','2026-01-20 16:26:32',1,1),(2123,5,'status','2026-01-20 16:26:32',1,1),(2123,5,'title','2026-01-20 16:26:32',1,1),(2123,6,'postDate','2026-01-20 16:26:32',1,1),(2123,6,'slug','2026-01-20 16:26:32',1,1),(2123,6,'status','2026-01-20 16:26:32',1,1),(2123,6,'title','2026-01-20 16:26:32',1,1),(2124,1,'postDate','2026-01-20 16:26:43',0,1),(2124,1,'slug','2026-01-20 16:26:43',0,1),(2124,1,'status','2026-01-20 16:26:43',0,1),(2124,1,'title','2026-01-20 16:26:43',0,1),(2124,5,'postDate','2026-01-20 16:26:43',1,1),(2124,5,'slug','2026-01-20 16:26:43',1,1),(2124,5,'status','2026-01-20 16:26:43',1,1),(2124,5,'title','2026-01-20 16:26:43',1,1),(2124,6,'postDate','2026-01-20 16:26:43',1,1),(2124,6,'slug','2026-01-20 16:26:43',1,1),(2124,6,'status','2026-01-20 16:26:43',1,1),(2124,6,'title','2026-01-20 16:26:43',1,1),(2125,1,'postDate','2026-01-20 16:26:54',0,1),(2125,1,'slug','2026-01-20 16:26:54',0,1),(2125,1,'status','2026-01-20 16:26:54',0,1),(2125,1,'title','2026-01-20 16:26:54',0,1),(2125,5,'postDate','2026-01-20 16:26:54',1,1),(2125,5,'slug','2026-01-20 16:26:54',1,1),(2125,5,'status','2026-01-20 16:26:54',1,1),(2125,5,'title','2026-01-20 16:26:54',1,1),(2125,6,'postDate','2026-01-20 16:26:54',1,1),(2125,6,'slug','2026-01-20 16:26:54',1,1),(2125,6,'status','2026-01-20 16:26:54',1,1),(2125,6,'title','2026-01-20 16:26:54',1,1),(2126,1,'postDate','2026-01-20 16:27:10',0,1),(2126,1,'slug','2026-01-20 16:27:10',0,1),(2126,1,'status','2026-01-20 16:27:10',0,1),(2126,1,'title','2026-01-20 16:27:10',0,1),(2126,5,'postDate','2026-01-20 16:27:10',1,1),(2126,5,'slug','2026-01-20 16:27:10',1,1),(2126,5,'status','2026-01-20 16:27:10',1,1),(2126,5,'title','2026-01-20 16:27:10',1,1),(2126,6,'postDate','2026-01-20 16:27:10',1,1),(2126,6,'slug','2026-01-20 16:27:10',1,1),(2126,6,'status','2026-01-20 16:27:10',1,1),(2126,6,'title','2026-01-20 16:27:10',1,1),(2127,1,'postDate','2026-01-20 16:27:24',0,1),(2127,1,'slug','2026-01-20 16:27:24',0,1),(2127,1,'status','2026-01-20 16:27:24',0,1),(2127,1,'title','2026-01-20 16:27:24',0,1),(2127,5,'postDate','2026-01-20 16:27:24',1,1),(2127,5,'slug','2026-01-20 16:27:24',1,1),(2127,5,'status','2026-01-20 16:27:24',1,1),(2127,5,'title','2026-01-20 16:27:24',1,1),(2127,6,'postDate','2026-01-20 16:27:24',1,1),(2127,6,'slug','2026-01-20 16:27:24',1,1),(2127,6,'status','2026-01-20 16:27:24',1,1),(2127,6,'title','2026-01-20 16:27:24',1,1),(2128,1,'postDate','2026-01-20 16:27:37',0,1),(2128,1,'slug','2026-01-20 16:27:37',0,1),(2128,1,'status','2026-01-20 16:27:37',0,1),(2128,1,'title','2026-01-20 16:27:37',0,1),(2128,5,'postDate','2026-01-20 16:27:37',1,1),(2128,5,'slug','2026-01-20 16:27:37',1,1),(2128,5,'status','2026-01-20 16:27:37',1,1),(2128,5,'title','2026-01-20 16:27:37',1,1),(2128,6,'postDate','2026-01-20 16:27:37',1,1),(2128,6,'slug','2026-01-20 16:27:37',1,1),(2128,6,'status','2026-01-20 16:27:37',1,1),(2128,6,'title','2026-01-20 16:27:37',1,1),(2129,1,'postDate','2026-01-20 16:27:46',0,1),(2129,1,'slug','2026-01-20 16:27:46',0,1),(2129,1,'status','2026-01-20 16:27:46',0,1),(2129,1,'title','2026-01-20 16:27:46',0,1),(2129,5,'postDate','2026-01-20 16:27:46',1,1),(2129,5,'slug','2026-01-20 16:27:46',1,1),(2129,5,'status','2026-01-20 16:27:46',1,1),(2129,5,'title','2026-01-20 16:27:46',1,1),(2129,6,'postDate','2026-01-20 16:27:46',1,1),(2129,6,'slug','2026-01-20 16:27:46',1,1),(2129,6,'status','2026-01-20 16:27:46',1,1),(2129,6,'title','2026-01-20 16:27:46',1,1),(2130,1,'postDate','2026-01-20 16:27:58',0,1),(2130,1,'slug','2026-01-20 16:27:58',0,1),(2130,1,'status','2026-01-20 16:27:58',0,1),(2130,1,'title','2026-01-20 16:27:58',0,1),(2130,5,'postDate','2026-01-20 16:27:58',1,1),(2130,5,'slug','2026-01-20 16:27:58',1,1),(2130,5,'status','2026-01-20 16:27:58',1,1),(2130,5,'title','2026-01-20 16:27:58',1,1),(2130,6,'postDate','2026-01-20 16:27:58',1,1),(2130,6,'slug','2026-01-20 16:27:58',1,1),(2130,6,'status','2026-01-20 16:27:58',1,1),(2130,6,'title','2026-01-20 16:27:58',1,1),(2131,1,'postDate','2026-01-20 16:28:18',0,1),(2131,1,'slug','2026-01-20 16:28:18',0,1),(2131,1,'status','2026-01-20 16:28:18',0,1),(2131,1,'title','2026-01-20 16:28:18',0,1),(2131,5,'postDate','2026-01-20 16:28:18',1,1),(2131,5,'slug','2026-01-20 16:28:18',1,1),(2131,5,'status','2026-01-20 16:28:18',1,1),(2131,5,'title','2026-01-20 16:28:18',1,1),(2131,6,'postDate','2026-01-20 16:28:18',1,1),(2131,6,'slug','2026-01-20 16:28:18',1,1),(2131,6,'status','2026-01-20 16:28:18',1,1),(2131,6,'title','2026-01-20 16:28:18',1,1),(2132,1,'postDate','2026-01-20 16:49:17',0,1),(2132,1,'slug','2026-01-20 16:49:17',0,1),(2132,1,'status','2026-01-20 16:49:17',0,1),(2132,1,'title','2026-01-20 16:49:22',0,1),(2132,5,'postDate','2026-01-20 16:49:17',1,1),(2132,5,'slug','2026-01-20 16:49:22',1,1),(2132,5,'status','2026-01-20 16:49:17',1,1),(2132,5,'title','2026-01-20 16:49:22',1,1),(2132,6,'postDate','2026-01-20 16:49:17',1,1),(2132,6,'slug','2026-01-20 16:49:22',1,1),(2132,6,'status','2026-01-20 16:49:17',1,1),(2132,6,'title','2026-01-20 16:49:22',1,1),(2133,1,'postDate','2026-01-20 16:49:42',0,1),(2133,1,'slug','2026-01-20 16:49:42',0,1),(2133,1,'status','2026-01-20 16:49:42',0,1),(2133,1,'title','2026-01-20 16:49:42',0,1),(2133,5,'postDate','2026-01-20 16:49:42',1,1),(2133,5,'slug','2026-01-20 16:49:42',1,1),(2133,5,'status','2026-01-20 16:49:42',1,1),(2133,5,'title','2026-01-20 16:49:42',1,1),(2133,6,'postDate','2026-01-20 16:49:42',1,1),(2133,6,'slug','2026-01-20 16:49:42',1,1),(2133,6,'status','2026-01-20 16:49:42',1,1),(2133,6,'title','2026-01-20 16:49:42',1,1),(2134,1,'postDate','2026-01-20 16:49:56',0,1),(2134,1,'slug','2026-01-20 16:49:56',0,1),(2134,1,'status','2026-01-20 16:49:56',0,1),(2134,1,'title','2026-01-20 16:49:56',0,1),(2134,5,'postDate','2026-01-20 16:49:56',1,1),(2134,5,'slug','2026-01-20 16:49:56',1,1),(2134,5,'status','2026-01-20 16:49:56',1,1),(2134,5,'title','2026-01-20 16:49:56',1,1),(2134,6,'postDate','2026-01-20 16:49:56',1,1),(2134,6,'slug','2026-01-20 16:49:56',1,1),(2134,6,'status','2026-01-20 16:49:56',1,1),(2134,6,'title','2026-01-20 16:49:56',1,1),(2135,1,'postDate','2026-01-20 16:50:08',0,1),(2135,1,'slug','2026-01-20 16:50:08',0,1),(2135,1,'status','2026-01-20 16:50:08',0,1),(2135,1,'title','2026-01-20 16:50:08',0,1),(2135,5,'postDate','2026-01-20 16:50:08',1,1),(2135,5,'slug','2026-01-20 16:50:08',1,1),(2135,5,'status','2026-01-20 16:50:08',1,1),(2135,5,'title','2026-01-20 16:50:08',1,1),(2135,6,'postDate','2026-01-20 16:50:08',1,1),(2135,6,'slug','2026-01-20 16:50:08',1,1),(2135,6,'status','2026-01-20 16:50:08',1,1),(2135,6,'title','2026-01-20 16:50:08',1,1),(2136,1,'postDate','2026-01-20 16:50:22',0,1),(2136,1,'slug','2026-01-20 16:50:22',0,1),(2136,1,'status','2026-01-20 16:50:22',0,1),(2136,1,'title','2026-01-20 16:50:22',0,1),(2136,5,'postDate','2026-01-20 16:50:22',1,1),(2136,5,'slug','2026-01-20 16:50:22',1,1),(2136,5,'status','2026-01-20 16:50:22',1,1),(2136,5,'title','2026-01-20 16:50:22',1,1),(2136,6,'postDate','2026-01-20 16:50:22',1,1),(2136,6,'slug','2026-01-20 16:50:22',1,1),(2136,6,'status','2026-01-20 16:50:22',1,1),(2136,6,'title','2026-01-20 16:50:22',1,1),(2137,1,'postDate','2026-01-20 16:50:35',0,1),(2137,1,'slug','2026-01-20 16:50:35',0,1),(2137,1,'status','2026-01-20 16:50:35',0,1),(2137,1,'title','2026-01-20 16:50:35',0,1),(2137,5,'postDate','2026-01-20 16:50:35',1,1),(2137,5,'slug','2026-01-20 16:50:35',1,1),(2137,5,'status','2026-01-20 16:50:35',1,1),(2137,5,'title','2026-01-20 16:50:35',1,1),(2137,6,'postDate','2026-01-20 16:50:35',1,1),(2137,6,'slug','2026-01-20 16:50:35',1,1),(2137,6,'status','2026-01-20 16:50:35',1,1),(2137,6,'title','2026-01-20 16:50:35',1,1),(2138,1,'postDate','2026-01-20 16:50:51',0,1),(2138,1,'slug','2026-01-20 16:50:51',0,1),(2138,1,'status','2026-01-20 16:50:51',0,1),(2138,1,'title','2026-01-20 16:50:51',0,1),(2138,5,'postDate','2026-01-20 16:50:51',1,1),(2138,5,'slug','2026-01-20 16:50:51',1,1),(2138,5,'status','2026-01-20 16:50:51',1,1),(2138,5,'title','2026-01-20 16:50:51',1,1),(2138,6,'postDate','2026-01-20 16:50:51',1,1),(2138,6,'slug','2026-01-20 16:50:51',1,1),(2138,6,'status','2026-01-20 16:50:51',1,1),(2138,6,'title','2026-01-20 16:50:51',1,1),(2139,1,'postDate','2026-01-20 16:51:06',0,1),(2139,1,'slug','2026-01-20 16:51:06',0,1),(2139,1,'status','2026-01-20 16:51:06',0,1),(2139,1,'title','2026-01-20 16:51:06',0,1),(2139,5,'postDate','2026-01-20 16:51:06',1,1),(2139,5,'slug','2026-01-20 16:51:06',1,1),(2139,5,'status','2026-01-20 16:51:06',1,1),(2139,5,'title','2026-01-20 16:51:06',1,1),(2139,6,'postDate','2026-01-20 16:51:06',1,1),(2139,6,'slug','2026-01-20 16:51:06',1,1),(2139,6,'status','2026-01-20 16:51:06',1,1),(2139,6,'title','2026-01-20 16:51:06',1,1),(2140,1,'postDate','2026-01-20 16:51:44',0,1),(2140,1,'slug','2026-01-20 16:51:44',0,1),(2140,1,'status','2026-01-20 16:51:44',0,1),(2140,1,'title','2026-01-20 16:51:44',0,1),(2140,5,'postDate','2026-01-20 16:51:44',1,1),(2140,5,'slug','2026-01-20 16:51:44',1,1),(2140,5,'status','2026-01-20 16:51:44',1,1),(2140,5,'title','2026-01-20 16:51:44',1,1),(2140,6,'postDate','2026-01-20 16:51:44',1,1),(2140,6,'slug','2026-01-20 16:51:44',1,1),(2140,6,'status','2026-01-20 16:51:44',1,1),(2140,6,'title','2026-01-20 16:51:44',1,1),(2143,1,'postDate','2026-01-20 16:53:24',0,1),(2143,1,'slug','2026-01-20 16:53:24',0,1),(2143,1,'status','2026-01-20 16:53:24',0,1),(2143,1,'title','2026-01-20 16:53:24',0,1),(2143,5,'postDate','2026-01-20 16:53:23',1,1),(2143,5,'slug','2026-01-20 16:53:23',1,1),(2143,5,'status','2026-01-20 16:53:23',1,1),(2143,5,'title','2026-01-20 16:53:23',1,1),(2143,6,'postDate','2026-01-20 16:53:24',1,1),(2143,6,'slug','2026-01-20 16:53:24',1,1),(2143,6,'status','2026-01-20 16:53:24',1,1),(2143,6,'title','2026-01-20 16:53:24',1,1),(2144,1,'postDate','2026-01-20 16:53:39',0,1),(2144,1,'slug','2026-01-20 16:53:39',0,1),(2144,1,'status','2026-01-20 16:53:39',0,1),(2144,1,'title','2026-01-20 16:53:39',0,1),(2144,5,'postDate','2026-01-20 16:53:39',1,1),(2144,5,'slug','2026-01-20 16:53:39',1,1),(2144,5,'status','2026-01-20 16:53:39',1,1),(2144,5,'title','2026-01-20 16:53:39',1,1),(2144,6,'postDate','2026-01-20 16:53:39',1,1),(2144,6,'slug','2026-01-20 16:53:39',1,1),(2144,6,'status','2026-01-20 16:53:39',1,1),(2144,6,'title','2026-01-20 16:53:39',1,1);
commit;

--
-- Dumping data for table `changedfields`
--

set autocommit=0;
INSERT INTO `changedfields` VALUES (2,1,8,'0594003e-d034-47d7-801a-d8ee57b29a6c','2026-01-20 15:28:32',0,1),(2,1,28,'b8000dca-8e57-4c2f-861b-754e32ec066b','2026-01-20 15:28:32',0,1),(2,1,29,'1b5f0a32-f3ff-4594-975b-b6c1edb4c441','2026-01-20 15:28:32',0,1),(2,1,30,'04d329f2-1145-43fa-bd39-1fdaaaa2bad9','2026-01-20 15:28:32',0,1),(2,1,83,'d3314444-912e-4b17-8dd5-18380dcaeca2','2026-01-20 15:28:32',0,1),(72,1,5,'cd987910-ff1c-4dd7-8272-8af3f45347d5','2026-01-20 16:28:27',0,1),(72,1,32,'70bfcbb1-58ea-445e-8c59-705ad1656547','2026-01-20 16:28:27',0,1),(72,1,33,'2c05e797-2ce3-41aa-919c-8ae5a1115999','2026-01-20 16:28:27',0,1),(72,1,77,'36c7c463-27a6-4410-a064-e2ecf0e6e095','2026-01-20 16:28:27',0,1),(72,5,5,'cd987910-ff1c-4dd7-8272-8af3f45347d5','2026-01-20 16:28:27',1,1),(72,5,32,'70bfcbb1-58ea-445e-8c59-705ad1656547','2026-01-20 16:28:27',1,1),(72,5,33,'2c05e797-2ce3-41aa-919c-8ae5a1115999','2026-01-20 16:28:27',1,1),(72,5,77,'36c7c463-27a6-4410-a064-e2ecf0e6e095','2026-01-20 16:28:27',1,1),(72,6,5,'cd987910-ff1c-4dd7-8272-8af3f45347d5','2026-01-20 16:28:27',1,1),(72,6,32,'70bfcbb1-58ea-445e-8c59-705ad1656547','2026-01-20 16:28:27',1,1),(72,6,33,'2c05e797-2ce3-41aa-919c-8ae5a1115999','2026-01-20 16:28:27',1,1),(72,6,77,'36c7c463-27a6-4410-a064-e2ecf0e6e095','2026-01-20 16:28:27',1,1),(73,1,3,'57640ab9-a072-4793-9dd0-971627546e48','2026-01-20 16:54:19',0,1),(73,1,44,'3839e665-2002-49cf-aa83-92fad31c610c','2026-01-20 16:54:19',0,1),(75,1,4,'19523468-ac44-4c1e-b917-d04d2a18ac4a','2026-01-20 16:54:19',0,1),(75,1,22,'8392326e-eb55-4ccd-bee9-0f232e70c5f1','2026-01-20 16:54:19',0,1),(76,1,36,'5eb0d24a-bbbd-40cc-8363-6f885fa482fd','2026-01-20 16:52:40',0,1),(76,5,36,'5eb0d24a-bbbd-40cc-8363-6f885fa482fd','2026-01-20 16:52:40',1,1),(76,6,36,'5eb0d24a-bbbd-40cc-8363-6f885fa482fd','2026-01-20 16:52:40',1,1),(77,1,24,'3a166510-68e2-48a2-9611-82ee8946335d','2026-01-20 16:25:29',0,1),(77,1,35,'76821985-8ee3-4c1b-95ea-cfad82353800','2026-01-20 16:25:29',0,1),(121,1,4,'cecb103e-455b-416e-b253-a461ab9fd206','2026-01-20 15:57:55',0,1),(121,1,45,'18a7b3b9-b7ac-429a-a659-0b60b374a628','2026-01-20 15:57:55',0,1),(165,1,49,'2fa6ea01-5834-4bca-9dc4-6d5a522b874a','2026-01-20 15:30:20',0,1),(165,1,50,'aa4e4dff-f17b-48cc-b486-c80b54c92a5a','2026-01-20 15:30:20',0,1),(165,1,51,'bd414280-f111-49e6-8215-6fb813805d31','2026-01-20 15:30:20',0,1),(165,1,109,'d1646bf7-f819-4def-8bec-524554509f28','2026-01-20 15:30:20',0,1),(171,1,55,'f1eb27f0-e835-4712-8dbb-5e81a9115333','2026-01-20 12:28:50',0,1),(171,1,56,'f80014e0-d0f1-4bfe-ac67-3d3500e6a893','2026-01-20 12:28:50',0,1),(171,1,57,'74ddc9c6-350d-473c-84da-e655e34e6dad','2026-01-20 12:29:28',0,1),(211,1,36,'5eb0d24a-bbbd-40cc-8363-6f885fa482fd','2026-01-20 16:52:49',0,1),(211,5,36,'5eb0d24a-bbbd-40cc-8363-6f885fa482fd','2026-01-20 16:52:49',1,1),(211,6,36,'5eb0d24a-bbbd-40cc-8363-6f885fa482fd','2026-01-20 16:52:49',1,1),(212,1,36,'5eb0d24a-bbbd-40cc-8363-6f885fa482fd','2026-01-20 16:53:02',0,1),(212,5,36,'5eb0d24a-bbbd-40cc-8363-6f885fa482fd','2026-01-20 16:53:02',1,1),(212,6,36,'5eb0d24a-bbbd-40cc-8363-6f885fa482fd','2026-01-20 16:53:02',1,1),(492,1,5,'b6fa20b8-dc78-4abd-b9c6-a5e8656b8b47','2026-01-20 12:28:51',0,1),(492,1,27,'84a319f2-6865-4392-9875-c8a4ba759677','2026-01-20 12:28:51',0,1),(492,1,110,'b8aec60a-8aeb-47af-8a36-d99aa2847223','2026-01-20 12:28:51',0,1),(492,5,5,'b6fa20b8-dc78-4abd-b9c6-a5e8656b8b47','2026-01-20 12:28:51',1,1),(492,5,110,'b8aec60a-8aeb-47af-8a36-d99aa2847223','2026-01-20 12:28:51',1,1),(493,1,4,'cea1a48e-4e0c-4b99-b682-956bda82f38f','2026-01-20 12:28:51',0,1),(493,1,24,'2aa47eb0-f3f2-4d3d-9954-9d0530e7461a','2026-01-20 12:28:51',0,1),(551,1,24,'3a166510-68e2-48a2-9611-82ee8946335d','2026-01-20 16:26:17',0,1),(551,1,35,'76821985-8ee3-4c1b-95ea-cfad82353800','2026-01-20 16:26:17',0,1),(1196,1,4,'cea1a48e-4e0c-4b99-b682-956bda82f38f','2026-01-20 12:28:51',0,1),(1196,1,24,'2aa47eb0-f3f2-4d3d-9954-9d0530e7461a','2026-01-20 12:28:51',0,1),(1197,1,3,'f7a4bab6-0930-4f1f-aaaa-758fe6c9aebf','2026-01-20 12:28:52',0,1),(1197,1,4,'ad75bf78-8f56-4711-97bd-498d2db6ea91','2026-01-20 12:28:52',0,1),(1197,1,5,'abff3690-8621-4041-a912-87c16c5f3f42','2026-01-20 12:28:52',0,1),(1197,1,25,'343b6713-e066-418b-bb81-dac065851625','2026-01-20 12:28:52',0,1),(1197,5,5,'abff3690-8621-4041-a912-87c16c5f3f42','2026-01-20 12:28:52',1,1),(1197,5,25,'343b6713-e066-418b-bb81-dac065851625','2026-01-20 12:28:52',1,1),(1803,1,111,'5c5d4968-bcd6-4de3-ba6d-a7aeccf7a6da','2026-01-20 11:27:17',0,1),(1803,1,113,'837c8a4c-a1c3-4bf1-b91d-2ef5a131cc48','2026-01-20 11:27:17',0,1),(1803,1,114,'a20e271e-c67c-4b6a-b4a8-4fef4b842991','2026-01-20 11:27:17',0,1),(1803,1,115,'cb2a2a80-a6f1-4eac-a3cd-7a62dd3f32a2','2026-01-20 11:27:17',0,1),(1803,1,116,'adbc94e0-6c9f-4cbc-9dff-174ea6b9acf9','2026-01-20 11:27:17',0,1),(1841,1,117,'270cc294-f0bf-488b-972b-693e2f85410a','2026-01-20 11:31:54',0,1),(1841,1,118,'0a873002-f805-47c8-8434-02c77a84fed4','2026-01-20 11:32:21',0,1),(1841,1,119,'ebca4406-2f6f-4d18-80de-010c429cc489','2026-01-20 11:31:54',0,1),(1841,1,120,'ee325e0b-da64-4253-a1e7-f8b88d6448b8','2026-01-20 11:31:54',0,1),(1841,1,121,'cd1b132c-d62a-4f52-a490-704e60248df2','2026-01-20 11:31:54',0,1),(1841,1,122,'04a9d6e6-d4e5-481d-aafd-f317c6aa91d6','2026-01-20 11:31:54',0,1),(1841,1,123,'5a74d21f-db24-4454-b7bf-6d09591aae1a','2026-01-20 11:31:54',0,1),(1841,1,124,'63a1b2cd-d271-4389-b690-e353bd11e70e','2026-01-20 11:31:54',0,1),(1893,1,23,'e0a3baeb-34fc-4d54-a24e-6099edb47c1b','2026-01-20 11:32:21',0,1),(1929,1,125,'a50f0ea0-6515-47b2-a572-20b328b511ba','2026-01-20 12:33:19',0,1),(1929,1,126,'956c521f-741d-44f4-8a8a-873520db6937','2026-01-20 12:33:19',0,1),(1929,1,127,'54bfb298-c33f-43ea-8f77-e0a44439b1c7','2026-01-20 12:33:19',0,1),(1929,1,128,'6699c491-dc92-444e-b720-2a47cb80ab21','2026-01-20 12:33:19',0,1),(1929,1,129,'0da40a8a-2239-438a-a51f-b78b5b439a11','2026-01-20 12:33:19',0,1),(1929,1,130,'aeb5a80e-6936-42ed-aada-e681fff44f6d','2026-01-20 12:33:19',0,1),(1929,1,131,'01bee587-b54e-4604-9748-ab6782fe3e4a','2026-01-20 12:33:19',0,1),(1931,1,133,'4a352414-c218-466e-b712-9cdbdfffb772','2026-01-20 12:36:15',0,1),(1931,1,134,'c924f632-d8d0-4475-8134-4953fae393b1','2026-01-20 12:36:15',0,1),(1931,1,135,'bd41d5d0-f0be-48db-b5c8-5a296872acb0','2026-01-20 12:36:15',0,1),(1931,1,136,'f878a4b5-56c1-43ed-ad0d-ae97f9d9caef','2026-01-20 12:36:15',0,1),(1933,1,137,'7b3e2ba2-e681-4e8d-b4ed-59940453c154','2026-01-20 12:37:08',0,1),(1933,1,138,'10b56923-23d0-46e5-8329-44cd53f031cc','2026-01-20 12:37:08',0,1),(2031,5,4,'1238c62a-7b81-4ccb-ab97-e0aed29ef515','2026-01-20 15:10:34',1,1),(2031,5,25,'1bcc6f53-7c91-4802-a63b-31a6a40665da','2026-01-20 15:10:34',1,1),(2031,5,77,'0e5efe3b-2f9b-4fb1-a81c-aba97fcd817e','2026-01-20 15:10:34',1,1),(2031,6,4,'1238c62a-7b81-4ccb-ab97-e0aed29ef515','2026-01-20 15:10:34',1,1),(2031,6,25,'1bcc6f53-7c91-4802-a63b-31a6a40665da','2026-01-20 15:10:34',1,1),(2031,6,77,'0e5efe3b-2f9b-4fb1-a81c-aba97fcd817e','2026-01-20 15:10:34',1,1),(2032,5,4,'1238c62a-7b81-4ccb-ab97-e0aed29ef515','2026-01-20 15:10:33',1,1),(2032,5,25,'1bcc6f53-7c91-4802-a63b-31a6a40665da','2026-01-20 15:10:33',1,1),(2032,5,77,'0e5efe3b-2f9b-4fb1-a81c-aba97fcd817e','2026-01-20 15:10:33',1,1),(2032,6,4,'1238c62a-7b81-4ccb-ab97-e0aed29ef515','2026-01-20 15:10:33',1,1),(2032,6,25,'1bcc6f53-7c91-4802-a63b-31a6a40665da','2026-01-20 15:10:33',1,1),(2032,6,77,'0e5efe3b-2f9b-4fb1-a81c-aba97fcd817e','2026-01-20 15:10:33',1,1),(2033,5,4,'1238c62a-7b81-4ccb-ab97-e0aed29ef515','2026-01-20 15:10:32',1,1),(2033,5,25,'1bcc6f53-7c91-4802-a63b-31a6a40665da','2026-01-20 15:10:32',1,1),(2033,5,77,'0e5efe3b-2f9b-4fb1-a81c-aba97fcd817e','2026-01-20 15:10:32',1,1),(2033,6,4,'1238c62a-7b81-4ccb-ab97-e0aed29ef515','2026-01-20 15:10:32',1,1),(2033,6,25,'1bcc6f53-7c91-4802-a63b-31a6a40665da','2026-01-20 15:10:32',1,1),(2033,6,77,'0e5efe3b-2f9b-4fb1-a81c-aba97fcd817e','2026-01-20 15:10:32',1,1),(2034,5,4,'1238c62a-7b81-4ccb-ab97-e0aed29ef515','2026-01-20 15:10:45',1,1),(2034,5,25,'1bcc6f53-7c91-4802-a63b-31a6a40665da','2026-01-20 15:10:45',1,1),(2034,5,77,'0e5efe3b-2f9b-4fb1-a81c-aba97fcd817e','2026-01-20 15:10:45',1,1),(2034,6,4,'1238c62a-7b81-4ccb-ab97-e0aed29ef515','2026-01-20 15:10:45',1,1),(2034,6,25,'1bcc6f53-7c91-4802-a63b-31a6a40665da','2026-01-20 15:10:45',1,1),(2034,6,77,'0e5efe3b-2f9b-4fb1-a81c-aba97fcd817e','2026-01-20 15:10:45',1,1),(2039,1,4,'78de2cd7-418c-40ae-bc86-5e2bcd9aeb47','2026-01-20 15:13:19',0,1),(2039,1,5,'9c2bf568-2562-49a3-818e-8d10f59c8f9d','2026-01-20 15:13:25',0,1),(2039,1,22,'c20baf62-6ca2-492a-90b5-d83b83597be2','2026-01-20 15:13:22',0,1),(2039,1,45,'18278821-c9a6-452a-87fa-00014d3556c0','2026-01-20 15:13:17',0,1),(2039,1,139,'f0c759af-4946-466a-9ed1-f9367b7da2b6','2026-01-20 15:13:31',0,1),(2039,5,4,'78de2cd7-418c-40ae-bc86-5e2bcd9aeb47','2026-01-20 15:13:32',1,1),(2039,5,5,'9c2bf568-2562-49a3-818e-8d10f59c8f9d','2026-01-20 15:13:32',1,1),(2039,5,9,'4e1241e2-2d8b-4b83-ab64-a79ab037347a','2026-01-20 15:13:32',1,1),(2039,5,22,'c20baf62-6ca2-492a-90b5-d83b83597be2','2026-01-20 15:13:32',1,1),(2039,5,45,'18278821-c9a6-452a-87fa-00014d3556c0','2026-01-20 15:13:32',1,1),(2039,5,139,'f0c759af-4946-466a-9ed1-f9367b7da2b6','2026-01-20 15:13:32',1,1),(2039,6,4,'78de2cd7-418c-40ae-bc86-5e2bcd9aeb47','2026-01-20 15:13:32',1,1),(2039,6,5,'9c2bf568-2562-49a3-818e-8d10f59c8f9d','2026-01-20 15:13:32',1,1),(2039,6,9,'4e1241e2-2d8b-4b83-ab64-a79ab037347a','2026-01-20 15:13:32',1,1),(2039,6,22,'c20baf62-6ca2-492a-90b5-d83b83597be2','2026-01-20 15:13:32',1,1),(2039,6,45,'18278821-c9a6-452a-87fa-00014d3556c0','2026-01-20 15:13:32',1,1),(2039,6,139,'f0c759af-4946-466a-9ed1-f9367b7da2b6','2026-01-20 15:13:32',1,1),(2094,1,4,'cecb103e-455b-416e-b253-a461ab9fd206','2026-01-20 15:55:04',0,1),(2094,1,45,'18a7b3b9-b7ac-429a-a659-0b60b374a628','2026-01-20 15:55:04',0,1),(2099,1,4,'cecb103e-455b-416e-b253-a461ab9fd206','2026-01-20 16:00:20',0,1),(2099,1,45,'18a7b3b9-b7ac-429a-a659-0b60b374a628','2026-01-20 16:00:20',0,1),(2117,1,24,'3a166510-68e2-48a2-9611-82ee8946335d','2026-01-20 16:25:16',0,1),(2117,1,35,'76821985-8ee3-4c1b-95ea-cfad82353800','2026-01-20 16:24:56',0,1),(2117,5,24,'3a166510-68e2-48a2-9611-82ee8946335d','2026-01-20 16:24:56',1,1),(2117,5,34,'833d8c09-45a8-4e52-bcff-2994e643e777','2026-01-20 16:24:56',1,1),(2117,5,35,'76821985-8ee3-4c1b-95ea-cfad82353800','2026-01-20 16:24:56',1,1),(2117,5,43,'c50a0173-6c52-4ad3-8d62-7495b5894380','2026-01-20 16:24:56',1,1),(2117,5,82,'a6b20cc5-cf54-41d2-85be-5633c12cf313','2026-01-20 16:24:56',1,1),(2117,6,24,'3a166510-68e2-48a2-9611-82ee8946335d','2026-01-20 16:24:56',1,1),(2117,6,34,'833d8c09-45a8-4e52-bcff-2994e643e777','2026-01-20 16:24:56',1,1),(2117,6,35,'76821985-8ee3-4c1b-95ea-cfad82353800','2026-01-20 16:24:56',1,1),(2117,6,43,'c50a0173-6c52-4ad3-8d62-7495b5894380','2026-01-20 16:24:56',1,1),(2117,6,82,'a6b20cc5-cf54-41d2-85be-5633c12cf313','2026-01-20 16:24:56',1,1),(2120,1,24,'3a166510-68e2-48a2-9611-82ee8946335d','2026-01-20 16:25:42',0,1),(2120,1,35,'76821985-8ee3-4c1b-95ea-cfad82353800','2026-01-20 16:25:39',0,1),(2120,5,24,'3a166510-68e2-48a2-9611-82ee8946335d','2026-01-20 16:25:42',1,1),(2120,5,34,'833d8c09-45a8-4e52-bcff-2994e643e777','2026-01-20 16:25:42',1,1),(2120,5,35,'76821985-8ee3-4c1b-95ea-cfad82353800','2026-01-20 16:25:42',1,1),(2120,5,43,'c50a0173-6c52-4ad3-8d62-7495b5894380','2026-01-20 16:25:42',1,1),(2120,5,82,'a6b20cc5-cf54-41d2-85be-5633c12cf313','2026-01-20 16:25:42',1,1),(2120,6,24,'3a166510-68e2-48a2-9611-82ee8946335d','2026-01-20 16:25:42',1,1),(2120,6,34,'833d8c09-45a8-4e52-bcff-2994e643e777','2026-01-20 16:25:42',1,1),(2120,6,35,'76821985-8ee3-4c1b-95ea-cfad82353800','2026-01-20 16:25:42',1,1),(2120,6,43,'c50a0173-6c52-4ad3-8d62-7495b5894380','2026-01-20 16:25:42',1,1),(2120,6,82,'a6b20cc5-cf54-41d2-85be-5633c12cf313','2026-01-20 16:25:42',1,1),(2121,1,24,'3a166510-68e2-48a2-9611-82ee8946335d','2026-01-20 16:25:54',0,1),(2121,1,35,'76821985-8ee3-4c1b-95ea-cfad82353800','2026-01-20 16:25:52',0,1),(2121,5,24,'3a166510-68e2-48a2-9611-82ee8946335d','2026-01-20 16:25:55',1,1),(2121,5,34,'833d8c09-45a8-4e52-bcff-2994e643e777','2026-01-20 16:25:55',1,1),(2121,5,35,'76821985-8ee3-4c1b-95ea-cfad82353800','2026-01-20 16:25:55',1,1),(2121,5,43,'c50a0173-6c52-4ad3-8d62-7495b5894380','2026-01-20 16:25:55',1,1),(2121,5,82,'a6b20cc5-cf54-41d2-85be-5633c12cf313','2026-01-20 16:25:55',1,1),(2121,6,24,'3a166510-68e2-48a2-9611-82ee8946335d','2026-01-20 16:25:55',1,1),(2121,6,34,'833d8c09-45a8-4e52-bcff-2994e643e777','2026-01-20 16:25:55',1,1),(2121,6,35,'76821985-8ee3-4c1b-95ea-cfad82353800','2026-01-20 16:25:55',1,1),(2121,6,43,'c50a0173-6c52-4ad3-8d62-7495b5894380','2026-01-20 16:25:55',1,1),(2121,6,82,'a6b20cc5-cf54-41d2-85be-5633c12cf313','2026-01-20 16:25:55',1,1),(2123,1,24,'0aa085c8-1cad-4bf4-b196-da04d7bf0457','2026-01-20 16:26:31',0,1),(2123,1,35,'e5552d2e-e5c0-4442-9dc4-1cdade1f1624','2026-01-20 16:26:27',0,1),(2123,5,24,'0aa085c8-1cad-4bf4-b196-da04d7bf0457','2026-01-20 16:26:32',1,1),(2123,5,34,'390f8c9b-03c6-4e5d-a8f9-5e1f27135c30','2026-01-20 16:26:32',1,1),(2123,5,35,'e5552d2e-e5c0-4442-9dc4-1cdade1f1624','2026-01-20 16:26:32',1,1),(2123,5,43,'b7371263-731e-45c7-ad14-cb3edcaa909b','2026-01-20 16:26:32',1,1),(2123,5,82,'24d620f3-e419-4680-8d7c-495c4fe7e38b','2026-01-20 16:26:32',1,1),(2123,6,24,'0aa085c8-1cad-4bf4-b196-da04d7bf0457','2026-01-20 16:26:32',1,1),(2123,6,34,'390f8c9b-03c6-4e5d-a8f9-5e1f27135c30','2026-01-20 16:26:32',1,1),(2123,6,35,'e5552d2e-e5c0-4442-9dc4-1cdade1f1624','2026-01-20 16:26:32',1,1),(2123,6,43,'b7371263-731e-45c7-ad14-cb3edcaa909b','2026-01-20 16:26:32',1,1),(2123,6,82,'24d620f3-e419-4680-8d7c-495c4fe7e38b','2026-01-20 16:26:32',1,1),(2124,1,24,'0aa085c8-1cad-4bf4-b196-da04d7bf0457','2026-01-20 16:26:41',0,1),(2124,1,35,'e5552d2e-e5c0-4442-9dc4-1cdade1f1624','2026-01-20 16:26:39',0,1),(2124,5,24,'0aa085c8-1cad-4bf4-b196-da04d7bf0457','2026-01-20 16:26:43',1,1),(2124,5,34,'390f8c9b-03c6-4e5d-a8f9-5e1f27135c30','2026-01-20 16:26:43',1,1),(2124,5,35,'e5552d2e-e5c0-4442-9dc4-1cdade1f1624','2026-01-20 16:26:43',1,1),(2124,5,43,'b7371263-731e-45c7-ad14-cb3edcaa909b','2026-01-20 16:26:43',1,1),(2124,5,82,'24d620f3-e419-4680-8d7c-495c4fe7e38b','2026-01-20 16:26:43',1,1),(2124,6,24,'0aa085c8-1cad-4bf4-b196-da04d7bf0457','2026-01-20 16:26:43',1,1),(2124,6,34,'390f8c9b-03c6-4e5d-a8f9-5e1f27135c30','2026-01-20 16:26:43',1,1),(2124,6,35,'e5552d2e-e5c0-4442-9dc4-1cdade1f1624','2026-01-20 16:26:43',1,1),(2124,6,43,'b7371263-731e-45c7-ad14-cb3edcaa909b','2026-01-20 16:26:43',1,1),(2124,6,82,'24d620f3-e419-4680-8d7c-495c4fe7e38b','2026-01-20 16:26:43',1,1),(2125,1,24,'0aa085c8-1cad-4bf4-b196-da04d7bf0457','2026-01-20 16:26:54',0,1),(2125,1,35,'e5552d2e-e5c0-4442-9dc4-1cdade1f1624','2026-01-20 16:26:51',0,1),(2125,5,24,'0aa085c8-1cad-4bf4-b196-da04d7bf0457','2026-01-20 16:26:54',1,1),(2125,5,34,'390f8c9b-03c6-4e5d-a8f9-5e1f27135c30','2026-01-20 16:26:54',1,1),(2125,5,35,'e5552d2e-e5c0-4442-9dc4-1cdade1f1624','2026-01-20 16:26:54',1,1),(2125,5,43,'b7371263-731e-45c7-ad14-cb3edcaa909b','2026-01-20 16:26:54',1,1),(2125,5,82,'24d620f3-e419-4680-8d7c-495c4fe7e38b','2026-01-20 16:26:54',1,1),(2125,6,24,'0aa085c8-1cad-4bf4-b196-da04d7bf0457','2026-01-20 16:26:54',1,1),(2125,6,34,'390f8c9b-03c6-4e5d-a8f9-5e1f27135c30','2026-01-20 16:26:54',1,1),(2125,6,35,'e5552d2e-e5c0-4442-9dc4-1cdade1f1624','2026-01-20 16:26:54',1,1),(2125,6,43,'b7371263-731e-45c7-ad14-cb3edcaa909b','2026-01-20 16:26:54',1,1),(2125,6,82,'24d620f3-e419-4680-8d7c-495c4fe7e38b','2026-01-20 16:26:54',1,1),(2126,1,24,'0aa085c8-1cad-4bf4-b196-da04d7bf0457','2026-01-20 16:27:09',0,1),(2126,1,35,'e5552d2e-e5c0-4442-9dc4-1cdade1f1624','2026-01-20 16:27:06',0,1),(2126,5,24,'0aa085c8-1cad-4bf4-b196-da04d7bf0457','2026-01-20 16:27:10',1,1),(2126,5,34,'390f8c9b-03c6-4e5d-a8f9-5e1f27135c30','2026-01-20 16:27:10',1,1),(2126,5,35,'e5552d2e-e5c0-4442-9dc4-1cdade1f1624','2026-01-20 16:27:10',1,1),(2126,5,43,'b7371263-731e-45c7-ad14-cb3edcaa909b','2026-01-20 16:27:10',1,1),(2126,5,82,'24d620f3-e419-4680-8d7c-495c4fe7e38b','2026-01-20 16:27:10',1,1),(2126,6,24,'0aa085c8-1cad-4bf4-b196-da04d7bf0457','2026-01-20 16:27:10',1,1),(2126,6,34,'390f8c9b-03c6-4e5d-a8f9-5e1f27135c30','2026-01-20 16:27:10',1,1),(2126,6,35,'e5552d2e-e5c0-4442-9dc4-1cdade1f1624','2026-01-20 16:27:10',1,1),(2126,6,43,'b7371263-731e-45c7-ad14-cb3edcaa909b','2026-01-20 16:27:10',1,1),(2126,6,82,'24d620f3-e419-4680-8d7c-495c4fe7e38b','2026-01-20 16:27:10',1,1),(2127,1,24,'0aa085c8-1cad-4bf4-b196-da04d7bf0457','2026-01-20 16:27:24',0,1),(2127,1,35,'e5552d2e-e5c0-4442-9dc4-1cdade1f1624','2026-01-20 16:27:20',0,1),(2127,5,24,'0aa085c8-1cad-4bf4-b196-da04d7bf0457','2026-01-20 16:27:24',1,1),(2127,5,34,'390f8c9b-03c6-4e5d-a8f9-5e1f27135c30','2026-01-20 16:27:24',1,1),(2127,5,35,'e5552d2e-e5c0-4442-9dc4-1cdade1f1624','2026-01-20 16:27:24',1,1),(2127,5,43,'b7371263-731e-45c7-ad14-cb3edcaa909b','2026-01-20 16:27:24',1,1),(2127,5,82,'24d620f3-e419-4680-8d7c-495c4fe7e38b','2026-01-20 16:27:24',1,1),(2127,6,24,'0aa085c8-1cad-4bf4-b196-da04d7bf0457','2026-01-20 16:27:24',1,1),(2127,6,34,'390f8c9b-03c6-4e5d-a8f9-5e1f27135c30','2026-01-20 16:27:24',1,1),(2127,6,35,'e5552d2e-e5c0-4442-9dc4-1cdade1f1624','2026-01-20 16:27:24',1,1),(2127,6,43,'b7371263-731e-45c7-ad14-cb3edcaa909b','2026-01-20 16:27:24',1,1),(2127,6,82,'24d620f3-e419-4680-8d7c-495c4fe7e38b','2026-01-20 16:27:24',1,1),(2128,1,24,'0aa085c8-1cad-4bf4-b196-da04d7bf0457','2026-01-20 16:27:37',0,1),(2128,1,35,'e5552d2e-e5c0-4442-9dc4-1cdade1f1624','2026-01-20 16:27:32',0,1),(2128,5,24,'0aa085c8-1cad-4bf4-b196-da04d7bf0457','2026-01-20 16:27:37',1,1),(2128,5,34,'390f8c9b-03c6-4e5d-a8f9-5e1f27135c30','2026-01-20 16:27:37',1,1),(2128,5,35,'e5552d2e-e5c0-4442-9dc4-1cdade1f1624','2026-01-20 16:27:37',1,1),(2128,5,43,'b7371263-731e-45c7-ad14-cb3edcaa909b','2026-01-20 16:27:37',1,1),(2128,5,82,'24d620f3-e419-4680-8d7c-495c4fe7e38b','2026-01-20 16:27:37',1,1),(2128,6,24,'0aa085c8-1cad-4bf4-b196-da04d7bf0457','2026-01-20 16:27:37',1,1),(2128,6,34,'390f8c9b-03c6-4e5d-a8f9-5e1f27135c30','2026-01-20 16:27:37',1,1),(2128,6,35,'e5552d2e-e5c0-4442-9dc4-1cdade1f1624','2026-01-20 16:27:37',1,1),(2128,6,43,'b7371263-731e-45c7-ad14-cb3edcaa909b','2026-01-20 16:27:37',1,1),(2128,6,82,'24d620f3-e419-4680-8d7c-495c4fe7e38b','2026-01-20 16:27:37',1,1),(2129,1,24,'0aa085c8-1cad-4bf4-b196-da04d7bf0457','2026-01-20 16:27:46',0,1),(2129,1,35,'e5552d2e-e5c0-4442-9dc4-1cdade1f1624','2026-01-20 16:27:44',0,1),(2129,5,24,'0aa085c8-1cad-4bf4-b196-da04d7bf0457','2026-01-20 16:27:46',1,1),(2129,5,34,'390f8c9b-03c6-4e5d-a8f9-5e1f27135c30','2026-01-20 16:27:46',1,1),(2129,5,35,'e5552d2e-e5c0-4442-9dc4-1cdade1f1624','2026-01-20 16:27:46',1,1),(2129,5,43,'b7371263-731e-45c7-ad14-cb3edcaa909b','2026-01-20 16:27:46',1,1),(2129,5,82,'24d620f3-e419-4680-8d7c-495c4fe7e38b','2026-01-20 16:27:46',1,1),(2129,6,24,'0aa085c8-1cad-4bf4-b196-da04d7bf0457','2026-01-20 16:27:46',1,1),(2129,6,34,'390f8c9b-03c6-4e5d-a8f9-5e1f27135c30','2026-01-20 16:27:46',1,1),(2129,6,35,'e5552d2e-e5c0-4442-9dc4-1cdade1f1624','2026-01-20 16:27:46',1,1),(2129,6,43,'b7371263-731e-45c7-ad14-cb3edcaa909b','2026-01-20 16:27:46',1,1),(2129,6,82,'24d620f3-e419-4680-8d7c-495c4fe7e38b','2026-01-20 16:27:46',1,1),(2130,1,24,'0aa085c8-1cad-4bf4-b196-da04d7bf0457','2026-01-20 16:27:58',0,1),(2130,1,35,'e5552d2e-e5c0-4442-9dc4-1cdade1f1624','2026-01-20 16:27:55',0,1),(2130,5,24,'0aa085c8-1cad-4bf4-b196-da04d7bf0457','2026-01-20 16:27:58',1,1),(2130,5,34,'390f8c9b-03c6-4e5d-a8f9-5e1f27135c30','2026-01-20 16:27:58',1,1),(2130,5,35,'e5552d2e-e5c0-4442-9dc4-1cdade1f1624','2026-01-20 16:27:58',1,1),(2130,5,43,'b7371263-731e-45c7-ad14-cb3edcaa909b','2026-01-20 16:27:58',1,1),(2130,5,82,'24d620f3-e419-4680-8d7c-495c4fe7e38b','2026-01-20 16:27:58',1,1),(2130,6,24,'0aa085c8-1cad-4bf4-b196-da04d7bf0457','2026-01-20 16:27:58',1,1),(2130,6,34,'390f8c9b-03c6-4e5d-a8f9-5e1f27135c30','2026-01-20 16:27:58',1,1),(2130,6,35,'e5552d2e-e5c0-4442-9dc4-1cdade1f1624','2026-01-20 16:27:58',1,1),(2130,6,43,'b7371263-731e-45c7-ad14-cb3edcaa909b','2026-01-20 16:27:58',1,1),(2130,6,82,'24d620f3-e419-4680-8d7c-495c4fe7e38b','2026-01-20 16:27:58',1,1),(2131,1,24,'0aa085c8-1cad-4bf4-b196-da04d7bf0457','2026-01-20 16:28:15',0,1),(2131,1,35,'e5552d2e-e5c0-4442-9dc4-1cdade1f1624','2026-01-20 16:28:05',0,1),(2131,5,24,'0aa085c8-1cad-4bf4-b196-da04d7bf0457','2026-01-20 16:28:18',1,1),(2131,5,34,'390f8c9b-03c6-4e5d-a8f9-5e1f27135c30','2026-01-20 16:28:18',1,1),(2131,5,35,'e5552d2e-e5c0-4442-9dc4-1cdade1f1624','2026-01-20 16:28:18',1,1),(2131,5,43,'b7371263-731e-45c7-ad14-cb3edcaa909b','2026-01-20 16:28:18',1,1),(2131,5,82,'24d620f3-e419-4680-8d7c-495c4fe7e38b','2026-01-20 16:28:18',1,1),(2131,6,24,'0aa085c8-1cad-4bf4-b196-da04d7bf0457','2026-01-20 16:28:18',1,1),(2131,6,34,'390f8c9b-03c6-4e5d-a8f9-5e1f27135c30','2026-01-20 16:28:18',1,1),(2131,6,35,'e5552d2e-e5c0-4442-9dc4-1cdade1f1624','2026-01-20 16:28:18',1,1),(2131,6,43,'b7371263-731e-45c7-ad14-cb3edcaa909b','2026-01-20 16:28:18',1,1),(2131,6,82,'24d620f3-e419-4680-8d7c-495c4fe7e38b','2026-01-20 16:28:18',1,1),(2132,1,24,'3a166510-68e2-48a2-9611-82ee8946335d','2026-01-20 16:49:16',0,1),(2132,1,35,'76821985-8ee3-4c1b-95ea-cfad82353800','2026-01-20 16:49:22',0,1),(2132,1,82,'a6b20cc5-cf54-41d2-85be-5633c12cf313','2026-01-20 16:49:22',0,1),(2132,5,24,'3a166510-68e2-48a2-9611-82ee8946335d','2026-01-20 16:49:17',1,1),(2132,5,34,'833d8c09-45a8-4e52-bcff-2994e643e777','2026-01-20 16:49:17',1,1),(2132,5,35,'76821985-8ee3-4c1b-95ea-cfad82353800','2026-01-20 16:49:17',1,1),(2132,5,43,'c50a0173-6c52-4ad3-8d62-7495b5894380','2026-01-20 16:49:17',1,1),(2132,5,82,'a6b20cc5-cf54-41d2-85be-5633c12cf313','2026-01-20 16:49:17',1,1),(2132,6,24,'3a166510-68e2-48a2-9611-82ee8946335d','2026-01-20 16:49:17',1,1),(2132,6,34,'833d8c09-45a8-4e52-bcff-2994e643e777','2026-01-20 16:49:17',1,1),(2132,6,35,'76821985-8ee3-4c1b-95ea-cfad82353800','2026-01-20 16:49:17',1,1),(2132,6,43,'c50a0173-6c52-4ad3-8d62-7495b5894380','2026-01-20 16:49:17',1,1),(2132,6,82,'a6b20cc5-cf54-41d2-85be-5633c12cf313','2026-01-20 16:49:17',1,1),(2133,1,24,'3a166510-68e2-48a2-9611-82ee8946335d','2026-01-20 16:49:41',0,1),(2133,1,35,'76821985-8ee3-4c1b-95ea-cfad82353800','2026-01-20 16:49:36',0,1),(2133,5,24,'3a166510-68e2-48a2-9611-82ee8946335d','2026-01-20 16:49:42',1,1),(2133,5,34,'833d8c09-45a8-4e52-bcff-2994e643e777','2026-01-20 16:49:42',1,1),(2133,5,35,'76821985-8ee3-4c1b-95ea-cfad82353800','2026-01-20 16:49:42',1,1),(2133,5,43,'c50a0173-6c52-4ad3-8d62-7495b5894380','2026-01-20 16:49:42',1,1),(2133,5,82,'a6b20cc5-cf54-41d2-85be-5633c12cf313','2026-01-20 16:49:42',1,1),(2133,6,24,'3a166510-68e2-48a2-9611-82ee8946335d','2026-01-20 16:49:42',1,1),(2133,6,34,'833d8c09-45a8-4e52-bcff-2994e643e777','2026-01-20 16:49:42',1,1),(2133,6,35,'76821985-8ee3-4c1b-95ea-cfad82353800','2026-01-20 16:49:42',1,1),(2133,6,43,'c50a0173-6c52-4ad3-8d62-7495b5894380','2026-01-20 16:49:42',1,1),(2133,6,82,'a6b20cc5-cf54-41d2-85be-5633c12cf313','2026-01-20 16:49:42',1,1),(2134,1,24,'3a166510-68e2-48a2-9611-82ee8946335d','2026-01-20 16:49:56',0,1),(2134,1,35,'76821985-8ee3-4c1b-95ea-cfad82353800','2026-01-20 16:49:52',0,1),(2134,5,24,'3a166510-68e2-48a2-9611-82ee8946335d','2026-01-20 16:49:56',1,1),(2134,5,34,'833d8c09-45a8-4e52-bcff-2994e643e777','2026-01-20 16:49:56',1,1),(2134,5,35,'76821985-8ee3-4c1b-95ea-cfad82353800','2026-01-20 16:49:56',1,1),(2134,5,43,'c50a0173-6c52-4ad3-8d62-7495b5894380','2026-01-20 16:49:56',1,1),(2134,5,82,'a6b20cc5-cf54-41d2-85be-5633c12cf313','2026-01-20 16:49:56',1,1),(2134,6,24,'3a166510-68e2-48a2-9611-82ee8946335d','2026-01-20 16:49:56',1,1),(2134,6,34,'833d8c09-45a8-4e52-bcff-2994e643e777','2026-01-20 16:49:56',1,1),(2134,6,35,'76821985-8ee3-4c1b-95ea-cfad82353800','2026-01-20 16:49:56',1,1),(2134,6,43,'c50a0173-6c52-4ad3-8d62-7495b5894380','2026-01-20 16:49:56',1,1),(2134,6,82,'a6b20cc5-cf54-41d2-85be-5633c12cf313','2026-01-20 16:49:56',1,1),(2135,1,24,'3a166510-68e2-48a2-9611-82ee8946335d','2026-01-20 16:50:08',0,1),(2135,1,35,'76821985-8ee3-4c1b-95ea-cfad82353800','2026-01-20 16:50:05',0,1),(2135,5,24,'3a166510-68e2-48a2-9611-82ee8946335d','2026-01-20 16:50:08',1,1),(2135,5,34,'833d8c09-45a8-4e52-bcff-2994e643e777','2026-01-20 16:50:08',1,1),(2135,5,35,'76821985-8ee3-4c1b-95ea-cfad82353800','2026-01-20 16:50:08',1,1),(2135,5,43,'c50a0173-6c52-4ad3-8d62-7495b5894380','2026-01-20 16:50:08',1,1),(2135,5,82,'a6b20cc5-cf54-41d2-85be-5633c12cf313','2026-01-20 16:50:08',1,1),(2135,6,24,'3a166510-68e2-48a2-9611-82ee8946335d','2026-01-20 16:50:08',1,1),(2135,6,34,'833d8c09-45a8-4e52-bcff-2994e643e777','2026-01-20 16:50:08',1,1),(2135,6,35,'76821985-8ee3-4c1b-95ea-cfad82353800','2026-01-20 16:50:08',1,1),(2135,6,43,'c50a0173-6c52-4ad3-8d62-7495b5894380','2026-01-20 16:50:08',1,1),(2135,6,82,'a6b20cc5-cf54-41d2-85be-5633c12cf313','2026-01-20 16:50:08',1,1),(2136,1,24,'3a166510-68e2-48a2-9611-82ee8946335d','2026-01-20 16:50:21',0,1),(2136,1,35,'76821985-8ee3-4c1b-95ea-cfad82353800','2026-01-20 16:50:19',0,1),(2136,5,24,'3a166510-68e2-48a2-9611-82ee8946335d','2026-01-20 16:50:22',1,1),(2136,5,34,'833d8c09-45a8-4e52-bcff-2994e643e777','2026-01-20 16:50:22',1,1),(2136,5,35,'76821985-8ee3-4c1b-95ea-cfad82353800','2026-01-20 16:50:22',1,1),(2136,5,43,'c50a0173-6c52-4ad3-8d62-7495b5894380','2026-01-20 16:50:22',1,1),(2136,5,82,'a6b20cc5-cf54-41d2-85be-5633c12cf313','2026-01-20 16:50:22',1,1),(2136,6,24,'3a166510-68e2-48a2-9611-82ee8946335d','2026-01-20 16:50:22',1,1),(2136,6,34,'833d8c09-45a8-4e52-bcff-2994e643e777','2026-01-20 16:50:22',1,1),(2136,6,35,'76821985-8ee3-4c1b-95ea-cfad82353800','2026-01-20 16:50:22',1,1),(2136,6,43,'c50a0173-6c52-4ad3-8d62-7495b5894380','2026-01-20 16:50:22',1,1),(2136,6,82,'a6b20cc5-cf54-41d2-85be-5633c12cf313','2026-01-20 16:50:22',1,1),(2137,1,24,'3a166510-68e2-48a2-9611-82ee8946335d','2026-01-20 16:50:34',0,1),(2137,1,35,'76821985-8ee3-4c1b-95ea-cfad82353800','2026-01-20 16:50:31',0,1),(2137,5,24,'3a166510-68e2-48a2-9611-82ee8946335d','2026-01-20 16:50:35',1,1),(2137,5,34,'833d8c09-45a8-4e52-bcff-2994e643e777','2026-01-20 16:50:35',1,1),(2137,5,35,'76821985-8ee3-4c1b-95ea-cfad82353800','2026-01-20 16:50:35',1,1),(2137,5,43,'c50a0173-6c52-4ad3-8d62-7495b5894380','2026-01-20 16:50:35',1,1),(2137,5,82,'a6b20cc5-cf54-41d2-85be-5633c12cf313','2026-01-20 16:50:35',1,1),(2137,6,24,'3a166510-68e2-48a2-9611-82ee8946335d','2026-01-20 16:50:35',1,1),(2137,6,34,'833d8c09-45a8-4e52-bcff-2994e643e777','2026-01-20 16:50:35',1,1),(2137,6,35,'76821985-8ee3-4c1b-95ea-cfad82353800','2026-01-20 16:50:35',1,1),(2137,6,43,'c50a0173-6c52-4ad3-8d62-7495b5894380','2026-01-20 16:50:35',1,1),(2137,6,82,'a6b20cc5-cf54-41d2-85be-5633c12cf313','2026-01-20 16:50:35',1,1),(2138,1,24,'3a166510-68e2-48a2-9611-82ee8946335d','2026-01-20 16:50:46',0,1),(2138,1,35,'76821985-8ee3-4c1b-95ea-cfad82353800','2026-01-20 16:50:43',0,1),(2138,5,24,'3a166510-68e2-48a2-9611-82ee8946335d','2026-01-20 16:50:51',1,1),(2138,5,34,'833d8c09-45a8-4e52-bcff-2994e643e777','2026-01-20 16:50:51',1,1),(2138,5,35,'76821985-8ee3-4c1b-95ea-cfad82353800','2026-01-20 16:50:51',1,1),(2138,5,43,'c50a0173-6c52-4ad3-8d62-7495b5894380','2026-01-20 16:50:51',1,1),(2138,5,82,'a6b20cc5-cf54-41d2-85be-5633c12cf313','2026-01-20 16:50:51',1,1),(2138,6,24,'3a166510-68e2-48a2-9611-82ee8946335d','2026-01-20 16:50:51',1,1),(2138,6,34,'833d8c09-45a8-4e52-bcff-2994e643e777','2026-01-20 16:50:51',1,1),(2138,6,35,'76821985-8ee3-4c1b-95ea-cfad82353800','2026-01-20 16:50:51',1,1),(2138,6,43,'c50a0173-6c52-4ad3-8d62-7495b5894380','2026-01-20 16:50:51',1,1),(2138,6,82,'a6b20cc5-cf54-41d2-85be-5633c12cf313','2026-01-20 16:50:51',1,1),(2139,1,24,'3a166510-68e2-48a2-9611-82ee8946335d','2026-01-20 16:51:04',0,1),(2139,1,35,'76821985-8ee3-4c1b-95ea-cfad82353800','2026-01-20 16:51:02',0,1),(2139,5,24,'3a166510-68e2-48a2-9611-82ee8946335d','2026-01-20 16:51:06',1,1),(2139,5,34,'833d8c09-45a8-4e52-bcff-2994e643e777','2026-01-20 16:51:06',1,1),(2139,5,35,'76821985-8ee3-4c1b-95ea-cfad82353800','2026-01-20 16:51:06',1,1),(2139,5,43,'c50a0173-6c52-4ad3-8d62-7495b5894380','2026-01-20 16:51:06',1,1),(2139,5,82,'a6b20cc5-cf54-41d2-85be-5633c12cf313','2026-01-20 16:51:06',1,1),(2139,6,24,'3a166510-68e2-48a2-9611-82ee8946335d','2026-01-20 16:51:06',1,1),(2139,6,34,'833d8c09-45a8-4e52-bcff-2994e643e777','2026-01-20 16:51:06',1,1),(2139,6,35,'76821985-8ee3-4c1b-95ea-cfad82353800','2026-01-20 16:51:06',1,1),(2139,6,43,'c50a0173-6c52-4ad3-8d62-7495b5894380','2026-01-20 16:51:06',1,1),(2139,6,82,'a6b20cc5-cf54-41d2-85be-5633c12cf313','2026-01-20 16:51:06',1,1),(2140,1,5,'4aeada16-7154-435a-9a35-9d74f24ea6fc','2026-01-20 16:51:43',0,1),(2140,5,5,'4aeada16-7154-435a-9a35-9d74f24ea6fc','2026-01-20 16:51:44',1,1),(2140,5,24,'f1074e33-6ebd-45be-907c-c6d60ddd0da9','2026-01-20 16:51:44',1,1),(2140,6,5,'4aeada16-7154-435a-9a35-9d74f24ea6fc','2026-01-20 16:51:44',1,1),(2140,6,24,'f1074e33-6ebd-45be-907c-c6d60ddd0da9','2026-01-20 16:51:44',1,1),(2143,1,24,'3a166510-68e2-48a2-9611-82ee8946335d','2026-01-20 16:53:24',0,1),(2143,1,35,'76821985-8ee3-4c1b-95ea-cfad82353800','2026-01-20 16:53:19',0,1),(2143,5,24,'3a166510-68e2-48a2-9611-82ee8946335d','2026-01-20 16:53:23',1,1),(2143,5,34,'833d8c09-45a8-4e52-bcff-2994e643e777','2026-01-20 16:53:23',1,1),(2143,5,35,'76821985-8ee3-4c1b-95ea-cfad82353800','2026-01-20 16:53:23',1,1),(2143,5,43,'c50a0173-6c52-4ad3-8d62-7495b5894380','2026-01-20 16:53:23',1,1),(2143,5,82,'a6b20cc5-cf54-41d2-85be-5633c12cf313','2026-01-20 16:53:23',1,1),(2143,6,24,'3a166510-68e2-48a2-9611-82ee8946335d','2026-01-20 16:53:24',1,1),(2143,6,34,'833d8c09-45a8-4e52-bcff-2994e643e777','2026-01-20 16:53:24',1,1),(2143,6,35,'76821985-8ee3-4c1b-95ea-cfad82353800','2026-01-20 16:53:24',1,1),(2143,6,43,'c50a0173-6c52-4ad3-8d62-7495b5894380','2026-01-20 16:53:24',1,1),(2143,6,82,'a6b20cc5-cf54-41d2-85be-5633c12cf313','2026-01-20 16:53:24',1,1),(2144,1,24,'3a166510-68e2-48a2-9611-82ee8946335d','2026-01-20 16:53:33',0,1),(2144,1,35,'76821985-8ee3-4c1b-95ea-cfad82353800','2026-01-20 16:53:39',0,1),(2144,5,24,'3a166510-68e2-48a2-9611-82ee8946335d','2026-01-20 16:53:39',1,1),(2144,5,34,'833d8c09-45a8-4e52-bcff-2994e643e777','2026-01-20 16:53:39',1,1),(2144,5,35,'76821985-8ee3-4c1b-95ea-cfad82353800','2026-01-20 16:53:39',1,1),(2144,5,43,'c50a0173-6c52-4ad3-8d62-7495b5894380','2026-01-20 16:53:39',1,1),(2144,5,82,'a6b20cc5-cf54-41d2-85be-5633c12cf313','2026-01-20 16:53:39',1,1),(2144,6,24,'3a166510-68e2-48a2-9611-82ee8946335d','2026-01-20 16:53:39',1,1),(2144,6,34,'833d8c09-45a8-4e52-bcff-2994e643e777','2026-01-20 16:53:39',1,1),(2144,6,35,'76821985-8ee3-4c1b-95ea-cfad82353800','2026-01-20 16:53:39',1,1),(2144,6,43,'c50a0173-6c52-4ad3-8d62-7495b5894380','2026-01-20 16:53:39',1,1),(2144,6,82,'a6b20cc5-cf54-41d2-85be-5633c12cf313','2026-01-20 16:53:39',1,1);
commit;

--
-- Dumping data for table `contentblocks`
--

set autocommit=0;
commit;

--
-- Dumping data for table `cpnav_layout`
--

set autocommit=0;
INSERT INTO `cpnav_layout` VALUES (1,'Default',1,'[]',1,'2025-05-08 11:09:17','2025-05-08 11:09:17','acdba2c9-919c-424d-af95-85ffda422ccb');
commit;

--
-- Dumping data for table `cpnav_navigation`
--

set autocommit=0;
INSERT INTO `cpnav_navigation` VALUES (1,1,'dashboard','Painel','Painel',1,0,1,1,NULL,NULL,'dashboard','dashboard','gauge','','craft',0,NULL,'2025-05-08 11:09:18','2025-05-08 11:37:19','58426781-ff74-4364-879b-0aeac4653669'),(2,1,'entries','Entradas','Entradas',1,1,1,1,NULL,NULL,'entries','entries','newspaper','','craft',0,NULL,'2025-05-08 11:09:18','2025-05-08 11:37:19','29799493-7c74-4966-86f8-c05f5ba5ceff'),(3,1,'globals','Globais','Globais',1,3,1,1,NULL,NULL,'globals','globals','globe','','craft',0,NULL,'2025-05-08 11:09:18','2025-05-22 11:52:11','141efeb0-8ace-4c3e-a765-0b05a4cf3ae3'),(4,1,'assets','Arquivos','Arquivos',1,4,1,1,NULL,NULL,'assets','assets','image','','craft',0,NULL,'2025-05-08 11:09:18','2025-05-22 11:52:11','047d33ef-6543-410a-aa41-6148efbb113b'),(5,1,'users','Usuários','Usuários',1,5,1,1,NULL,NULL,'users','users','user-group','','craft',0,NULL,'2025-05-08 11:09:18','2025-05-22 11:52:11','bef28ed1-226a-45ef-9c32-b6e8e28108e3'),(6,1,'field-manager','Field Manager','Field Manager',1,6,1,1,NULL,NULL,'field-manager','field-manager','/home/suba/public_html/suba/vendor/verbb/field-manager/src/icon-mask.svg','','plugin',0,NULL,'2025-05-08 11:09:18','2025-05-22 11:52:11','b6a585f0-3cb5-4bab-be1e-6d39b87d4139'),(12,1,'seo','SEO','SEO',1,7,1,1,NULL,NULL,'seo','seo','/home/suba/public_html/suba/vendor/ether/seo/src/icon-mask.svg','','plugin',0,NULL,'2025-05-08 11:09:18','2025-06-26 08:18:07','564c2e42-080b-4a54-abfb-1086130fe805'),(13,1,'dashboard','Dashboard','Dashboard',1,8,2,2,12,12,'seo','seo','','','plugin',0,NULL,'2025-05-08 11:09:18','2025-06-26 08:18:07','8561418d-1527-40c8-839c-efe3438677f7'),(14,1,'sitemap','Sitemap','Sitemap',1,9,2,2,12,12,'seo/sitemap','seo/sitemap','','','plugin',0,NULL,'2025-05-08 11:09:18','2025-06-26 08:18:07','26402a9d-3220-4b5a-a994-f86cba9ecff5'),(15,1,'redirects','Redirects','Redirects',1,10,2,2,12,12,'seo/redirects','seo/redirects','','','plugin',0,NULL,'2025-05-08 11:09:18','2025-06-26 08:18:07','fd7d4b46-a41c-4124-a9a2-c1d1c62b566c'),(16,1,'settings','Settings','Settings',1,11,2,2,12,12,'seo/settings','seo/settings','','','plugin',0,NULL,'2025-05-08 11:09:18','2025-06-26 08:18:07','96c97ab7-8566-4f72-995b-52caf05e8369'),(17,1,'graphql','GraphQL','GraphQL',0,12,1,1,NULL,NULL,'graphql','graphql','graphql','','craft',0,NULL,'2025-05-08 11:09:18','2025-06-26 08:18:07','245589bd-edaf-4007-918d-09dc5328767b'),(18,1,'schemas','Esquemas','Esquemas',1,13,2,2,17,17,'graphql/schemas','graphql/schemas','','','craft',0,NULL,'2025-05-08 11:09:18','2025-06-26 08:18:07','321f5698-6e3c-4025-ac66-124d19553f04'),(19,1,'tokens','Tokens','Tokens',1,14,2,2,17,17,'graphql/tokens','graphql/tokens','','','craft',0,NULL,'2025-05-08 11:09:18','2025-06-26 08:18:07','dc74f75f-05bc-491b-8393-fe1283a674be'),(20,1,'graphiql','GraphiQL','GraphiQL',1,15,2,2,17,17,'graphiql','graphiql','','','craft',1,NULL,'2025-05-08 11:09:18','2025-06-26 08:18:07','7db2691c-8b50-43bc-90b0-05a0a964a3e5'),(21,1,'utilities','Utilidades','Utilidades',1,16,1,1,NULL,NULL,'utilities','utilities','wrench','','craft',0,NULL,'2025-05-08 11:09:18','2025-06-26 08:18:07','cbaff4c8-9c82-4d81-a4d5-b001ced3b89e'),(22,1,'settings','Configurações','Configurações',1,24,1,1,NULL,NULL,'settings','settings','gear','','craft',0,NULL,'2025-05-08 11:09:18','2025-06-26 08:18:07','7f94e782-3bcc-4df9-bdce-8c4f17381652'),(23,1,'plugin-store','Loja de plugins','Loja de plugins',1,31,1,1,NULL,NULL,'plugin-store','plugin-store','plug','','craft',0,NULL,'2025-05-08 11:09:18','2025-06-26 08:18:07','a51df236-82c2-4ebf-b205-41329bc78460'),(24,1,'conteudo','Conteúdo','Conteúdo',1,25,NULL,1,NULL,NULL,'/admin/settings/fields?site=default','/admin/settings/fields?site=default','pencil','','manual',0,NULL,'2025-05-08 11:36:20','2025-06-26 08:18:07','126ff0f0-71ab-4343-8cd7-20fa961d9469'),(25,1,'campos','Campos','Campos',1,26,NULL,2,NULL,24,'/admin/settings/fields?site=default','/admin/settings/fields?site=default','','','manual',0,NULL,'2025-05-08 11:36:35','2025-06-26 08:18:07','bbf3076e-49fe-4694-b1eb-aff9cf833afc'),(26,1,'tipos','Tipos','Tipos',1,27,NULL,2,NULL,24,'/admin/settings/entry-types?site=default','/admin/settings/entry-types?site=default','','','manual',0,NULL,'2025-05-08 11:36:47','2025-06-26 08:18:07','adf42405-9540-453e-925a-b9e2319de04d'),(27,1,'seccoes','Secções','Secções',1,28,NULL,2,NULL,24,'/admin/settings/sections?site=default','/admin/settings/sections?site=default','','','manual',0,NULL,'2025-05-08 11:37:02','2025-06-26 08:18:07','7e67c2b5-3fb8-46a1-ad12-f065590d8c3e'),(28,1,'globais','Globais','Globais',1,29,NULL,2,NULL,24,'/admin/settings/globals?site=default','/admin/settings/globals?site=default','','','manual',0,NULL,'2025-05-08 11:37:13','2025-06-26 08:18:07','90b47f1b-2f19-46a2-ad14-4934e300255b'),(29,1,'categorias','Categorias','Categorias',1,30,NULL,2,NULL,24,'/admin/settings/categories?site=default','/admin/settings/categories?site=default','','','manual',0,NULL,'2025-05-22 11:08:37','2025-06-26 08:18:07','f9c70326-6947-41c8-a4d7-cbbdb771753c'),(38,1,'freeform','Freeform','Formulários',1,17,1,1,NULL,NULL,'freeform','freeform','/home/suba/public_html/suba/vendor/solspace/craft-freeform/packages/plugin/src/icon-mask.svg','','plugin',0,NULL,'2025-06-26 08:15:20','2025-10-24 17:07:11','5a7bd9e4-6aca-411c-96f2-4e5a2df6b316'),(39,1,'forms','Forms','Forms',1,18,2,2,38,38,'freeform/forms','freeform/forms','','','plugin',0,NULL,'2025-06-26 08:15:21','2025-06-26 08:18:07','6634448e-488d-4946-9b9e-334ebf0c6a2c'),(40,1,'submissions','Submissions','Submissions',1,19,2,2,38,38,'freeform/submissions','freeform/submissions','','','plugin',0,NULL,'2025-06-26 08:15:23','2025-06-26 08:18:07','721b8d5c-86e6-4875-9c76-67cdf5c89232'),(41,1,'spam','Spam','Spam',1,20,2,2,38,38,'freeform/spam','freeform/spam','','','plugin',0,NULL,'2025-06-26 08:15:25','2025-06-26 08:18:07','5ce4efd9-a4f1-43cc-b0b4-988eb6989076'),(42,1,'notifications','Notifications','Notifications',1,21,2,2,38,38,'freeform/notifications','freeform/notifications','','','plugin',0,NULL,'2025-06-26 08:15:26','2025-06-26 08:18:07','487942a4-2f0c-4d8b-b5ed-ec9cda7bf22b'),(43,1,'export','Import / Export','Import / Export',1,22,2,2,38,38,'freeform/export/profiles','freeform/export/profiles','','','plugin',0,NULL,'2025-06-26 08:15:28','2025-06-26 08:18:07','f3de927a-cd75-46a7-8bf3-495930e013c9'),(44,1,'settings','Settings','Settings',1,23,2,2,38,38,'freeform/settings','freeform/settings','','','plugin',0,NULL,'2025-06-26 08:15:29','2025-06-26 08:18:07','2b78a747-0c26-4f83-ac90-38ed51c17764');
commit;

--
-- Dumping data for table `craftidtokens`
--

set autocommit=0;
commit;

--
-- Dumping data for table `deprecationerrors`
--

set autocommit=0;
commit;

--
-- Dumping data for table `drafts`
--

set autocommit=0;
INSERT INTO `drafts` VALUES (553,NULL,1,0,'Primeiro rascunho',NULL,0,NULL,0);
commit;

--
-- Dumping data for table `elementactivity`
--

set autocommit=0;
INSERT INTO `elementactivity` VALUES (2,1,1,NULL,'edit','2026-01-20 15:28:31'),(2,1,1,NULL,'save','2026-01-20 15:28:36'),(2,1,1,NULL,'view','2026-01-20 15:30:45'),(76,1,1,NULL,'save','2026-01-20 16:52:40'),(76,1,1,NULL,'view','2026-01-20 16:53:43'),(77,1,1,NULL,'edit','2026-01-20 16:25:29'),(77,1,1,NULL,'save','2026-01-20 16:25:29'),(77,1,1,NULL,'view','2026-01-20 16:28:26'),(121,1,1,NULL,'edit','2026-01-20 15:57:53'),(121,1,1,NULL,'save','2026-01-20 15:57:55'),(121,1,1,NULL,'view','2026-01-20 16:00:29'),(165,1,1,NULL,'edit','2026-01-20 15:30:17'),(165,1,1,NULL,'save','2026-01-20 15:30:23'),(165,1,1,NULL,'view','2026-01-20 15:30:32'),(171,1,1,NULL,'edit','2026-01-20 12:29:25'),(171,1,1,NULL,'save','2026-01-20 12:29:28'),(171,1,1,NULL,'view','2026-01-20 12:29:34'),(211,1,1,NULL,'save','2026-01-20 16:52:49'),(211,1,1,NULL,'view','2026-01-20 16:53:34'),(212,1,1,NULL,'save','2026-01-20 16:53:02'),(212,1,1,NULL,'view','2026-01-20 16:53:31'),(493,1,1,NULL,'edit','2026-01-20 12:26:55'),(493,1,1,NULL,'view','2026-01-20 12:28:54'),(521,1,1,NULL,'edit','2026-01-20 12:27:24'),(521,1,1,NULL,'view','2026-01-20 12:28:49'),(546,1,1,NULL,'view','2026-01-20 16:24:24'),(551,1,1,NULL,'edit','2026-01-20 16:26:16'),(551,1,1,NULL,'save','2026-01-20 16:26:17'),(551,1,1,NULL,'view','2026-01-20 16:28:25'),(1196,1,1,NULL,'edit','2026-01-20 12:27:12'),(1196,1,1,NULL,'view','2026-01-20 12:28:36'),(1803,1,1,NULL,'edit','2026-01-20 11:27:15'),(1803,1,1,NULL,'save','2026-01-20 11:27:20'),(1803,1,1,NULL,'view','2026-01-20 11:39:39'),(1841,1,1,NULL,'edit','2026-01-20 11:31:51'),(1841,1,1,NULL,'save','2026-01-20 11:32:21'),(1841,1,1,NULL,'view','2026-01-20 11:39:40'),(1929,1,1,NULL,'edit','2026-01-20 12:33:17'),(1929,1,1,NULL,'save','2026-01-20 12:33:26'),(1929,1,1,NULL,'view','2026-01-20 12:37:26'),(1931,1,1,NULL,'edit','2026-01-20 12:35:56'),(1931,1,1,NULL,'save','2026-01-20 12:36:21'),(1931,1,1,NULL,'view','2026-01-20 12:37:25'),(1933,1,1,NULL,'edit','2026-01-20 12:37:08'),(1933,1,1,NULL,'save','2026-01-20 12:37:10'),(1933,1,1,NULL,'view','2026-01-20 12:37:17'),(2031,1,1,NULL,'save','2026-01-20 15:10:34'),(2031,1,1,NULL,'view','2026-01-20 15:12:49'),(2032,1,1,NULL,'save','2026-01-20 15:10:33'),(2032,1,1,NULL,'view','2026-01-20 15:12:50'),(2033,1,1,NULL,'save','2026-01-20 15:10:32'),(2033,1,1,NULL,'view','2026-01-20 15:12:52'),(2034,1,1,NULL,'save','2026-01-20 15:10:45'),(2034,1,1,NULL,'view','2026-01-20 15:12:53'),(2039,1,1,NULL,'save','2026-01-20 15:13:33'),(2039,1,1,NULL,'view','2026-01-20 15:46:54'),(2094,1,1,NULL,'edit','2026-01-20 15:54:54'),(2094,1,1,NULL,'save','2026-01-20 15:58:14'),(2094,1,1,NULL,'view','2026-01-20 16:00:28'),(2099,1,1,NULL,'edit','2026-01-20 16:00:15'),(2099,1,1,NULL,'save','2026-01-20 16:00:20'),(2099,1,1,NULL,'view','2026-01-20 16:00:26'),(2116,1,1,NULL,'view','2026-01-20 16:28:23'),(2117,1,1,NULL,'edit','2026-01-20 16:25:16'),(2117,1,1,NULL,'save','2026-01-20 16:25:16'),(2117,1,5,NULL,'view','2026-01-20 16:57:08'),(2120,1,1,NULL,'save','2026-01-20 16:25:42'),(2120,1,1,NULL,'view','2026-01-20 16:28:24'),(2121,1,1,NULL,'save','2026-01-20 16:25:55'),(2121,1,1,NULL,'view','2026-01-20 16:28:23'),(2123,1,1,NULL,'save','2026-01-20 16:26:32'),(2123,1,1,NULL,'view','2026-01-20 16:28:25'),(2124,1,1,NULL,'save','2026-01-20 16:26:43'),(2124,1,1,NULL,'view','2026-01-20 16:28:24'),(2125,1,1,NULL,'save','2026-01-20 16:26:55'),(2125,1,1,NULL,'view','2026-01-20 16:28:21'),(2126,1,1,NULL,'save','2026-01-20 16:27:10'),(2126,1,1,NULL,'view','2026-01-20 16:28:21'),(2127,1,1,NULL,'save','2026-01-20 16:27:25'),(2127,1,1,NULL,'view','2026-01-20 16:28:14'),(2128,1,1,NULL,'save','2026-01-20 16:27:37'),(2128,1,1,NULL,'view','2026-01-20 16:28:14'),(2129,1,1,NULL,'save','2026-01-20 16:27:46'),(2129,1,1,NULL,'view','2026-01-20 16:28:26'),(2130,1,1,NULL,'save','2026-01-20 16:27:58'),(2130,1,1,NULL,'view','2026-01-20 16:28:20'),(2131,1,1,NULL,'save','2026-01-20 16:28:18'),(2131,1,1,NULL,'view','2026-01-20 16:28:16'),(2132,1,1,NULL,'save','2026-01-20 16:49:22'),(2132,1,1,NULL,'view','2026-01-20 16:53:37'),(2133,1,1,NULL,'save','2026-01-20 16:49:42'),(2133,1,1,NULL,'view','2026-01-20 16:53:38'),(2134,1,1,NULL,'save','2026-01-20 16:49:56'),(2134,1,1,NULL,'view','2026-01-20 16:53:39'),(2135,1,1,NULL,'save','2026-01-20 16:50:08'),(2135,1,1,NULL,'view','2026-01-20 16:53:37'),(2136,1,1,NULL,'save','2026-01-20 16:50:22'),(2136,1,1,NULL,'view','2026-01-20 16:53:38'),(2137,1,1,NULL,'save','2026-01-20 16:50:36'),(2137,1,1,NULL,'view','2026-01-20 16:53:39'),(2138,1,1,NULL,'save','2026-01-20 16:50:51'),(2138,1,1,NULL,'view','2026-01-20 16:53:40'),(2139,1,1,NULL,'save','2026-01-20 16:51:06'),(2139,1,1,NULL,'view','2026-01-20 16:53:41'),(2140,1,1,NULL,'save','2026-01-20 16:51:44'),(2140,1,1,NULL,'view','2026-01-20 16:53:41'),(2143,1,1,NULL,'save','2026-01-20 16:53:24'),(2143,1,1,NULL,'view','2026-01-20 16:53:43'),(2144,1,1,NULL,'save','2026-01-20 16:53:39'),(2144,1,1,NULL,'view','2026-01-20 16:53:43');
commit;

--
-- Dumping data for table `elements`
--

set autocommit=0;
INSERT INTO `elements` VALUES (1,NULL,NULL,NULL,NULL,'craft\\elements\\User',1,0,'2025-04-22 08:28:22','2025-04-22 08:28:22',NULL,NULL,NULL,'1c89a23f-5d4b-4b47-b330-d1df095b79fe'),(2,NULL,NULL,NULL,1,'craft\\elements\\Entry',1,0,'2025-04-22 10:15:14','2026-01-20 15:28:32',NULL,NULL,NULL,'a85ca3c3-9626-4f43-819a-65b5e67c8a4b'),(3,2,NULL,1,1,'craft\\elements\\Entry',1,0,'2025-04-22 10:15:14','2025-04-22 10:15:14',NULL,NULL,NULL,'75880c6a-7354-48bf-bbc2-40ee403f15fc'),(12,NULL,NULL,NULL,2,'craft\\elements\\Entry',1,0,'2025-04-22 11:04:22','2025-04-22 11:07:29',NULL,'2025-04-22 11:07:29',NULL,'8d8f6c2a-2251-4517-944a-38eb2331378a'),(13,NULL,NULL,NULL,2,'craft\\elements\\Entry',1,0,'2025-04-22 11:04:22','2026-01-20 09:12:15',NULL,NULL,NULL,'fde422d3-c66a-4563-bf05-9d2063206173'),(14,2,NULL,2,1,'craft\\elements\\Entry',1,0,'2025-04-22 11:04:22','2025-04-22 11:04:23',NULL,NULL,NULL,'2d571c78-e2fe-4dc3-9349-43adf5152056'),(15,12,NULL,3,2,'craft\\elements\\Entry',1,0,'2025-04-22 11:04:22','2025-04-22 11:04:23',NULL,'2025-04-22 11:07:29',NULL,'23f68c63-6598-4773-91c7-d91c050a364f'),(16,13,NULL,4,2,'craft\\elements\\Entry',1,0,'2025-04-22 11:04:22','2025-10-24 13:42:06',NULL,NULL,NULL,'a29e3ccd-a187-4770-bfe7-8a01b8cfbecc'),(17,2,NULL,5,1,'craft\\elements\\Entry',1,0,'2025-04-22 11:07:00','2025-04-22 11:07:00',NULL,NULL,NULL,'22ba2a0d-2685-4607-9545-b9e4b87a2818'),(18,13,NULL,6,2,'craft\\elements\\Entry',1,0,'2025-04-22 11:07:00','2025-10-24 13:42:07',NULL,NULL,NULL,'9121badc-6e1c-4034-9d8a-6854b7bd43bc'),(21,2,NULL,7,1,'craft\\elements\\Entry',1,0,'2025-04-22 11:07:29','2025-04-22 11:07:29',NULL,NULL,NULL,'ec3fd5a9-3818-4f50-9998-0a2a2a80790f'),(22,13,NULL,8,2,'craft\\elements\\Entry',1,0,'2025-04-22 11:07:29','2025-10-24 13:42:07',NULL,NULL,NULL,'281510b9-5d48-4dfb-86cb-1cff0615e991'),(23,2,NULL,9,1,'craft\\elements\\Entry',1,0,'2025-04-22 11:08:15','2025-04-22 11:08:15',NULL,NULL,NULL,'fc23dbd4-ad85-40a7-a3bb-a73ecf36939a'),(24,13,NULL,10,2,'craft\\elements\\Entry',1,0,'2025-04-22 11:08:15','2025-10-24 13:42:07',NULL,NULL,NULL,'47db5e57-98e9-4290-8cc1-0f44298d1949'),(27,2,NULL,11,1,'craft\\elements\\Entry',1,0,'2025-04-22 11:08:31','2025-04-22 11:08:32',NULL,NULL,NULL,'186540bf-ab4b-4c51-9842-f72e11cf05bf'),(28,13,NULL,12,2,'craft\\elements\\Entry',1,0,'2025-04-22 11:08:32','2025-10-24 13:42:07',NULL,NULL,NULL,'5a5d59bd-2282-4d3d-918c-a484f5c4ab9a'),(31,2,NULL,13,1,'craft\\elements\\Entry',1,0,'2025-04-22 11:08:45','2025-04-22 11:08:45',NULL,NULL,NULL,'6cd5025d-1b0f-466a-87d8-2ab799f5f30b'),(32,13,NULL,14,2,'craft\\elements\\Entry',1,0,'2025-04-22 11:08:45','2025-10-24 13:42:11',NULL,NULL,NULL,'5c6127c7-b2cf-4e51-bb7b-307350f29b35'),(41,2,NULL,20,1,'craft\\elements\\Entry',1,0,'2025-04-22 11:22:20','2025-04-22 11:22:20',NULL,NULL,NULL,'c546704c-0a48-4a64-9130-131241d0d359'),(47,2,NULL,24,1,'craft\\elements\\Entry',1,0,'2025-04-22 11:22:42','2025-04-22 11:22:42',NULL,NULL,NULL,'ca597dfb-f1ce-4ca9-9339-a925fa531dca'),(54,2,NULL,29,1,'craft\\elements\\Entry',1,0,'2025-04-22 11:23:50','2025-04-22 11:23:50',NULL,NULL,NULL,'bd4b4b5d-3a99-4b3b-a179-9b72a4ec0fe0'),(60,2,NULL,33,1,'craft\\elements\\Entry',1,0,'2025-04-22 11:24:06','2025-04-22 11:24:06',NULL,NULL,NULL,'f3326c9d-4479-492a-ab23-81594f01c0f6'),(70,NULL,NULL,NULL,33,'craft\\elements\\GlobalSet',1,0,'2025-04-22 14:24:17','2026-01-20 16:28:27',NULL,NULL,NULL,'736b1dc4-f24e-41da-bee1-d34eb1ea2b09'),(71,NULL,NULL,NULL,34,'craft\\elements\\GlobalSet',1,0,'2025-04-22 14:24:39','2026-01-20 16:54:19',NULL,NULL,NULL,'8d4a769f-8a82-4c89-b709-c367eaa6eb0e'),(72,NULL,NULL,NULL,30,'craft\\elements\\Entry',1,0,'2025-04-22 14:24:49','2026-01-20 16:28:27',NULL,NULL,NULL,'e0b4afab-5f44-4d2a-8e42-8d4693d11ca6'),(73,NULL,NULL,NULL,29,'craft\\elements\\Entry',1,0,'2025-04-22 14:25:37','2026-01-20 16:54:19',NULL,NULL,NULL,'f57ad751-42cc-4364-a49e-eb3aed973842'),(74,NULL,NULL,NULL,28,'craft\\elements\\Entry',1,0,'2025-04-22 14:25:42','2026-01-19 17:57:15',NULL,NULL,NULL,'46da8bb1-6d40-447d-97d0-42e73e38a474'),(75,NULL,NULL,NULL,32,'craft\\elements\\Entry',1,0,'2025-04-22 14:26:27','2026-01-20 16:54:19',NULL,NULL,NULL,'c6cc9597-4a05-4c54-913f-abef196cda2c'),(76,NULL,NULL,NULL,31,'craft\\elements\\Entry',1,0,'2025-04-22 14:26:56','2026-01-20 16:52:40',NULL,NULL,NULL,'6f972967-6db7-4e52-9988-4df6f7328b9d'),(77,NULL,NULL,NULL,28,'craft\\elements\\Entry',1,0,'2025-04-22 14:27:32','2026-01-20 16:25:29',NULL,NULL,NULL,'e552cf98-8f0c-40db-9653-bd3ab7e43497'),(108,NULL,NULL,NULL,20,'craft\\elements\\Entry',1,0,'2025-04-22 14:39:52','2025-06-26 14:53:51',NULL,'2025-06-26 14:53:51',NULL,'77dd3548-7822-4620-8230-6a5c7cf5e1c9'),(109,108,NULL,59,20,'craft\\elements\\Entry',1,0,'2025-04-22 14:39:52','2025-10-24 13:42:11',NULL,NULL,NULL,'3c5d93e1-bf22-44d1-bfe9-d8c72f3061b3'),(110,NULL,NULL,NULL,21,'craft\\elements\\Entry',1,0,'2025-04-22 14:39:52','2025-06-26 14:53:51',NULL,'2025-06-26 14:53:51',NULL,'92f377fa-94da-4b98-8d7e-3b1480eb9c1e'),(111,110,NULL,60,21,'craft\\elements\\Entry',1,0,'2025-04-22 14:39:52','2025-04-22 14:39:52',NULL,'2025-06-26 14:53:51',NULL,'b20e86f4-6c53-4687-9d4c-6a52324ee015'),(112,NULL,NULL,NULL,22,'craft\\elements\\Entry',1,0,'2025-04-22 14:39:53','2025-06-26 14:53:52',NULL,'2025-06-26 14:53:52',NULL,'9f24655e-0017-4767-86c2-67cfc437bb74'),(113,112,NULL,61,22,'craft\\elements\\Entry',1,0,'2025-04-22 14:39:53','2025-10-24 13:42:11',NULL,NULL,NULL,'bbb9766f-a4bc-422f-8bb6-364522ea10fd'),(114,NULL,NULL,NULL,24,'craft\\elements\\Entry',1,0,'2025-04-22 14:39:53','2025-06-26 14:53:53',NULL,'2025-06-26 14:53:53',NULL,'ba1708bc-acf9-4e9c-8d80-0295641f0535'),(115,114,NULL,62,24,'craft\\elements\\Entry',1,0,'2025-04-22 14:39:53','2025-10-24 13:42:11',NULL,NULL,NULL,'7fb2b139-a100-4d4c-b079-adcf224f1e17'),(116,NULL,NULL,NULL,25,'craft\\elements\\Entry',1,0,'2025-04-22 14:39:54','2025-06-26 14:53:53',NULL,'2025-06-26 14:53:53',NULL,'62d7ada9-9071-4576-b322-1be47d62a356'),(117,116,NULL,63,25,'craft\\elements\\Entry',1,0,'2025-04-22 14:39:54','2025-10-24 13:42:11',NULL,NULL,NULL,'3c00d948-d3e6-49d6-8109-f794c4a206b2'),(118,NULL,NULL,NULL,9,'craft\\elements\\Entry',1,0,'2025-04-22 14:39:54','2025-06-26 14:53:53',NULL,'2025-06-26 14:53:53',1,'3d689750-26ec-42c8-a83d-695623851703'),(119,2,NULL,64,1,'craft\\elements\\Entry',1,0,'2025-04-22 14:39:52','2025-04-22 14:39:54',NULL,NULL,NULL,'3a90ca7d-6866-4f97-8427-5b7ab06c9e65'),(120,110,NULL,65,21,'craft\\elements\\Entry',1,0,'2025-04-22 14:39:53','2025-10-24 13:42:11',NULL,NULL,NULL,'87d11bf5-c036-41cc-922d-4b951eb66c0d'),(121,NULL,NULL,NULL,35,'craft\\elements\\Entry',1,0,'2025-04-22 14:44:34','2026-01-20 15:57:55',NULL,NULL,NULL,'35071c47-fc17-4ff5-9fa0-b30e34da6306'),(122,121,NULL,66,35,'craft\\elements\\Entry',1,0,'2025-04-22 14:44:34','2025-04-22 14:44:34',NULL,NULL,NULL,'7ad66390-a9fe-4e18-8d0b-5563c0a5d7d3'),(124,121,NULL,67,35,'craft\\elements\\Entry',1,0,'2025-04-22 15:08:03','2025-04-22 15:08:03',NULL,NULL,NULL,'6dad51b7-b03b-462c-9abd-c39f326bc7ef'),(126,121,NULL,68,35,'craft\\elements\\Entry',1,0,'2025-04-22 15:10:38','2025-04-22 15:10:39',NULL,NULL,NULL,'289925e4-f744-4f9b-a8b7-f6eaf7dc378e'),(128,121,NULL,69,35,'craft\\elements\\Entry',1,0,'2025-04-22 15:16:50','2025-04-22 15:16:50',NULL,NULL,NULL,'565d5748-6677-47af-bbdb-17a96c03de4e'),(130,121,NULL,70,35,'craft\\elements\\Entry',1,0,'2025-04-22 15:21:37','2025-04-22 15:21:37',NULL,NULL,NULL,'62bf4e74-6c24-4e38-9a39-8a5ec306d4a2'),(131,121,NULL,71,35,'craft\\elements\\Entry',1,0,'2025-04-22 15:23:24','2025-04-22 15:23:24',NULL,NULL,NULL,'24159dd1-3c4f-4483-ae6a-2d477b11b7b7'),(132,121,NULL,72,35,'craft\\elements\\Entry',1,0,'2025-04-22 15:23:29','2025-04-22 15:23:29',NULL,NULL,NULL,'3cdbb53f-9bab-46a1-bb1e-11b3829a12f8'),(133,2,NULL,73,1,'craft\\elements\\Entry',1,0,'2025-04-22 16:23:12','2025-04-22 16:23:12',NULL,NULL,NULL,'2d393bf3-062d-49e1-b635-2dbb4dd6d7b5'),(134,121,NULL,74,35,'craft\\elements\\Entry',1,0,'2025-04-22 16:23:12','2025-04-22 16:23:12',NULL,NULL,NULL,'4a31f48a-e698-4bc8-9664-48640e4c179f'),(135,2,NULL,75,1,'craft\\elements\\Entry',1,0,'2025-04-22 16:23:13','2025-04-22 16:23:13',NULL,NULL,NULL,'3a20e6bc-dfac-4b22-b086-fa12799aaa12'),(136,2,NULL,76,1,'craft\\elements\\Entry',1,0,'2025-04-22 16:23:14','2025-04-22 16:23:14',NULL,NULL,NULL,'79381903-0144-4228-b382-e426f3691f5d'),(137,121,NULL,77,35,'craft\\elements\\Entry',1,0,'2025-04-22 16:23:14','2025-04-22 16:23:14',NULL,NULL,NULL,'fc0632ea-16b7-4e27-83f0-93f042f53972'),(138,108,NULL,78,20,'craft\\elements\\Entry',1,0,'2025-04-22 16:23:17','2025-10-24 13:42:14',NULL,NULL,NULL,'28137530-4efc-4c61-8914-53345f00fc25'),(139,110,NULL,79,21,'craft\\elements\\Entry',1,0,'2025-04-22 16:23:17','2025-10-24 13:42:14',NULL,NULL,NULL,'c0f25542-6db3-4218-860e-d980355aaff7'),(140,112,NULL,80,22,'craft\\elements\\Entry',1,0,'2025-04-22 16:23:17','2025-10-24 13:42:14',NULL,NULL,NULL,'0f561f6f-734a-4096-88d6-4b14373762e6'),(141,114,NULL,81,24,'craft\\elements\\Entry',1,0,'2025-04-22 16:23:17','2025-10-24 13:42:14',NULL,NULL,NULL,'2e8e6b8f-49fa-4ec5-8079-efc8147a65e2'),(142,116,NULL,82,25,'craft\\elements\\Entry',1,0,'2025-04-22 16:23:17','2025-10-24 13:42:14',NULL,NULL,NULL,'2cc0b95b-a069-4e07-b1fe-4c31a0edf7e7'),(143,2,NULL,83,1,'craft\\elements\\Entry',1,0,'2025-05-08 11:07:04','2025-05-08 11:07:04',NULL,NULL,NULL,'0c67cf47-1263-4746-9931-4fc8dae0df5c'),(144,13,NULL,84,2,'craft\\elements\\Entry',1,0,'2025-04-22 16:23:17','2025-10-24 13:42:14',NULL,NULL,NULL,'ee34cb62-79e2-476d-bf08-e04a8cec2b20'),(145,121,NULL,85,35,'craft\\elements\\Entry',1,0,'2025-05-08 11:07:05','2025-05-08 11:07:05',NULL,NULL,NULL,'44985acc-de6a-4443-ac38-2db242fb0726'),(146,2,NULL,86,1,'craft\\elements\\Entry',1,0,'2025-05-08 11:07:06','2025-05-08 11:07:06',NULL,NULL,NULL,'a4217f04-3454-47a5-87f2-5b5c6e03dfc3'),(147,121,NULL,87,35,'craft\\elements\\Entry',1,0,'2025-05-08 11:07:06','2025-05-08 11:07:06',NULL,NULL,NULL,'f2a52077-f413-408f-bad6-f6b62c9a91aa'),(152,121,NULL,89,35,'craft\\elements\\Entry',1,0,'2025-05-22 11:23:37','2025-05-22 11:23:37',NULL,NULL,NULL,'64ff0630-a486-43a6-a301-2a393f438a8e'),(153,121,NULL,90,35,'craft\\elements\\Entry',1,0,'2025-05-22 11:23:38','2025-05-22 11:23:38',NULL,NULL,NULL,'61feeda0-b467-44f1-986c-ca1c6b95fa43'),(154,2,NULL,91,1,'craft\\elements\\Entry',1,0,'2025-05-22 11:23:42','2025-05-22 11:23:42',NULL,NULL,NULL,'11477a66-f746-49d3-9e1f-24ae905e762f'),(155,108,NULL,92,20,'craft\\elements\\Entry',1,0,'2025-05-22 11:23:52','2025-05-22 11:23:52',NULL,'2025-06-26 14:53:51',NULL,'19871fa9-bba7-4435-a505-653b30fd94c7'),(156,110,NULL,93,21,'craft\\elements\\Entry',1,0,'2025-05-22 11:23:52','2025-05-22 11:23:52',NULL,'2025-06-26 14:53:51',NULL,'5d129724-f436-48bc-85c5-c8b6d55d7803'),(157,112,NULL,94,22,'craft\\elements\\Entry',1,0,'2025-05-22 11:23:52','2025-05-22 11:23:52',NULL,'2025-06-26 14:53:52',NULL,'64bbb33d-d195-426b-b780-7e9d53559a26'),(158,114,NULL,95,24,'craft\\elements\\Entry',1,0,'2025-05-22 11:23:52','2025-05-22 11:23:52',NULL,'2025-06-26 14:53:53',NULL,'982a9459-ed2b-4586-b612-0947d7b602de'),(159,116,NULL,96,25,'craft\\elements\\Entry',1,0,'2025-05-22 11:23:53','2025-05-22 11:23:53',NULL,'2025-06-26 14:53:53',NULL,'c8b43f85-1597-4640-b9e5-45dea0492d06'),(160,108,NULL,97,20,'craft\\elements\\Entry',1,0,'2025-05-22 11:23:58','2025-05-22 11:23:58',NULL,'2025-06-26 14:53:51',NULL,'aa66efde-1562-45fb-a5bb-f53b8c125ce5'),(162,112,NULL,99,22,'craft\\elements\\Entry',1,0,'2025-05-22 11:23:58','2025-05-22 11:23:58',NULL,'2025-06-26 14:53:52',NULL,'4fb19022-b447-4a62-8cef-5cae097e0718'),(163,114,NULL,100,24,'craft\\elements\\Entry',1,0,'2025-05-22 11:23:58','2025-05-22 11:23:58',NULL,'2025-06-26 14:53:53',NULL,'d0bc42cf-b265-48ee-99fd-b7fd3be7cfef'),(164,116,NULL,101,25,'craft\\elements\\Entry',1,0,'2025-05-22 11:23:59','2025-05-22 11:23:59',NULL,'2025-06-26 14:53:53',NULL,'cdc6fcc7-4b50-4531-908b-cf330819a2cc'),(165,NULL,NULL,NULL,38,'craft\\elements\\Entry',1,0,'2025-05-22 11:26:19','2026-01-20 15:30:20',NULL,NULL,NULL,'103a62b1-cf5e-44ee-9adc-83335f2b8ff6'),(166,165,NULL,102,38,'craft\\elements\\Entry',1,0,'2025-05-22 11:26:19','2025-05-22 11:26:19',NULL,NULL,NULL,'e4852461-14bf-48e7-86d6-cee26849e565'),(169,165,NULL,104,38,'craft\\elements\\Entry',1,0,'2025-05-22 11:31:13','2025-05-22 11:31:13',NULL,NULL,NULL,'ecbd5664-4681-43bf-951f-857133af18f2'),(171,NULL,NULL,NULL,40,'craft\\elements\\Entry',1,0,'2025-05-22 11:36:42','2026-01-20 12:29:28',NULL,NULL,NULL,'4369e022-62ce-4cbb-8794-a6f4cbc92f75'),(172,171,NULL,106,40,'craft\\elements\\Entry',1,0,'2025-05-22 11:36:42','2025-05-22 11:36:42',NULL,NULL,NULL,'076e164b-7541-4088-af7f-d121786ef2f1'),(175,108,NULL,108,20,'craft\\elements\\Entry',1,0,'2025-05-22 13:59:06','2025-05-22 13:59:06',NULL,'2025-06-26 14:53:51',NULL,'61148f8e-9be2-4835-a2a2-bf7cbd49656a'),(176,110,NULL,109,21,'craft\\elements\\Entry',1,0,'2025-05-22 13:59:06','2025-05-22 13:59:06',NULL,'2025-06-26 14:53:51',NULL,'18b4b306-419a-47e8-ad34-4ce82ce44858'),(177,112,NULL,110,22,'craft\\elements\\Entry',1,0,'2025-05-22 13:59:07','2025-05-22 13:59:07',NULL,'2025-06-26 14:53:52',NULL,'7ef5b408-9c14-4ee5-9e3e-6c37c5807a42'),(178,114,NULL,111,24,'craft\\elements\\Entry',1,0,'2025-05-22 13:59:07','2025-05-22 13:59:07',NULL,'2025-06-26 14:53:53',NULL,'1954edbb-580f-484a-90ba-349fc955c8cc'),(179,116,NULL,112,25,'craft\\elements\\Entry',1,0,'2025-05-22 13:59:07','2025-05-22 13:59:07',NULL,'2025-06-26 14:53:53',NULL,'31185d06-c20c-47c8-b06a-2c418398dac5'),(180,118,NULL,113,9,'craft\\elements\\Entry',1,0,'2025-05-22 13:56:39','2025-05-22 13:59:07',NULL,'2025-06-26 14:53:53',NULL,'559ea773-e3e4-4019-935b-5761311616fc'),(182,NULL,NULL,NULL,3,'craft\\elements\\Asset',1,0,'2025-06-26 08:59:40','2025-10-24 10:59:43',NULL,NULL,NULL,'6b547917-0b1c-4c1b-b3c5-a7648887d0e9'),(187,NULL,NULL,NULL,86,'craft\\elements\\Entry',1,0,'2025-06-26 09:08:46','2025-10-24 11:19:55',NULL,NULL,NULL,'26a0b108-4b36-4a6a-b040-acb6f01973bb'),(194,NULL,NULL,NULL,28,'craft\\elements\\Entry',1,0,'2025-06-26 09:13:13','2025-10-24 11:19:55',NULL,NULL,NULL,'44894250-6bdc-465b-a954-064fe65e0ee0'),(195,NULL,NULL,NULL,28,'craft\\elements\\Entry',1,0,'2025-06-26 09:13:13','2025-10-24 11:19:56',NULL,NULL,NULL,'b94a39c5-bd5e-48ae-b327-bc8aa80cf8e8'),(196,NULL,NULL,NULL,28,'craft\\elements\\Entry',1,0,'2025-06-26 09:13:14','2025-10-24 11:19:56',NULL,NULL,NULL,'64975d56-6562-4341-bf31-789678c7809d'),(197,NULL,NULL,NULL,28,'craft\\elements\\Entry',1,0,'2025-06-26 09:13:14','2025-10-24 11:19:56',NULL,NULL,NULL,'e10eb719-6270-4b25-8be6-b365e6a93e40'),(198,NULL,NULL,NULL,86,'craft\\elements\\Entry',1,0,'2025-06-26 09:13:16','2025-10-24 11:19:56',NULL,NULL,NULL,'f343f9fb-50ba-4328-99ee-1c58e38ebc80'),(199,NULL,NULL,NULL,28,'craft\\elements\\Entry',1,0,'2025-06-26 09:13:20','2025-10-24 11:19:56',NULL,NULL,NULL,'07b94f94-4283-4f3f-9e75-a2b19d24bca3'),(200,NULL,NULL,NULL,28,'craft\\elements\\Entry',1,0,'2025-06-26 09:13:47','2025-10-24 11:19:56',NULL,NULL,NULL,'ccb6501a-1393-42af-abd0-0e7de91b6875'),(208,NULL,NULL,NULL,31,'craft\\elements\\Entry',1,0,'2025-06-26 09:20:05','2026-01-20 16:52:58',NULL,'2026-01-20 16:52:58',NULL,'b21cd682-f755-4423-95e3-98b542439557'),(211,NULL,NULL,NULL,31,'craft\\elements\\Entry',1,0,'2025-06-26 09:21:13','2026-01-20 16:52:48',NULL,NULL,NULL,'d69b1e72-5ca2-41aa-ac45-a85b220a6758'),(212,NULL,NULL,NULL,31,'craft\\elements\\Entry',1,0,'2025-06-26 09:21:26','2026-01-20 16:53:02',NULL,NULL,NULL,'14f4313d-9549-4886-969d-46dfcbb871d9'),(214,NULL,NULL,NULL,90,'craft\\elements\\Entry',1,0,'2025-06-26 10:28:32','2025-10-24 14:47:04',NULL,'2026-01-20 15:06:03',NULL,'0f11d90e-2cd4-4fcb-9f8f-6cd1cb9aefd3'),(215,214,NULL,115,90,'craft\\elements\\Entry',1,0,'2025-06-26 10:28:32','2025-06-26 10:28:32',NULL,NULL,NULL,'a750e003-4149-4d43-bc23-6bb3caf8c2b9'),(287,NULL,NULL,NULL,18,'craft\\elements\\Entry',1,0,'2025-06-26 14:53:51','2026-01-19 16:15:50',NULL,'2026-01-19 16:15:50',NULL,'3fd607d9-8a84-46ba-8a9f-d5482aa78de7'),(288,287,NULL,151,18,'craft\\elements\\Entry',1,0,'2025-06-26 14:53:51','2026-01-20 09:12:38',NULL,NULL,NULL,'b2b32ac6-1b59-4400-a2b5-2a7d5f97ef77'),(289,NULL,NULL,NULL,19,'craft\\elements\\Entry',1,0,'2025-06-26 14:53:51','2025-10-24 14:06:27',NULL,'2025-10-24 14:06:27',NULL,'4be9e965-f61d-4b9e-bac3-1c83bc770f96'),(290,289,NULL,152,19,'craft\\elements\\Entry',1,0,'2025-06-26 14:53:51','2026-01-20 09:12:38',NULL,NULL,NULL,'a6d8185e-1302-4c33-9c7b-3985f6d78828'),(291,NULL,NULL,NULL,12,'craft\\elements\\Entry',1,0,'2025-06-26 14:53:51','2026-01-19 16:15:50',NULL,'2026-01-19 16:15:50',NULL,'bd9af66f-ae3b-451a-972a-186d3449ec63'),(292,291,NULL,153,12,'craft\\elements\\Entry',1,0,'2025-06-26 14:53:51','2026-01-20 09:12:39',NULL,NULL,NULL,'032c4f06-cf9f-494b-8665-286fade87e9e'),(293,NULL,NULL,NULL,13,'craft\\elements\\Entry',1,0,'2025-06-26 14:53:52','2026-01-19 16:15:51',NULL,'2026-01-19 16:15:51',NULL,'f307d361-4a4e-406d-b7b7-10e1023329b9'),(294,293,NULL,154,13,'craft\\elements\\Entry',1,0,'2025-06-26 14:53:52','2026-01-20 09:12:39',NULL,NULL,NULL,'f033edbc-cb2a-4403-86a9-c77ebc7a58f4'),(295,NULL,NULL,NULL,7,'craft\\elements\\Entry',1,0,'2025-06-26 14:53:52','2025-06-26 14:53:52',NULL,NULL,NULL,'1a9f85a9-5137-4906-a073-370759e1ff80'),(296,NULL,NULL,NULL,7,'craft\\elements\\Entry',1,0,'2025-06-26 14:53:52','2025-06-26 14:53:52',NULL,NULL,NULL,'e9076694-5c8f-4651-af32-ab662bb33740'),(297,NULL,NULL,NULL,7,'craft\\elements\\Entry',1,0,'2025-06-26 14:53:52','2025-06-26 14:53:52',NULL,NULL,NULL,'c9f37890-7df3-4da9-8c96-88b4fc9137f9'),(298,NULL,NULL,NULL,7,'craft\\elements\\Entry',1,0,'2025-06-26 14:53:52','2025-06-26 14:53:52',NULL,NULL,NULL,'cf1a2514-8264-4638-a13f-7057fe9bfd1e'),(299,NULL,NULL,NULL,7,'craft\\elements\\Entry',1,0,'2025-06-26 14:53:52','2025-06-26 14:53:52',NULL,NULL,NULL,'43e2e21a-35cb-40ac-94e2-bc152b561a5e'),(300,NULL,NULL,NULL,19,'craft\\elements\\Entry',1,0,'2025-06-26 14:53:53','2025-06-26 14:59:10',NULL,'2025-06-26 14:59:10',NULL,'9ecf0e00-e2c8-49a8-a9de-c0d70597cc35'),(301,300,NULL,155,19,'craft\\elements\\Entry',1,0,'2025-06-26 14:53:53','2025-10-24 13:42:15',NULL,NULL,NULL,'6649163c-bf79-47cf-8d42-3ea052bf91e9'),(302,NULL,NULL,NULL,18,'craft\\elements\\Entry',1,0,'2025-06-26 14:53:53','2026-01-20 15:28:35',NULL,'2026-01-20 15:28:35',NULL,'66c5a325-7be1-4143-88f6-4598c59fd8dd'),(303,2,NULL,156,1,'craft\\elements\\Entry',1,0,'2025-06-26 14:53:50','2025-06-26 14:53:53',NULL,NULL,NULL,'b25906e1-16af-40b5-a8a0-adb33d645c98'),(304,13,NULL,157,2,'craft\\elements\\Entry',1,0,'2025-06-26 14:53:51','2025-10-24 13:42:16',NULL,NULL,NULL,'4ff583fb-8dc4-4f91-bef1-1b0448692a1b'),(305,302,NULL,158,18,'craft\\elements\\Entry',1,0,'2025-06-26 14:53:53','2025-10-24 13:42:16',NULL,'2026-01-20 15:28:35',NULL,'ffdaca12-5242-436a-b476-4af0701bc876'),(316,NULL,NULL,NULL,105,'craft\\elements\\Entry',1,0,'2025-06-26 14:59:09','2025-10-24 14:06:31',NULL,'2025-10-24 14:06:31',NULL,'49ff840f-0710-4525-b96c-82b0d6231888'),(317,316,NULL,166,105,'craft\\elements\\Entry',1,0,'2025-06-26 14:59:09','2026-01-20 09:12:40',NULL,NULL,NULL,'1107fec3-f81c-4b1a-a2c6-9c80d451bdbc'),(318,2,NULL,167,1,'craft\\elements\\Entry',1,0,'2025-06-26 14:59:09','2025-06-26 14:59:10',NULL,NULL,NULL,'5fdaf1c3-2c22-4f37-a90a-f81c3b785006'),(319,2,NULL,168,1,'craft\\elements\\Entry',1,0,'2025-06-26 15:00:15','2025-06-26 15:00:15',NULL,NULL,NULL,'106601ec-f2ec-443d-a8a9-03863339114d'),(320,2,NULL,169,1,'craft\\elements\\Entry',1,0,'2025-06-26 15:00:37','2025-06-26 15:00:37',NULL,NULL,NULL,'66f8d1e4-b421-42a2-8311-f4b0371710bd'),(341,NULL,NULL,NULL,92,'craft\\elements\\Entry',1,0,'2025-06-26 15:08:06','2026-01-19 17:04:39',NULL,'2026-01-19 17:04:39',NULL,'d1de36f0-0740-406e-b2c7-e19d94f23029'),(342,NULL,NULL,NULL,18,'craft\\elements\\Entry',1,0,'2025-06-26 15:08:06','2026-01-19 17:04:39',NULL,'2026-01-19 17:04:39',NULL,'d1946f54-e437-487e-8bc9-1aff9e20bd9a'),(344,NULL,NULL,NULL,79,'craft\\elements\\Entry',1,0,'2025-06-26 15:08:06','2025-06-27 08:37:01',NULL,NULL,NULL,'f26048b9-8b5d-4425-98b6-b02c805f48fa'),(345,NULL,NULL,NULL,79,'craft\\elements\\Entry',1,0,'2025-06-26 15:08:06','2025-06-27 08:37:02',NULL,'2025-06-27 08:37:02',NULL,'11cd66f3-d55d-4472-bb3a-35b152099741'),(346,NULL,NULL,NULL,79,'craft\\elements\\Entry',1,0,'2025-06-26 15:08:07','2025-06-27 08:46:03',NULL,NULL,NULL,'f406c8d2-0376-40e8-9723-60e55819c562'),(347,NULL,NULL,NULL,79,'craft\\elements\\Entry',1,0,'2025-06-26 15:08:07','2025-06-27 08:37:02',NULL,NULL,NULL,'29a50a33-dbab-43cc-8ff1-1a575a1c1de2'),(349,NULL,NULL,NULL,18,'craft\\elements\\Entry',1,0,'2025-06-26 15:08:07','2026-01-19 17:04:40',NULL,'2026-01-19 17:04:40',NULL,'db435098-4a34-428b-b86b-980b6e0d25b8'),(350,NULL,NULL,NULL,24,'craft\\elements\\Entry',1,0,'2025-06-26 15:08:07','2026-01-19 17:04:41',NULL,'2026-01-19 17:04:41',NULL,'dba59838-7a08-44cb-be2b-226430bc95b3'),(351,165,NULL,170,38,'craft\\elements\\Entry',1,0,'2025-06-26 15:08:06','2025-06-26 15:08:08',NULL,NULL,NULL,'27a4b5b6-4746-4de9-86f8-5ca12ec39e10'),(352,341,NULL,171,92,'craft\\elements\\Entry',1,0,'2025-06-26 15:08:06','2026-01-19 17:58:09',NULL,NULL,NULL,'fcd11f01-3db9-4ec2-93ac-5124814afa3a'),(353,342,NULL,172,18,'craft\\elements\\Entry',1,0,'2025-06-26 15:08:06','2026-01-19 17:58:09',NULL,NULL,NULL,'89164b7c-6e41-4d6c-a9da-54e0936be35b'),(355,344,NULL,174,79,'craft\\elements\\Entry',1,0,'2025-06-26 15:08:06','2025-10-24 13:42:22',NULL,NULL,NULL,'a9ee80b8-4f7d-49ce-8a26-2c2f16bd3afa'),(356,345,NULL,175,79,'craft\\elements\\Entry',1,0,'2025-06-26 15:08:07','2025-10-24 13:42:22',NULL,NULL,NULL,'f4a24d15-e9ea-45b9-86fa-b6ab8ef1a8c1'),(357,346,NULL,176,79,'craft\\elements\\Entry',1,0,'2025-06-26 15:08:07','2025-10-24 13:42:23',NULL,NULL,NULL,'9ae291e4-f652-48fa-8f67-c176804743a3'),(358,347,NULL,177,79,'craft\\elements\\Entry',1,0,'2025-06-26 15:08:07','2025-10-24 13:42:23',NULL,NULL,NULL,'6b66d224-9cab-4eba-93f6-0983d4578c17'),(360,349,NULL,179,18,'craft\\elements\\Entry',1,0,'2025-06-26 15:08:07','2026-01-19 17:58:11',NULL,NULL,NULL,'57cd43e2-898b-482b-a071-b935d7acbcda'),(361,350,NULL,180,24,'craft\\elements\\Entry',1,0,'2025-06-26 15:08:08','2026-01-19 17:58:11',NULL,NULL,NULL,'480fc2e6-eacf-4848-8e08-42deed10eb66'),(414,NULL,NULL,NULL,92,'craft\\elements\\Entry',1,0,'2025-06-26 15:25:46','2025-10-24 14:46:13',NULL,NULL,NULL,'6a7701d9-311e-438e-ab12-b7e8f136682e'),(415,NULL,NULL,NULL,17,'craft\\elements\\Entry',1,0,'2025-06-26 15:25:46','2025-10-24 14:46:43',NULL,'2025-10-24 14:46:43',NULL,'a39ae778-3f28-4b42-a09d-c41ea94e539b'),(417,NULL,NULL,NULL,7,'craft\\elements\\Entry',1,0,'2025-06-26 15:25:46','2025-10-24 13:26:58',NULL,NULL,NULL,'4fb5fcb2-4ff0-41e0-ba17-feed28146be7'),(418,NULL,NULL,NULL,7,'craft\\elements\\Entry',1,0,'2025-06-26 15:25:46','2025-10-24 13:26:58',NULL,NULL,NULL,'8b770e60-dacc-4ad9-8dc4-15c6edae56a8'),(419,NULL,NULL,NULL,7,'craft\\elements\\Entry',1,0,'2025-06-26 15:25:46','2025-10-24 13:26:58',NULL,NULL,NULL,'496bdd94-7c5b-4ba2-830e-3dd541d3bbee'),(420,NULL,NULL,NULL,7,'craft\\elements\\Entry',1,0,'2025-06-26 15:25:46','2025-10-24 13:26:58',NULL,NULL,NULL,'dccbbe99-d179-4b0d-931f-f0c2900783b7'),(421,NULL,NULL,NULL,7,'craft\\elements\\Entry',1,0,'2025-06-26 15:25:47','2025-10-24 13:26:59',NULL,NULL,NULL,'85ca5806-b184-433a-a8ce-bb1ea655b873'),(422,NULL,NULL,NULL,7,'craft\\elements\\Entry',1,0,'2025-06-26 15:25:47','2025-10-24 13:26:59',NULL,NULL,NULL,'28e3c252-b40d-49ff-896a-2892ff968de7'),(423,NULL,NULL,NULL,7,'craft\\elements\\Entry',1,0,'2025-06-26 15:25:47','2025-10-24 13:26:59',NULL,NULL,NULL,'e4f9b3d1-9ee3-4916-815c-e52a1e8d6901'),(424,NULL,NULL,NULL,7,'craft\\elements\\Entry',1,0,'2025-06-26 15:25:47','2025-10-24 13:26:59',NULL,NULL,NULL,'a2994c24-50f9-4c60-b7d5-0e27db16d389'),(427,214,NULL,192,90,'craft\\elements\\Entry',1,0,'2025-06-26 15:25:45','2025-06-26 15:25:47',NULL,NULL,NULL,'1ae2e0dc-19f7-456c-986e-756024be7b4a'),(428,414,NULL,193,92,'craft\\elements\\Entry',1,0,'2025-06-26 15:25:46','2025-10-24 13:28:36',NULL,NULL,NULL,'a96640b6-188a-482b-8d65-d292cdbd14af'),(429,415,NULL,194,17,'craft\\elements\\Entry',1,0,'2025-06-26 15:25:46','2025-10-24 13:28:36',NULL,'2025-10-24 14:46:43',NULL,'56e8c574-4991-478d-abf5-ca57814688f8'),(431,417,NULL,196,7,'craft\\elements\\Entry',1,0,'2025-06-26 15:25:46','2025-10-24 13:27:14',NULL,NULL,NULL,'8403f6a1-285d-48a1-8b8a-ee48e0dbaeed'),(432,418,NULL,197,7,'craft\\elements\\Entry',1,0,'2025-06-26 15:25:46','2025-10-24 13:27:14',NULL,NULL,NULL,'7f5acd13-fcbc-488e-8ea3-2a73d296b365'),(433,419,NULL,198,7,'craft\\elements\\Entry',1,0,'2025-06-26 15:25:46','2025-10-24 13:27:14',NULL,NULL,NULL,'ff67e368-1523-40b7-bbfe-eca0d4d18394'),(434,420,NULL,199,7,'craft\\elements\\Entry',1,0,'2025-06-26 15:25:46','2025-10-24 13:27:14',NULL,NULL,NULL,'40ef4f3e-1938-4fae-a971-d9c39437ed85'),(435,421,NULL,200,7,'craft\\elements\\Entry',1,0,'2025-06-26 15:25:47','2025-10-24 13:27:14',NULL,NULL,NULL,'9db9d0a9-30e0-41b3-a5c0-962bd826f3e2'),(436,422,NULL,201,7,'craft\\elements\\Entry',1,0,'2025-06-26 15:25:47','2025-10-24 13:27:14',NULL,NULL,NULL,'503070fd-103a-4d05-9f1c-9ed5351242ef'),(437,423,NULL,202,7,'craft\\elements\\Entry',1,0,'2025-06-26 15:25:47','2025-10-24 13:27:15',NULL,NULL,NULL,'32f93707-09ad-44be-b35c-42770af05ca2'),(438,424,NULL,203,7,'craft\\elements\\Entry',1,0,'2025-06-26 15:25:47','2025-10-24 13:27:15',NULL,NULL,NULL,'311dfd99-d1df-47c7-9832-22ba15b90351'),(444,214,NULL,206,90,'craft\\elements\\Entry',1,0,'2025-06-26 15:26:13','2025-06-26 15:26:13',NULL,NULL,NULL,'25d03417-68cc-4549-bcea-c02026f47733'),(491,NULL,NULL,NULL,92,'craft\\elements\\Entry',1,0,'2025-06-26 15:50:01','2026-01-20 12:28:51',NULL,'2026-01-20 12:28:51',NULL,'a15c79a7-67c6-4600-b9fc-4def0bb8eec6'),(492,NULL,NULL,NULL,50,'craft\\elements\\Entry',1,0,'2025-06-26 15:50:01','2026-01-20 12:28:51',NULL,NULL,NULL,'9c222d31-a969-45b4-ab9d-ba7bc5da2988'),(493,NULL,NULL,NULL,9,'craft\\elements\\Entry',1,0,'2025-06-26 15:50:01','2026-01-20 12:28:51',NULL,NULL,NULL,'756b2bc7-e90f-4941-b737-7349643e56e2'),(496,NULL,NULL,NULL,92,'craft\\elements\\Entry',1,0,'2025-06-26 15:50:02','2025-06-26 15:59:27',NULL,NULL,NULL,'7c07c8ff-8684-4b18-9445-21567a1c7357'),(497,171,NULL,221,40,'craft\\elements\\Entry',1,0,'2025-06-26 15:50:01','2025-06-26 15:50:02',NULL,NULL,NULL,'ffc65799-d2c7-45b5-a7d1-2b8095940314'),(498,491,NULL,222,92,'craft\\elements\\Entry',1,0,'2025-06-26 15:50:01','2025-10-24 13:42:19',NULL,'2026-01-20 12:28:51',NULL,'d1ae625c-e6b0-4e7d-94f0-b64c3b70080f'),(499,492,NULL,223,50,'craft\\elements\\Entry',1,0,'2025-06-26 15:50:01','2025-10-24 13:42:18',NULL,NULL,NULL,'5a64baba-5753-4960-a7d8-c17bd3eb4383'),(500,493,NULL,224,9,'craft\\elements\\Entry',1,0,'2025-06-26 15:50:01','2025-10-24 13:42:18',NULL,NULL,NULL,'a470dde5-62d9-4c68-b08e-396548be7f82'),(503,496,NULL,227,92,'craft\\elements\\Entry',1,0,'2025-06-26 15:50:02','2025-06-26 15:50:03',NULL,NULL,NULL,'585f5047-3b72-4b16-b40c-483997383436'),(520,NULL,NULL,NULL,9,'craft\\elements\\Entry',1,0,'2025-06-26 15:59:25','2025-10-24 14:23:31',NULL,'2025-10-24 14:23:31',NULL,'ba37a6a0-ac4d-4e2d-b71a-849939844dc8'),(521,NULL,NULL,NULL,9,'craft\\elements\\Entry',1,0,'2025-06-26 15:59:26','2026-01-20 12:28:52',NULL,'2026-01-20 12:28:52',NULL,'f6ef9f32-46b3-4bb2-b1d2-2beffb9f8777'),(522,NULL,NULL,NULL,9,'craft\\elements\\Entry',1,0,'2025-06-26 15:59:26','2025-06-26 15:59:26',NULL,NULL,NULL,'97b5a3b5-cc50-426d-a0a6-7febe30e6fba'),(523,NULL,NULL,NULL,9,'craft\\elements\\Entry',1,0,'2025-06-26 15:59:26','2025-06-26 15:59:26',NULL,NULL,NULL,'119bb317-96a9-462b-b486-ae9de1e93668'),(524,NULL,NULL,NULL,9,'craft\\elements\\Entry',1,0,'2025-06-26 15:59:26','2025-06-26 15:59:26',NULL,NULL,NULL,'9f5f1061-8ec6-4fbc-a422-851f79db3224'),(525,NULL,NULL,NULL,31,'craft\\elements\\Entry',1,0,'2025-06-26 15:59:26','2025-06-26 15:59:26',NULL,NULL,NULL,'2029a61a-c41f-48ee-8704-5040ad675c86'),(526,NULL,NULL,NULL,31,'craft\\elements\\Entry',1,0,'2025-06-26 15:59:26','2025-06-26 15:59:26',NULL,NULL,NULL,'ce4c8f3b-14da-40e2-8d1e-ec0223aea927'),(527,NULL,NULL,NULL,31,'craft\\elements\\Entry',1,0,'2025-06-26 15:59:26','2025-06-26 15:59:26',NULL,NULL,NULL,'69d9b31f-fa9c-4e1e-9e75-09783f84ed15'),(528,NULL,NULL,NULL,31,'craft\\elements\\Entry',1,0,'2025-06-26 15:59:26','2025-07-09 14:37:14',NULL,NULL,NULL,'602fec81-d8ce-4e11-a471-36b344cc7681'),(529,171,NULL,228,40,'craft\\elements\\Entry',1,0,'2025-06-26 15:59:25','2025-06-26 15:59:27',NULL,NULL,NULL,'a871b22c-71ca-4003-b4e2-a5e12890a00e'),(530,492,NULL,229,50,'craft\\elements\\Entry',1,0,'2025-06-26 15:59:25','2025-10-24 13:42:19',NULL,NULL,NULL,'f95cc339-697f-4040-97a1-7dd1b30686f6'),(531,493,NULL,230,9,'craft\\elements\\Entry',1,0,'2025-06-26 15:59:25','2025-10-24 13:42:18',NULL,NULL,NULL,'76586d89-1f58-4aac-a6a6-338777616029'),(532,520,NULL,231,9,'craft\\elements\\Entry',1,0,'2025-06-26 15:59:25','2025-10-24 13:42:18',NULL,'2025-10-24 14:23:31',NULL,'eab1e713-5743-4ee6-9c59-49d0a68a27ba'),(533,521,NULL,232,9,'craft\\elements\\Entry',1,0,'2025-06-26 15:59:26','2025-10-24 13:42:19',NULL,'2026-01-20 12:28:52',NULL,'e5cadfc5-f686-47d8-9658-2cbbb483d071'),(535,522,NULL,234,9,'craft\\elements\\Entry',1,0,'2025-06-26 15:59:26','2025-10-24 13:42:19',NULL,NULL,NULL,'93e59b2a-616b-4f8c-a46d-534684d2ddee'),(537,523,NULL,236,9,'craft\\elements\\Entry',1,0,'2025-06-26 15:59:26','2025-06-26 15:59:28',NULL,NULL,NULL,'fbe0f4a7-dae2-410c-90be-20defce5e051'),(538,524,NULL,237,9,'craft\\elements\\Entry',1,0,'2025-06-26 15:59:26','2025-06-26 15:59:28',NULL,NULL,NULL,'92251b05-7daa-4bda-b8ab-5f0810a0cc24'),(539,525,NULL,238,31,'craft\\elements\\Entry',1,0,'2025-06-26 15:59:26','2025-06-26 15:59:28',NULL,NULL,NULL,'097be447-6523-4f33-967f-35a8f8b2108d'),(540,526,NULL,239,31,'craft\\elements\\Entry',1,0,'2025-06-26 15:59:26','2025-06-26 15:59:28',NULL,NULL,NULL,'a5b3881a-e5d4-441c-8e08-5b40e20161c2'),(541,527,NULL,240,31,'craft\\elements\\Entry',1,0,'2025-06-26 15:59:26','2025-06-26 15:59:28',NULL,NULL,NULL,'382bb6bd-081d-4a51-994a-95fe9c553a1a'),(542,528,NULL,241,31,'craft\\elements\\Entry',1,0,'2025-06-26 15:59:26','2025-06-26 15:59:28',NULL,NULL,NULL,'c95ee02f-9ed7-48a0-b526-74ea493e6834'),(543,496,NULL,242,92,'craft\\elements\\Entry',1,0,'2025-06-26 15:59:27','2025-06-26 15:59:28',NULL,NULL,NULL,'42d673e8-4f62-496d-85c8-dba4fe8d065a'),(546,NULL,NULL,NULL,28,'craft\\elements\\Entry',1,0,'2025-06-26 17:03:04','2026-01-20 16:24:31',NULL,'2026-01-20 16:24:31',NULL,'cdaea6fb-33f1-41d0-9188-e806bee44b49'),(547,NULL,NULL,NULL,28,'craft\\elements\\Entry',1,0,'2025-06-26 17:03:37','2026-01-20 16:24:35',NULL,'2026-01-20 16:24:35',NULL,'d9f49165-a06b-4733-a4f9-11e835135146'),(551,NULL,NULL,NULL,28,'craft\\elements\\Entry',1,0,'2025-06-26 17:04:27','2026-01-20 16:26:17',NULL,NULL,NULL,'8c757e6b-a11d-4dc5-9e25-d957eb1b468a'),(574,NULL,NULL,NULL,79,'craft\\elements\\Entry',1,0,'2025-06-27 08:37:01','2025-06-27 08:37:02',NULL,NULL,NULL,'e83d5f18-ff92-4089-a1f8-38b124a3d464'),(575,NULL,NULL,NULL,79,'craft\\elements\\Entry',1,0,'2025-06-27 08:37:02','2025-06-27 08:37:02',NULL,NULL,NULL,'3c88c04b-8b9f-4c92-b389-59f359b395a5'),(576,165,NULL,243,38,'craft\\elements\\Entry',1,0,'2025-06-27 08:37:01','2025-06-27 08:37:02',NULL,NULL,NULL,'810242de-54ce-4129-ac6a-3753a6a9e94e'),(578,344,NULL,245,79,'craft\\elements\\Entry',1,0,'2025-06-27 08:37:01','2025-10-24 13:42:35',NULL,NULL,NULL,'5f4fb45c-a139-4675-9532-d70d1d4d4b79'),(579,574,NULL,246,79,'craft\\elements\\Entry',1,0,'2025-06-27 08:37:02','2025-10-24 13:42:35',NULL,NULL,NULL,'6a18c2d3-3189-4cbe-a6d0-8a3ab865354a'),(580,575,NULL,247,79,'craft\\elements\\Entry',1,0,'2025-06-27 08:37:02','2025-10-24 13:42:35',NULL,NULL,NULL,'d0ab54fe-6000-4c7b-99f5-bb74af51cdda'),(581,346,NULL,248,79,'craft\\elements\\Entry',1,0,'2025-06-27 08:37:02','2025-10-24 13:42:24',NULL,NULL,NULL,'6d4fc4c8-0545-4d20-b0f5-5f434a7d1f9e'),(582,347,NULL,249,79,'craft\\elements\\Entry',1,0,'2025-06-27 08:37:02','2025-10-24 13:42:35',NULL,NULL,NULL,'b9d9083e-2a0b-4f36-a871-83677b6a77cd'),(626,NULL,NULL,NULL,79,'craft\\elements\\Entry',1,0,'2025-06-27 08:46:03','2025-06-27 08:46:03',NULL,NULL,NULL,'e5f1bc84-2079-451d-ad2c-37fe2ae07ad8'),(627,NULL,NULL,NULL,79,'craft\\elements\\Entry',1,0,'2025-06-27 08:46:03','2025-06-27 08:46:03',NULL,NULL,NULL,'6c81ef73-e963-4b30-9354-8dbf005c5ad6'),(628,NULL,NULL,NULL,79,'craft\\elements\\Entry',1,0,'2025-06-27 08:46:03','2025-06-27 08:46:03',NULL,NULL,NULL,'c037ee93-84ff-4733-bbdd-f553ddfe7e95'),(629,NULL,NULL,NULL,79,'craft\\elements\\Entry',1,0,'2025-06-27 08:46:03','2025-06-27 08:46:03',NULL,NULL,NULL,'fa72b0e0-d987-46f5-8cbc-d81466a41e46'),(630,NULL,NULL,NULL,79,'craft\\elements\\Entry',1,0,'2025-06-27 08:46:03','2025-06-27 08:46:03',NULL,NULL,NULL,'515c1c16-499a-4ea5-94c5-652a76eca06d'),(631,NULL,NULL,NULL,79,'craft\\elements\\Entry',1,0,'2025-06-27 08:46:03','2025-06-27 08:46:03',NULL,NULL,NULL,'822aa080-274e-4045-8aec-34ae5b8eeaa0'),(632,NULL,NULL,NULL,79,'craft\\elements\\Entry',1,0,'2025-06-27 08:46:03','2025-06-27 08:46:03',NULL,NULL,NULL,'e7d7ea8b-1964-4625-a287-3ff401a92313'),(633,NULL,NULL,NULL,79,'craft\\elements\\Entry',1,0,'2025-06-27 08:46:04','2025-06-27 08:46:04',NULL,NULL,NULL,'9dbd02cf-2fc0-411a-aca2-7b9cd8dae278'),(634,NULL,NULL,NULL,79,'craft\\elements\\Entry',1,0,'2025-06-27 08:46:04','2025-06-27 08:46:04',NULL,NULL,NULL,'3783bcc7-64aa-4184-9a61-0c0166111751'),(635,NULL,NULL,NULL,79,'craft\\elements\\Entry',1,0,'2025-06-27 08:46:04','2025-06-27 08:46:04',NULL,NULL,NULL,'0c86a9e9-a4c1-4347-bd16-fb7ce9121862'),(636,NULL,NULL,NULL,79,'craft\\elements\\Entry',1,0,'2025-06-27 08:46:04','2025-06-27 08:46:04',NULL,NULL,NULL,'b83d04e1-50d0-4fde-adec-23493e74be91'),(637,NULL,NULL,NULL,79,'craft\\elements\\Entry',1,0,'2025-06-27 08:46:04','2025-06-27 08:46:04',NULL,NULL,NULL,'d2fa0bda-b446-4793-bcf8-9d5ab987e98d'),(638,NULL,NULL,NULL,79,'craft\\elements\\Entry',1,0,'2025-06-27 08:46:04','2025-06-27 08:46:04',NULL,NULL,NULL,'bf1c08ba-8590-4ccf-8560-b3e188db92c9'),(639,NULL,NULL,NULL,79,'craft\\elements\\Entry',1,0,'2025-06-27 08:46:04','2025-06-27 11:26:25',NULL,NULL,NULL,'56893eca-ac52-4355-9a05-117c654ab054'),(640,NULL,NULL,NULL,79,'craft\\elements\\Entry',1,0,'2025-06-27 08:46:04','2025-06-27 08:46:04',NULL,NULL,NULL,'d95f8197-8910-42af-b39e-82406acf397e'),(641,NULL,NULL,NULL,79,'craft\\elements\\Entry',1,0,'2025-06-27 08:46:04','2025-06-27 08:46:05',NULL,NULL,NULL,'a17dc145-7773-4e31-b5e7-f0f4ff6b90d9'),(642,NULL,NULL,NULL,79,'craft\\elements\\Entry',1,0,'2025-06-27 08:46:05','2025-06-27 08:46:05',NULL,NULL,NULL,'5fd588e3-a766-4a4c-9006-e0047693b38c'),(643,NULL,NULL,NULL,79,'craft\\elements\\Entry',1,0,'2025-06-27 08:46:05','2025-06-27 08:46:05',NULL,NULL,NULL,'7235ad2b-a98e-4951-8838-7cd0f941d9ac'),(644,NULL,NULL,NULL,79,'craft\\elements\\Entry',1,0,'2025-06-27 08:46:05','2025-06-27 08:46:05',NULL,NULL,NULL,'2f5ddb32-35a0-43c0-bf5e-1147037109a1'),(645,NULL,NULL,NULL,79,'craft\\elements\\Entry',1,0,'2025-06-27 08:46:05','2025-06-27 08:46:05',NULL,NULL,NULL,'83d0a5d0-aa5f-4b33-b9ad-8f8484673e30'),(646,NULL,NULL,NULL,79,'craft\\elements\\Entry',1,0,'2025-06-27 08:46:05','2025-06-27 08:46:05',NULL,NULL,NULL,'497faedd-8193-4d7d-9d96-4a1541daddb3'),(647,NULL,NULL,NULL,79,'craft\\elements\\Entry',1,0,'2025-06-27 08:46:05','2025-06-27 08:46:05',NULL,NULL,NULL,'99bbb743-ccb0-4a1a-986c-3875632f11d1'),(648,165,NULL,250,38,'craft\\elements\\Entry',1,0,'2025-06-27 08:46:02','2025-06-27 08:46:05',NULL,NULL,NULL,'0f439371-e39d-4e90-907c-a12d797f56d2'),(650,346,NULL,252,79,'craft\\elements\\Entry',1,0,'2025-06-27 08:46:03','2025-10-24 13:42:35',NULL,NULL,NULL,'7ce43c54-cb75-4799-9790-1486884d33f6'),(651,626,NULL,253,79,'craft\\elements\\Entry',1,0,'2025-06-27 08:46:03','2025-10-24 13:42:35',NULL,NULL,NULL,'3963e30c-2f2a-4cee-848c-a939da1db0b4'),(652,627,NULL,254,79,'craft\\elements\\Entry',1,0,'2025-06-27 08:46:03','2025-10-24 13:42:35',NULL,NULL,NULL,'01a5933f-cc6e-4813-85cc-8f5e60f5655f'),(653,628,NULL,255,79,'craft\\elements\\Entry',1,0,'2025-06-27 08:46:03','2025-10-24 13:42:36',NULL,NULL,NULL,'0d9be116-bce7-42f7-95a1-bc24f44243f6'),(654,629,NULL,256,79,'craft\\elements\\Entry',1,0,'2025-06-27 08:46:03','2025-10-24 13:42:36',NULL,NULL,NULL,'03a48e50-5a4c-4bba-89d6-37954872c503'),(655,630,NULL,257,79,'craft\\elements\\Entry',1,0,'2025-06-27 08:46:03','2025-10-24 13:42:36',NULL,NULL,NULL,'23122e99-8d5a-4b12-849c-9b29acbe6412'),(656,631,NULL,258,79,'craft\\elements\\Entry',1,0,'2025-06-27 08:46:03','2025-10-24 13:42:36',NULL,NULL,NULL,'7a5d07c2-f945-4eb6-9380-e46eb44a84a0'),(657,632,NULL,259,79,'craft\\elements\\Entry',1,0,'2025-06-27 08:46:03','2025-10-24 13:42:36',NULL,NULL,NULL,'c823fad6-8548-407e-bff9-a4a4e1c77fee'),(658,633,NULL,260,79,'craft\\elements\\Entry',1,0,'2025-06-27 08:46:04','2025-10-24 13:42:36',NULL,NULL,NULL,'1d41447b-3488-4b6d-a1ca-5035ff4c40c2'),(659,634,NULL,261,79,'craft\\elements\\Entry',1,0,'2025-06-27 08:46:04','2025-10-24 13:42:36',NULL,NULL,NULL,'38c9be12-9200-400a-a4ad-76799a204d6b'),(660,635,NULL,262,79,'craft\\elements\\Entry',1,0,'2025-06-27 08:46:04','2025-10-24 13:42:36',NULL,NULL,NULL,'1928d899-a948-4329-aed1-4c93870c301d'),(661,636,NULL,263,79,'craft\\elements\\Entry',1,0,'2025-06-27 08:46:04','2025-10-24 13:42:36',NULL,NULL,NULL,'a7c173d2-50f6-4ccc-8514-ad47dde21c83'),(662,637,NULL,264,79,'craft\\elements\\Entry',1,0,'2025-06-27 08:46:04','2025-10-24 13:42:37',NULL,NULL,NULL,'d4e890f1-2b0b-4ac0-94e2-15926e49dcf8'),(663,638,NULL,265,79,'craft\\elements\\Entry',1,0,'2025-06-27 08:46:04','2025-10-24 13:42:37',NULL,NULL,NULL,'de777f27-d526-4980-a1ce-18dab4394f79'),(664,639,NULL,266,79,'craft\\elements\\Entry',1,0,'2025-06-27 08:46:04','2025-10-24 13:42:29',NULL,NULL,NULL,'9adb489e-42c0-4e5f-a71a-527d71a3eab1'),(665,640,NULL,267,79,'craft\\elements\\Entry',1,0,'2025-06-27 08:46:04','2025-10-24 13:42:37',NULL,NULL,NULL,'42af84e5-6aae-4ab5-be1e-f6f351479171'),(666,641,NULL,268,79,'craft\\elements\\Entry',1,0,'2025-06-27 08:46:05','2025-10-24 13:42:37',NULL,NULL,NULL,'8dffe69e-dd4a-4710-8fd2-2b9262528723'),(667,642,NULL,269,79,'craft\\elements\\Entry',1,0,'2025-06-27 08:46:05','2025-10-24 13:42:37',NULL,NULL,NULL,'141a2250-1420-4215-815e-e5d653ebd244'),(668,643,NULL,270,79,'craft\\elements\\Entry',1,0,'2025-06-27 08:46:05','2025-10-24 13:42:37',NULL,NULL,NULL,'b109b459-3480-4e92-aad6-2c28779686d4'),(669,644,NULL,271,79,'craft\\elements\\Entry',1,0,'2025-06-27 08:46:05','2025-10-24 13:42:37',NULL,NULL,NULL,'a9a6e867-feb4-41bd-8b70-eb1ce33550cd'),(670,645,NULL,272,79,'craft\\elements\\Entry',1,0,'2025-06-27 08:46:05','2025-10-24 13:42:37',NULL,NULL,NULL,'51783fc2-4cec-4ddd-b1c7-ad7c555ba772'),(671,646,NULL,273,79,'craft\\elements\\Entry',1,0,'2025-06-27 08:46:05','2025-10-24 13:42:37',NULL,NULL,NULL,'83634ff2-aeef-4c80-9c32-9298a7ddcbd3'),(672,647,NULL,274,79,'craft\\elements\\Entry',1,0,'2025-06-27 08:46:05','2025-10-24 13:42:38',NULL,NULL,NULL,'e3e597c3-aed1-46a8-ae0e-1b84883d3666'),(677,165,NULL,275,38,'craft\\elements\\Entry',1,0,'2025-06-27 08:46:48','2025-06-27 08:46:49',NULL,NULL,NULL,'8945aed9-d73e-4a73-8504-9069597ebde4'),(689,NULL,NULL,NULL,37,'craft\\elements\\Entry',1,0,'2025-06-27 08:55:00','2025-10-24 13:19:20',NULL,'2025-10-24 13:19:20',NULL,'f2a9f9e3-7e15-4773-bd0f-7ebc6917a708'),(692,NULL,NULL,NULL,37,'craft\\elements\\Entry',1,0,'2025-06-27 08:56:09','2025-10-24 13:19:20',NULL,'2025-10-24 13:19:20',NULL,'ad4b6b7b-02e6-4f0d-bc7e-981490273b74'),(701,NULL,NULL,NULL,37,'craft\\elements\\Entry',1,0,'2025-06-27 08:57:08','2025-10-24 13:19:20',NULL,'2025-10-24 13:19:20',NULL,'28559596-fa24-41fa-abb9-dd8acd42de98'),(703,NULL,NULL,NULL,37,'craft\\elements\\Entry',1,0,'2025-06-27 08:57:33','2025-10-24 13:19:20',NULL,'2025-10-24 13:19:20',NULL,'3198db76-4038-47da-8943-c2de1172f3e6'),(706,NULL,NULL,NULL,37,'craft\\elements\\Entry',1,0,'2025-06-27 08:58:13','2025-10-24 13:19:20',NULL,'2025-10-24 13:19:20',NULL,'97fa40b9-d85f-4684-83ce-024747ff2b21'),(708,NULL,NULL,NULL,37,'craft\\elements\\Entry',1,0,'2025-06-27 08:58:36','2025-10-24 13:19:20',NULL,'2025-10-24 13:19:20',NULL,'36dabc82-9eff-4753-8652-02b075a931b8'),(710,NULL,NULL,NULL,37,'craft\\elements\\Entry',1,0,'2025-06-27 08:58:55','2025-10-24 13:19:20',NULL,'2025-10-24 13:19:20',NULL,'4d6937e7-fd36-4d46-810e-6d61fbd4630a'),(712,NULL,NULL,NULL,37,'craft\\elements\\Entry',1,0,'2025-06-27 08:59:13','2025-10-24 13:19:20',NULL,'2025-10-24 13:19:20',NULL,'793b0a93-da31-4af6-b070-71e69782ea89'),(714,NULL,NULL,NULL,37,'craft\\elements\\Entry',1,0,'2025-06-27 08:59:31','2025-10-24 13:19:20',NULL,'2025-10-24 13:19:20',NULL,'1c6c69c7-6541-4aa5-ab46-f099953ddfaa'),(716,NULL,NULL,NULL,37,'craft\\elements\\Entry',1,0,'2025-06-27 08:59:50','2025-10-24 13:19:20',NULL,'2025-10-24 13:19:20',NULL,'590adf38-f7ef-464a-98dc-ef85bc8347ca'),(733,165,NULL,293,38,'craft\\elements\\Entry',1,0,'2025-06-27 11:26:25','2025-06-27 11:26:26',NULL,NULL,NULL,'3fa05586-bf97-4cb9-85e5-5e06bb7075dc'),(735,639,NULL,295,79,'craft\\elements\\Entry',1,0,'2025-06-27 11:26:25','2025-10-24 13:42:37',NULL,NULL,NULL,'68524cb4-c757-4449-9199-60968b782fc6'),(745,NULL,NULL,NULL,91,'craft\\elements\\Entry',1,0,'2025-06-30 09:36:51','2025-07-09 14:56:29',NULL,'2025-07-09 14:56:29',NULL,'08f182fa-a1f3-4679-b224-c6b2cf32e854'),(754,NULL,NULL,NULL,91,'craft\\elements\\Entry',1,0,'2025-06-30 09:43:30','2025-07-09 14:56:29',NULL,'2025-07-09 14:56:29',NULL,'b5a4a4e2-14c9-49fc-ba2d-290086132793'),(759,214,NULL,311,90,'craft\\elements\\Entry',1,0,'2025-06-30 10:21:15','2025-06-30 10:21:15',NULL,NULL,NULL,'5423acff-6568-43aa-b258-3621b1e8640a'),(760,214,NULL,312,90,'craft\\elements\\Entry',1,0,'2025-06-30 10:24:39','2025-06-30 10:24:39',NULL,NULL,NULL,'bac10b55-8e12-4ac9-ae15-159fa012a530'),(761,414,NULL,313,92,'craft\\elements\\Entry',1,0,'2025-06-30 10:21:24','2025-10-24 13:28:37',NULL,NULL,NULL,'d3614357-f75c-4df4-b257-69f22391f50c'),(762,415,NULL,314,17,'craft\\elements\\Entry',1,0,'2025-06-30 10:21:24','2025-10-24 13:28:37',NULL,'2025-10-24 14:46:43',NULL,'e9180ebd-b2dc-4365-88f0-53184f2f18aa'),(766,214,NULL,318,90,'craft\\elements\\Entry',1,0,'2025-06-30 10:24:40','2025-06-30 10:24:40',NULL,NULL,NULL,'204f5f1e-fe33-4c96-a34b-a4c86a0bc103'),(842,171,NULL,347,40,'craft\\elements\\Entry',1,0,'2025-07-01 13:18:01','2025-07-01 13:18:01',NULL,NULL,NULL,'2a57bf52-e020-455e-9d0d-23e3383e5668'),(846,121,NULL,348,35,'craft\\elements\\Entry',1,0,'2025-07-01 16:59:24','2025-07-01 16:59:24',NULL,NULL,NULL,'5dbcfa7c-2eba-4aef-a626-9dcc0dd62aa9'),(848,121,NULL,349,35,'craft\\elements\\Entry',1,0,'2025-07-01 17:02:04','2025-07-01 17:02:04',NULL,NULL,NULL,'026f8f3a-84a3-410a-b6f8-e538040aee1d'),(850,NULL,NULL,NULL,28,'craft\\elements\\Entry',1,0,'2025-07-01 17:03:06','2026-01-19 17:57:15',NULL,NULL,NULL,'a3c253f2-94c6-4118-b496-64d0fce334d8'),(862,165,NULL,350,38,'craft\\elements\\Entry',1,0,'2025-07-02 09:43:22','2025-07-02 09:43:23',NULL,NULL,NULL,'500d87bb-98fb-4a80-9f45-cb332d432707'),(916,171,NULL,367,40,'craft\\elements\\Entry',1,0,'2025-07-09 14:37:14','2025-07-09 14:37:15',NULL,NULL,NULL,'dd18c53c-10d0-44ec-a0a4-7c91b921facc'),(918,528,NULL,369,31,'craft\\elements\\Entry',1,0,'2025-07-09 14:37:14','2025-07-09 14:37:15',NULL,NULL,NULL,'22e0b12a-621c-48da-8585-80afcb742964'),(932,NULL,NULL,NULL,3,'craft\\elements\\Asset',1,0,'2025-10-24 10:59:27','2025-10-24 13:18:43',NULL,NULL,NULL,'ae318f45-4378-499d-a9b0-4eba23bfe06e'),(934,NULL,NULL,NULL,3,'craft\\elements\\Asset',1,0,'2025-10-24 10:59:48','2025-10-24 10:59:48',NULL,NULL,NULL,'204c5813-3a49-4d54-8cc6-08374dc6c2ea'),(943,214,NULL,370,90,'craft\\elements\\Entry',1,0,'2025-10-24 13:26:58','2025-10-24 13:26:59',NULL,NULL,NULL,'b50f0d3d-7b25-42f5-b597-96be9aa8c7a4'),(944,414,NULL,371,92,'craft\\elements\\Entry',1,0,'2025-10-24 13:26:58','2025-10-24 13:28:40',NULL,NULL,NULL,'8574a7e6-dd17-495b-9d92-e788865cf851'),(945,415,NULL,372,17,'craft\\elements\\Entry',1,0,'2025-10-24 13:26:58','2025-10-24 13:28:40',NULL,'2025-10-24 14:46:43',NULL,'e9123cef-8115-4650-81dd-ec25d35b399e'),(947,417,NULL,374,7,'craft\\elements\\Entry',1,0,'2025-10-24 13:26:58','2025-10-24 13:27:00',NULL,NULL,NULL,'c8c718a6-1bc9-4639-8dc3-b932cc1fee9e'),(948,418,NULL,375,7,'craft\\elements\\Entry',1,0,'2025-10-24 13:26:58','2025-10-24 13:27:00',NULL,NULL,NULL,'134e9109-4efc-4f88-9f95-50ee4f262f61'),(949,419,NULL,376,7,'craft\\elements\\Entry',1,0,'2025-10-24 13:26:58','2025-10-24 13:27:00',NULL,NULL,NULL,'5a4ed9f3-dd72-4616-9e83-32fe095f4f6e'),(950,420,NULL,377,7,'craft\\elements\\Entry',1,0,'2025-10-24 13:26:58','2025-10-24 13:27:00',NULL,NULL,NULL,'4a615fd9-6d86-43b9-873b-7a0f44ba86cd'),(951,421,NULL,378,7,'craft\\elements\\Entry',1,0,'2025-10-24 13:26:59','2025-10-24 13:27:00',NULL,NULL,NULL,'2f645bb9-18b4-4414-8b09-2dbf818b924e'),(952,422,NULL,379,7,'craft\\elements\\Entry',1,0,'2025-10-24 13:26:59','2025-10-24 13:27:00',NULL,NULL,NULL,'f63703cf-0fdb-4dbe-bca4-085a2a20ea1b'),(953,423,NULL,380,7,'craft\\elements\\Entry',1,0,'2025-10-24 13:26:59','2025-10-24 13:27:01',NULL,NULL,NULL,'536de653-62fe-4e5c-a412-87119d879a46'),(954,424,NULL,381,7,'craft\\elements\\Entry',1,0,'2025-10-24 13:26:59','2025-10-24 13:27:01',NULL,NULL,NULL,'aa027f74-1d18-4fa9-b845-1d404e0ae433'),(957,214,NULL,384,90,'craft\\elements\\Entry',1,0,'2025-10-24 13:27:01','2025-10-24 13:27:01',NULL,NULL,NULL,'2ff617d9-a40b-4bea-978d-fb983143922e'),(958,214,NULL,385,90,'craft\\elements\\Entry',1,0,'2025-10-24 13:28:31','2025-10-24 13:28:31',NULL,NULL,NULL,'268a3873-5d03-479e-938b-62fe1d14f5de'),(959,414,NULL,386,92,'craft\\elements\\Entry',1,0,'2025-10-24 13:27:11','2025-10-24 13:28:42',NULL,NULL,NULL,'b9875685-8e60-47a8-b121-4bc4194743f7'),(960,415,NULL,387,17,'craft\\elements\\Entry',1,0,'2025-10-24 13:27:11','2025-10-24 13:28:42',NULL,'2025-10-24 14:46:43',NULL,'9caaf239-fb97-4b17-85fe-1015873fe34c'),(964,214,NULL,391,90,'craft\\elements\\Entry',1,0,'2025-10-24 13:33:47','2025-10-24 13:33:47',NULL,NULL,NULL,'f919571b-add7-46c9-a83e-2a5094d46cd7'),(965,414,NULL,392,92,'craft\\elements\\Entry',1,0,'2025-10-24 13:28:35','2025-10-24 13:33:47',NULL,NULL,NULL,'ca2cdb72-7fd1-42fd-a6f1-eac44771ead0'),(966,415,NULL,393,17,'craft\\elements\\Entry',1,0,'2025-10-24 13:28:35','2025-10-24 13:33:47',NULL,'2025-10-24 14:46:43',NULL,'301f52e1-54de-400f-b029-315da6c8a5ae'),(968,287,NULL,395,18,'craft\\elements\\Entry',1,0,'2025-10-24 13:40:53','2026-01-20 09:12:42',NULL,NULL,NULL,'0bff7f90-3fe7-4b04-9034-b2619f7ff8db'),(969,289,NULL,396,19,'craft\\elements\\Entry',1,0,'2025-10-24 13:40:54','2026-01-20 09:12:43',NULL,NULL,NULL,'73d801fa-b8fc-4fc7-bf5d-7b1d87b7ff03'),(970,291,NULL,397,12,'craft\\elements\\Entry',1,0,'2025-10-24 13:40:55','2026-01-20 09:12:43',NULL,NULL,NULL,'242a2a5b-77e6-4bbf-aa96-558ff7d6c719'),(971,293,NULL,398,13,'craft\\elements\\Entry',1,0,'2025-10-24 13:40:55','2026-01-20 09:12:43',NULL,NULL,NULL,'b10c6814-d414-4311-aea5-e85407b0f3c7'),(972,316,NULL,399,105,'craft\\elements\\Entry',1,0,'2025-10-24 13:40:55','2026-01-20 09:12:43',NULL,NULL,NULL,'b2aecf90-6119-4c78-8f6c-44588b4dc69e'),(973,2,NULL,400,1,'craft\\elements\\Entry',1,0,'2025-10-24 13:40:52','2025-10-24 13:40:56',NULL,NULL,NULL,'21ec4e21-248a-4f2a-ab6c-ee2aa924167c'),(974,13,NULL,401,2,'craft\\elements\\Entry',1,0,'2025-10-24 13:40:52','2025-10-24 13:42:17',NULL,NULL,NULL,'1df38276-856e-4804-841d-aed6bcc07a5e'),(975,302,NULL,402,18,'craft\\elements\\Entry',1,0,'2025-10-24 13:40:56','2025-10-24 13:42:17',NULL,'2026-01-20 15:28:35',NULL,'fd113ab7-c628-4ccd-979b-8465a2600b61'),(976,2,NULL,403,1,'craft\\elements\\Entry',1,0,'2025-10-24 13:40:56','2025-10-24 13:40:56',NULL,NULL,NULL,'b9b7df57-8912-4799-abfb-168d6413ccc3'),(977,171,NULL,404,40,'craft\\elements\\Entry',1,0,'2025-10-24 13:41:15','2025-10-24 13:41:16',NULL,NULL,NULL,'4e90c01d-7019-4b9d-8d2b-2183c8871cb9'),(978,491,NULL,405,92,'craft\\elements\\Entry',1,0,'2025-10-24 13:41:15','2025-10-24 13:42:20',NULL,'2026-01-20 12:28:51',NULL,'7dc931ee-7e75-4baa-9ed5-38c1b0e6b9a5'),(979,492,NULL,406,50,'craft\\elements\\Entry',1,0,'2025-10-24 13:41:15','2025-10-24 13:42:20',NULL,NULL,NULL,'cf13d974-decc-40c6-a9b7-415cc82665ad'),(980,493,NULL,407,9,'craft\\elements\\Entry',1,0,'2025-10-24 13:41:15','2025-10-24 13:41:16',NULL,NULL,NULL,'5afb962e-7d96-40e7-89a7-79c4c15b68ba'),(981,520,NULL,408,9,'craft\\elements\\Entry',1,0,'2025-10-24 13:41:15','2025-10-24 13:41:16',NULL,'2025-10-24 14:23:31',NULL,'4a50f651-ea1e-4491-8895-67aa0b502ca1'),(982,521,NULL,409,9,'craft\\elements\\Entry',1,0,'2025-10-24 13:41:15','2025-10-24 13:41:16',NULL,'2026-01-20 12:28:52',NULL,'5b985cc5-0400-4b82-b72c-fb13aad24046'),(983,171,NULL,410,40,'craft\\elements\\Entry',1,0,'2025-10-24 13:41:16','2025-10-24 13:41:16',NULL,NULL,NULL,'9fe3fec6-f25c-4641-ad0e-3edbad6856e7'),(984,121,NULL,411,35,'craft\\elements\\Entry',1,0,'2025-10-24 13:41:34','2025-10-24 13:41:34',NULL,NULL,NULL,'8813bc58-31fe-46bf-a3b9-bc15811783f1'),(985,165,NULL,412,38,'craft\\elements\\Entry',1,0,'2025-10-24 13:41:58','2025-10-24 13:41:58',NULL,NULL,NULL,'188be6e9-8930-4ad0-b343-50563cd0183a'),(986,341,NULL,413,92,'craft\\elements\\Entry',1,0,'2025-10-24 13:41:58','2026-01-19 17:58:28',NULL,NULL,NULL,'62dd3a52-c5fe-46ed-97cc-0165efec5cab'),(987,342,NULL,414,18,'craft\\elements\\Entry',1,0,'2025-10-24 13:41:58','2026-01-19 17:58:28',NULL,NULL,NULL,'54b2d6e0-0362-4b20-98b9-de9de2cced34'),(988,165,NULL,415,38,'craft\\elements\\Entry',1,0,'2025-10-24 13:41:59','2025-10-24 13:41:59',NULL,NULL,NULL,'6f760ed3-27eb-4636-a4c7-780c5dda5900'),(989,287,NULL,416,18,'craft\\elements\\Entry',1,0,'2025-10-24 13:42:05','2025-10-24 13:42:05',NULL,'2026-01-19 16:15:50',NULL,'45db968a-7181-4f30-9946-00807467d69e'),(990,289,NULL,417,19,'craft\\elements\\Entry',1,0,'2025-10-24 13:42:05','2025-10-24 13:42:05',NULL,'2025-10-24 14:06:27',NULL,'f594f27e-9518-49c2-98ae-08db33b15f66'),(991,291,NULL,418,12,'craft\\elements\\Entry',1,0,'2025-10-24 13:42:06','2025-10-24 13:42:06',NULL,'2026-01-19 16:15:50',NULL,'f9cf2d85-16e4-4c08-8a0f-e18a9a00bda1'),(992,293,NULL,419,13,'craft\\elements\\Entry',1,0,'2025-10-24 13:42:06','2025-10-24 13:42:06',NULL,'2026-01-19 16:15:51',NULL,'ddef30a1-7c89-4fc2-a609-99f222f22c7e'),(993,316,NULL,420,105,'craft\\elements\\Entry',1,0,'2025-10-24 13:42:06','2025-10-24 13:42:06',NULL,'2025-10-24 14:06:31',NULL,'145b6273-c09e-403a-9687-f1e3da2aa75d'),(997,NULL,NULL,NULL,28,'craft\\elements\\Entry',1,0,'2025-10-24 13:50:04','2026-01-20 16:24:38',NULL,'2026-01-20 16:24:38',NULL,'45c6dfd1-6127-4bb5-8495-715e630779cc'),(1005,NULL,NULL,NULL,3,'craft\\elements\\Asset',1,0,'2025-10-24 14:00:42','2025-10-24 14:00:42',NULL,NULL,NULL,'e37b9b1f-83c2-45a7-a384-10b6ecf75cc7'),(1009,NULL,NULL,NULL,3,'craft\\elements\\Asset',1,0,'2025-10-24 14:01:05','2026-01-20 17:27:37',NULL,'2026-01-20 17:27:37',NULL,'08979ac3-e163-43b6-88fb-5bdf360146c0'),(1025,NULL,NULL,NULL,3,'craft\\elements\\Asset',1,0,'2025-10-24 14:02:57','2026-01-20 17:27:37',NULL,'2026-01-20 17:27:37',NULL,'d6cb8383-dc69-4446-b86d-202d9949011c'),(1026,NULL,NULL,NULL,3,'craft\\elements\\Asset',1,0,'2025-10-24 14:02:58','2026-01-20 17:27:37',NULL,'2026-01-20 17:27:37',NULL,'4aefab12-47c4-46d4-8bbc-1becd1c530f6'),(1027,NULL,NULL,NULL,3,'craft\\elements\\Asset',1,0,'2025-10-24 14:02:59','2026-01-20 17:27:37',NULL,'2026-01-20 17:27:37',NULL,'43b038b5-0d9d-4e6e-a9f5-6ad1ba33da11'),(1028,NULL,NULL,NULL,3,'craft\\elements\\Asset',1,0,'2025-10-24 14:03:00','2026-01-20 17:27:37',NULL,'2026-01-20 17:27:37',NULL,'e2d7f2c1-1758-4e7e-b2e1-469d3b6f423a'),(1029,NULL,NULL,NULL,3,'craft\\elements\\Asset',1,0,'2025-10-24 14:03:01','2026-01-20 17:27:37',NULL,'2026-01-20 17:27:37',NULL,'3c3eb575-9382-443a-8ff2-0e4c6bd1dd91'),(1030,NULL,NULL,NULL,3,'craft\\elements\\Asset',1,0,'2025-10-24 14:03:02','2026-01-20 17:27:37',NULL,'2026-01-20 17:27:37',NULL,'4949f56d-816c-4832-af62-c412b6005762'),(1062,NULL,NULL,NULL,3,'craft\\elements\\Asset',1,0,'2025-10-24 14:05:19','2026-01-20 17:27:37',NULL,'2026-01-20 17:27:37',NULL,'13fc6b65-0bee-4272-ab84-9cad85c1319e'),(1063,NULL,NULL,NULL,3,'craft\\elements\\Asset',1,0,'2025-10-24 14:05:20','2026-01-20 17:27:37',NULL,'2026-01-20 17:27:37',NULL,'fbcebe37-9390-4dda-800b-394ab84b9a30'),(1064,NULL,NULL,NULL,3,'craft\\elements\\Asset',1,0,'2025-10-24 14:05:21','2026-01-20 17:27:37',NULL,'2026-01-20 17:27:37',NULL,'f25b58b0-4a3c-4567-9d46-936009d73771'),(1065,NULL,NULL,NULL,3,'craft\\elements\\Asset',1,0,'2025-10-24 14:05:22','2026-01-20 17:27:37',NULL,'2026-01-20 17:27:37',NULL,'5d7e8a65-0cf1-4b60-a995-b91d83189234'),(1122,287,NULL,511,18,'craft\\elements\\Entry',1,0,'2025-10-24 14:06:27','2026-01-20 09:12:45',NULL,NULL,NULL,'60505971-1f36-4d96-8e23-185adb987c6f'),(1123,NULL,NULL,NULL,15,'craft\\elements\\Entry',1,0,'2025-10-24 14:06:27','2026-01-19 16:15:50',NULL,'2026-01-19 16:15:50',NULL,'ecc784ad-1ef0-4335-b988-3f420270b78a'),(1124,1123,NULL,512,15,'craft\\elements\\Entry',1,0,'2025-10-24 14:06:27','2026-01-20 09:12:46',NULL,NULL,NULL,'6ef9853d-5514-4d39-9052-8faa66190edd'),(1125,NULL,NULL,NULL,7,'craft\\elements\\Entry',1,0,'2025-10-24 14:06:27','2026-01-19 16:15:50',NULL,'2026-01-19 16:15:50',1,'28c82496-f9ac-4fef-8ea0-65177deba1cb'),(1126,NULL,NULL,NULL,7,'craft\\elements\\Entry',1,0,'2025-10-24 14:06:28','2026-01-19 16:15:50',NULL,'2026-01-19 16:15:50',1,'bb77a825-3300-4918-8ca1-05d764166c50'),(1127,NULL,NULL,NULL,7,'craft\\elements\\Entry',1,0,'2025-10-24 14:06:28','2026-01-19 16:15:50',NULL,'2026-01-19 16:15:50',1,'8bdaff1b-0d77-4df8-8eb9-a8f5941fb87d'),(1128,NULL,NULL,NULL,7,'craft\\elements\\Entry',1,0,'2025-10-24 14:06:28','2026-01-19 16:15:50',NULL,'2026-01-19 16:15:50',1,'7ae9c3cf-6ab3-439a-a331-5a03ededadea'),(1129,NULL,NULL,NULL,7,'craft\\elements\\Entry',1,0,'2025-10-24 14:06:28','2026-01-19 16:15:50',NULL,'2026-01-19 16:15:50',1,'ad5c4424-01fb-45d5-8e60-a5e3d0be54c0'),(1130,NULL,NULL,NULL,7,'craft\\elements\\Entry',1,0,'2025-10-24 14:06:28','2026-01-19 16:15:50',NULL,'2026-01-19 16:15:50',1,'71e77173-f7e7-4deb-b735-9432fb088f6a'),(1131,291,NULL,513,12,'craft\\elements\\Entry',1,0,'2025-10-24 14:06:27','2026-01-20 09:12:46',NULL,NULL,NULL,'24222267-21ca-4523-93e0-bd438c905749'),(1132,1125,NULL,514,7,'craft\\elements\\Entry',1,0,'2025-10-24 14:06:27','2026-01-20 09:12:46',NULL,NULL,NULL,'2f4028e2-0c43-47ae-9ea3-bf903b8c1da2'),(1133,1126,NULL,515,7,'craft\\elements\\Entry',1,0,'2025-10-24 14:06:28','2026-01-20 09:12:46',NULL,NULL,NULL,'f1c3f844-7080-4bd9-b60b-f8c0daa79ad1'),(1134,1127,NULL,516,7,'craft\\elements\\Entry',1,0,'2025-10-24 14:06:28','2026-01-20 09:12:46',NULL,NULL,NULL,'52d252cc-1f27-4a3e-891c-1eaea306d7ac'),(1135,1128,NULL,517,7,'craft\\elements\\Entry',1,0,'2025-10-24 14:06:28','2026-01-20 09:12:46',NULL,NULL,NULL,'ddb3097f-8fdf-4348-8aa2-01ee98cf9e5c'),(1136,1129,NULL,518,7,'craft\\elements\\Entry',1,0,'2025-10-24 14:06:28','2026-01-20 09:12:47',NULL,NULL,NULL,'2bebad83-3541-45c9-abf7-22be579445eb'),(1137,1130,NULL,519,7,'craft\\elements\\Entry',1,0,'2025-10-24 14:06:28','2026-01-20 09:12:47',NULL,NULL,NULL,'4b6b8f48-2684-4012-8b1d-8e5f6ef6c507'),(1138,NULL,NULL,NULL,82,'craft\\elements\\Entry',1,0,'2025-10-24 14:06:29','2026-01-19 16:15:51',NULL,'2026-01-19 16:15:51',1,'1829b4a5-07cb-4401-9407-90d6a28a775f'),(1139,NULL,NULL,NULL,82,'craft\\elements\\Entry',1,0,'2025-10-24 14:06:30','2026-01-19 16:15:51',NULL,'2026-01-19 16:15:51',1,'6a2f37bd-ff57-4d10-848a-e7ef66f00331'),(1140,NULL,NULL,NULL,82,'craft\\elements\\Entry',1,0,'2025-10-24 14:06:30','2026-01-19 16:15:51',NULL,'2026-01-19 16:15:51',1,'c7d1eee2-83c7-4c6f-81d0-46444883d0db'),(1141,NULL,NULL,NULL,82,'craft\\elements\\Entry',1,0,'2025-10-24 14:06:30','2026-01-19 16:15:51',NULL,'2026-01-19 16:15:51',1,'ffa431a6-7de2-4fd3-b015-19dd070ccd1e'),(1142,293,NULL,520,13,'craft\\elements\\Entry',1,0,'2025-10-24 14:06:29','2026-01-20 09:12:47',NULL,NULL,NULL,'b2fe84c9-8f3b-45d5-bed5-80c7a8299809'),(1143,1138,NULL,521,82,'craft\\elements\\Entry',1,0,'2025-10-24 14:06:30','2026-01-20 09:12:47',NULL,NULL,NULL,'a6f6f568-537c-4b6c-9054-509886a2ccb8'),(1144,1139,NULL,522,82,'craft\\elements\\Entry',1,0,'2025-10-24 14:06:30','2026-01-20 09:12:48',NULL,NULL,NULL,'2e5063b5-56b0-4266-b204-9c19d7919cd9'),(1145,1140,NULL,523,82,'craft\\elements\\Entry',1,0,'2025-10-24 14:06:30','2026-01-20 09:12:48',NULL,NULL,NULL,'7e84b24d-1d50-4365-be80-1520fae13a81'),(1146,1141,NULL,524,82,'craft\\elements\\Entry',1,0,'2025-10-24 14:06:30','2026-01-20 09:12:48',NULL,NULL,NULL,'fcae8fbf-15d1-4a15-8edf-968397afa6c5'),(1147,NULL,NULL,NULL,108,'craft\\elements\\Entry',1,0,'2025-10-24 14:06:31','2026-01-19 16:23:09',NULL,'2026-01-19 16:23:09',NULL,'44573fa9-bc5c-4ef0-a531-8018cf7f7f2a'),(1148,1147,NULL,525,108,'craft\\elements\\Entry',1,0,'2025-10-24 14:06:31','2026-01-20 09:12:48',NULL,NULL,NULL,'5382de17-21ab-43e4-9cf5-0863e465d37c'),(1149,2,NULL,526,1,'craft\\elements\\Entry',1,0,'2025-10-24 14:06:26','2025-10-24 14:06:31',NULL,NULL,NULL,'8ccaf5fc-b324-4ae4-bc2d-a62f67290287'),(1150,13,NULL,527,2,'craft\\elements\\Entry',1,0,'2025-10-24 14:06:26','2025-10-24 14:06:32',NULL,NULL,NULL,'e6f4e894-244d-4ec0-bbe5-47024470d3c7'),(1151,302,NULL,528,18,'craft\\elements\\Entry',1,0,'2025-10-24 13:42:06','2025-10-24 14:06:32',NULL,'2026-01-20 15:28:35',NULL,'f035ec8c-6200-45cb-ba52-a2a90f49cfbd'),(1157,NULL,NULL,NULL,3,'craft\\elements\\Asset',1,0,'2025-10-24 14:12:28','2026-01-20 17:27:37',NULL,'2026-01-20 17:27:37',NULL,'93ab28ed-3afb-4df2-9b92-c53212bb165e'),(1158,NULL,NULL,NULL,107,'craft\\elements\\Entry',1,0,'2025-10-24 14:12:34','2025-10-31 14:06:08',NULL,NULL,NULL,'c5822dc2-c556-43cb-8483-a8eed33976fd'),(1159,1147,NULL,530,108,'craft\\elements\\Entry',1,0,'2025-10-24 14:12:33','2025-10-24 14:12:34',NULL,'2026-01-19 16:23:09',NULL,'628bb773-455a-44f1-929d-58e8d13d4e2f'),(1160,1158,NULL,531,107,'craft\\elements\\Entry',1,0,'2025-10-24 14:12:34','2025-10-24 14:12:34',NULL,NULL,NULL,'18ff0a47-1b58-440f-a7db-0acd33209a62'),(1161,2,NULL,532,1,'craft\\elements\\Entry',1,0,'2025-10-24 14:12:33','2025-10-24 14:12:34',NULL,NULL,NULL,'ea88b568-386a-4b9d-af86-39899f3d0c4e'),(1162,1147,NULL,533,108,'craft\\elements\\Entry',1,0,'2025-10-24 14:12:34','2026-01-20 09:12:51',NULL,NULL,NULL,'e8c9a3cb-e225-40bb-a356-78a16a922902'),(1163,302,NULL,534,18,'craft\\elements\\Entry',1,0,'2025-10-24 14:12:34','2025-10-24 14:12:35',NULL,'2026-01-20 15:28:35',NULL,'92baa4c7-3b71-497b-887d-35bed89f42fd'),(1167,NULL,NULL,NULL,3,'craft\\elements\\Asset',1,0,'2025-10-24 14:13:10','2026-01-20 17:27:37',NULL,'2026-01-20 17:27:37',NULL,'1febae07-0244-45e3-a1e8-007985585202'),(1170,NULL,NULL,NULL,3,'craft\\elements\\Asset',1,0,'2025-10-24 14:14:08','2026-01-20 17:27:37',NULL,'2026-01-20 17:27:37',NULL,'056a42c1-5c07-49e7-8eb7-b4bfbeda4303'),(1171,NULL,NULL,NULL,3,'craft\\elements\\Asset',1,0,'2025-10-24 14:14:14','2026-01-20 17:27:37',NULL,'2026-01-20 17:27:37',NULL,'92c62467-0c27-43eb-912b-7b771564e438'),(1172,NULL,NULL,NULL,3,'craft\\elements\\Asset',1,0,'2025-10-24 14:15:42','2026-01-20 17:27:37',NULL,'2026-01-20 17:27:37',NULL,'8e3f8374-272c-4759-bd18-f4b4d54c5a39'),(1173,NULL,NULL,NULL,18,'craft\\elements\\Entry',1,0,'2025-10-24 14:17:20','2026-01-19 17:04:39',NULL,'2026-01-19 17:04:39',NULL,'3e34df94-a9b5-4317-9a92-173d938721c9'),(1174,NULL,NULL,NULL,18,'craft\\elements\\Entry',1,0,'2025-10-24 14:17:20','2026-01-19 17:04:40',NULL,'2026-01-19 17:04:40',NULL,'44f4dcc0-f756-47c5-950c-34267a22a42c'),(1175,165,NULL,535,38,'craft\\elements\\Entry',1,0,'2025-10-24 14:17:19','2025-10-24 14:17:20',NULL,NULL,NULL,'d0b049d2-fc64-4577-8727-8ea035da126d'),(1176,341,NULL,536,92,'craft\\elements\\Entry',1,0,'2025-10-24 14:17:19','2026-01-19 17:58:29',NULL,NULL,NULL,'b00ebe4b-a1cb-4831-9fd5-f514c020b160'),(1177,342,NULL,537,18,'craft\\elements\\Entry',1,0,'2025-10-24 14:17:20','2026-01-19 17:58:29',NULL,NULL,NULL,'2bedf9a9-3e5e-480c-a966-32874ab3ac1c'),(1178,1173,NULL,538,18,'craft\\elements\\Entry',1,0,'2025-10-24 14:17:20','2026-01-19 17:58:30',NULL,NULL,NULL,'0d55bfe4-5e29-4e60-9dd8-623290d3dfb4'),(1179,1174,NULL,539,18,'craft\\elements\\Entry',1,0,'2025-10-24 14:17:20','2026-01-19 17:58:30',NULL,NULL,NULL,'be662712-2c93-410e-a2a9-649e0b9f2e49'),(1182,165,NULL,540,38,'craft\\elements\\Entry',1,0,'2025-10-24 14:20:56','2025-10-24 14:20:57',NULL,NULL,NULL,'23dde534-1487-4c8b-abe1-f6acdcf27bd8'),(1183,1173,NULL,541,18,'craft\\elements\\Entry',1,0,'2025-10-24 14:20:57','2026-01-19 17:58:30',NULL,NULL,NULL,'57a9e2bc-8ea7-429f-8b8d-07fc1133dafe'),(1189,NULL,NULL,NULL,3,'craft\\elements\\Asset',1,0,'2025-10-24 14:21:58','2026-01-20 17:27:37',NULL,'2026-01-20 17:27:37',NULL,'9fe60025-def9-44a8-aafe-066d5cb1f82d'),(1190,NULL,NULL,NULL,3,'craft\\elements\\Asset',1,0,'2025-10-24 14:22:00','2026-01-20 17:27:37',NULL,'2026-01-20 17:27:37',NULL,'33f39a7f-6dbd-4740-9dd4-1d0664ab1d6e'),(1191,NULL,NULL,NULL,3,'craft\\elements\\Asset',1,0,'2025-10-24 14:22:01','2026-01-20 17:27:37',NULL,'2026-01-20 17:27:37',NULL,'ba3c8ea6-ff2e-4316-a854-08e0b51d312a'),(1192,NULL,NULL,NULL,3,'craft\\elements\\Asset',1,0,'2025-10-24 14:22:02','2026-01-20 17:27:37',NULL,'2026-01-20 17:27:37',NULL,'2cfba65f-5dce-4345-9115-7a0c622b8a5c'),(1196,NULL,NULL,NULL,9,'craft\\elements\\Entry',1,0,'2025-10-24 14:23:31','2026-01-20 12:28:51',NULL,NULL,NULL,'71885072-20ad-4bbd-a029-eaf9a7a71498'),(1197,NULL,NULL,NULL,17,'craft\\elements\\Entry',1,0,'2025-10-24 14:23:31','2026-01-20 12:29:28',NULL,'2026-01-20 12:29:28',NULL,'525fe474-3699-48df-a24a-5b338e464c97'),(1198,171,NULL,542,40,'craft\\elements\\Entry',1,0,'2025-10-24 14:23:30','2025-10-24 14:23:31',NULL,NULL,NULL,'eaa9fca9-1e39-482d-8cdc-e6d1ee8a6a8b'),(1199,491,NULL,543,92,'craft\\elements\\Entry',1,0,'2025-10-24 14:23:30','2025-10-24 14:23:31',NULL,'2026-01-20 12:28:51',NULL,'f94f183e-166e-4487-ba40-5c2a50e2348d'),(1200,492,NULL,544,50,'craft\\elements\\Entry',1,0,'2025-10-24 14:23:30','2025-10-24 14:23:31',NULL,NULL,NULL,'40c8ec87-27fd-4860-b5bc-7831e2afd1ee'),(1201,493,NULL,545,9,'craft\\elements\\Entry',1,0,'2025-10-24 14:23:30','2025-10-24 14:23:31',NULL,NULL,NULL,'7534513a-259f-42dc-8e33-cefc0b884df6'),(1202,1196,NULL,546,9,'craft\\elements\\Entry',1,0,'2025-10-24 14:23:31','2025-10-24 14:23:32',NULL,NULL,NULL,'6a7390ba-446b-4081-ae75-3bafc87b90e4'),(1203,521,NULL,547,9,'craft\\elements\\Entry',1,0,'2025-10-24 14:23:31','2025-10-24 14:23:32',NULL,'2026-01-20 12:28:52',NULL,'ef875864-9e1f-4425-a162-6ac0333eca68'),(1204,1197,NULL,548,17,'craft\\elements\\Entry',1,0,'2025-10-24 14:23:31','2025-10-24 14:23:32',NULL,'2026-01-20 12:29:28',NULL,'5dc5fd62-4568-4e24-8622-18572e5d9274'),(1207,171,NULL,549,40,'craft\\elements\\Entry',1,0,'2025-10-24 14:23:45','2025-10-24 14:23:45',NULL,NULL,NULL,'4fbee6b4-55a1-42d2-b2ba-d281a930fa7b'),(1208,1197,NULL,550,17,'craft\\elements\\Entry',1,0,'2025-10-24 14:23:45','2025-10-24 14:23:45',NULL,'2026-01-20 12:29:28',NULL,'7c824a9b-50fe-49c6-9550-92020d7c261c'),(1209,NULL,NULL,NULL,37,'craft\\elements\\Entry',1,0,'2025-10-24 14:23:55','2026-01-20 12:24:58',NULL,'2026-01-20 12:24:58',NULL,'5a7f1b91-79ed-415e-af34-a7ccab8c4516'),(1210,NULL,NULL,NULL,92,'craft\\elements\\Entry',1,0,'2025-10-24 14:24:12','2026-01-20 12:24:58',NULL,'2026-01-20 12:24:58',1,'08195a5f-d3eb-4aa2-8a62-aba892b56609'),(1211,NULL,NULL,NULL,18,'craft\\elements\\Entry',1,0,'2025-10-24 14:24:12','2026-01-20 12:24:58',NULL,'2026-01-20 12:24:58',1,'ef782733-9fdd-456c-8ae0-503d4b430545'),(1212,NULL,NULL,NULL,109,'craft\\elements\\Entry',1,0,'2025-10-24 14:24:13','2026-01-20 12:24:58',NULL,'2026-01-20 12:24:58',1,'4ec530cc-949f-453c-8192-381a1072de65'),(1213,NULL,NULL,NULL,110,'craft\\elements\\Entry',1,0,'2025-10-24 14:24:15','2026-01-20 12:24:58',NULL,'2026-01-20 12:24:58',1,'9d9d750e-2a7d-49b2-8637-d6d128d9fe22'),(1214,NULL,NULL,NULL,92,'craft\\elements\\Entry',1,0,'2025-10-24 14:24:15','2026-01-20 12:24:58',NULL,'2026-01-20 12:24:58',1,'3ea8bc23-e477-404d-85c2-cdb8c6bc7fa2'),(1215,NULL,NULL,NULL,3,'craft\\elements\\Asset',1,0,'2025-10-24 14:24:33','2026-01-20 17:27:37',NULL,'2026-01-20 17:27:37',NULL,'6e5d8c28-176e-4ab5-8ed0-f500d39f977e'),(1216,NULL,NULL,NULL,3,'craft\\elements\\Asset',1,0,'2025-10-24 14:24:34','2026-01-20 17:27:37',NULL,'2026-01-20 17:27:37',NULL,'0bc44907-305e-444e-9329-be416cd6b6bb'),(1217,NULL,NULL,NULL,3,'craft\\elements\\Asset',1,0,'2025-10-24 14:25:24','2026-01-20 17:27:37',NULL,'2026-01-20 17:27:37',NULL,'666e283c-8127-4615-b46f-efff60befd81'),(1218,NULL,NULL,NULL,3,'craft\\elements\\Asset',1,0,'2025-10-24 14:27:05','2026-01-20 17:27:37',NULL,'2026-01-20 17:27:37',NULL,'9ae6cb99-e6d9-4e12-b703-17bb2f859e07'),(1219,NULL,NULL,NULL,111,'craft\\elements\\Entry',1,0,'2025-10-24 14:28:38','2026-01-20 12:24:58',NULL,'2026-01-20 12:24:58',1,'a5939704-2d38-4cb5-8053-d748799b185e'),(1220,NULL,NULL,NULL,7,'craft\\elements\\Entry',1,0,'2025-10-24 14:29:21','2026-01-20 12:24:58',NULL,'2026-01-20 12:24:58',1,'cfef412a-368c-4364-83de-0127c4343158'),(1221,NULL,NULL,NULL,3,'craft\\elements\\Asset',1,0,'2025-10-24 14:29:41','2026-01-20 17:27:37',NULL,'2026-01-20 17:27:37',NULL,'25056764-1eca-492a-8342-26adf59f628e'),(1222,NULL,NULL,NULL,3,'craft\\elements\\Asset',1,0,'2025-10-24 14:29:42','2026-01-20 17:27:37',NULL,'2026-01-20 17:27:37',NULL,'64a55ed5-497f-4394-9ab1-eb14297b552a'),(1223,NULL,NULL,NULL,3,'craft\\elements\\Asset',1,0,'2025-10-24 14:29:42','2026-01-20 17:27:37',NULL,'2026-01-20 17:27:37',NULL,'66fbabb9-4de8-4261-8c02-506239ec8be1'),(1224,NULL,NULL,NULL,3,'craft\\elements\\Asset',1,0,'2025-10-24 14:29:44','2026-01-20 17:27:37',NULL,'2026-01-20 17:27:37',NULL,'d9014813-de1d-4755-8d91-7ef41d075744'),(1225,NULL,NULL,NULL,3,'craft\\elements\\Asset',1,0,'2025-10-24 14:29:44','2026-01-20 17:27:37',NULL,'2026-01-20 17:27:37',NULL,'1554be7e-f8dc-4b22-b758-eda972e93c7a'),(1226,NULL,NULL,NULL,3,'craft\\elements\\Asset',1,0,'2025-10-24 14:29:45','2026-01-20 17:27:37',NULL,'2026-01-20 17:27:37',NULL,'f6320247-d305-49ef-8a7c-b70a7549111d'),(1227,NULL,NULL,NULL,7,'craft\\elements\\Entry',1,0,'2025-10-24 14:29:55','2026-01-20 12:24:58',NULL,'2026-01-20 12:24:58',1,'2b62215c-caa6-4294-86c7-c9de51400fe4'),(1228,NULL,NULL,NULL,7,'craft\\elements\\Entry',1,0,'2025-10-24 14:33:22','2026-01-20 12:24:58',NULL,'2026-01-20 12:24:58',1,'e765b5d8-7e3a-42fa-b007-967f2f9d4a55'),(1229,NULL,NULL,NULL,7,'craft\\elements\\Entry',1,0,'2025-10-24 14:33:39','2026-01-20 12:24:58',NULL,'2026-01-20 12:24:58',1,'9aa4b65e-86f5-400c-b4d3-ece27e0b2027'),(1230,NULL,NULL,NULL,7,'craft\\elements\\Entry',1,0,'2025-10-24 14:33:52','2026-01-20 12:24:58',NULL,'2026-01-20 12:24:58',1,'62c07bf3-9206-4219-b3e5-9dadd5b8032a'),(1231,NULL,NULL,NULL,7,'craft\\elements\\Entry',1,0,'2025-10-24 14:34:05','2026-01-20 12:24:58',NULL,'2026-01-20 12:24:58',1,'e3b5ff6c-21f1-41cc-a4c0-907207eff689'),(1232,NULL,NULL,NULL,112,'craft\\elements\\Entry',1,0,'2025-10-24 14:34:19','2026-01-20 12:24:58',NULL,'2026-01-20 12:24:58',1,'d6e7ec68-5ae7-491f-9039-3228caabc948'),(1233,NULL,NULL,NULL,81,'craft\\elements\\Entry',1,0,'2025-10-24 14:34:26','2026-01-20 12:24:58',NULL,'2026-01-20 12:24:58',1,'04267cad-4e1b-4390-acf0-f47738caada2'),(1234,NULL,NULL,NULL,3,'craft\\elements\\Asset',1,0,'2025-10-24 14:34:39','2026-01-20 17:27:37',NULL,'2026-01-20 17:27:37',NULL,'e5976f25-8cd4-48c0-aeaa-526b27ac9699'),(1235,NULL,NULL,NULL,3,'craft\\elements\\Asset',1,0,'2025-10-24 14:34:40','2026-01-20 17:27:37',NULL,'2026-01-20 17:27:37',NULL,'bf0ff735-7e62-4fd6-8009-285809355625'),(1236,NULL,NULL,NULL,3,'craft\\elements\\Asset',1,0,'2025-10-24 14:34:41','2026-01-20 17:27:37',NULL,'2026-01-20 17:27:37',NULL,'7c2be9cd-04d5-4eca-ab46-c8aff83c75a0'),(1237,NULL,NULL,NULL,3,'craft\\elements\\Asset',1,0,'2025-10-24 14:34:42','2026-01-20 17:27:37',NULL,'2026-01-20 17:27:37',NULL,'06a6843e-58d1-4634-b22d-0e6145822f29'),(1238,NULL,NULL,NULL,3,'craft\\elements\\Asset',1,0,'2025-10-24 14:34:43','2026-01-20 17:27:37',NULL,'2026-01-20 17:27:37',NULL,'bac2b2fe-0682-4ce3-965d-714c27ee1c00'),(1239,NULL,NULL,NULL,81,'craft\\elements\\Entry',1,0,'2025-10-24 14:34:56','2026-01-20 12:24:58',NULL,'2026-01-20 12:24:58',1,'124ef5d9-c6a4-4f58-a26c-ca636e00a8ba'),(1240,NULL,NULL,NULL,81,'craft\\elements\\Entry',1,0,'2025-10-24 14:35:17','2026-01-20 12:24:58',NULL,'2026-01-20 12:24:58',1,'64c05317-9ff4-4c6f-b3a7-e4e521b2dde7'),(1241,NULL,NULL,NULL,81,'craft\\elements\\Entry',1,0,'2025-10-24 14:35:28','2026-01-20 12:24:58',NULL,'2026-01-20 12:24:58',1,'4bdb3e4f-7452-47cf-9d1a-ca656b49660f'),(1242,NULL,NULL,NULL,81,'craft\\elements\\Entry',1,0,'2025-10-24 14:35:39','2026-01-20 12:24:58',NULL,'2026-01-20 12:24:58',1,'3bc11436-10fa-45e8-8347-0092011e5b9b'),(1243,1209,NULL,551,37,'craft\\elements\\Entry',1,0,'2025-10-24 14:36:05','2025-10-24 14:36:05',NULL,'2026-01-20 12:24:58',NULL,'238c0509-f7ea-4e9c-a82d-7f8db9cffd81'),(1244,1210,NULL,552,92,'craft\\elements\\Entry',1,0,'2025-10-24 14:25:48','2025-10-24 14:36:05',NULL,'2026-01-20 12:24:58',NULL,'6ca2b015-02f3-42aa-8318-608e7737b53f'),(1245,1211,NULL,553,18,'craft\\elements\\Entry',1,0,'2025-10-24 14:26:23','2025-10-24 14:36:05',NULL,'2026-01-20 12:24:58',NULL,'630fb3c1-1fb0-444c-9257-864ac60d40d5'),(1246,1212,NULL,554,109,'craft\\elements\\Entry',1,0,'2025-10-24 14:27:16','2025-10-24 14:36:05',NULL,'2026-01-20 12:24:58',NULL,'eefe21c4-0819-49be-afc2-8451763bb6f5'),(1247,1213,NULL,555,110,'craft\\elements\\Entry',1,0,'2025-10-24 14:27:57','2025-10-24 14:36:05',NULL,'2026-01-20 12:24:58',NULL,'04b110d2-3431-42c2-b439-600dc888957c'),(1248,1219,NULL,556,111,'craft\\elements\\Entry',1,0,'2025-10-24 14:33:22','2025-10-24 14:36:06',NULL,'2026-01-20 12:24:58',NULL,'1b0fb4c9-7417-430f-8cd2-ddfac8bc1dd6'),(1249,1220,NULL,557,7,'craft\\elements\\Entry',1,0,'2025-10-24 14:29:52','2025-10-24 14:36:06',NULL,'2026-01-20 12:24:58',NULL,'d19447c6-b12e-4a87-a62b-937cfba85a38'),(1250,1227,NULL,558,7,'craft\\elements\\Entry',1,0,'2025-10-24 14:30:07','2025-10-24 14:36:06',NULL,'2026-01-20 12:24:58',NULL,'0cc88d8d-206f-40be-a177-23c630412ab2'),(1251,1228,NULL,559,7,'craft\\elements\\Entry',1,0,'2025-10-24 14:33:38','2025-10-24 14:36:06',NULL,'2026-01-20 12:24:58',NULL,'7730df24-44bc-4e02-bdf5-9959111726e8'),(1252,1229,NULL,560,7,'craft\\elements\\Entry',1,0,'2025-10-24 14:33:51','2025-10-24 14:36:06',NULL,'2026-01-20 12:24:58',NULL,'25dea689-d0bc-4d24-a36e-510ee3f69d5a'),(1253,1230,NULL,561,7,'craft\\elements\\Entry',1,0,'2025-10-24 14:34:03','2025-10-24 14:36:06',NULL,'2026-01-20 12:24:58',NULL,'45244fb3-aa4e-4a95-b7ee-eafd6926d156'),(1254,1231,NULL,562,7,'craft\\elements\\Entry',1,0,'2025-10-24 14:34:15','2025-10-24 14:36:06',NULL,'2026-01-20 12:24:58',NULL,'2c0d4b57-fc54-404c-a099-3af350096f39'),(1255,1232,NULL,563,112,'craft\\elements\\Entry',1,0,'2025-10-24 14:34:25','2025-10-24 14:36:06',NULL,'2026-01-20 12:24:58',NULL,'5945f061-b119-4f89-8465-ad69890e969f'),(1256,1233,NULL,564,81,'craft\\elements\\Entry',1,0,'2025-10-24 14:34:53','2025-10-24 14:36:07',NULL,'2026-01-20 12:24:58',NULL,'086a68d3-2ef5-4d72-8b4e-b459e6c45008'),(1257,1239,NULL,565,81,'craft\\elements\\Entry',1,0,'2025-10-24 14:35:09','2025-10-24 14:36:07',NULL,'2026-01-20 12:24:58',NULL,'278722ba-7210-4cdc-967c-da9d2ee8a2d8'),(1258,1240,NULL,566,81,'craft\\elements\\Entry',1,0,'2025-10-24 14:35:26','2025-10-24 14:36:07',NULL,'2026-01-20 12:24:58',NULL,'aa071b2e-c74f-458f-81d0-aed715e711d2'),(1259,1241,NULL,567,81,'craft\\elements\\Entry',1,0,'2025-10-24 14:35:38','2025-10-24 14:36:07',NULL,'2026-01-20 12:24:58',NULL,'8e5e422e-19a0-403a-b799-d811eefb68bb'),(1260,1242,NULL,568,81,'craft\\elements\\Entry',1,0,'2025-10-24 14:35:47','2025-10-24 14:36:07',NULL,'2026-01-20 12:24:58',NULL,'fc1030bb-560e-4ea5-9ffc-ed1cd4ea2b74'),(1261,1214,NULL,569,92,'craft\\elements\\Entry',1,0,'2025-10-24 14:36:02','2025-10-24 14:36:07',NULL,'2026-01-20 12:24:58',NULL,'be5eb7f5-110f-45ea-9189-259b8a1dac94'),(1262,1209,NULL,570,37,'craft\\elements\\Entry',1,0,'2025-10-24 14:36:23','2025-10-24 14:36:23',NULL,'2026-01-20 12:24:58',NULL,'889052eb-7356-4ca4-90de-447c537d97e2'),(1263,NULL,NULL,NULL,37,'craft\\elements\\Entry',1,0,'2025-10-24 14:36:46','2026-01-20 12:24:59',NULL,'2026-01-20 12:24:59',NULL,'72e433bb-c02d-4c4c-86de-6f4ef2f0c375'),(1264,NULL,NULL,NULL,92,'craft\\elements\\Entry',1,0,'2025-10-24 14:36:46','2026-01-20 12:24:59',NULL,'2026-01-20 12:24:59',1,'8cbb81b5-8133-46a4-b217-408e4bc797db'),(1265,NULL,NULL,NULL,18,'craft\\elements\\Entry',1,0,'2025-10-24 14:36:46','2026-01-20 12:24:59',NULL,'2026-01-20 12:24:59',1,'d73dd73b-38c5-4e38-84c8-84fdf0d3a1e2'),(1266,NULL,NULL,NULL,109,'craft\\elements\\Entry',1,0,'2025-10-24 14:36:46','2026-01-20 12:24:59',NULL,'2026-01-20 12:24:59',1,'776d1639-bfeb-4c78-8930-ce04853d53e6'),(1267,NULL,NULL,NULL,110,'craft\\elements\\Entry',1,0,'2025-10-24 14:36:47','2026-01-20 12:24:59',NULL,'2026-01-20 12:24:59',1,'f98cba95-af80-4bb4-88d8-72586e8fc18a'),(1268,NULL,NULL,NULL,111,'craft\\elements\\Entry',1,0,'2025-10-24 14:36:47','2026-01-20 12:24:59',NULL,'2026-01-20 12:24:59',1,'977c0bee-96bb-46a9-837d-1281941ff70c'),(1269,NULL,NULL,NULL,7,'craft\\elements\\Entry',1,0,'2025-10-24 14:36:47','2026-01-20 12:24:59',NULL,'2026-01-20 12:24:59',1,'eab9a4ff-9f27-4900-bf9c-8288c66108b1'),(1270,NULL,NULL,NULL,7,'craft\\elements\\Entry',1,0,'2025-10-24 14:36:47','2026-01-20 12:24:59',NULL,'2026-01-20 12:24:59',1,'cb627c58-80cc-4b77-b7da-38c80ac581d7'),(1271,NULL,NULL,NULL,7,'craft\\elements\\Entry',1,0,'2025-10-24 14:36:47','2026-01-20 12:24:59',NULL,'2026-01-20 12:24:59',1,'7dc4b2c7-4cc7-4f67-86a3-d240235894e1'),(1272,NULL,NULL,NULL,7,'craft\\elements\\Entry',1,0,'2025-10-24 14:36:47','2026-01-20 12:24:59',NULL,'2026-01-20 12:24:59',1,'62bd92c3-8d3b-408b-8e39-4946c5de9f4a'),(1273,NULL,NULL,NULL,7,'craft\\elements\\Entry',1,0,'2025-10-24 14:36:47','2026-01-20 12:24:59',NULL,'2026-01-20 12:24:59',1,'86963514-af81-497c-acb1-0cc8378e4908'),(1274,NULL,NULL,NULL,7,'craft\\elements\\Entry',1,0,'2025-10-24 14:36:47','2026-01-20 12:24:59',NULL,'2026-01-20 12:24:59',1,'b1a1173f-f2a5-4005-b20b-fc2f21e6d425'),(1275,NULL,NULL,NULL,112,'craft\\elements\\Entry',1,0,'2025-10-24 14:36:48','2026-01-20 12:24:59',NULL,'2026-01-20 12:24:59',1,'c3452ed4-5b7c-4243-811e-7ecc61d3e97c'),(1276,NULL,NULL,NULL,81,'craft\\elements\\Entry',1,0,'2025-10-24 14:36:48','2026-01-20 12:24:59',NULL,'2026-01-20 12:24:59',1,'e8e7a137-f01d-49e5-b39d-a0084e870810'),(1277,NULL,NULL,NULL,81,'craft\\elements\\Entry',1,0,'2025-10-24 14:36:48','2026-01-20 12:24:59',NULL,'2026-01-20 12:24:59',1,'9b9d8c3f-3a50-4c8b-a2d2-5a797fb42fa8'),(1278,NULL,NULL,NULL,81,'craft\\elements\\Entry',1,0,'2025-10-24 14:36:48','2026-01-20 12:24:59',NULL,'2026-01-20 12:24:59',1,'2d1cb2d7-9d8f-4772-bd10-810b866e2666'),(1279,NULL,NULL,NULL,81,'craft\\elements\\Entry',1,0,'2025-10-24 14:36:48','2026-01-20 12:24:59',NULL,'2026-01-20 12:24:59',1,'b2bf2b5c-f173-43a5-ae57-681d5e9912b5'),(1280,NULL,NULL,NULL,81,'craft\\elements\\Entry',1,0,'2025-10-24 14:36:48','2026-01-20 12:24:59',NULL,'2026-01-20 12:24:59',1,'68cbb7e6-f29f-4e06-9233-ba7998d98f53'),(1281,NULL,NULL,NULL,92,'craft\\elements\\Entry',1,0,'2025-10-24 14:36:49','2026-01-20 12:24:59',NULL,'2026-01-20 12:24:59',1,'049b6911-621b-4b41-a557-e2504cd0f21d'),(1282,1263,NULL,571,37,'craft\\elements\\Entry',1,0,'2025-10-24 14:36:46','2025-10-24 14:36:49',NULL,'2026-01-20 12:24:59',NULL,'5bd0306f-a0d3-4325-99c3-8d933e2c80ec'),(1283,1264,NULL,572,92,'craft\\elements\\Entry',1,0,'2025-10-24 14:36:46','2025-10-24 14:36:49',NULL,'2026-01-20 12:24:59',NULL,'27628a7a-c088-49b6-bdb2-bbc9de36ac7c'),(1284,1265,NULL,573,18,'craft\\elements\\Entry',1,0,'2025-10-24 14:36:46','2025-10-24 14:36:49',NULL,'2026-01-20 12:24:59',NULL,'585c4b6a-89e1-4567-9002-822f503197cc'),(1285,1266,NULL,574,109,'craft\\elements\\Entry',1,0,'2025-10-24 14:36:46','2025-10-24 14:36:49',NULL,'2026-01-20 12:24:59',NULL,'30ec0de9-f924-45e7-b538-a1bb7f883fad'),(1286,1267,NULL,575,110,'craft\\elements\\Entry',1,0,'2025-10-24 14:36:47','2025-10-24 14:36:49',NULL,'2026-01-20 12:24:59',NULL,'cb830939-697a-4c3c-a48f-3eedb45609da'),(1287,1268,NULL,576,111,'craft\\elements\\Entry',1,0,'2025-10-24 14:36:47','2025-10-24 14:36:49',NULL,'2026-01-20 12:24:59',NULL,'f9de80db-ecd4-4348-bdd8-52e1e6f85519'),(1288,1269,NULL,577,7,'craft\\elements\\Entry',1,0,'2025-10-24 14:36:47','2025-10-24 14:36:50',NULL,'2026-01-20 12:24:59',NULL,'93dd0e4d-f3fd-433f-816e-cd620e86ca37'),(1289,1270,NULL,578,7,'craft\\elements\\Entry',1,0,'2025-10-24 14:36:47','2025-10-24 14:36:50',NULL,'2026-01-20 12:24:59',NULL,'a5fc6a11-6148-42cf-8a99-04a371da9fc9'),(1290,1271,NULL,579,7,'craft\\elements\\Entry',1,0,'2025-10-24 14:36:47','2025-10-24 14:36:50',NULL,'2026-01-20 12:24:59',NULL,'0737fce7-3c8f-4caa-b5f2-fdd3c7c7f5a4'),(1291,1272,NULL,580,7,'craft\\elements\\Entry',1,0,'2025-10-24 14:36:47','2025-10-24 14:36:50',NULL,'2026-01-20 12:24:59',NULL,'3481153e-264e-42b9-b4c7-b775c100611b'),(1292,1273,NULL,581,7,'craft\\elements\\Entry',1,0,'2025-10-24 14:36:47','2025-10-24 14:36:50',NULL,'2026-01-20 12:24:59',NULL,'e9cbd1ce-d979-4f8c-bc19-dca1e9d3171d'),(1293,1274,NULL,582,7,'craft\\elements\\Entry',1,0,'2025-10-24 14:36:48','2025-10-24 14:36:50',NULL,'2026-01-20 12:24:59',NULL,'0207ad11-819a-4099-8a38-20dc45c6e1fa'),(1294,1275,NULL,583,112,'craft\\elements\\Entry',1,0,'2025-10-24 14:36:48','2025-10-24 14:36:50',NULL,'2026-01-20 12:24:59',NULL,'5d176830-5dcb-4348-822a-d9c1da0e4316'),(1295,1276,NULL,584,81,'craft\\elements\\Entry',1,0,'2025-10-24 14:36:48','2025-10-24 14:36:51',NULL,'2026-01-20 12:24:59',NULL,'4f971c52-535e-401b-95d9-1d2930782bcf'),(1296,1277,NULL,585,81,'craft\\elements\\Entry',1,0,'2025-10-24 14:36:48','2025-10-24 14:36:51',NULL,'2026-01-20 12:24:59',NULL,'d3adff84-3067-4bf2-ab35-88c20bcaf1cb'),(1297,1278,NULL,586,81,'craft\\elements\\Entry',1,0,'2025-10-24 14:36:48','2025-10-24 14:36:51',NULL,'2026-01-20 12:24:59',NULL,'7ebe796a-3157-473c-a666-bdcccffec17e'),(1298,1279,NULL,587,81,'craft\\elements\\Entry',1,0,'2025-10-24 14:36:48','2025-10-24 14:36:51',NULL,'2026-01-20 12:24:59',NULL,'03fce72a-608d-4773-8e69-ae94c3245372'),(1299,1280,NULL,588,81,'craft\\elements\\Entry',1,0,'2025-10-24 14:36:48','2025-10-24 14:36:51',NULL,'2026-01-20 12:24:59',NULL,'0ddd4905-820f-483b-b2ad-2aa257c889d9'),(1300,1281,NULL,589,92,'craft\\elements\\Entry',1,0,'2025-10-24 14:36:49','2025-10-24 14:36:51',NULL,'2026-01-20 12:24:59',NULL,'e6191908-7bce-44fe-a58b-d5c4c9cd0e9c'),(1308,NULL,NULL,NULL,3,'craft\\elements\\Asset',1,0,'2025-10-24 14:40:51','2026-01-20 17:27:37',NULL,'2026-01-20 17:27:37',NULL,'c1217399-40e2-4c3b-b3f4-eec5a4e82404'),(1309,NULL,NULL,NULL,3,'craft\\elements\\Asset',1,0,'2025-10-24 14:40:51','2026-01-20 17:27:37',NULL,'2026-01-20 17:27:37',NULL,'e6dadf82-4d23-434e-8882-9bc666a60f89'),(1310,NULL,NULL,NULL,3,'craft\\elements\\Asset',1,0,'2025-10-24 14:40:52','2026-01-20 17:27:37',NULL,'2026-01-20 17:27:37',NULL,'36ab1ccb-42d6-4299-9cf2-7cde2cf1f635'),(1311,NULL,NULL,NULL,3,'craft\\elements\\Asset',1,0,'2025-10-24 14:40:54','2026-01-20 17:27:37',NULL,'2026-01-20 17:27:37',NULL,'b9f71384-c09b-4b4c-9a6a-ad104e1fca00'),(1312,NULL,NULL,NULL,3,'craft\\elements\\Asset',1,0,'2025-10-24 14:40:55','2026-01-20 17:27:37',NULL,'2026-01-20 17:27:37',NULL,'5714840a-34ae-406f-bedb-fa201629196d'),(1313,NULL,NULL,NULL,3,'craft\\elements\\Asset',1,0,'2025-10-24 14:40:56','2026-01-20 17:27:37',NULL,'2026-01-20 17:27:37',NULL,'385d6552-87bd-44ec-9515-705a94753a62'),(1321,NULL,NULL,NULL,3,'craft\\elements\\Asset',1,0,'2025-10-24 14:42:46','2026-01-20 17:27:37',NULL,'2026-01-20 17:27:37',NULL,'78c1437a-6519-4d31-b55f-6ae2548a75e2'),(1322,NULL,NULL,NULL,3,'craft\\elements\\Asset',1,0,'2025-10-24 14:42:49','2026-01-20 17:27:37',NULL,'2026-01-20 17:27:37',NULL,'2737fd60-4e93-4441-9b47-64e9cb1013f7'),(1323,NULL,NULL,NULL,3,'craft\\elements\\Asset',1,0,'2025-10-24 14:42:51','2026-01-20 17:27:37',NULL,'2026-01-20 17:27:37',NULL,'c2d7a8aa-5fa2-49e4-9409-95f77895610a'),(1324,NULL,NULL,NULL,3,'craft\\elements\\Asset',1,0,'2025-10-24 14:42:52','2026-01-20 17:27:37',NULL,'2026-01-20 17:27:37',NULL,'647b5d83-20cf-4cdc-b2cd-6c4ad191df70'),(1325,NULL,NULL,NULL,3,'craft\\elements\\Asset',1,0,'2025-10-24 14:42:53','2026-01-20 17:27:37',NULL,'2026-01-20 17:27:37',NULL,'710a3130-8f69-4cdf-8ce2-2ff46cf121f0'),(1331,NULL,NULL,NULL,3,'craft\\elements\\Asset',1,0,'2025-10-24 14:44:28','2026-01-20 17:27:37',NULL,'2026-01-20 17:27:37',NULL,'32a8871e-6045-4d5f-9513-b881eb481acc'),(1332,NULL,NULL,NULL,3,'craft\\elements\\Asset',1,0,'2025-10-24 14:44:46','2026-01-20 17:27:37',NULL,'2026-01-20 17:27:37',NULL,'ea27d112-fd1a-477e-a1da-e69c91fcc24b'),(1333,1263,NULL,590,37,'craft\\elements\\Entry',1,0,'2025-10-24 14:45:05','2025-10-24 14:45:08',NULL,'2026-01-20 12:24:59',NULL,'ae9fcbd7-b126-43c9-b8ed-b77cf444be7c'),(1334,1264,NULL,591,92,'craft\\elements\\Entry',1,0,'2025-10-24 14:45:05','2025-10-24 14:45:08',NULL,'2026-01-20 12:24:59',NULL,'aaf30b24-0eda-48ad-aa92-763a26167551'),(1335,1265,NULL,592,18,'craft\\elements\\Entry',1,0,'2025-10-24 14:45:05','2025-10-24 14:45:08',NULL,'2026-01-20 12:24:59',NULL,'5ed661e1-c371-4118-8f6b-b99e662d72ce'),(1336,1266,NULL,593,109,'craft\\elements\\Entry',1,0,'2025-10-24 14:45:05','2025-10-24 14:45:08',NULL,'2026-01-20 12:24:59',NULL,'4f4abd18-14d1-4b14-87c2-8faad0318882'),(1337,1267,NULL,594,110,'craft\\elements\\Entry',1,0,'2025-10-24 14:45:05','2025-10-24 14:45:09',NULL,'2026-01-20 12:24:59',NULL,'398c598e-f5e8-4b31-9105-7fc6e938f5ac'),(1338,1268,NULL,595,111,'craft\\elements\\Entry',1,0,'2025-10-24 14:45:06','2025-10-24 14:45:09',NULL,'2026-01-20 12:24:59',NULL,'dbd228da-cd3f-4653-9874-ffef5865f5c4'),(1339,1269,NULL,596,7,'craft\\elements\\Entry',1,0,'2025-10-24 14:45:06','2025-10-24 14:45:09',NULL,'2026-01-20 12:24:59',NULL,'8e701aed-8129-4a4f-8ba5-e701bbc4e0b7'),(1340,1270,NULL,597,7,'craft\\elements\\Entry',1,0,'2025-10-24 14:45:06','2025-10-24 14:45:09',NULL,'2026-01-20 12:24:59',NULL,'32c35a07-11ab-43d6-a16f-0a2fd864da8e'),(1341,1271,NULL,598,7,'craft\\elements\\Entry',1,0,'2025-10-24 14:45:06','2025-10-24 14:45:09',NULL,'2026-01-20 12:24:59',NULL,'561302ad-ff6e-449f-8e0f-de9dbcfd2f9e'),(1342,1272,NULL,599,7,'craft\\elements\\Entry',1,0,'2025-10-24 14:45:06','2025-10-24 14:45:09',NULL,'2026-01-20 12:24:59',NULL,'acf6ef42-4aef-4ed5-b17d-8d571b3c46dc'),(1343,1273,NULL,600,7,'craft\\elements\\Entry',1,0,'2025-10-24 14:45:06','2025-10-24 14:45:09',NULL,'2026-01-20 12:24:59',NULL,'0a750490-6938-4307-8df1-25cd02f990ba'),(1344,1274,NULL,601,7,'craft\\elements\\Entry',1,0,'2025-10-24 14:45:06','2025-10-24 14:45:10',NULL,'2026-01-20 12:24:59',NULL,'a1e253de-718a-4196-b85c-c7d63e60d922'),(1345,1275,NULL,602,112,'craft\\elements\\Entry',1,0,'2025-10-24 14:45:07','2025-10-24 14:45:10',NULL,'2026-01-20 12:24:59',NULL,'4e4dc299-015c-4bd2-9b12-df72f6372911'),(1346,1276,NULL,603,81,'craft\\elements\\Entry',1,0,'2025-10-24 14:45:07','2025-10-24 14:45:10',NULL,'2026-01-20 12:24:59',NULL,'247c65c9-2caf-4e2c-931b-50a01897a753'),(1347,1277,NULL,604,81,'craft\\elements\\Entry',1,0,'2025-10-24 14:45:07','2025-10-24 14:45:10',NULL,'2026-01-20 12:24:59',NULL,'379d415b-0dbf-469e-b5bf-c0493b6093ab'),(1348,1278,NULL,605,81,'craft\\elements\\Entry',1,0,'2025-10-24 14:45:07','2025-10-24 14:45:10',NULL,'2026-01-20 12:24:59',NULL,'5ac19416-4aa4-4b74-890e-5198aa9987d7'),(1349,1279,NULL,606,81,'craft\\elements\\Entry',1,0,'2025-10-24 14:45:07','2025-10-24 14:45:10',NULL,'2026-01-20 12:24:59',NULL,'d5227be2-decf-49f7-bf28-08f5a174b036'),(1350,1280,NULL,607,81,'craft\\elements\\Entry',1,0,'2025-10-24 14:45:08','2025-10-24 14:45:10',NULL,'2026-01-20 12:24:59',NULL,'967548cc-5c27-40ec-b20b-81796581d8cd'),(1351,1281,NULL,608,92,'craft\\elements\\Entry',1,0,'2025-10-24 14:45:08','2025-10-24 14:45:11',NULL,'2026-01-20 12:24:59',NULL,'3d290d48-d049-4d8c-89ff-b1cf9d13b24d'),(1356,NULL,NULL,NULL,17,'craft\\elements\\Entry',1,0,'2025-10-24 14:46:13','2025-10-24 14:46:13',NULL,NULL,NULL,'d6ab49de-e7e2-475b-a9c0-c1c453e3ca4e'),(1357,214,NULL,609,90,'craft\\elements\\Entry',1,0,'2025-10-24 14:46:13','2025-10-24 14:46:13',NULL,NULL,NULL,'c939d4c7-05a2-4046-8312-89d0559c8f26'),(1358,414,NULL,610,92,'craft\\elements\\Entry',1,0,'2025-10-24 14:46:13','2025-10-24 14:46:13',NULL,NULL,NULL,'1ae2589c-6a2b-4d43-973e-2248be3a0dca'),(1359,415,NULL,611,17,'craft\\elements\\Entry',1,0,'2025-10-24 14:46:13','2025-10-24 14:46:13',NULL,'2025-10-24 14:46:43',NULL,'edf91e27-9060-4083-81f5-761b03418dfc'),(1360,1356,NULL,612,17,'craft\\elements\\Entry',1,0,'2025-10-24 14:46:13','2025-10-24 14:46:14',NULL,NULL,NULL,'b882592b-3224-47be-9c7a-c69408e9821a'),(1363,NULL,NULL,NULL,16,'craft\\elements\\Entry',1,0,'2025-10-24 14:46:43','2025-10-24 14:46:43',NULL,NULL,NULL,'6a3cb8c1-be3f-4af0-a549-5cd2cc0563bd'),(1364,214,NULL,613,90,'craft\\elements\\Entry',1,0,'2025-10-24 14:46:42','2025-10-24 14:46:43',NULL,NULL,NULL,'bd204742-d1da-40bc-86bd-8112fb909a60'),(1365,1363,NULL,614,16,'craft\\elements\\Entry',1,0,'2025-10-24 14:46:43','2025-10-24 14:46:43',NULL,NULL,NULL,'150d81bd-78f4-477a-ac06-80148320b7e2'),(1366,214,NULL,615,90,'craft\\elements\\Entry',1,0,'2025-10-24 14:47:04','2025-10-24 14:47:04',NULL,NULL,NULL,'9a7cefd4-19be-4704-a9ec-6907e09ae2bb'),(1367,NULL,NULL,NULL,91,'craft\\elements\\Entry',1,0,'2025-10-24 14:47:10','2026-01-20 12:24:51',NULL,'2026-01-20 12:24:51',NULL,'6f85d161-28f0-44f3-a6ba-34bb0b05e2da'),(1368,NULL,NULL,NULL,3,'craft\\elements\\Asset',1,0,'2025-10-24 14:47:29','2026-01-20 17:27:37',NULL,'2026-01-20 17:27:37',NULL,'67a90af5-3b33-42fd-a571-f100f543f101'),(1369,NULL,NULL,NULL,3,'craft\\elements\\Asset',1,0,'2025-10-24 14:47:30','2026-01-20 17:27:37',NULL,'2026-01-20 17:27:37',NULL,'fc2b30ce-fc58-46f8-b4a1-91d3ab73ca10'),(1370,NULL,NULL,NULL,3,'craft\\elements\\Asset',1,0,'2025-10-24 14:47:32','2026-01-20 17:27:37',NULL,'2026-01-20 17:27:37',NULL,'2a51707e-bc52-4829-b7e5-3a4f6c03b51f'),(1371,1367,NULL,616,91,'craft\\elements\\Entry',1,0,'2025-10-24 14:47:52','2025-10-24 14:47:52',NULL,'2026-01-20 12:24:51',NULL,'0df12376-bf7d-469c-8473-0a6a96c6daf1'),(1372,NULL,NULL,NULL,91,'craft\\elements\\Entry',1,0,'2025-10-24 14:47:52','2026-01-20 12:24:51',NULL,'2026-01-20 12:24:51',NULL,'1e742d4f-8643-43fe-bd1b-8d0c193a774d'),(1373,1372,NULL,617,91,'craft\\elements\\Entry',1,0,'2025-10-24 14:48:11','2025-10-24 14:48:11',NULL,'2026-01-20 12:24:51',NULL,'0ac5b097-0e39-4ae4-905a-658f700d9b09'),(1374,NULL,NULL,NULL,91,'craft\\elements\\Entry',1,0,'2025-10-24 14:48:11','2026-01-20 12:24:51',NULL,'2026-01-20 12:24:51',NULL,'94b55d1f-dc40-42b4-895a-d2af011f2205'),(1375,1374,NULL,618,91,'craft\\elements\\Entry',1,0,'2025-10-24 14:48:29','2025-10-24 14:48:29',NULL,'2026-01-20 12:24:51',NULL,'a22c5491-c910-4ee5-be92-0fcb77474b97'),(1380,NULL,NULL,NULL,28,'craft\\elements\\Entry',1,0,'2025-10-31 11:19:02','2026-01-20 16:24:35',NULL,'2026-01-20 16:24:35',1,'d6bd8413-a11c-4212-bac5-a0ab31570b66'),(1381,NULL,NULL,NULL,28,'craft\\elements\\Entry',1,0,'2025-10-31 11:19:02','2026-01-20 16:24:35',NULL,'2026-01-20 16:24:35',1,'775d8acc-dcb6-4565-ba66-b3d282265518'),(1387,NULL,NULL,NULL,3,'craft\\elements\\Asset',1,0,'2025-10-31 11:43:20','2025-10-31 11:43:20',NULL,NULL,NULL,'0ef9a390-d80a-482e-b75a-0204d40d3aa0'),(1388,NULL,NULL,NULL,3,'craft\\elements\\Asset',1,0,'2025-10-31 11:43:20','2025-10-31 11:43:20',NULL,NULL,NULL,'c98e0a74-b398-463a-829e-4b92ab65ece0'),(1389,NULL,NULL,NULL,3,'craft\\elements\\Asset',1,0,'2025-10-31 11:43:20','2025-10-31 11:43:20',NULL,NULL,NULL,'9ad0765f-837f-47de-b19e-ac58df6e0a77'),(1390,NULL,NULL,NULL,3,'craft\\elements\\Asset',1,0,'2025-10-31 11:43:21','2025-10-31 11:43:21',NULL,NULL,NULL,'8bc5dab2-40da-4155-b26b-d4ea54aeb341'),(1395,1147,NULL,619,108,'craft\\elements\\Entry',1,0,'2025-10-31 14:05:56','2026-01-20 09:12:53',NULL,NULL,NULL,'e46ce9ce-d2a1-4e13-b127-11eb540f2de1'),(1396,2,NULL,620,1,'craft\\elements\\Entry',1,0,'2025-10-31 14:05:56','2025-10-31 14:05:58',NULL,NULL,NULL,'d041c0ea-c769-4337-aa64-5a4e6efd8a55'),(1397,2,NULL,621,1,'craft\\elements\\Entry',1,0,'2025-10-31 14:06:22','2025-10-31 14:06:22',NULL,NULL,NULL,'d4714a20-a84e-4a40-95b2-bab9fa91b390'),(1407,NULL,NULL,NULL,107,'craft\\elements\\Entry',1,0,'2025-10-31 14:22:50','2025-10-31 14:22:51',NULL,NULL,NULL,'70d1c725-1f88-45ca-afc8-fd009e436c6e'),(1408,NULL,NULL,NULL,107,'craft\\elements\\Entry',1,0,'2025-10-31 14:22:51','2025-10-31 14:22:51',NULL,NULL,NULL,'eda3a1b8-fc77-4785-b1e5-752b70745d04'),(1409,NULL,NULL,NULL,107,'craft\\elements\\Entry',1,0,'2025-10-31 14:22:51','2025-10-31 14:22:51',NULL,NULL,NULL,'9d70be3e-675e-4ca2-9ecf-440ccd330a0c'),(1410,NULL,NULL,NULL,107,'craft\\elements\\Entry',1,0,'2025-10-31 14:22:51','2025-10-31 14:23:32',NULL,'2025-10-31 14:23:32',NULL,'077852fa-cb52-4034-bee4-16b2ebd40918'),(1411,NULL,NULL,NULL,107,'craft\\elements\\Entry',1,0,'2025-10-31 14:22:51','2025-10-31 14:22:51',NULL,NULL,NULL,'0a8393c1-ad38-43c8-8a6e-d41f4074cdf7'),(1412,1147,NULL,624,108,'craft\\elements\\Entry',1,0,'2025-10-31 14:22:50','2026-01-20 09:12:57',NULL,NULL,NULL,'abdbd769-53cc-4927-acf3-e5ae7e9c69a6'),(1413,1407,NULL,625,107,'craft\\elements\\Entry',1,0,'2025-10-31 14:22:51','2025-10-31 14:22:51',NULL,NULL,NULL,'6b5b3c48-4450-4bcc-ac11-8792aa4cb640'),(1414,1408,NULL,626,107,'craft\\elements\\Entry',1,0,'2025-10-31 14:22:51','2025-10-31 14:22:52',NULL,NULL,NULL,'ffa7af2a-c999-4363-98c7-41d68676c7b4'),(1415,1409,NULL,627,107,'craft\\elements\\Entry',1,0,'2025-10-31 14:22:51','2025-10-31 14:22:52',NULL,NULL,NULL,'ed00d653-8c26-48af-a975-7bfc729538d6'),(1416,1410,NULL,628,107,'craft\\elements\\Entry',1,0,'2025-10-31 14:22:51','2025-10-31 14:22:52',NULL,'2025-10-31 14:23:32',NULL,'9b6e8a2b-f6e3-48d0-b824-7528a93157d4'),(1417,1411,NULL,629,107,'craft\\elements\\Entry',1,0,'2025-10-31 14:22:51','2025-10-31 14:22:52',NULL,NULL,NULL,'fae3256a-bed3-405e-9ca1-cadf3fbac9d2'),(1418,2,NULL,630,1,'craft\\elements\\Entry',1,0,'2025-10-31 14:22:50','2025-10-31 14:22:52',NULL,NULL,NULL,'25760d83-d8e2-4076-ba9b-bfdafd293a7b'),(1425,NULL,NULL,NULL,107,'craft\\elements\\Entry',1,0,'2025-10-31 14:23:32','2025-10-31 14:23:32',NULL,NULL,NULL,'9b1c4344-8ed2-4ac4-b9e1-176791806870'),(1426,1147,NULL,633,108,'craft\\elements\\Entry',1,0,'2025-10-31 14:23:32','2026-01-20 09:12:59',NULL,NULL,NULL,'c3fa490c-c7ea-459c-b67b-1689285cd6a7'),(1427,1425,NULL,634,107,'craft\\elements\\Entry',1,0,'2025-10-31 14:23:32','2025-10-31 14:23:32',NULL,NULL,NULL,'8b58edb4-661c-4cdc-b7ce-71f9b6af8125'),(1428,2,NULL,635,1,'craft\\elements\\Entry',1,0,'2025-10-31 14:23:31','2025-10-31 14:23:32',NULL,NULL,NULL,'feed8916-952f-4fb6-b4dc-d7619594a792'),(1429,NULL,NULL,NULL,NULL,'Solspace\\Freeform\\Elements\\Submission',1,0,'2025-11-04 11:56:04','2026-01-20 17:17:53',NULL,'2026-01-20 17:17:53',NULL,'7fa794f1-18b7-4011-8efe-9d9b4bde5115'),(1430,NULL,NULL,NULL,NULL,'Solspace\\Freeform\\Elements\\Submission',1,0,'2025-11-04 12:18:20','2026-01-20 17:17:53',NULL,'2026-01-20 17:17:53',NULL,'7eb0a068-9580-49de-8eb5-6b50abf86aca'),(1433,1263,NULL,636,37,'craft\\elements\\Entry',1,0,'2025-11-04 12:59:56','2025-11-04 12:59:56',NULL,'2026-01-20 12:24:59',NULL,'a36971ed-a5dc-4a64-a0d9-643cd719a4ad'),(1434,1267,NULL,637,110,'craft\\elements\\Entry',1,0,'2025-11-04 12:59:56','2025-11-04 12:59:57',NULL,'2026-01-20 12:24:59',NULL,'e15ca443-d135-4b60-b62d-f524035e2d2b'),(1437,1209,NULL,638,37,'craft\\elements\\Entry',1,0,'2025-11-04 13:00:07','2025-11-04 13:00:08',NULL,'2026-01-20 12:24:58',NULL,'c666102c-58d9-4135-be77-47b0559b206e'),(1438,1212,NULL,639,109,'craft\\elements\\Entry',1,0,'2025-11-04 13:00:07','2025-11-04 13:00:08',NULL,'2026-01-20 12:24:58',NULL,'bb44367a-e922-4aac-b8bc-a495acfe03b0'),(1441,1263,NULL,640,37,'craft\\elements\\Entry',1,0,'2025-11-04 14:02:26','2025-11-04 14:02:27',NULL,'2026-01-20 12:24:59',NULL,'abc5e769-fd3a-4ddc-aa13-7e83af2511f3'),(1442,1267,NULL,641,110,'craft\\elements\\Entry',1,0,'2025-11-04 14:02:26','2025-11-04 14:02:27',NULL,'2026-01-20 12:24:59',NULL,'e532c2b3-a10e-4c5f-8a02-46abd147be71'),(1445,1209,NULL,642,37,'craft\\elements\\Entry',1,0,'2025-11-04 14:43:17','2025-11-04 14:43:17',NULL,'2026-01-20 12:24:58',NULL,'09ae3622-e295-4329-922b-1dd13253265c'),(1446,1212,NULL,643,109,'craft\\elements\\Entry',1,0,'2025-11-04 14:43:17','2025-11-04 14:43:17',NULL,'2026-01-20 12:24:58',NULL,'0ff25dc2-9de5-4b3a-852a-ef87117774bf'),(1448,121,NULL,644,35,'craft\\elements\\Entry',1,0,'2025-11-04 14:46:01','2025-11-04 14:46:01',NULL,NULL,NULL,'d4684422-0648-4a85-a5e4-ba73dfa09df7'),(1450,121,NULL,645,35,'craft\\elements\\Entry',1,0,'2025-11-04 14:49:39','2025-11-04 14:49:40',NULL,NULL,NULL,'ab3199ad-18c6-45d0-9075-f21a4e738f08'),(1451,121,NULL,646,35,'craft\\elements\\Entry',1,0,'2025-11-04 14:49:52','2025-11-04 14:49:52',NULL,NULL,NULL,'b952d219-8feb-41f5-ad2a-35f0aeeef3fa'),(1453,121,NULL,647,35,'craft\\elements\\Entry',1,0,'2025-11-04 14:50:02','2025-11-04 14:50:02',NULL,NULL,NULL,'61e5b387-d11b-4cdd-ab89-6ebd8cb3df1c'),(1456,2,NULL,648,1,'craft\\elements\\Entry',1,0,'2025-11-04 15:13:48','2025-11-04 15:13:48',NULL,NULL,NULL,'3e7e1888-5a36-424e-b7d8-95f748ff08fd'),(1457,302,NULL,649,18,'craft\\elements\\Entry',1,0,'2025-11-04 15:13:48','2025-11-04 15:13:48',NULL,'2026-01-20 15:28:35',NULL,'435a6035-0e39-4643-844f-effe1cab03d7'),(1460,165,NULL,650,38,'craft\\elements\\Entry',1,0,'2025-11-04 15:14:19','2025-11-04 15:14:19',NULL,NULL,NULL,'c8f944cb-34a3-40a0-9e40-0f04593d1936'),(1461,1174,NULL,651,18,'craft\\elements\\Entry',1,0,'2025-11-04 15:14:19','2026-01-19 17:58:31',NULL,NULL,NULL,'c47c6518-f9b0-4c69-b89c-6edf88ac31f2'),(1465,NULL,NULL,NULL,3,'craft\\elements\\Asset',1,0,'2026-01-19 16:01:19','2026-01-19 16:01:19',NULL,NULL,NULL,'5a0c18a1-2d1d-4bc0-b347-f4ab6aa1fce3'),(1635,NULL,NULL,NULL,84,'craft\\elements\\Entry',1,0,'2026-01-19 16:15:49','2026-01-20 09:12:15',NULL,NULL,NULL,'78af09be-8ab0-4fcd-8e2d-b80489f7c4d9'),(1636,NULL,NULL,NULL,84,'craft\\elements\\Entry',1,0,'2026-01-19 16:15:49','2026-01-20 09:12:16',NULL,NULL,NULL,'c54ee593-11c9-4dee-8ac0-585e340f07f9'),(1637,NULL,NULL,NULL,18,'craft\\elements\\Entry',1,0,'2026-01-19 16:15:49','2026-01-20 15:28:33',NULL,'2026-01-20 15:28:33',NULL,'af7aec6c-b578-439f-b2bc-c9a913450360'),(1638,1637,NULL,808,18,'craft\\elements\\Entry',1,0,'2026-01-19 16:15:49','2026-01-19 16:15:49',NULL,'2026-01-20 15:28:33',NULL,'b617dcf1-6102-44a7-a326-adda568fa99a'),(1639,NULL,NULL,NULL,105,'craft\\elements\\Entry',1,0,'2026-01-19 16:15:50','2026-01-20 15:28:33',NULL,'2026-01-20 15:28:33',NULL,'8df164d1-e9f5-409b-9297-70046b295222'),(1640,1639,NULL,809,105,'craft\\elements\\Entry',1,0,'2026-01-19 16:15:50','2026-01-19 16:15:50',NULL,'2026-01-20 15:28:33',NULL,'8f6a33f7-60c0-462e-8abf-7c8c2a944905'),(1641,NULL,NULL,NULL,18,'craft\\elements\\Entry',1,0,'2026-01-19 16:15:50','2026-01-19 16:23:08',NULL,'2026-01-19 16:23:08',NULL,'696e846e-3b21-4d9e-b24f-cd715128f382'),(1642,1641,NULL,810,18,'craft\\elements\\Entry',1,0,'2026-01-19 16:15:50','2026-01-20 09:13:03',NULL,NULL,NULL,'8dec17bc-4393-408d-8cd0-1feb59dd2c56'),(1643,NULL,NULL,NULL,13,'craft\\elements\\Entry',1,0,'2026-01-19 16:15:50','2026-01-19 16:23:09',NULL,'2026-01-19 16:23:09',NULL,'61d26943-a1f7-4a29-bc2e-46db130eb0bc'),(1644,1643,NULL,811,13,'craft\\elements\\Entry',1,0,'2026-01-19 16:15:50','2026-01-19 16:15:50',NULL,'2026-01-19 16:23:09',NULL,'16599385-fbdb-4fdf-8864-2fcc4a1d906b'),(1645,NULL,NULL,NULL,82,'craft\\elements\\Entry',1,0,'2026-01-19 16:15:51','2026-01-19 16:23:09',NULL,'2026-01-19 16:23:09',1,'a8fe8bb8-8751-4e33-aa36-2eb6aef59102'),(1646,NULL,NULL,NULL,82,'craft\\elements\\Entry',1,0,'2026-01-19 16:15:51','2026-01-19 16:23:09',NULL,'2026-01-19 16:23:09',1,'8a550bb1-b47a-4743-a739-ef6554d23f21'),(1647,NULL,NULL,NULL,82,'craft\\elements\\Entry',1,0,'2026-01-19 16:15:51','2026-01-19 16:23:09',NULL,'2026-01-19 16:23:09',1,'935a362c-31d5-486e-9f38-dcb03185e6bd'),(1648,NULL,NULL,NULL,82,'craft\\elements\\Entry',1,0,'2026-01-19 16:15:51','2026-01-19 16:23:09',NULL,'2026-01-19 16:23:09',1,'99bbcbe7-ed5c-4d3e-b03d-0e30906cfec2'),(1649,1147,NULL,812,108,'craft\\elements\\Entry',1,0,'2026-01-19 16:15:51','2026-01-20 09:13:04',NULL,NULL,NULL,'21f10fd7-d39e-4349-a8d7-288a76ea4578'),(1650,2,NULL,813,1,'craft\\elements\\Entry',1,0,'2026-01-19 16:15:48','2026-01-19 16:15:52',NULL,NULL,NULL,'dfe86898-dea7-4ad7-a094-39fecedd628e'),(1651,13,NULL,814,2,'craft\\elements\\Entry',1,0,'2026-01-19 16:15:49','2026-01-19 16:15:52',NULL,NULL,NULL,'4679cc34-6d88-4f15-942f-f4be0b8768ce'),(1652,1635,NULL,815,84,'craft\\elements\\Entry',1,0,'2026-01-19 16:15:49','2026-01-19 16:15:52',NULL,NULL,NULL,'73eb3dea-d028-4654-b5a0-faec57877808'),(1653,1636,NULL,816,84,'craft\\elements\\Entry',1,0,'2026-01-19 16:15:49','2026-01-19 16:15:52',NULL,NULL,NULL,'624cf8d6-7598-420f-80e8-f49222943c4a'),(1654,1637,NULL,817,18,'craft\\elements\\Entry',1,0,'2026-01-19 16:15:50','2026-01-19 16:15:52',NULL,'2026-01-20 15:28:33',NULL,'b0b507f5-1bed-4659-9d74-4687535fc109'),(1655,1643,NULL,818,13,'craft\\elements\\Entry',1,0,'2026-01-19 16:15:51','2026-01-20 09:13:03',NULL,NULL,NULL,'b2ec3f82-beb7-40ea-b5ec-d2a419319c19'),(1656,1645,NULL,819,82,'craft\\elements\\Entry',1,0,'2026-01-19 16:15:51','2026-01-20 09:13:03',NULL,NULL,NULL,'934dcc4d-2864-4b61-b8a4-98d4e05f61ae'),(1657,1646,NULL,820,82,'craft\\elements\\Entry',1,0,'2026-01-19 16:15:51','2026-01-20 09:13:03',NULL,NULL,NULL,'1aaf07fd-78e2-4a41-ad91-e4e07413af9a'),(1658,1647,NULL,821,82,'craft\\elements\\Entry',1,0,'2026-01-19 16:15:51','2026-01-20 09:13:03',NULL,NULL,NULL,'f5922027-6470-43e2-9779-6a070980029d'),(1659,1648,NULL,822,82,'craft\\elements\\Entry',1,0,'2026-01-19 16:15:51','2026-01-20 09:13:04',NULL,NULL,NULL,'9174f9ca-d3ad-4667-9953-b48a27116132'),(1660,302,NULL,823,18,'craft\\elements\\Entry',1,0,'2026-01-19 16:15:52','2026-01-19 16:15:53',NULL,'2026-01-20 15:28:35',NULL,'2010b65d-a0d4-45d8-86fb-6c7bccd25a08'),(1735,NULL,NULL,NULL,15,'craft\\elements\\Entry',1,0,'2026-01-19 16:23:08','2026-01-20 15:28:34',NULL,'2026-01-20 15:28:34',NULL,'2f5ff2ec-42ec-4744-a179-3dff0120b4b6'),(1736,1735,NULL,890,15,'craft\\elements\\Entry',1,0,'2026-01-19 16:23:08','2026-01-19 16:23:08',NULL,'2026-01-20 15:28:34',NULL,'56f4886e-d556-4a0e-8ae0-635a50307909'),(1737,NULL,NULL,NULL,18,'craft\\elements\\Entry',1,0,'2026-01-19 16:23:08','2026-01-20 15:28:34',NULL,'2026-01-20 15:28:34',NULL,'57c130b0-57f3-442d-94c7-58ad4a7c2d24'),(1738,1737,NULL,891,18,'craft\\elements\\Entry',1,0,'2026-01-19 16:23:08','2026-01-19 16:23:08',NULL,'2026-01-20 15:28:34',NULL,'88cde4f5-ca70-4cc3-a7f1-28eb20e6f375'),(1739,NULL,NULL,NULL,108,'craft\\elements\\Entry',1,0,'2026-01-19 16:23:09','2026-01-20 09:12:17',NULL,NULL,NULL,'c083202c-ba10-4442-b15b-0d5995638dbb'),(1740,1739,NULL,892,108,'craft\\elements\\Entry',1,0,'2026-01-19 16:23:09','2026-01-19 16:23:09',NULL,NULL,NULL,'6fe6274e-5889-46fc-a04c-d153ac043f80'),(1741,NULL,NULL,NULL,82,'craft\\elements\\Entry',1,0,'2026-01-19 16:23:09','2026-01-20 09:12:17',NULL,NULL,NULL,'adda76ff-36b9-4e9e-a377-4414867145de'),(1742,NULL,NULL,NULL,82,'craft\\elements\\Entry',1,0,'2026-01-19 16:23:09','2026-01-20 09:12:17',NULL,NULL,NULL,'1d2559ec-9b10-4b3f-bafd-99700e11d581'),(1743,NULL,NULL,NULL,82,'craft\\elements\\Entry',1,0,'2026-01-19 16:23:09','2026-01-20 09:12:18',NULL,NULL,NULL,'fa13679c-1533-406b-88f4-b774e508d8b6'),(1744,NULL,NULL,NULL,82,'craft\\elements\\Entry',1,0,'2026-01-19 16:23:09','2026-01-20 09:12:18',NULL,NULL,NULL,'1c7879f0-ccd7-41f7-8e6f-1f26553819a9'),(1745,2,NULL,893,1,'craft\\elements\\Entry',1,0,'2026-01-19 16:23:08','2026-01-19 16:23:10',NULL,NULL,NULL,'c42780fd-8f95-4445-bf69-987d7e188702'),(1746,1737,NULL,894,18,'craft\\elements\\Entry',1,0,'2026-01-19 16:23:09','2026-01-19 16:23:10',NULL,'2026-01-20 15:28:34',NULL,'780c0354-3d3f-470f-9a15-02ff3f88b6c6'),(1768,NULL,NULL,NULL,16,'craft\\elements\\Entry',1,0,'2026-01-19 17:04:39','2026-01-20 15:30:20',NULL,'2026-01-20 15:30:20',NULL,'2ec0f064-a842-4423-902d-5c923b408749'),(1769,NULL,NULL,NULL,24,'craft\\elements\\Entry',1,0,'2026-01-19 17:04:39','2026-01-20 15:30:21',NULL,'2026-01-20 15:30:21',NULL,'cac1c189-82d2-4dc4-b4f7-9220386ffd6d'),(1770,NULL,NULL,NULL,18,'craft\\elements\\Entry',1,0,'2026-01-19 17:04:39','2026-01-20 15:30:21',NULL,'2026-01-20 15:30:21',NULL,'ab27add2-009a-4934-a6af-c36ac7f4f3aa'),(1771,NULL,NULL,NULL,117,'craft\\elements\\Entry',1,0,'2026-01-19 17:04:39','2026-01-19 17:57:57',NULL,NULL,NULL,'d28aef90-720c-4fad-946b-51fa6ad90ec9'),(1772,NULL,NULL,NULL,118,'craft\\elements\\Entry',1,0,'2026-01-19 17:04:40','2026-01-19 17:57:58',NULL,NULL,NULL,'2567baa0-0e1b-4467-9e51-67f0c067de76'),(1773,NULL,NULL,NULL,79,'craft\\elements\\Entry',1,0,'2026-01-19 17:04:40','2026-01-19 17:57:58',NULL,NULL,NULL,'feab3bc5-7bcc-4fc3-b0f9-d9f66bc3d881'),(1774,NULL,NULL,NULL,79,'craft\\elements\\Entry',1,0,'2026-01-19 17:04:40','2026-01-19 17:57:58',NULL,NULL,NULL,'0a0442e5-35a8-4ccc-af29-3ca084333762'),(1775,NULL,NULL,NULL,79,'craft\\elements\\Entry',1,0,'2026-01-19 17:04:40','2026-01-19 17:57:58',NULL,NULL,NULL,'fe8fae5e-831f-4ff6-a702-620685831de5'),(1776,NULL,NULL,NULL,119,'craft\\elements\\Entry',1,0,'2026-01-19 17:04:40','2026-01-19 17:57:58',NULL,NULL,NULL,'21dd9b0c-2a8d-4e65-8c60-76bc8f0f7e51'),(1777,NULL,NULL,NULL,82,'craft\\elements\\Entry',1,0,'2026-01-19 17:04:41','2026-01-19 17:57:58',NULL,NULL,NULL,'23dba364-9089-47d1-9b3a-ea728de461aa'),(1778,NULL,NULL,NULL,120,'craft\\elements\\Entry',1,0,'2026-01-19 17:04:41','2026-01-19 17:57:59',NULL,NULL,NULL,'34e920a9-04ea-474f-a2c0-8b1e57de447f'),(1779,NULL,NULL,NULL,7,'craft\\elements\\Entry',1,0,'2026-01-19 17:04:41','2026-01-19 17:57:59',NULL,NULL,NULL,'b96ecd01-cd0e-4197-b431-f6f82000f62d'),(1780,NULL,NULL,NULL,7,'craft\\elements\\Entry',1,0,'2026-01-19 17:04:41','2026-01-19 17:57:59',NULL,NULL,NULL,'3e7898a9-72f6-4b44-9f5c-ecd990d1bea9'),(1781,NULL,NULL,NULL,7,'craft\\elements\\Entry',1,0,'2026-01-19 17:04:41','2026-01-19 17:57:59',NULL,NULL,NULL,'e8643a0f-ef76-4c79-8aeb-073bba73fb34'),(1782,NULL,NULL,NULL,7,'craft\\elements\\Entry',1,0,'2026-01-19 17:04:41','2026-01-19 17:57:59',NULL,NULL,NULL,'1be28950-d047-432f-8723-09d94d570f79'),(1783,NULL,NULL,NULL,7,'craft\\elements\\Entry',1,0,'2026-01-19 17:04:41','2026-01-19 17:57:59',NULL,NULL,NULL,'ab66a19d-2a4b-4a54-b45f-3de41a10780a'),(1784,NULL,NULL,NULL,18,'craft\\elements\\Entry',1,0,'2026-01-19 17:04:41','2026-01-20 15:30:22',NULL,'2026-01-20 15:30:22',NULL,'fe5597cc-702d-4d1d-8f43-ec055a7f3567'),(1785,165,NULL,895,38,'craft\\elements\\Entry',1,0,'2026-01-19 17:04:39','2026-01-19 17:04:42',NULL,NULL,NULL,'e7021b08-c05e-4989-aac4-fd961be45744'),(1786,1768,NULL,896,16,'craft\\elements\\Entry',1,0,'2026-01-19 17:04:39','2026-01-19 17:04:42',NULL,'2026-01-20 15:30:20',NULL,'81b4a5b6-30dd-4b15-b937-49431bbff8ac'),(1787,1769,NULL,897,24,'craft\\elements\\Entry',1,0,'2026-01-19 17:04:39','2026-01-19 17:04:42',NULL,'2026-01-20 15:30:21',NULL,'34177f5c-d4ff-47b4-b39f-933b4a05b5ff'),(1788,1770,NULL,898,18,'craft\\elements\\Entry',1,0,'2026-01-19 17:04:39','2026-01-19 17:04:42',NULL,'2026-01-20 15:30:21',NULL,'f709bb4f-a599-446e-8543-773829a45b9a'),(1789,1771,NULL,899,117,'craft\\elements\\Entry',1,0,'2026-01-19 17:04:39','2026-01-19 17:04:42',NULL,NULL,NULL,'206ac672-4033-4cfa-9097-af67418b6335'),(1790,1772,NULL,900,118,'craft\\elements\\Entry',1,0,'2026-01-19 17:04:40','2026-01-19 17:04:42',NULL,NULL,NULL,'ab7a9058-56bc-4864-8436-5b67c3818029'),(1791,1773,NULL,901,79,'craft\\elements\\Entry',1,0,'2026-01-19 17:04:40','2026-01-19 17:04:42',NULL,NULL,NULL,'1ed6e2ff-e0b5-4229-8088-ffc8ebb722d8'),(1792,1774,NULL,902,79,'craft\\elements\\Entry',1,0,'2026-01-19 17:04:40','2026-01-19 17:04:42',NULL,NULL,NULL,'bcb22a67-b46f-450a-87ad-e7fcff4f8e21'),(1793,1775,NULL,903,79,'craft\\elements\\Entry',1,0,'2026-01-19 17:04:40','2026-01-19 17:04:43',NULL,NULL,NULL,'e2d2649a-66a6-4e3e-99c7-d9ae6c09aee3'),(1794,1776,NULL,904,119,'craft\\elements\\Entry',1,0,'2026-01-19 17:04:41','2026-01-19 17:04:43',NULL,NULL,NULL,'eba7ecaf-53bf-42df-8b31-7ce7e3e24881'),(1795,1777,NULL,905,82,'craft\\elements\\Entry',1,0,'2026-01-19 17:04:41','2026-01-19 17:04:43',NULL,NULL,NULL,'9534238e-9fc2-4911-a0ca-afe1ef2feec6'),(1796,1778,NULL,906,120,'craft\\elements\\Entry',1,0,'2026-01-19 17:04:41','2026-01-19 17:04:43',NULL,NULL,NULL,'336e46ff-333b-4175-a1e0-e12002a31ac8'),(1797,1779,NULL,907,7,'craft\\elements\\Entry',1,0,'2026-01-19 17:04:41','2026-01-19 17:04:43',NULL,NULL,NULL,'63afa7a8-892e-44bb-8284-0d697aa70c19'),(1798,1780,NULL,908,7,'craft\\elements\\Entry',1,0,'2026-01-19 17:04:41','2026-01-19 17:04:43',NULL,NULL,NULL,'6ad775bf-9de5-4d88-9527-b2a57c6ee7eb'),(1799,1781,NULL,909,7,'craft\\elements\\Entry',1,0,'2026-01-19 17:04:41','2026-01-19 17:04:43',NULL,NULL,NULL,'f942854e-a1f9-4500-934e-232fca46ff5a'),(1800,1782,NULL,910,7,'craft\\elements\\Entry',1,0,'2026-01-19 17:04:41','2026-01-19 17:04:43',NULL,NULL,NULL,'498a70b8-c001-4886-9db0-12abc3f0de24'),(1801,1783,NULL,911,7,'craft\\elements\\Entry',1,0,'2026-01-19 17:04:41','2026-01-19 17:04:43',NULL,NULL,NULL,'a1ca36c2-70ca-4585-b93a-83d92e55db6e'),(1802,1784,NULL,912,18,'craft\\elements\\Entry',1,0,'2026-01-19 17:04:42','2026-01-19 17:04:43',NULL,'2026-01-20 15:30:22',NULL,'e7ce6088-ac20-410e-b29a-7d70731a5671'),(1803,NULL,NULL,NULL,121,'craft\\elements\\Entry',1,0,'2026-01-19 17:06:39','2026-01-20 11:27:17',NULL,NULL,NULL,'48a70779-7439-4e7b-906b-d2d1df0b0efc'),(1804,1803,NULL,913,121,'craft\\elements\\Entry',1,0,'2026-01-19 17:06:39','2026-01-19 17:06:39',NULL,NULL,NULL,'395b1652-8e08-40aa-a9cd-db40be2f3d13'),(1805,1803,NULL,914,121,'craft\\elements\\Entry',1,0,'2026-01-19 17:57:20','2026-01-19 17:57:20',NULL,NULL,NULL,'5ab1abd6-dd7c-483f-b3f1-e338e716285c'),(1806,1803,NULL,915,121,'craft\\elements\\Entry',1,0,'2026-01-19 17:57:40','2026-01-19 17:57:40',NULL,NULL,NULL,'e9acdfd5-f9d4-4eac-b809-844d72acef65'),(1807,165,NULL,916,38,'craft\\elements\\Entry',1,0,'2026-01-19 17:57:57','2026-01-19 17:58:00',NULL,NULL,NULL,'23180144-51df-479a-854e-6f819368e792'),(1808,1768,NULL,917,16,'craft\\elements\\Entry',1,0,'2026-01-19 17:57:57','2026-01-19 17:58:00',NULL,'2026-01-20 15:30:20',NULL,'1fb0207e-eabe-42e0-91a9-d0f8a60de370'),(1809,1769,NULL,918,24,'craft\\elements\\Entry',1,0,'2026-01-19 17:57:57','2026-01-19 17:58:00',NULL,'2026-01-20 15:30:21',NULL,'9a239a17-9291-41fa-b5f6-c97837a5f0d6'),(1810,1770,NULL,919,18,'craft\\elements\\Entry',1,0,'2026-01-19 17:57:57','2026-01-19 17:58:00',NULL,'2026-01-20 15:30:21',NULL,'aa65cc23-7346-4bfa-bc22-c70308235a2d'),(1811,1771,NULL,920,117,'craft\\elements\\Entry',1,0,'2026-01-19 17:57:57','2026-01-19 17:58:01',NULL,NULL,NULL,'7fff0d99-9d0c-4cea-a68b-bd78d64c5bd2'),(1812,1772,NULL,921,118,'craft\\elements\\Entry',1,0,'2026-01-19 17:57:58','2026-01-19 17:58:01',NULL,NULL,NULL,'5ec6cacf-9ad8-490b-9fda-d64af2cd2448'),(1813,1773,NULL,922,79,'craft\\elements\\Entry',1,0,'2026-01-19 17:57:58','2026-01-19 17:58:01',NULL,NULL,NULL,'378d5d9a-2ada-483a-87e1-2b7def3eb94e'),(1814,1774,NULL,923,79,'craft\\elements\\Entry',1,0,'2026-01-19 17:57:58','2026-01-19 17:58:01',NULL,NULL,NULL,'a64e63f6-4ae9-45e4-9000-4ad41846ec75'),(1815,1775,NULL,924,79,'craft\\elements\\Entry',1,0,'2026-01-19 17:57:58','2026-01-19 17:58:01',NULL,NULL,NULL,'ee36e1a8-4845-4574-bbf6-92e29902849b'),(1816,1776,NULL,925,119,'craft\\elements\\Entry',1,0,'2026-01-19 17:57:58','2026-01-19 17:58:01',NULL,NULL,NULL,'f2e0ab27-d13b-4578-b583-9ed2c7c0dbc7'),(1817,1777,NULL,926,82,'craft\\elements\\Entry',1,0,'2026-01-19 17:57:58','2026-01-19 17:58:01',NULL,NULL,NULL,'335343b7-7270-4a14-8379-583a11b188ba'),(1818,1778,NULL,927,120,'craft\\elements\\Entry',1,0,'2026-01-19 17:57:59','2026-01-19 17:58:02',NULL,NULL,NULL,'0154cb69-a700-4033-beeb-48aca3064a87'),(1819,1779,NULL,928,7,'craft\\elements\\Entry',1,0,'2026-01-19 17:57:59','2026-01-19 17:58:02',NULL,NULL,NULL,'d21e64e9-b5a2-40b3-b2ec-6771da3381db'),(1820,1780,NULL,929,7,'craft\\elements\\Entry',1,0,'2026-01-19 17:57:59','2026-01-19 17:58:02',NULL,NULL,NULL,'f4a39b11-ff48-4c19-b493-554852838708'),(1821,1781,NULL,930,7,'craft\\elements\\Entry',1,0,'2026-01-19 17:57:59','2026-01-19 17:58:02',NULL,NULL,NULL,'23290e92-3244-4376-9e85-1752e351ee2b'),(1822,1782,NULL,931,7,'craft\\elements\\Entry',1,0,'2026-01-19 17:57:59','2026-01-19 17:58:02',NULL,NULL,NULL,'c2dfd96a-bc74-4338-8b65-0f3fd483a859'),(1823,1783,NULL,932,7,'craft\\elements\\Entry',1,0,'2026-01-19 17:57:59','2026-01-19 17:58:03',NULL,NULL,NULL,'792252ce-e8f2-46e4-b6fc-c941444c6e16'),(1824,1784,NULL,933,18,'craft\\elements\\Entry',1,0,'2026-01-19 17:58:00','2026-01-19 17:58:03',NULL,'2026-01-20 15:30:22',NULL,'2f317210-645f-4db6-9948-51016630637a'),(1825,165,NULL,934,38,'craft\\elements\\Entry',1,0,'2026-01-19 17:58:03','2026-01-19 17:58:03',NULL,NULL,NULL,'bb75a500-4343-429d-bc0e-424aefd2827e'),(1826,1637,NULL,935,18,'craft\\elements\\Entry',1,0,'2026-01-20 09:12:16','2026-01-20 09:12:16',NULL,'2026-01-20 15:28:33',NULL,'776f2405-2578-4c3c-baa8-cdfd5653b388'),(1827,1639,NULL,936,105,'craft\\elements\\Entry',1,0,'2026-01-20 09:12:16','2026-01-20 09:12:16',NULL,'2026-01-20 15:28:33',NULL,'63739001-0134-4d5d-8a27-835d6a564769'),(1828,1735,NULL,937,15,'craft\\elements\\Entry',1,0,'2026-01-20 09:12:17','2026-01-20 09:12:17',NULL,'2026-01-20 15:28:34',NULL,'4cac1e70-ed00-4071-b379-af256b2740cb'),(1829,1737,NULL,938,18,'craft\\elements\\Entry',1,0,'2026-01-20 09:12:17','2026-01-20 09:12:17',NULL,'2026-01-20 15:28:34',NULL,'15d3eebe-a37e-4dfc-8034-25be9c1a4a1e'),(1830,1739,NULL,939,108,'craft\\elements\\Entry',1,0,'2026-01-20 09:12:17','2026-01-20 09:12:18',NULL,NULL,NULL,'6b5ef510-e72d-492f-9116-f1f26f144b20'),(1831,1741,NULL,940,82,'craft\\elements\\Entry',1,0,'2026-01-20 09:12:17','2026-01-20 09:12:18',NULL,NULL,NULL,'0d1dcc87-f7d7-47b7-83eb-f4ec6a7465e2'),(1832,1742,NULL,941,82,'craft\\elements\\Entry',1,0,'2026-01-20 09:12:17','2026-01-20 09:12:18',NULL,NULL,NULL,'cf2d5082-5ade-42af-9cdd-47d65ddd7d67'),(1833,1743,NULL,942,82,'craft\\elements\\Entry',1,0,'2026-01-20 09:12:18','2026-01-20 09:12:18',NULL,NULL,NULL,'93f3b424-dd9f-4c54-9837-2112947c690e'),(1834,1744,NULL,943,82,'craft\\elements\\Entry',1,0,'2026-01-20 09:12:18','2026-01-20 09:12:19',NULL,NULL,NULL,'2a0eb564-fa90-42cf-808e-f8bdcb97312c'),(1835,2,NULL,944,1,'craft\\elements\\Entry',1,0,'2026-01-20 09:12:15','2026-01-20 09:12:19',NULL,NULL,NULL,'de8b73c7-86c2-401b-9dbe-bd414513b705'),(1836,13,NULL,945,2,'craft\\elements\\Entry',1,0,'2026-01-20 09:12:15','2026-01-20 09:12:19',NULL,NULL,NULL,'a78ceba1-7d92-4294-83a9-51967a0b296c'),(1837,1635,NULL,946,84,'craft\\elements\\Entry',1,0,'2026-01-20 09:12:15','2026-01-20 09:12:19',NULL,NULL,NULL,'0ad419f7-8397-4ccc-876b-5097d932a3d9'),(1838,1636,NULL,947,84,'craft\\elements\\Entry',1,0,'2026-01-20 09:12:16','2026-01-20 09:12:20',NULL,NULL,NULL,'3762f1cb-d4b5-446e-960d-6815d4f7d619'),(1839,302,NULL,948,18,'craft\\elements\\Entry',1,0,'2026-01-20 09:12:19','2026-01-20 09:12:20',NULL,'2026-01-20 15:28:35',NULL,'60393f47-df95-466d-9017-cb27b08af0be'),(1840,2,NULL,949,1,'craft\\elements\\Entry',1,0,'2026-01-20 09:12:20','2026-01-20 09:12:20',NULL,NULL,NULL,'9a753cab-66e6-4a4b-a86d-98e5517d015e'),(1841,NULL,NULL,NULL,145,'craft\\elements\\Entry',1,0,'2026-01-20 11:20:21','2026-01-20 17:26:49',NULL,NULL,NULL,'1c568a03-b9cf-4fa1-bc71-a84eecd7f967'),(1842,1841,NULL,950,90,'craft\\elements\\Entry',1,0,'2026-01-20 11:20:21','2026-01-20 11:20:22',NULL,NULL,NULL,'ec5015c5-9358-43b5-8875-dc36a55380db'),(1843,1841,NULL,951,145,'craft\\elements\\Entry',1,0,'2026-01-20 11:21:09','2026-01-20 11:21:09',NULL,NULL,NULL,'d01dde68-abc2-4f83-a48a-21a57e21ef8c'),(1844,1841,NULL,952,145,'craft\\elements\\Entry',1,0,'2026-01-20 11:21:10','2026-01-20 11:21:10',NULL,NULL,NULL,'04ae3643-b7ea-4e8c-b448-43c2b321b501'),(1845,1803,NULL,953,121,'craft\\elements\\Entry',1,0,'2026-01-20 11:22:22','2026-01-20 11:22:22',NULL,NULL,NULL,'1b9415f0-28cb-4d56-888a-d97f905b00ca'),(1855,NULL,NULL,NULL,122,'craft\\elements\\Entry',1,0,'2026-01-20 11:27:17','2026-01-20 11:27:17',NULL,NULL,NULL,'c5036766-9fb0-4a63-9ed5-f6150f2b6e96'),(1856,NULL,NULL,NULL,126,'craft\\elements\\Entry',1,0,'2026-01-20 11:27:17','2026-01-20 11:27:17',NULL,NULL,NULL,'0fc75890-b7df-45a9-b63d-0bb3fe981035'),(1857,NULL,NULL,NULL,127,'craft\\elements\\Entry',1,0,'2026-01-20 11:27:17','2026-01-20 11:27:18',NULL,NULL,NULL,'49e327f7-25e2-45b7-9dd9-873880bc742b'),(1858,NULL,NULL,NULL,131,'craft\\elements\\Entry',1,0,'2026-01-20 11:27:18','2026-01-20 11:27:18',NULL,NULL,NULL,'c06fcc4d-9979-479e-813a-114bfe5dad81'),(1859,NULL,NULL,NULL,129,'craft\\elements\\Entry',1,0,'2026-01-20 11:27:18','2026-01-20 11:27:18',NULL,NULL,NULL,'b0a4a4d8-8a1a-41a8-b343-71faa5f9a50b'),(1860,NULL,NULL,NULL,130,'craft\\elements\\Entry',1,0,'2026-01-20 11:27:18','2026-01-20 11:27:18',NULL,NULL,NULL,'450a9564-f650-4d36-b266-11cc22879533'),(1861,1803,NULL,954,121,'craft\\elements\\Entry',1,0,'2026-01-20 11:27:17','2026-01-20 11:27:19',NULL,NULL,NULL,'b1022c11-47f2-4dea-8513-077650081eeb'),(1862,1855,NULL,955,122,'craft\\elements\\Entry',1,0,'2026-01-20 11:27:17','2026-01-20 11:27:19',NULL,NULL,NULL,'c37e7d6d-2e88-46c3-8b09-6fa291994a94'),(1863,1856,NULL,956,126,'craft\\elements\\Entry',1,0,'2026-01-20 11:27:17','2026-01-20 11:27:19',NULL,NULL,NULL,'ebd12b0e-1cbf-4965-b467-f48440e780ac'),(1864,1857,NULL,957,127,'craft\\elements\\Entry',1,0,'2026-01-20 11:27:18','2026-01-20 11:27:19',NULL,NULL,NULL,'529a5132-1a5b-4667-9662-8c07a94b2618'),(1865,1858,NULL,958,131,'craft\\elements\\Entry',1,0,'2026-01-20 11:27:18','2026-01-20 11:27:19',NULL,NULL,NULL,'e2ffdb72-5ef8-4627-a1c9-6e30ccb21fb3'),(1866,1859,NULL,959,129,'craft\\elements\\Entry',1,0,'2026-01-20 11:27:18','2026-01-20 11:27:19',NULL,NULL,NULL,'94e16060-e05b-4e53-80b9-7e8c742c8baa'),(1867,1860,NULL,960,130,'craft\\elements\\Entry',1,0,'2026-01-20 11:27:18','2026-01-20 11:27:20',NULL,NULL,NULL,'92c561da-4416-4bd3-a551-3783481340fd'),(1892,NULL,NULL,NULL,136,'craft\\elements\\Entry',1,0,'2026-01-20 11:31:54','2026-01-20 11:31:54',NULL,NULL,NULL,'7d25b53f-aa8a-428e-9c90-c5ea236a5c75'),(1893,NULL,NULL,NULL,138,'craft\\elements\\Entry',1,0,'2026-01-20 11:31:54','2026-01-20 11:32:21',NULL,NULL,NULL,'f7b62911-a25a-462c-a562-63d4ada7dedc'),(1894,NULL,NULL,NULL,139,'craft\\elements\\Entry',1,0,'2026-01-20 11:31:54','2026-01-20 11:31:55',NULL,NULL,NULL,'7530cd31-b26b-4878-bfd2-fdcd6c4c31f2'),(1895,NULL,NULL,NULL,140,'craft\\elements\\Entry',1,0,'2026-01-20 11:31:55','2026-01-20 11:31:55',NULL,NULL,NULL,'5a03300b-180a-4476-8ada-a04f986089c0'),(1896,NULL,NULL,NULL,141,'craft\\elements\\Entry',1,0,'2026-01-20 11:31:55','2026-01-20 11:31:55',NULL,NULL,NULL,'28416c28-6523-4d4e-a49e-b3a982c4dbad'),(1897,NULL,NULL,NULL,7,'craft\\elements\\Entry',1,0,'2026-01-20 11:31:55','2026-01-20 11:31:55',NULL,NULL,NULL,'c6414f13-9773-4dbd-b771-54a729324809'),(1898,NULL,NULL,NULL,7,'craft\\elements\\Entry',1,0,'2026-01-20 11:31:56','2026-01-20 11:31:56',NULL,NULL,NULL,'29b1aa33-3d2b-4549-9c01-985d4a3951c2'),(1899,NULL,NULL,NULL,7,'craft\\elements\\Entry',1,0,'2026-01-20 11:31:56','2026-01-20 11:31:56',NULL,NULL,NULL,'2a257d37-39f7-4046-8c1a-f67e0ed93523'),(1900,NULL,NULL,NULL,7,'craft\\elements\\Entry',1,0,'2026-01-20 11:31:56','2026-01-20 11:31:56',NULL,NULL,NULL,'f05ed0fe-788b-43c7-94d3-d8a86a6c92c4'),(1901,NULL,NULL,NULL,142,'craft\\elements\\Entry',1,0,'2026-01-20 11:31:56','2026-01-20 11:31:57',NULL,NULL,NULL,'1e81a87f-f6ce-4e9a-aa8b-c9ee564b4659'),(1902,NULL,NULL,NULL,143,'craft\\elements\\Entry',1,0,'2026-01-20 11:31:57','2026-01-20 11:31:57',NULL,NULL,NULL,'28c4b4df-32f1-4617-bb84-baa96da251ba'),(1903,NULL,NULL,NULL,7,'craft\\elements\\Entry',1,0,'2026-01-20 11:31:57','2026-01-20 11:31:57',NULL,NULL,NULL,'f788f90d-92bb-4c03-9629-fa36b8189f0a'),(1904,NULL,NULL,NULL,7,'craft\\elements\\Entry',1,0,'2026-01-20 11:31:57','2026-01-20 11:31:57',NULL,NULL,NULL,'23052d70-9edb-47d8-a1db-daa9456552dd'),(1905,NULL,NULL,NULL,7,'craft\\elements\\Entry',1,0,'2026-01-20 11:31:57','2026-01-20 11:31:58',NULL,NULL,NULL,'032ab297-602e-4bec-9a41-b844382710ad'),(1906,NULL,NULL,NULL,7,'craft\\elements\\Entry',1,0,'2026-01-20 11:31:58','2026-01-20 11:31:58',NULL,NULL,NULL,'1adfee68-f67a-42a5-bb98-8dd891e57764'),(1907,NULL,NULL,NULL,7,'craft\\elements\\Entry',1,0,'2026-01-20 11:31:58','2026-01-20 11:31:58',NULL,NULL,NULL,'0c1ac78c-66c4-46af-bfbd-0876190d5525'),(1908,NULL,NULL,NULL,144,'craft\\elements\\Entry',1,0,'2026-01-20 11:31:58','2026-01-20 11:31:58',NULL,NULL,NULL,'d47b93dd-3f45-490d-8f8a-337163980590'),(1909,1841,NULL,961,145,'craft\\elements\\Entry',1,0,'2026-01-20 11:31:54','2026-01-20 11:31:59',NULL,NULL,NULL,'c220188c-1ae9-4fc9-a7c1-42984ef29251'),(1910,1892,NULL,962,136,'craft\\elements\\Entry',1,0,'2026-01-20 11:31:54','2026-01-20 11:31:59',NULL,NULL,NULL,'3444f5b5-c149-4e53-ae62-8fd922093d60'),(1911,1893,NULL,963,138,'craft\\elements\\Entry',1,0,'2026-01-20 11:31:54','2026-01-20 11:31:59',NULL,NULL,NULL,'8eff48e6-eadf-48d0-a722-80e5a0b6b7ee'),(1912,1894,NULL,964,139,'craft\\elements\\Entry',1,0,'2026-01-20 11:31:55','2026-01-20 11:31:59',NULL,NULL,NULL,'56caef3d-2af8-4176-b7e5-a607efd14123'),(1913,1895,NULL,965,140,'craft\\elements\\Entry',1,0,'2026-01-20 11:31:55','2026-01-20 11:31:59',NULL,NULL,NULL,'9c97338b-1daf-4cdf-a139-a2cef1715756'),(1914,1896,NULL,966,141,'craft\\elements\\Entry',1,0,'2026-01-20 11:31:55','2026-01-20 11:31:59',NULL,NULL,NULL,'805e6711-f312-4b76-b139-3453ba77cbb9'),(1915,1897,NULL,967,7,'craft\\elements\\Entry',1,0,'2026-01-20 11:31:55','2026-01-20 11:32:00',NULL,NULL,NULL,'5377e71f-c24f-48e4-aaf9-452e6dfde885'),(1916,1898,NULL,968,7,'craft\\elements\\Entry',1,0,'2026-01-20 11:31:56','2026-01-20 11:32:00',NULL,NULL,NULL,'c9ce1928-d019-4159-81bd-81bd879dce0a'),(1917,1899,NULL,969,7,'craft\\elements\\Entry',1,0,'2026-01-20 11:31:56','2026-01-20 11:32:00',NULL,NULL,NULL,'504a1e03-779f-4c29-ae64-6da70f008c7b'),(1918,1900,NULL,970,7,'craft\\elements\\Entry',1,0,'2026-01-20 11:31:56','2026-01-20 11:32:00',NULL,NULL,NULL,'83a24ca1-e6af-4366-b317-c8cd7971cac3'),(1919,1901,NULL,971,142,'craft\\elements\\Entry',1,0,'2026-01-20 11:31:57','2026-01-20 11:32:01',NULL,NULL,NULL,'4e8ba65b-3d3d-4583-a1bb-a28c39edf923'),(1920,1902,NULL,972,143,'craft\\elements\\Entry',1,0,'2026-01-20 11:31:57','2026-01-20 11:32:01',NULL,NULL,NULL,'14dc9997-dd4f-4075-8b89-e4879ae861eb'),(1921,1903,NULL,973,7,'craft\\elements\\Entry',1,0,'2026-01-20 11:31:57','2026-01-20 11:32:01',NULL,NULL,NULL,'541448f1-5a40-4704-aad1-a3938a91ef03'),(1922,1904,NULL,974,7,'craft\\elements\\Entry',1,0,'2026-01-20 11:31:57','2026-01-20 11:32:01',NULL,NULL,NULL,'64e88d84-e0d2-4307-84b7-cc71a9eef9d9'),(1923,1905,NULL,975,7,'craft\\elements\\Entry',1,0,'2026-01-20 11:31:58','2026-01-20 11:32:01',NULL,NULL,NULL,'5fe7dcf8-7a48-49e8-992a-70e5824f431e'),(1924,1906,NULL,976,7,'craft\\elements\\Entry',1,0,'2026-01-20 11:31:58','2026-01-20 11:32:02',NULL,NULL,NULL,'12588581-cda3-482f-bcf2-7d478ec781e3'),(1925,1907,NULL,977,7,'craft\\elements\\Entry',1,0,'2026-01-20 11:31:58','2026-01-20 11:32:02',NULL,NULL,NULL,'fff52860-5770-42b3-a5f2-0e57fd3af2e7'),(1926,1908,NULL,978,144,'craft\\elements\\Entry',1,0,'2026-01-20 11:31:58','2026-01-20 11:32:02',NULL,NULL,NULL,'ee2f49bc-f10c-4711-90fd-ccc8caec67af'),(1927,1841,NULL,979,145,'craft\\elements\\Entry',1,0,'2026-01-20 11:32:21','2026-01-20 11:32:21',NULL,NULL,NULL,'1c3cb030-4fde-4b0d-9d07-e8865c44912a'),(1928,1893,NULL,980,138,'craft\\elements\\Entry',1,0,'2026-01-20 11:32:21','2026-01-20 11:32:21',NULL,NULL,NULL,'310a15d0-6ff4-4bb2-8377-71bdac30c2ee'),(1929,NULL,NULL,NULL,146,'craft\\elements\\Entry',1,0,'2026-01-20 11:54:54','2026-01-20 12:33:19',NULL,NULL,NULL,'f4108449-d7f0-40ff-9d5f-88b849ec2a91'),(1930,1929,NULL,981,146,'craft\\elements\\Entry',1,0,'2026-01-20 11:54:54','2026-01-20 11:54:54',NULL,NULL,NULL,'2f2c428d-a1fd-47f6-9d77-51af7a9ddeed'),(1931,NULL,NULL,NULL,147,'craft\\elements\\Entry',1,0,'2026-01-20 11:55:25','2026-01-20 12:36:15',NULL,NULL,NULL,'28302249-dad1-494d-9ddb-593c960a469e'),(1932,1931,NULL,982,147,'craft\\elements\\Entry',1,0,'2026-01-20 11:55:25','2026-01-20 11:55:26',NULL,NULL,NULL,'2f728a17-0b8c-41b6-a520-9b52a4668a5f'),(1933,NULL,NULL,NULL,148,'craft\\elements\\Entry',1,0,'2026-01-20 11:56:11','2026-01-20 12:37:08',NULL,NULL,NULL,'8ed4fe3e-adcd-4a19-b18f-81b76c5e23d6'),(1934,1933,NULL,983,148,'craft\\elements\\Entry',1,0,'2026-01-20 11:56:11','2026-01-20 11:56:11',NULL,NULL,NULL,'8e771002-9f53-403a-930f-0b7cd21abd27'),(1946,NULL,NULL,NULL,166,'craft\\elements\\Entry',1,0,'2026-01-20 12:28:50','2026-01-20 12:28:50',NULL,NULL,NULL,'602f0112-82bd-42ce-9929-cbacff6e9463'),(1947,NULL,NULL,NULL,9,'craft\\elements\\Entry',1,0,'2026-01-20 12:28:51','2026-01-20 12:28:51',NULL,NULL,NULL,'7307e464-44a7-4f85-ab06-e0fdf1e4bb23'),(1948,NULL,NULL,NULL,9,'craft\\elements\\Entry',1,0,'2026-01-20 12:28:51','2026-01-20 12:28:51',NULL,NULL,NULL,'96594c24-5845-4f34-8cea-da8bec63d7b7'),(1949,171,NULL,984,40,'craft\\elements\\Entry',1,0,'2026-01-20 12:28:50','2026-01-20 12:28:52',NULL,NULL,NULL,'83c59a0c-c480-464c-9cd7-2fb5d1d53ff9'),(1950,1946,NULL,985,166,'craft\\elements\\Entry',1,0,'2026-01-20 12:28:50','2026-01-20 12:28:52',NULL,NULL,NULL,'51ddf65e-7dc3-425f-abe1-aa6a9aaefa9c'),(1951,492,NULL,986,50,'craft\\elements\\Entry',1,0,'2026-01-20 12:28:51','2026-01-20 12:28:52',NULL,NULL,NULL,'ada73672-57a8-456e-a4db-5bb5ad04ca72'),(1952,493,NULL,987,9,'craft\\elements\\Entry',1,0,'2026-01-20 12:28:51','2026-01-20 12:28:52',NULL,NULL,NULL,'62b3c6ae-36de-4758-8a79-57b5b4a23b1d'),(1953,1196,NULL,988,9,'craft\\elements\\Entry',1,0,'2026-01-20 12:28:51','2026-01-20 12:28:52',NULL,NULL,NULL,'1d558dfe-80a1-4353-966a-767af6e805da'),(1954,1947,NULL,989,9,'craft\\elements\\Entry',1,0,'2026-01-20 12:28:51','2026-01-20 12:28:52',NULL,NULL,NULL,'5e8dec3d-0a6c-4c33-b993-3ee765bdadb2'),(1955,1948,NULL,990,9,'craft\\elements\\Entry',1,0,'2026-01-20 12:28:51','2026-01-20 12:28:53',NULL,NULL,NULL,'766fd7a7-9083-4a0c-ab88-d7ae4f761417'),(1956,1197,NULL,991,17,'craft\\elements\\Entry',1,0,'2026-01-20 12:28:52','2026-01-20 12:28:53',NULL,'2026-01-20 12:29:28',NULL,'daef208a-40a6-4a49-bf7b-59f24dfa5fdd'),(1959,NULL,NULL,NULL,167,'craft\\elements\\Entry',1,0,'2026-01-20 12:29:28','2026-01-20 12:29:28',NULL,NULL,NULL,'5c9a97ee-7cd4-47fc-a9f0-eefbc9b41271'),(1960,171,NULL,992,40,'craft\\elements\\Entry',1,0,'2026-01-20 12:29:28','2026-01-20 12:29:28',NULL,NULL,NULL,'be15fac5-fa69-4774-bc2a-8edb70462290'),(1961,1959,NULL,993,167,'craft\\elements\\Entry',1,0,'2026-01-20 12:29:28','2026-01-20 12:29:28',NULL,NULL,NULL,'ccbdb682-02bc-4121-8629-e2257c2315bf'),(1974,NULL,NULL,NULL,150,'craft\\elements\\Entry',1,0,'2026-01-20 12:33:19','2026-01-20 12:33:19',NULL,NULL,NULL,'3cc67046-fd73-4292-8875-de9f43ce69fe'),(1975,NULL,NULL,NULL,151,'craft\\elements\\Entry',1,0,'2026-01-20 12:33:19','2026-01-20 12:33:20',NULL,NULL,NULL,'09398d23-dacb-4b11-908b-24136298ce64'),(1976,NULL,NULL,NULL,152,'craft\\elements\\Entry',1,0,'2026-01-20 12:33:20','2026-01-20 12:33:20',NULL,NULL,NULL,'b8c82750-178c-49ed-84d5-a09e98f787b1'),(1977,NULL,NULL,NULL,153,'craft\\elements\\Entry',1,0,'2026-01-20 12:33:20','2026-01-20 12:33:20',NULL,NULL,NULL,'c35ff61e-d6d5-47da-9f6a-1e85b1d669d7'),(1978,NULL,NULL,NULL,154,'craft\\elements\\Entry',1,0,'2026-01-20 12:33:20','2026-01-20 12:33:21',NULL,NULL,NULL,'d45da917-2fc6-4525-a645-8bca6e264543'),(1979,NULL,NULL,NULL,82,'craft\\elements\\Entry',1,0,'2026-01-20 12:33:21','2026-01-20 12:33:21',NULL,NULL,NULL,'91af97ba-f593-416f-9749-3328146fe065'),(1980,NULL,NULL,NULL,82,'craft\\elements\\Entry',1,0,'2026-01-20 12:33:21','2026-01-20 12:33:21',NULL,NULL,NULL,'3515ea24-23e2-4cc0-a273-218ffdea7699'),(1981,NULL,NULL,NULL,82,'craft\\elements\\Entry',1,0,'2026-01-20 12:33:21','2026-01-20 12:33:21',NULL,NULL,NULL,'5414da77-9296-4cf5-a365-83d34e994f5a'),(1982,NULL,NULL,NULL,155,'craft\\elements\\Entry',1,0,'2026-01-20 12:33:22','2026-01-20 12:33:22',NULL,NULL,NULL,'0e189aa0-13dd-4b7f-8f72-ba75c4513ea9'),(1983,NULL,NULL,NULL,156,'craft\\elements\\Entry',1,0,'2026-01-20 12:33:22','2026-01-20 12:33:23',NULL,NULL,NULL,'ede77a09-a7b6-4ada-aa58-d0b07f1458bf'),(1984,1929,NULL,994,146,'craft\\elements\\Entry',1,0,'2026-01-20 12:33:19','2026-01-20 12:33:23',NULL,NULL,NULL,'ae75c729-3b23-498c-903d-952fe1f3bedf'),(1985,1974,NULL,995,150,'craft\\elements\\Entry',1,0,'2026-01-20 12:33:19','2026-01-20 12:33:23',NULL,NULL,NULL,'d5a661c6-cdd6-4243-8b26-6d7c33eff339'),(1986,1975,NULL,996,151,'craft\\elements\\Entry',1,0,'2026-01-20 12:33:20','2026-01-20 12:33:23',NULL,NULL,NULL,'a7546a03-bf5a-4c01-8acb-1d8cfc9a7b83'),(1987,1976,NULL,997,152,'craft\\elements\\Entry',1,0,'2026-01-20 12:33:20','2026-01-20 12:33:23',NULL,NULL,NULL,'3ef4ed72-f90b-426b-9c39-041f99f87e80'),(1988,1977,NULL,998,153,'craft\\elements\\Entry',1,0,'2026-01-20 12:33:20','2026-01-20 12:33:24',NULL,NULL,NULL,'59dcba76-c453-417b-a2d9-5b2889081f3d'),(1989,1978,NULL,999,154,'craft\\elements\\Entry',1,0,'2026-01-20 12:33:21','2026-01-20 12:33:24',NULL,NULL,NULL,'a6fece61-34dd-4d23-aa5a-c4b75b80dc2c'),(1990,1979,NULL,1000,82,'craft\\elements\\Entry',1,0,'2026-01-20 12:33:21','2026-01-20 12:33:24',NULL,NULL,NULL,'c8faafee-bf2f-4e5b-a46d-3838021d740d'),(1991,1980,NULL,1001,82,'craft\\elements\\Entry',1,0,'2026-01-20 12:33:21','2026-01-20 12:33:24',NULL,NULL,NULL,'7c427a6c-62e1-4a5c-8eff-385862437d96'),(1992,1981,NULL,1002,82,'craft\\elements\\Entry',1,0,'2026-01-20 12:33:21','2026-01-20 12:33:25',NULL,NULL,NULL,'e2788c46-a140-49de-9372-de70c0cb4b15'),(1993,1982,NULL,1003,155,'craft\\elements\\Entry',1,0,'2026-01-20 12:33:22','2026-01-20 12:33:25',NULL,NULL,NULL,'b0474c5c-30da-46ab-896a-10d3b2a64b8d'),(1994,1983,NULL,1004,156,'craft\\elements\\Entry',1,0,'2026-01-20 12:33:23','2026-01-20 12:33:25',NULL,NULL,NULL,'b0f22c1e-892c-4c75-9756-d1deaec79575'),(2006,NULL,NULL,NULL,158,'craft\\elements\\Entry',1,0,'2026-01-20 12:36:16','2026-01-20 12:36:16',NULL,NULL,NULL,'13a2c245-f3e4-4a4a-8eee-fc836472a749'),(2007,NULL,NULL,NULL,159,'craft\\elements\\Entry',1,0,'2026-01-20 12:36:16','2026-01-20 12:36:16',NULL,NULL,NULL,'8fb67a87-dd5e-4ce7-84a2-8e0dad246533'),(2008,NULL,NULL,NULL,7,'craft\\elements\\Entry',1,0,'2026-01-20 12:36:16','2026-01-20 12:36:16',NULL,NULL,NULL,'08ef30a5-00ee-4857-9fa6-e381c3046394'),(2009,NULL,NULL,NULL,7,'craft\\elements\\Entry',1,0,'2026-01-20 12:36:17','2026-01-20 12:36:17',NULL,NULL,NULL,'5caba994-c88d-4d26-b8fe-db351d667997'),(2010,NULL,NULL,NULL,7,'craft\\elements\\Entry',1,0,'2026-01-20 12:36:17','2026-01-20 12:36:17',NULL,NULL,NULL,'028f22c6-3aba-498a-b2ed-aba090ec3e75'),(2011,NULL,NULL,NULL,7,'craft\\elements\\Entry',1,0,'2026-01-20 12:36:17','2026-01-20 12:36:17',NULL,NULL,NULL,'3d0b0b15-f303-42e3-83d2-518064013b89'),(2012,NULL,NULL,NULL,161,'craft\\elements\\Entry',1,0,'2026-01-20 12:36:17','2026-01-20 12:36:18',NULL,NULL,NULL,'e1d0d75b-f8b2-417b-8e4e-cf7f929194b5'),(2013,NULL,NULL,NULL,162,'craft\\elements\\Entry',1,0,'2026-01-20 12:36:18','2026-01-20 12:36:18',NULL,NULL,NULL,'a9d8afd2-d2cf-4a6f-8227-17ec3d458560'),(2014,1931,NULL,1005,147,'craft\\elements\\Entry',1,0,'2026-01-20 12:36:15','2026-01-20 12:36:18',NULL,NULL,NULL,'939fdac0-79f4-45d9-8c18-f2c311e3bd9e'),(2015,2006,NULL,1006,158,'craft\\elements\\Entry',1,0,'2026-01-20 12:36:16','2026-01-20 12:36:19',NULL,NULL,NULL,'557e685b-abd4-4da9-ac52-8bbc2ced2b52'),(2016,2007,NULL,1007,159,'craft\\elements\\Entry',1,0,'2026-01-20 12:36:16','2026-01-20 12:36:19',NULL,NULL,NULL,'48718a61-24cf-4805-a256-481db5df01cd'),(2017,2008,NULL,1008,7,'craft\\elements\\Entry',1,0,'2026-01-20 12:36:16','2026-01-20 12:36:19',NULL,NULL,NULL,'6f66b0f3-e834-4dcc-94c2-5e979efe1819'),(2018,2009,NULL,1009,7,'craft\\elements\\Entry',1,0,'2026-01-20 12:36:17','2026-01-20 12:36:19',NULL,NULL,NULL,'879274e6-8280-435e-a632-e13a4c425591'),(2019,2010,NULL,1010,7,'craft\\elements\\Entry',1,0,'2026-01-20 12:36:17','2026-01-20 12:36:19',NULL,NULL,NULL,'d5883c0b-a8a9-4eb1-9c5a-5e55204134b8'),(2020,2011,NULL,1011,7,'craft\\elements\\Entry',1,0,'2026-01-20 12:36:17','2026-01-20 12:36:20',NULL,NULL,NULL,'5d088766-e0ff-48b6-bd1d-7073aa6b767f'),(2021,2012,NULL,1012,161,'craft\\elements\\Entry',1,0,'2026-01-20 12:36:18','2026-01-20 12:36:20',NULL,NULL,NULL,'e7baa9b8-c278-4d2c-b8f4-3d20be1b0ca0'),(2022,2013,NULL,1013,162,'craft\\elements\\Entry',1,0,'2026-01-20 12:36:18','2026-01-20 12:36:20',NULL,NULL,NULL,'77df7baa-0fa6-483f-aceb-ebbf6787ba03'),(2025,NULL,NULL,NULL,163,'craft\\elements\\Entry',1,0,'2026-01-20 12:37:08','2026-01-20 12:37:08',NULL,NULL,NULL,'81e0bb91-53cf-4b0c-86f3-832680bc9555'),(2026,NULL,NULL,NULL,164,'craft\\elements\\Entry',1,0,'2026-01-20 12:37:09','2026-01-20 12:37:09',NULL,NULL,NULL,'7516957d-99c2-4c31-bf70-431ac52675e1'),(2027,1933,NULL,1014,148,'craft\\elements\\Entry',1,0,'2026-01-20 12:37:08','2026-01-20 12:37:09',NULL,NULL,NULL,'404f6624-f777-4de8-8e1c-22f5df459fb4'),(2028,2025,NULL,1015,163,'craft\\elements\\Entry',1,0,'2026-01-20 12:37:08','2026-01-20 12:37:10',NULL,NULL,NULL,'8c7f51dd-7dc9-401c-8c6e-642553a56651'),(2029,2026,NULL,1016,164,'craft\\elements\\Entry',1,0,'2026-01-20 12:37:09','2026-01-20 12:37:10',NULL,NULL,NULL,'2900b96a-419f-43e0-8e24-3b09295463f4'),(2030,1841,NULL,1017,145,'craft\\elements\\Entry',1,0,'2026-01-20 15:07:24','2026-01-20 15:07:24',NULL,NULL,NULL,'fd6ca8bb-2bf4-4444-a692-e780c0dcad05'),(2031,NULL,NULL,NULL,169,'craft\\elements\\Entry',1,0,'2026-01-20 15:10:06','2026-01-20 15:10:34',NULL,NULL,NULL,'4fa423e0-7f02-4abf-af9d-d047e93dc03d'),(2032,NULL,NULL,NULL,169,'craft\\elements\\Entry',1,0,'2026-01-20 15:10:07','2026-01-20 15:10:33',NULL,NULL,NULL,'9c58861c-73b4-42c1-9c72-834975051ff4'),(2033,NULL,NULL,NULL,169,'craft\\elements\\Entry',1,0,'2026-01-20 15:10:08','2026-01-20 15:10:32',NULL,NULL,NULL,'56c8ce22-09d4-46de-9c05-6e6beeea8212'),(2034,NULL,NULL,NULL,169,'craft\\elements\\Entry',1,0,'2026-01-20 15:10:10','2026-01-20 15:10:45',NULL,NULL,NULL,'4eb7bb2d-284f-4523-8170-f3262d9d47ab'),(2035,2033,NULL,1018,169,'craft\\elements\\Entry',1,0,'2026-01-20 15:10:32','2026-01-20 15:10:32',NULL,NULL,NULL,'03143afb-cd24-4c4a-a963-00397a2cf40b'),(2036,2032,NULL,1019,169,'craft\\elements\\Entry',1,0,'2026-01-20 15:10:33','2026-01-20 15:10:33',NULL,NULL,NULL,'f88d8b6f-80d9-4803-aac7-16f662fb640d'),(2037,2031,NULL,1020,169,'craft\\elements\\Entry',1,0,'2026-01-20 15:10:34','2026-01-20 15:10:34',NULL,NULL,NULL,'9c1e06e0-32ed-40ee-9807-9d67ba4c05d8'),(2038,2034,NULL,1021,169,'craft\\elements\\Entry',1,0,'2026-01-20 15:10:45','2026-01-20 15:10:45',NULL,NULL,NULL,'129e3522-ec59-4d64-957e-f0f7cef88508'),(2039,NULL,NULL,NULL,168,'craft\\elements\\Entry',1,0,'2026-01-20 15:12:58','2026-01-20 15:13:32',NULL,NULL,NULL,'f570b8e8-fdbb-48eb-8cd1-08bdc3c35fbc'),(2040,2039,NULL,1022,168,'craft\\elements\\Entry',1,0,'2026-01-20 15:13:32','2026-01-20 15:13:32',NULL,NULL,NULL,'487f7871-c14a-4cc4-ac66-6e646da637ae'),(2064,NULL,NULL,NULL,170,'craft\\elements\\Entry',1,0,'2026-01-20 15:28:32','2026-01-20 15:28:33',NULL,NULL,NULL,'9f25e526-d9c7-4947-8f85-f04fad7cea02'),(2065,2064,NULL,1040,170,'craft\\elements\\Entry',1,0,'2026-01-20 15:28:32','2026-01-20 15:28:33',NULL,NULL,NULL,'4c495882-bdca-4087-b0e5-8cc694f9faef'),(2066,NULL,NULL,NULL,171,'craft\\elements\\Entry',1,0,'2026-01-20 15:28:33','2026-01-20 15:28:33',NULL,NULL,NULL,'e34dd119-ac66-4a81-b209-49f4131371aa'),(2067,2066,NULL,1041,171,'craft\\elements\\Entry',1,0,'2026-01-20 15:28:33','2026-01-20 15:28:33',NULL,NULL,NULL,'bd7fea7e-4cfe-464f-8d00-8033747d29f6'),(2068,NULL,NULL,NULL,12,'craft\\elements\\Entry',1,0,'2026-01-20 15:28:33','2026-01-20 15:28:34',NULL,NULL,NULL,'df5ede8a-4e8d-473b-a848-27c66d93d872'),(2069,2068,NULL,1042,12,'craft\\elements\\Entry',1,0,'2026-01-20 15:28:33','2026-01-20 15:28:33',NULL,NULL,NULL,'a45bf0db-407d-42ac-9cd9-d39f94806480'),(2070,NULL,NULL,NULL,13,'craft\\elements\\Entry',1,0,'2026-01-20 15:28:34','2026-01-20 15:28:34',NULL,NULL,NULL,'8c672d61-33b4-4c53-8b41-cb129e83d39d'),(2071,2070,NULL,1043,13,'craft\\elements\\Entry',1,0,'2026-01-20 15:28:34','2026-01-20 15:28:34',NULL,NULL,NULL,'3a60b068-c77f-453d-8a73-8339d8efe935'),(2072,NULL,NULL,NULL,175,'craft\\elements\\Entry',1,0,'2026-01-20 15:28:34','2026-01-20 15:28:34',NULL,NULL,NULL,'851e30d8-28a3-4067-b14c-87f16b1da0b2'),(2073,2,NULL,1044,1,'craft\\elements\\Entry',1,0,'2026-01-20 15:28:32','2026-01-20 15:28:35',NULL,NULL,NULL,'9dd2ffdf-a581-4109-90c2-71b9b72bc994'),(2074,2064,NULL,1045,170,'craft\\elements\\Entry',1,0,'2026-01-20 15:28:33','2026-01-20 15:28:35',NULL,NULL,NULL,'c4f15b45-1945-4a0f-8ced-ec4d893f0913'),(2075,2068,NULL,1046,12,'craft\\elements\\Entry',1,0,'2026-01-20 15:28:34','2026-01-20 15:28:35',NULL,NULL,NULL,'35fe66db-5cac-4e03-a519-0e2f6ff5464d'),(2076,2072,NULL,1047,175,'craft\\elements\\Entry',1,0,'2026-01-20 15:28:34','2026-01-20 15:28:35',NULL,NULL,NULL,'4f8e2ebb-5dcb-44c4-a3a9-5b1231d0952d'),(2082,NULL,NULL,NULL,172,'craft\\elements\\Entry',1,0,'2026-01-20 15:30:20','2026-01-20 15:30:20',NULL,NULL,NULL,'26a88fbd-6adf-491d-ab9f-079f2f14ffd9'),(2083,NULL,NULL,NULL,173,'craft\\elements\\Entry',1,0,'2026-01-20 15:30:20','2026-01-20 15:30:20',NULL,NULL,NULL,'adf614cc-de8e-41a0-b439-750524794d57'),(2084,NULL,NULL,NULL,174,'craft\\elements\\Entry',1,0,'2026-01-20 15:30:21','2026-01-20 15:30:21',NULL,NULL,NULL,'fc253297-df40-49c2-9a0e-f26a1e603ccd'),(2085,NULL,NULL,NULL,176,'craft\\elements\\Entry',1,0,'2026-01-20 15:30:21','2026-01-20 15:30:21',NULL,NULL,NULL,'61165c08-215e-4ae4-a32f-53b26dda06a5'),(2086,165,NULL,1048,38,'craft\\elements\\Entry',1,0,'2026-01-20 15:30:20','2026-01-20 15:30:22',NULL,NULL,NULL,'ab6bbca0-545d-450e-baeb-f53746234af6'),(2087,2082,NULL,1049,172,'craft\\elements\\Entry',1,0,'2026-01-20 15:30:20','2026-01-20 15:30:22',NULL,NULL,NULL,'ced6f492-9a05-4b6b-a5f4-d2ad75925a4d'),(2088,2083,NULL,1050,173,'craft\\elements\\Entry',1,0,'2026-01-20 15:30:20','2026-01-20 15:30:22',NULL,NULL,NULL,'a4bdb975-9eac-4626-8585-4271066e773f'),(2089,2084,NULL,1051,174,'craft\\elements\\Entry',1,0,'2026-01-20 15:30:21','2026-01-20 15:30:22',NULL,NULL,NULL,'9330f951-a509-4a9d-9786-18f7c0737a7a'),(2090,2085,NULL,1052,176,'craft\\elements\\Entry',1,0,'2026-01-20 15:30:21','2026-01-20 15:30:22',NULL,NULL,NULL,'fa73a6f3-6ce8-4c61-8644-b71ad93c0887'),(2091,121,NULL,1053,35,'craft\\elements\\Entry',1,0,'2026-01-20 15:31:06','2026-01-20 15:31:06',NULL,NULL,NULL,'e17e2bd1-2a0c-4103-818e-2bf738574003'),(2093,121,NULL,1054,35,'craft\\elements\\Entry',1,0,'2026-01-20 15:46:12','2026-01-20 15:46:12',NULL,NULL,NULL,'9dfe22c0-14b2-4a2a-84ee-a4c650ae04a2'),(2094,NULL,NULL,NULL,35,'craft\\elements\\Entry',1,0,'2026-01-20 15:46:27','2026-01-20 15:58:14',NULL,NULL,NULL,'ef9014a3-2531-4a61-b6c7-a68ee5cabfd2'),(2095,2094,NULL,1055,35,'craft\\elements\\Entry',1,0,'2026-01-20 15:46:27','2026-01-20 15:46:27',NULL,NULL,NULL,'a029aefe-3907-4e0f-82a1-d51319870adc'),(2096,121,NULL,1056,35,'craft\\elements\\Entry',1,0,'2026-01-20 15:47:08','2026-01-20 15:47:08',NULL,NULL,NULL,'9d32bcef-16aa-422b-83d1-42b17f5a1e95'),(2097,121,NULL,1057,35,'craft\\elements\\Entry',1,0,'2026-01-20 15:47:21','2026-01-20 15:47:22',NULL,NULL,NULL,'bdf8f396-db97-421f-82e1-92205b44dced'),(2098,121,NULL,1058,35,'craft\\elements\\Entry',1,0,'2026-01-20 15:47:22','2026-01-20 15:47:22',NULL,NULL,NULL,'110d9c64-4562-4c6d-bad2-f3b38ce79f47'),(2099,NULL,NULL,NULL,35,'craft\\elements\\Entry',1,0,'2026-01-20 15:47:57','2026-01-20 16:00:20',NULL,NULL,NULL,'34974f51-c4db-4d6c-9bd4-458899dcff74'),(2100,2099,NULL,1059,35,'craft\\elements\\Entry',1,0,'2026-01-20 15:47:57','2026-01-20 15:47:58',NULL,NULL,NULL,'79f1a9bb-6390-4ed8-8311-e2617bb85e4d'),(2101,2094,NULL,1060,35,'craft\\elements\\Entry',1,0,'2026-01-20 15:49:05','2026-01-20 15:49:05',NULL,NULL,NULL,'7657f27d-a93e-4f01-b550-2b68d88c475b'),(2102,2099,NULL,1061,35,'craft\\elements\\Entry',1,0,'2026-01-20 15:50:08','2026-01-20 15:50:08',NULL,NULL,NULL,'e1cd3e7e-b493-49f4-9811-d129e0dc0e2a'),(2103,2099,NULL,1062,35,'craft\\elements\\Entry',1,0,'2026-01-20 15:50:23','2026-01-20 15:50:23',NULL,NULL,NULL,'cba13c81-fa5c-4856-ba3b-8f55b2477039'),(2106,2094,NULL,1063,35,'craft\\elements\\Entry',1,0,'2026-01-20 15:55:04','2026-01-20 15:55:05',NULL,NULL,NULL,'898689e2-33d2-4f2e-b9eb-117bf8386584'),(2108,121,NULL,1064,35,'craft\\elements\\Entry',1,0,'2026-01-20 15:57:55','2026-01-20 15:57:55',NULL,NULL,NULL,'85852f5d-2b1b-4bd4-8778-50ed61cc1bdf'),(2109,2094,NULL,1065,35,'craft\\elements\\Entry',1,0,'2026-01-20 15:58:14','2026-01-20 15:58:14',NULL,NULL,NULL,'f8fdb4e8-8b3b-4dee-88b7-e44c63c8b564'),(2110,2099,NULL,1066,35,'craft\\elements\\Entry',1,0,'2026-01-20 16:00:20','2026-01-20 16:00:20',NULL,NULL,NULL,'b321b69e-a440-45c4-8c7e-c03f9fac8e48'),(2111,NULL,NULL,NULL,178,'craft\\elements\\Entry',1,0,'2026-01-20 16:22:01','2026-01-20 16:23:54',NULL,NULL,NULL,'426ee75b-cf7f-4679-ac40-4dfb5a3cf49a'),(2112,2111,NULL,1067,145,'craft\\elements\\Entry',1,0,'2026-01-20 16:22:01','2026-01-20 16:22:01',NULL,NULL,NULL,'8694f689-85a9-4330-9dbc-fe650f1d52bf'),(2113,2111,NULL,1068,145,'craft\\elements\\Entry',1,0,'2026-01-20 16:22:46','2026-01-20 16:22:47',NULL,NULL,NULL,'e1163fa6-43e5-4546-aa7b-86e2cc796a80'),(2114,2111,NULL,1069,145,'craft\\elements\\Entry',1,0,'2026-01-20 16:22:47','2026-01-20 16:22:47',NULL,NULL,NULL,'31a2f338-379f-4196-8204-3fb7b7facc4c'),(2115,2111,NULL,1070,178,'craft\\elements\\Entry',1,0,'2026-01-20 16:23:54','2026-01-20 16:23:54',NULL,NULL,NULL,'aebd2293-4efa-4311-b4b0-c0017e98ef78'),(2116,NULL,553,NULL,28,'craft\\elements\\Entry',1,0,'2026-01-20 16:24:42','2026-01-20 16:24:42',NULL,NULL,NULL,'b48abddc-74fb-46d9-84dd-1774c3977b78'),(2117,NULL,NULL,NULL,28,'craft\\elements\\Entry',1,0,'2026-01-20 16:24:51','2026-01-20 16:25:16',NULL,NULL,NULL,'4f67d7d6-71f5-4eb3-b2df-56efd0911d26'),(2120,NULL,NULL,NULL,28,'craft\\elements\\Entry',1,0,'2026-01-20 16:25:32','2026-01-20 16:25:42',NULL,NULL,NULL,'66a0dc92-5406-4f4e-b9b1-61984970504a'),(2121,NULL,NULL,NULL,28,'craft\\elements\\Entry',1,0,'2026-01-20 16:25:46','2026-01-20 16:25:55',NULL,NULL,NULL,'f0d8c466-d612-43ae-89b3-ef4bd77d1491'),(2123,NULL,NULL,NULL,177,'craft\\elements\\Entry',1,0,'2026-01-20 16:26:20','2026-01-20 16:26:32',NULL,NULL,NULL,'3f3d2804-a4b7-43c0-88c4-1bb096d844cd'),(2124,NULL,NULL,NULL,177,'craft\\elements\\Entry',1,0,'2026-01-20 16:26:34','2026-01-20 16:26:43',NULL,NULL,NULL,'0e20b80b-73db-44db-b2ed-1d961e9def47'),(2125,NULL,NULL,NULL,177,'craft\\elements\\Entry',1,0,'2026-01-20 16:26:44','2026-01-20 16:26:54',NULL,NULL,NULL,'d9172a3f-216f-4e87-b45e-a6ab898ccbf0'),(2126,NULL,NULL,NULL,177,'craft\\elements\\Entry',1,0,'2026-01-20 16:26:59','2026-01-20 16:27:10',NULL,NULL,NULL,'6c6ee4d4-eb0b-40fe-b314-05e50cefde5e'),(2127,NULL,NULL,NULL,177,'craft\\elements\\Entry',1,0,'2026-01-20 16:27:11','2026-01-20 16:27:25',NULL,NULL,NULL,'4499fb82-59d1-4c9d-8d8b-33bb273c721d'),(2128,NULL,NULL,NULL,177,'craft\\elements\\Entry',1,0,'2026-01-20 16:27:26','2026-01-20 16:27:37',NULL,NULL,NULL,'bab4952f-d20a-4839-b70b-ca2ec4c629b6'),(2129,NULL,NULL,NULL,177,'craft\\elements\\Entry',1,0,'2026-01-20 16:27:39','2026-01-20 16:27:46',NULL,NULL,NULL,'c4f38ada-6a47-43cc-b861-cedbbe307fb8'),(2130,NULL,NULL,NULL,177,'craft\\elements\\Entry',1,0,'2026-01-20 16:27:48','2026-01-20 16:27:58',NULL,NULL,NULL,'14664991-7f15-4507-bdbc-af4ea5664fd4'),(2131,NULL,NULL,NULL,177,'craft\\elements\\Entry',1,0,'2026-01-20 16:27:59','2026-01-20 16:28:18',NULL,NULL,NULL,'37024f57-b180-4145-ad14-06cc74477ee6'),(2132,NULL,NULL,NULL,28,'craft\\elements\\Entry',1,0,'2026-01-20 16:49:06','2026-01-20 16:49:22',NULL,NULL,NULL,'6d8f1e87-5c58-4299-93ba-ed2260369441'),(2133,NULL,NULL,NULL,28,'craft\\elements\\Entry',1,0,'2026-01-20 16:49:25','2026-01-20 16:49:42',NULL,NULL,NULL,'e72e11f2-31e8-4a5a-86da-3705ccb187c6'),(2134,NULL,NULL,NULL,28,'craft\\elements\\Entry',1,0,'2026-01-20 16:49:44','2026-01-20 16:49:56',NULL,NULL,NULL,'0614500b-3e69-49aa-8268-bd28debbd952'),(2135,NULL,NULL,NULL,28,'craft\\elements\\Entry',1,0,'2026-01-20 16:49:58','2026-01-20 16:50:08',NULL,NULL,NULL,'39244811-ca75-4da4-a8c2-039f6169c2e9'),(2136,NULL,NULL,NULL,28,'craft\\elements\\Entry',1,0,'2026-01-20 16:50:10','2026-01-20 16:50:22',NULL,NULL,NULL,'d9f3d579-fdf6-4571-96c1-88431e09fc2e'),(2137,NULL,NULL,NULL,28,'craft\\elements\\Entry',1,0,'2026-01-20 16:50:23','2026-01-20 16:50:35',NULL,NULL,NULL,'b078cfa8-0b09-4c1a-a9e4-5b299ff33ed3'),(2138,NULL,NULL,NULL,28,'craft\\elements\\Entry',1,0,'2026-01-20 16:50:37','2026-01-20 16:50:51',NULL,NULL,NULL,'baf41bc9-b6c7-4ca2-97cf-82a850bca8b1'),(2139,NULL,NULL,NULL,28,'craft\\elements\\Entry',1,0,'2026-01-20 16:50:55','2026-01-20 16:51:06',NULL,NULL,NULL,'e6c55cc1-67a0-43b0-99ac-7a0fc5699907'),(2140,NULL,NULL,NULL,83,'craft\\elements\\Entry',1,0,'2026-01-20 16:51:37','2026-01-20 16:51:44',NULL,NULL,NULL,'e6f85553-b16e-4b23-8770-494513dcf190'),(2141,NULL,NULL,NULL,83,'craft\\elements\\Entry',1,0,'2026-01-20 16:51:49','2026-01-20 16:51:49',NULL,NULL,NULL,'0ed04140-0cff-423d-89f9-0dc429b0aa4f'),(2142,NULL,NULL,NULL,83,'craft\\elements\\Entry',1,0,'2026-01-20 16:51:52','2026-01-20 16:51:52',NULL,NULL,NULL,'561d4258-0d7d-4186-8bdc-9d341a613e4c'),(2143,NULL,NULL,NULL,28,'craft\\elements\\Entry',1,0,'2026-01-20 16:53:09','2026-01-20 16:53:24',NULL,NULL,NULL,'679eb150-209e-4541-93b5-c1c4a08abc8d'),(2144,NULL,NULL,NULL,28,'craft\\elements\\Entry',1,0,'2026-01-20 16:53:26','2026-01-20 16:53:39',NULL,NULL,NULL,'7e0b794c-c083-4b4d-b6a7-40d6e7f6d162'),(2145,1841,NULL,1071,145,'craft\\elements\\Entry',1,0,'2026-01-20 17:26:49','2026-01-20 17:26:49',NULL,NULL,NULL,'b2a63c84-6713-4e00-ac75-36549330f233');
commit;

--
