--
-- Host: 127.0.0.1    Database: suba_forancor
-- ------------------------------------------------------


--
-- Table structure for table `addresses`
--

CREATE TABLE `addresses` (
  `id` int(11) NOT NULL,
  `primaryOwnerId` int(11) DEFAULT NULL,
  `fieldId` int(11) DEFAULT NULL,
  `countryCode` varchar(255) NOT NULL,
  `administrativeArea` varchar(255) DEFAULT NULL,
  `locality` varchar(255) DEFAULT NULL,
  `dependentLocality` varchar(255) DEFAULT NULL,
  `postalCode` varchar(255) DEFAULT NULL,
  `sortingCode` varchar(255) DEFAULT NULL,
  `addressLine1` varchar(255) DEFAULT NULL,
  `addressLine2` varchar(255) DEFAULT NULL,
  `addressLine3` varchar(255) DEFAULT NULL,
  `organization` varchar(255) DEFAULT NULL,
  `organizationTaxId` varchar(255) DEFAULT NULL,
  `fullName` varchar(255) DEFAULT NULL,
  `firstName` varchar(255) DEFAULT NULL,
  `lastName` varchar(255) DEFAULT NULL,
  `latitude` varchar(255) DEFAULT NULL,
  `longitude` varchar(255) DEFAULT NULL,
  `dateCreated` datetime NOT NULL,
  `dateUpdated` datetime NOT NULL,
  PRIMARY KEY (`id`),
  KEY `fk_zeoxqrczomoilsezvbmrfbdudvpbrgfadjrz` (`primaryOwnerId`),
  CONSTRAINT `fk_btoyluisrtrzosqdgudpoizspapjjjjjfyqz` FOREIGN KEY (`id`) REFERENCES `elements` (`id`) ON DELETE CASCADE,
  CONSTRAINT `fk_zeoxqrczomoilsezvbmrfbdudvpbrgfadjrz` FOREIGN KEY (`primaryOwnerId`) REFERENCES `elements` (`id`) ON DELETE CASCADE
) ENGINE=InnoDB DEFAULT CHARSET=utf8mb4 COLLATE=utf8mb4_unicode_ci;

--
-- Table structure for table `announcements`
--

CREATE TABLE `announcements` (
  `id` int(11) NOT NULL AUTO_INCREMENT,
  `userId` int(11) NOT NULL,
  `pluginId` int(11) DEFAULT NULL,
  `heading` varchar(255) NOT NULL,
  `body` text NOT NULL,
  `unread` tinyint(1) NOT NULL DEFAULT 1,
  `dateRead` datetime DEFAULT NULL,
  `dateCreated` datetime NOT NULL,
  PRIMARY KEY (`id`),
  KEY `idx_rktgxcnpsfobhraghadxplwykrfwdklienky` (`userId`,`unread`,`dateRead`,`dateCreated`),
  KEY `idx_ytgonammmjlxmqgschsqpupwltfjabcsjxdh` (`dateRead`),
  KEY `fk_fntccyehfxaoorxehheshkdvdgjmcibmubmo` (`pluginId`),
  CONSTRAINT `fk_fntccyehfxaoorxehheshkdvdgjmcibmubmo` FOREIGN KEY (`pluginId`) REFERENCES `plugins` (`id`) ON DELETE CASCADE,
  CONSTRAINT `fk_wwsqmmyeldefxxxqcufcnkplyxuejuyscfiu` FOREIGN KEY (`userId`) REFERENCES `users` (`id`) ON DELETE CASCADE
) ENGINE=InnoDB DEFAULT CHARSET=utf8mb4 COLLATE=utf8mb4_unicode_ci;

--
-- Table structure for table `assetindexdata`
--

CREATE TABLE `assetindexdata` (
  `id` int(11) NOT NULL AUTO_INCREMENT,
  `sessionId` int(11) NOT NULL,
  `volumeId` int(11) NOT NULL,
  `uri` text DEFAULT NULL,
  `size` bigint(20) unsigned DEFAULT NULL,
  `timestamp` datetime DEFAULT NULL,
  `isDir` tinyint(1) DEFAULT 0,
  `recordId` int(11) DEFAULT NULL,
  `isSkipped` tinyint(1) DEFAULT 0,
  `inProgress` tinyint(1) DEFAULT 0,
  `completed` tinyint(1) DEFAULT 0,
  `dateCreated` datetime NOT NULL,
  `dateUpdated` datetime NOT NULL,
  `uid` char(36) NOT NULL DEFAULT '0',
  PRIMARY KEY (`id`),
  KEY `idx_swbullgzmftamrqrigcpshpyakrwchannatq` (`sessionId`,`volumeId`),
  KEY `idx_kmzqacsajjlvivstnwzvripepmarvztobhnx` (`volumeId`),
  CONSTRAINT `fk_fazhllewcsmpsaqfmbpdtarnvnwmwodlyyxc` FOREIGN KEY (`volumeId`) REFERENCES `volumes` (`id`) ON DELETE CASCADE,
  CONSTRAINT `fk_qhyfboiwdpjkwpkpvlcgzmtvqpsslwcrepod` FOREIGN KEY (`sessionId`) REFERENCES `assetindexingsessions` (`id`) ON DELETE CASCADE
) ENGINE=InnoDB DEFAULT CHARSET=utf8mb4 COLLATE=utf8mb4_unicode_ci;

--
-- Table structure for table `assetindexingsessions`
--

CREATE TABLE `assetindexingsessions` (
  `id` int(11) NOT NULL AUTO_INCREMENT,
  `indexedVolumes` text DEFAULT NULL,
  `totalEntries` int(11) DEFAULT NULL,
  `processedEntries` int(11) NOT NULL DEFAULT 0,
  `cacheRemoteImages` tinyint(1) DEFAULT NULL,
  `listEmptyFolders` tinyint(1) DEFAULT 0,
  `isCli` tinyint(1) DEFAULT 0,
  `actionRequired` tinyint(1) DEFAULT 0,
  `processIfRootEmpty` tinyint(1) DEFAULT 0,
  `dateCreated` datetime NOT NULL,
  `dateUpdated` datetime NOT NULL,
  `uid` char(36) NOT NULL DEFAULT '0',
  PRIMARY KEY (`id`)
) ENGINE=InnoDB DEFAULT CHARSET=utf8mb4 COLLATE=utf8mb4_unicode_ci;

--
-- Table structure for table `assets`
--

CREATE TABLE `assets` (
  `id` int(11) NOT NULL,
  `volumeId` int(11) DEFAULT NULL,
  `folderId` int(11) NOT NULL,
  `uploaderId` int(11) DEFAULT NULL,
  `filename` varchar(255) NOT NULL,
  `kind` varchar(50) NOT NULL DEFAULT 'unknown',
  `alt` text DEFAULT NULL,
  `width` int(11) unsigned DEFAULT NULL,
  `height` int(11) unsigned DEFAULT NULL,
  `size` bigint(20) unsigned DEFAULT NULL,
  `focalPoint` varchar(13) DEFAULT NULL,
  `deletedWithVolume` tinyint(1) DEFAULT NULL,
  `keptFile` tinyint(1) DEFAULT NULL,
  `dateModified` datetime DEFAULT NULL,
  `dateCreated` datetime NOT NULL,
  `dateUpdated` datetime NOT NULL,
  PRIMARY KEY (`id`),
  KEY `idx_nuewizejwzsutulpcctihdavbpycwjedqizp` (`filename`,`folderId`),
  KEY `idx_rpoajpjerzztueybxozdafqlbhvwywlyhups` (`folderId`),
  KEY `idx_cqpcxemhtbvgwmzpmfyaofbbqcprexpomgqn` (`volumeId`),
  KEY `fk_lbmckwjbemfjoppgklftbrpvblrwaqpkcbiy` (`uploaderId`),
  CONSTRAINT `fk_dekwvvwcygjxxynlxeqqqqkjxpizsvetisfq` FOREIGN KEY (`id`) REFERENCES `elements` (`id`) ON DELETE CASCADE,
  CONSTRAINT `fk_fjzwutyfmcezmmryjdsmybxwpttyoioenkys` FOREIGN KEY (`volumeId`) REFERENCES `volumes` (`id`) ON DELETE CASCADE,
  CONSTRAINT `fk_lbmckwjbemfjoppgklftbrpvblrwaqpkcbiy` FOREIGN KEY (`uploaderId`) REFERENCES `users` (`id`) ON DELETE SET NULL,
  CONSTRAINT `fk_lbzoeenpfojybaneylqflzwrvfghababhoks` FOREIGN KEY (`folderId`) REFERENCES `volumefolders` (`id`) ON DELETE CASCADE
) ENGINE=InnoDB DEFAULT CHARSET=utf8mb4 COLLATE=utf8mb4_unicode_ci;

--
-- Table structure for table `assets_sites`
--

CREATE TABLE `assets_sites` (
  `assetId` int(11) NOT NULL,
  `siteId` int(11) NOT NULL,
  `alt` text DEFAULT NULL,
  PRIMARY KEY (`assetId`,`siteId`),
  KEY `fk_nuilmmafeihsyzwevekarxqiydpnntusznxu` (`siteId`),
  CONSTRAINT `fk_nuilmmafeihsyzwevekarxqiydpnntusznxu` FOREIGN KEY (`siteId`) REFERENCES `sites` (`id`) ON DELETE CASCADE ON UPDATE CASCADE,
  CONSTRAINT `fk_smxhtndxgfyoyonqppjrikcwmxaktnfyogpu` FOREIGN KEY (`assetId`) REFERENCES `assets` (`id`) ON DELETE CASCADE
) ENGINE=InnoDB DEFAULT CHARSET=utf8mb4 COLLATE=utf8mb4_unicode_ci;

--
-- Table structure for table `auth_oauth_tokens`
--

CREATE TABLE `auth_oauth_tokens` (
  `id` int(11) NOT NULL AUTO_INCREMENT,
  `ownerHandle` varchar(255) NOT NULL,
  `providerType` varchar(255) NOT NULL,
  `tokenType` varchar(255) NOT NULL,
  `reference` varchar(255) DEFAULT NULL,
  `accessToken` text DEFAULT NULL,
  `secret` text DEFAULT NULL,
  `expires` varchar(255) DEFAULT NULL,
  `refreshToken` text DEFAULT NULL,
  `resourceOwnerId` varchar(255) DEFAULT NULL,
  `values` text DEFAULT NULL,
  `dateCreated` datetime NOT NULL,
  `dateUpdated` datetime NOT NULL,
  `uid` char(36) NOT NULL DEFAULT '0',
  PRIMARY KEY (`id`)
) ENGINE=InnoDB DEFAULT CHARSET=utf8mb4 COLLATE=utf8mb4_unicode_ci;

--
-- Table structure for table `authenticator`
--

CREATE TABLE `authenticator` (
  `id` int(11) NOT NULL AUTO_INCREMENT,
  `userId` int(11) NOT NULL,
  `auth2faSecret` varchar(255) DEFAULT NULL,
  `oldTimestamp` int(11) unsigned DEFAULT NULL,
  `dateCreated` datetime NOT NULL,
  `dateUpdated` datetime NOT NULL,
  PRIMARY KEY (`id`),
  KEY `fk_rpywrtosrkxnzviblmzkmnafdueeonucdhji` (`userId`),
  CONSTRAINT `fk_rpywrtosrkxnzviblmzkmnafdueeonucdhji` FOREIGN KEY (`userId`) REFERENCES `users` (`id`) ON DELETE CASCADE
) ENGINE=InnoDB DEFAULT CHARSET=utf8mb4 COLLATE=utf8mb4_unicode_ci;

--
-- Table structure for table `bulkopevents`
--

CREATE TABLE `bulkopevents` (
  `key` char(10) NOT NULL,
  `senderClass` varchar(255) NOT NULL,
  `eventName` varchar(255) NOT NULL,
  `timestamp` datetime NOT NULL,
  PRIMARY KEY (`key`,`senderClass`,`eventName`),
  KEY `idx_gsjmvnazdjantejkxjcxibxmpvmbrhqbdlrm` (`timestamp`)
) ENGINE=InnoDB DEFAULT CHARSET=utf8mb4 COLLATE=utf8mb4_unicode_ci;

--
-- Table structure for table `categories`
--

CREATE TABLE `categories` (
  `id` int(11) NOT NULL,
  `groupId` int(11) NOT NULL,
  `parentId` int(11) DEFAULT NULL,
  `deletedWithGroup` tinyint(1) DEFAULT NULL,
  `dateCreated` datetime NOT NULL,
  `dateUpdated` datetime NOT NULL,
  PRIMARY KEY (`id`),
  KEY `idx_ohcwknchkawiqabgyomizgjkmjojfthvddnf` (`groupId`),
  KEY `fk_rykgejuzxnixbiiygmuamnktkkkyangpbtdw` (`parentId`),
  CONSTRAINT `fk_lnndfsieevxbbiplhlydevdtgyphaqnaxisp` FOREIGN KEY (`id`) REFERENCES `elements` (`id`) ON DELETE CASCADE,
  CONSTRAINT `fk_rykgejuzxnixbiiygmuamnktkkkyangpbtdw` FOREIGN KEY (`parentId`) REFERENCES `categories` (`id`) ON DELETE SET NULL,
  CONSTRAINT `fk_xrxgfulrdoiglitpgkvldpvndhvhccsrehye` FOREIGN KEY (`groupId`) REFERENCES `categorygroups` (`id`) ON DELETE CASCADE
) ENGINE=InnoDB DEFAULT CHARSET=utf8mb4 COLLATE=utf8mb4_unicode_ci;

--
-- Table structure for table `categorygroups`
--

CREATE TABLE `categorygroups` (
  `id` int(11) NOT NULL AUTO_INCREMENT,
  `structureId` int(11) NOT NULL,
  `fieldLayoutId` int(11) DEFAULT NULL,
  `name` varchar(255) NOT NULL,
  `handle` varchar(255) NOT NULL,
  `defaultPlacement` enum('beginning','end') NOT NULL DEFAULT 'end',
  `dateCreated` datetime NOT NULL,
  `dateUpdated` datetime NOT NULL,
  `dateDeleted` datetime DEFAULT NULL,
  `uid` char(36) NOT NULL DEFAULT '0',
  PRIMARY KEY (`id`),
  KEY `idx_tnqlarsjcjkzyrgxipdvebaiggyxbeqauigx` (`name`),
  KEY `idx_gxqagshsgjzxjjzvkocbwpzhpxjukoxdssyf` (`handle`),
  KEY `idx_boybawydrrqeobbelgjqhmjfpnzvmrkclvna` (`structureId`),
  KEY `idx_liedvodxjrufxsmzoaxwtutfitygabqtngyo` (`fieldLayoutId`),
  KEY `idx_mmnjnxfnomvolfqdwpryzzxvhvsubntmgllr` (`dateDeleted`),
  CONSTRAINT `fk_ftazvgimhylahevbextjjrtfwposqfaezsus` FOREIGN KEY (`structureId`) REFERENCES `structures` (`id`) ON DELETE CASCADE,
  CONSTRAINT `fk_zjihiuapvxginpmoxiuumytsmiwssahlsnvq` FOREIGN KEY (`fieldLayoutId`) REFERENCES `fieldlayouts` (`id`) ON DELETE SET NULL
) ENGINE=InnoDB AUTO_INCREMENT=3 DEFAULT CHARSET=utf8mb4 COLLATE=utf8mb4_unicode_ci;

--
-- Table structure for table `categorygroups_sites`
--

CREATE TABLE `categorygroups_sites` (
  `id` int(11) NOT NULL AUTO_INCREMENT,
  `groupId` int(11) NOT NULL,
  `siteId` int(11) NOT NULL,
  `hasUrls` tinyint(1) NOT NULL DEFAULT 1,
  `uriFormat` text DEFAULT NULL,
  `template` varchar(500) DEFAULT NULL,
  `dateCreated` datetime NOT NULL,
  `dateUpdated` datetime NOT NULL,
  `uid` char(36) NOT NULL DEFAULT '0',
  PRIMARY KEY (`id`),
  UNIQUE KEY `idx_hezecmxfqejflpygbzgjbultfucytwyopdra` (`groupId`,`siteId`),
  KEY `idx_yiohqxfocxgayyippekwzpdfjnwaulpfehef` (`siteId`),
  CONSTRAINT `fk_edoyjiznsnsnvxgyugkwlksswpflhejiiikt` FOREIGN KEY (`groupId`) REFERENCES `categorygroups` (`id`) ON DELETE CASCADE,
  CONSTRAINT `fk_xabdjcqirmokrlriveaiiysfixtsqymopnfe` FOREIGN KEY (`siteId`) REFERENCES `sites` (`id`) ON DELETE CASCADE ON UPDATE CASCADE
) ENGINE=InnoDB AUTO_INCREMENT=5 DEFAULT CHARSET=utf8mb4 COLLATE=utf8mb4_unicode_ci;

--
-- Table structure for table `changedattributes`
--

CREATE TABLE `changedattributes` (
  `elementId` int(11) NOT NULL,
  `siteId` int(11) NOT NULL,
  `attribute` varchar(255) NOT NULL,
  `dateUpdated` datetime NOT NULL,
  `propagated` tinyint(1) NOT NULL,
  `userId` int(11) DEFAULT NULL,
  PRIMARY KEY (`elementId`,`siteId`,`attribute`),
  KEY `idx_chcdirxkvysdkodfcnitvorpmkcxfufttefr` (`elementId`,`siteId`,`dateUpdated`),
  KEY `fk_mnvwlihaljdtvppygybtnasjmhrqiwqylmhu` (`siteId`),
  KEY `fk_woarungomcnqjtgvijpmscpwrokcvcxhokxx` (`userId`),
  CONSTRAINT `fk_mnvwlihaljdtvppygybtnasjmhrqiwqylmhu` FOREIGN KEY (`siteId`) REFERENCES `sites` (`id`) ON DELETE CASCADE ON UPDATE CASCADE,
  CONSTRAINT `fk_woarungomcnqjtgvijpmscpwrokcvcxhokxx` FOREIGN KEY (`userId`) REFERENCES `users` (`id`) ON DELETE SET NULL ON UPDATE CASCADE,
  CONSTRAINT `fk_ymxxzknpdezxyteenwivvyeqjxgpnkwwsaip` FOREIGN KEY (`elementId`) REFERENCES `elements` (`id`) ON DELETE CASCADE ON UPDATE CASCADE
) ENGINE=InnoDB DEFAULT CHARSET=utf8mb4 COLLATE=utf8mb4_unicode_ci;

--
-- Table structure for table `changedfields`
--

CREATE TABLE `changedfields` (
  `elementId` int(11) NOT NULL,
  `siteId` int(11) NOT NULL,
  `fieldId` int(11) NOT NULL,
  `layoutElementUid` char(36) NOT NULL DEFAULT '0',
  `dateUpdated` datetime NOT NULL,
  `propagated` tinyint(1) NOT NULL,
  `userId` int(11) DEFAULT NULL,
  PRIMARY KEY (`elementId`,`siteId`,`fieldId`,`layoutElementUid`),
  KEY `idx_lcbfqzsdnzagkwqeqprxfizymmvbrrihyxtz` (`elementId`,`siteId`,`dateUpdated`),
  KEY `fk_dqebjghdudsuuhigohfnmfytjcqqywpfcfex` (`siteId`),
  KEY `fk_kucjnpsiaulaswmidfeevfjmcieqgkglazfe` (`fieldId`),
  KEY `fk_vrmfwulydyxhnorgpwzesyxhqbcwqrrnoasd` (`userId`),
  CONSTRAINT `fk_dqebjghdudsuuhigohfnmfytjcqqywpfcfex` FOREIGN KEY (`siteId`) REFERENCES `sites` (`id`) ON DELETE CASCADE ON UPDATE CASCADE,
  CONSTRAINT `fk_gwxhmvmxmgfcsnhjwhcnczlcougzhwgkeulo` FOREIGN KEY (`elementId`) REFERENCES `elements` (`id`) ON DELETE CASCADE ON UPDATE CASCADE,
  CONSTRAINT `fk_kucjnpsiaulaswmidfeevfjmcieqgkglazfe` FOREIGN KEY (`fieldId`) REFERENCES `fields` (`id`) ON DELETE CASCADE ON UPDATE CASCADE,
  CONSTRAINT `fk_vrmfwulydyxhnorgpwzesyxhqbcwqrrnoasd` FOREIGN KEY (`userId`) REFERENCES `users` (`id`) ON DELETE SET NULL ON UPDATE CASCADE
) ENGINE=InnoDB DEFAULT CHARSET=utf8mb4 COLLATE=utf8mb4_unicode_ci;

--
-- Table structure for table `cpnav_layout`
--

CREATE TABLE `cpnav_layout` (
  `id` int(11) NOT NULL AUTO_INCREMENT,
  `name` varchar(255) DEFAULT NULL,
  `isDefault` tinyint(1) DEFAULT 0,
  `permissions` text DEFAULT NULL,
  `sortOrder` smallint(6) unsigned DEFAULT NULL,
  `dateCreated` datetime NOT NULL,
  `dateUpdated` datetime NOT NULL,
  `uid` char(36) NOT NULL DEFAULT '0',
  PRIMARY KEY (`id`)
) ENGINE=InnoDB AUTO_INCREMENT=2 DEFAULT CHARSET=utf8mb4 COLLATE=utf8mb4_unicode_ci;

--
-- Table structure for table `cpnav_navigation`
--

CREATE TABLE `cpnav_navigation` (
  `id` int(11) NOT NULL AUTO_INCREMENT,
  `layoutId` int(11) NOT NULL,
  `handle` varchar(255) DEFAULT NULL,
  `prevLabel` varchar(255) DEFAULT NULL,
  `currLabel` varchar(255) DEFAULT NULL,
  `enabled` tinyint(1) DEFAULT 1,
  `sortOrder` smallint(6) unsigned DEFAULT NULL,
  `prevLevel` smallint(6) DEFAULT NULL,
  `level` smallint(6) DEFAULT 1,
  `prevParentId` int(11) DEFAULT NULL,
  `parentId` int(11) DEFAULT NULL,
  `prevUrl` varchar(255) DEFAULT NULL,
  `url` varchar(255) DEFAULT NULL,
  `icon` varchar(255) DEFAULT NULL,
  `customIcon` varchar(255) DEFAULT NULL,
  `type` varchar(255) DEFAULT NULL,
  `newWindow` tinyint(1) DEFAULT 0,
  `subnavBehaviour` varchar(255) DEFAULT NULL,
  `dateCreated` datetime NOT NULL,
  `dateUpdated` datetime NOT NULL,
  `uid` char(36) NOT NULL DEFAULT '0',
  PRIMARY KEY (`id`),
  KEY `fk_nbrtujivcrantoreblwgelhpvddppqcjkcrm` (`layoutId`),
  CONSTRAINT `fk_nbrtujivcrantoreblwgelhpvddppqcjkcrm` FOREIGN KEY (`layoutId`) REFERENCES `cpnav_layout` (`id`) ON DELETE CASCADE
) ENGINE=InnoDB AUTO_INCREMENT=45 DEFAULT CHARSET=utf8mb4 COLLATE=utf8mb4_unicode_ci;

--
-- Table structure for table `craftidtokens`
--

CREATE TABLE `craftidtokens` (
  `id` int(11) NOT NULL AUTO_INCREMENT,
  `userId` int(11) NOT NULL,
  `accessToken` text NOT NULL,
  `expiryDate` datetime DEFAULT NULL,
  `dateCreated` datetime NOT NULL,
  `dateUpdated` datetime NOT NULL,
  `uid` char(36) NOT NULL DEFAULT '0',
  PRIMARY KEY (`id`),
  KEY `fk_lcpfccecyywbwnaliobaefqxflmmazqulkfe` (`userId`),
  CONSTRAINT `fk_lcpfccecyywbwnaliobaefqxflmmazqulkfe` FOREIGN KEY (`userId`) REFERENCES `users` (`id`) ON DELETE CASCADE
) ENGINE=InnoDB DEFAULT CHARSET=utf8mb4 COLLATE=utf8mb4_unicode_ci;

--
-- Table structure for table `deprecationerrors`
--

CREATE TABLE `deprecationerrors` (
  `id` int(11) NOT NULL AUTO_INCREMENT,
  `key` varchar(255) NOT NULL,
  `fingerprint` varchar(255) NOT NULL,
  `lastOccurrence` datetime NOT NULL,
  `file` varchar(255) NOT NULL,
  `line` smallint(6) unsigned DEFAULT NULL,
  `message` text DEFAULT NULL,
  `traces` longtext CHARACTER SET utf8mb4 COLLATE utf8mb4_bin DEFAULT NULL CHECK (json_valid(`traces`)),
  `dateCreated` datetime NOT NULL,
  `dateUpdated` datetime NOT NULL,
  `uid` char(36) NOT NULL DEFAULT '0',
  PRIMARY KEY (`id`),
  UNIQUE KEY `idx_cdrjjrwmcpyzdprlejeqypgdlwluhxfbakie` (`key`,`fingerprint`)
) ENGINE=InnoDB DEFAULT CHARSET=utf8mb4 COLLATE=utf8mb4_unicode_ci;

--
-- Table structure for table `drafts`
--

CREATE TABLE `drafts` (
  `id` int(11) NOT NULL AUTO_INCREMENT,
  `canonicalId` int(11) DEFAULT NULL,
  `creatorId` int(11) DEFAULT NULL,
  `provisional` tinyint(1) NOT NULL DEFAULT 0,
  `name` varchar(255) NOT NULL,
  `notes` text DEFAULT NULL,
  `trackChanges` tinyint(1) NOT NULL DEFAULT 0,
  `dateLastMerged` datetime DEFAULT NULL,
  `saved` tinyint(1) NOT NULL DEFAULT 1,
  PRIMARY KEY (`id`),
  KEY `idx_actjsmeqbtreghqcajnnwhxckclbjedwoxhu` (`creatorId`,`provisional`),
  KEY `idx_nanmuztahiucuejoshijahkijtjskbpmpfwq` (`saved`),
  KEY `fk_sscxqrkkkqjmfxpvluxbljsexgwtfrrytepb` (`canonicalId`),
  CONSTRAINT `fk_sscxqrkkkqjmfxpvluxbljsexgwtfrrytepb` FOREIGN KEY (`canonicalId`) REFERENCES `elements` (`id`) ON DELETE CASCADE,
  CONSTRAINT `fk_zmpsgsfztchgmqqpylptxqnfarxwdblchvfn` FOREIGN KEY (`creatorId`) REFERENCES `users` (`id`) ON DELETE SET NULL
) ENGINE=InnoDB AUTO_INCREMENT=296 DEFAULT CHARSET=utf8mb4 COLLATE=utf8mb4_unicode_ci;

--
-- Table structure for table `elementactivity`
--

CREATE TABLE `elementactivity` (
  `elementId` int(11) NOT NULL,
  `userId` int(11) NOT NULL,
  `siteId` int(11) NOT NULL,
  `draftId` int(11) DEFAULT NULL,
  `type` varchar(255) NOT NULL,
  `timestamp` datetime DEFAULT NULL,
  PRIMARY KEY (`elementId`,`userId`,`type`),
  KEY `idx_wkawsepfifooqnicwvzjxzrvhkrcmiurswes` (`elementId`,`timestamp`,`userId`),
  KEY `fk_vaihxzckgiiwvhdzsdbnpgszvlhmdkdyicar` (`userId`),
  KEY `fk_hvyocfjoawngdumqkjtzvvsnkoqccuovtjtv` (`siteId`),
  KEY `fk_aluxvplqiqbwrcdxiiroacvvmzuolfmumajb` (`draftId`),
  CONSTRAINT `fk_aluxvplqiqbwrcdxiiroacvvmzuolfmumajb` FOREIGN KEY (`draftId`) REFERENCES `drafts` (`id`) ON DELETE CASCADE,
  CONSTRAINT `fk_eqvuatmzgobgsjhvxjsbtxydtasnaoslvlwb` FOREIGN KEY (`elementId`) REFERENCES `elements` (`id`) ON DELETE CASCADE,
  CONSTRAINT `fk_hvyocfjoawngdumqkjtzvvsnkoqccuovtjtv` FOREIGN KEY (`siteId`) REFERENCES `sites` (`id`) ON DELETE CASCADE,
  CONSTRAINT `fk_vaihxzckgiiwvhdzsdbnpgszvlhmdkdyicar` FOREIGN KEY (`userId`) REFERENCES `users` (`id`) ON DELETE CASCADE
) ENGINE=InnoDB DEFAULT CHARSET=utf8mb4 COLLATE=utf8mb4_unicode_ci;

--
-- Table structure for table `elements`
--

CREATE TABLE `elements` (
  `id` int(11) NOT NULL AUTO_INCREMENT,
  `canonicalId` int(11) DEFAULT NULL,
  `draftId` int(11) DEFAULT NULL,
  `revisionId` int(11) DEFAULT NULL,
  `fieldLayoutId` int(11) DEFAULT NULL,
  `type` varchar(255) NOT NULL,
  `enabled` tinyint(1) NOT NULL DEFAULT 1,
  `archived` tinyint(1) NOT NULL DEFAULT 0,
  `dateCreated` datetime NOT NULL,
  `dateUpdated` datetime NOT NULL,
  `dateLastMerged` datetime DEFAULT NULL,
  `dateDeleted` datetime DEFAULT NULL,
  `deletedWithOwner` tinyint(1) DEFAULT NULL,
  `uid` char(36) NOT NULL DEFAULT '0',
  PRIMARY KEY (`id`),
  KEY `idx_jfugdiqtewmsitqfwlhbqpebpuoeitymtduj` (`dateDeleted`),
  KEY `idx_qwdbpbilwaodioapsvwyxiicsultktqfbbqe` (`fieldLayoutId`),
  KEY `idx_bncvuvbnsovpnjtxiibpmwfevjkdssbtcvrf` (`type`),
  KEY `idx_hzlvcwprurajvcgtngeeetskurtoxchkizia` (`enabled`),
  KEY `idx_ccltyfnaxcoqtkjdtvyonjtuwwakiplpizbv` (`canonicalId`),
  KEY `idx_grpecymuehczgzybafusufbhmbdmxilyxjzm` (`archived`,`dateCreated`),
  KEY `idx_zpmgbhhyujblazrldcfzloktoaobwfjhbhgy` (`archived`,`dateDeleted`,`draftId`,`revisionId`,`canonicalId`),
  KEY `idx_rlwccqffxqdyyuifdwiqyaimseivpligljun` (`archived`,`dateDeleted`,`draftId`,`revisionId`,`canonicalId`,`enabled`),
  KEY `fk_fkhdcybogcnxnwnjsmxsyfwdzafwhzbqbnqe` (`draftId`),
  KEY `fk_ebhmkfqzfogiddyccrhoxjfeeekillzexxxg` (`revisionId`),
  CONSTRAINT `fk_ebhmkfqzfogiddyccrhoxjfeeekillzexxxg` FOREIGN KEY (`revisionId`) REFERENCES `revisions` (`id`) ON DELETE CASCADE,
  CONSTRAINT `fk_fkhdcybogcnxnwnjsmxsyfwdzafwhzbqbnqe` FOREIGN KEY (`draftId`) REFERENCES `drafts` (`id`) ON DELETE CASCADE,
  CONSTRAINT `fk_kayrohtecaaupnpcncwjkhlmrhrmbxcvrrke` FOREIGN KEY (`canonicalId`) REFERENCES `elements` (`id`) ON DELETE SET NULL,
  CONSTRAINT `fk_nxqfnpyqwlppdalcvodiiiyjszwvbrxyhynw` FOREIGN KEY (`fieldLayoutId`) REFERENCES `fieldlayouts` (`id`) ON DELETE SET NULL
) ENGINE=InnoDB AUTO_INCREMENT=935 DEFAULT CHARSET=utf8mb4 COLLATE=utf8mb4_unicode_ci;

--
-- Table structure for table `elements_bulkops`
--

CREATE TABLE `elements_bulkops` (
  `elementId` int(11) NOT NULL,
  `key` char(10) NOT NULL,
  `timestamp` datetime NOT NULL,
  PRIMARY KEY (`elementId`,`key`),
  KEY `idx_akdfpqxwwjpcpmgatisjwzbmpdrylweelccc` (`timestamp`)
) ENGINE=InnoDB DEFAULT CHARSET=utf8mb4 COLLATE=utf8mb4_unicode_ci;

--
-- Table structure for table `elements_owners`
--

CREATE TABLE `elements_owners` (
  `elementId` int(11) NOT NULL,
  `ownerId` int(11) NOT NULL,
  `sortOrder` smallint(6) unsigned NOT NULL,
  PRIMARY KEY (`elementId`,`ownerId`),
  KEY `fk_zffvzqtnnnfyneyyubghqfhefbmqgtujewpj` (`ownerId`),
  CONSTRAINT `fk_axjtmyssnpqhgtwnaqxcclveppceqeutkfos` FOREIGN KEY (`elementId`) REFERENCES `elements` (`id`) ON DELETE CASCADE,
  CONSTRAINT `fk_zffvzqtnnnfyneyyubghqfhefbmqgtujewpj` FOREIGN KEY (`ownerId`) REFERENCES `elements` (`id`) ON DELETE CASCADE
) ENGINE=InnoDB DEFAULT CHARSET=utf8mb4 COLLATE=utf8mb4_unicode_ci;

--
-- Table structure for table `elements_sites`
--

CREATE TABLE `elements_sites` (
  `id` int(11) NOT NULL AUTO_INCREMENT,
  `elementId` int(11) NOT NULL,
  `siteId` int(11) NOT NULL,
  `title` varchar(255) DEFAULT NULL,
  `slug` varchar(255) DEFAULT NULL,
  `uri` varchar(255) DEFAULT NULL,
  `content` longtext CHARACTER SET utf8mb4 COLLATE utf8mb4_bin DEFAULT NULL CHECK (json_valid(`content`)),
  `enabled` tinyint(1) NOT NULL DEFAULT 1,
  `dateCreated` datetime NOT NULL,
  `dateUpdated` datetime NOT NULL,
  `uid` char(36) NOT NULL DEFAULT '0',
  PRIMARY KEY (`id`),
  UNIQUE KEY `idx_crzvjwxapqzjyqzhiecvbnpdzakwhkjhyste` (`elementId`,`siteId`),
  KEY `idx_ojkthdoieijwkynyrjhaccdtomswwddovpym` (`siteId`),
  KEY `idx_kqamehrgujacxyeasmkvnmicmqhjumfdcwkf` (`title`,`siteId`),
  KEY `idx_vcobjsjyvmwhehzllprdggxlbjdqkhyumgut` (`slug`,`siteId`),
  KEY `idx_soouptbuuufrknmbnkojmscadvlqtwftudxy` (`enabled`),
  KEY `idx_asnmvsbpcwpjvobxqdglyseikwjozbuxkhak` (`uri`,`siteId`),
  CONSTRAINT `fk_gjiqtbwbmwlasokooiebgjjsnwxcncxkpbdq` FOREIGN KEY (`elementId`) REFERENCES `elements` (`id`) ON DELETE CASCADE,
  CONSTRAINT `fk_mpgymdzoxtxxuujdkrjilupiuqhgmmteakvn` FOREIGN KEY (`siteId`) REFERENCES `sites` (`id`) ON DELETE CASCADE ON UPDATE CASCADE
) ENGINE=InnoDB AUTO_INCREMENT=2115 DEFAULT CHARSET=utf8mb4 COLLATE=utf8mb4_unicode_ci;

--
-- Table structure for table `entries`
--

CREATE TABLE `entries` (
  `id` int(11) NOT NULL,
  `sectionId` int(11) DEFAULT NULL,
  `parentId` int(11) DEFAULT NULL,
  `primaryOwnerId` int(11) DEFAULT NULL,
  `fieldId` int(11) DEFAULT NULL,
  `typeId` int(11) NOT NULL,
  `postDate` datetime DEFAULT NULL,
  `expiryDate` datetime DEFAULT NULL,
  `status` enum('live','pending','expired') NOT NULL DEFAULT 'live',
  `deletedWithEntryType` tinyint(1) DEFAULT NULL,
  `deletedWithSection` tinyint(1) DEFAULT NULL,
  `dateCreated` datetime NOT NULL,
  `dateUpdated` datetime NOT NULL,
  PRIMARY KEY (`id`),
  KEY `idx_vomuwwazsoouuwnfxppmpxcxmdndmydeabsu` (`postDate`),
  KEY `idx_nczitqzazqgklhhkadeflrchcapzwbovksbi` (`expiryDate`),
  KEY `idx_qcvssmoiuzateximtmqvltswlopvlpjajbhp` (`status`),
  KEY `idx_skdaefhugnexujcxnkipzscaqizqtfqaqqck` (`sectionId`),
  KEY `idx_bgxnftlhxuuaktbndfzixkhinatbaavfclhh` (`typeId`),
  KEY `idx_aeflnktnyzdnwdnunvokorbbyhvozrmfgqes` (`primaryOwnerId`),
  KEY `idx_hvieuudtxcxiomkhzubiqxbxmnfdkqaxcoro` (`fieldId`),
  KEY `fk_wzmgdtclkbwbuigohuiijvjmjxwgacdtfigd` (`parentId`),
  CONSTRAINT `fk_ckszwlsxbsffabxubgzmaidlomvhoszyeqye` FOREIGN KEY (`sectionId`) REFERENCES `sections` (`id`) ON DELETE CASCADE,
  CONSTRAINT `fk_dkvqvhtarerzjmochwbrwzrzueayvhljiayj` FOREIGN KEY (`fieldId`) REFERENCES `fields` (`id`) ON DELETE CASCADE,
  CONSTRAINT `fk_edjvudsvoqdalcbhmcupwzyizcjfyjkxntpm` FOREIGN KEY (`typeId`) REFERENCES `entrytypes` (`id`) ON DELETE CASCADE,
  CONSTRAINT `fk_phkqjaklxbopocanrtrhzyuglljkxwsgddug` FOREIGN KEY (`primaryOwnerId`) REFERENCES `elements` (`id`) ON DELETE CASCADE,
  CONSTRAINT `fk_uxqxyqndabigfwdufkebqhlzthpiubetxbdj` FOREIGN KEY (`id`) REFERENCES `elements` (`id`) ON DELETE CASCADE,
  CONSTRAINT `fk_wzmgdtclkbwbuigohuiijvjmjxwgacdtfigd` FOREIGN KEY (`parentId`) REFERENCES `entries` (`id`) ON DELETE SET NULL
) ENGINE=InnoDB DEFAULT CHARSET=utf8mb4 COLLATE=utf8mb4_unicode_ci;

--
-- Table structure for table `entries_authors`
--

CREATE TABLE `entries_authors` (
  `entryId` int(11) NOT NULL,
  `authorId` int(11) NOT NULL,
  `sortOrder` smallint(6) unsigned NOT NULL,
  PRIMARY KEY (`entryId`,`authorId`),
  KEY `idx_blfijrbtfrppvogscdoamrthjdlbgisnuxli` (`authorId`),
  KEY `idx_adjnjhdmagijkwtzjizlnqitmgdugqvauixv` (`entryId`,`sortOrder`),
  CONSTRAINT `fk_dxfhjlsmmhopubevyruttqvuuvuhipqkabsg` FOREIGN KEY (`authorId`) REFERENCES `users` (`id`) ON DELETE CASCADE,
  CONSTRAINT `fk_xpcloagywblsxbunqgllqvlonioabbzjefgp` FOREIGN KEY (`entryId`) REFERENCES `entries` (`id`) ON DELETE CASCADE
) ENGINE=InnoDB DEFAULT CHARSET=utf8mb4 COLLATE=utf8mb4_unicode_ci;

--
-- Table structure for table `entrytypes`
--

CREATE TABLE `entrytypes` (
  `id` int(11) NOT NULL AUTO_INCREMENT,
  `fieldLayoutId` int(11) DEFAULT NULL,
  `name` varchar(255) NOT NULL,
  `handle` varchar(255) NOT NULL,
  `icon` varchar(255) DEFAULT NULL,
  `color` varchar(255) DEFAULT NULL,
  `hasTitleField` tinyint(1) NOT NULL DEFAULT 1,
  `titleTranslationMethod` varchar(255) NOT NULL DEFAULT 'site',
  `titleTranslationKeyFormat` text DEFAULT NULL,
  `titleFormat` varchar(255) DEFAULT NULL,
  `showSlugField` tinyint(1) DEFAULT 1,
  `slugTranslationMethod` varchar(255) NOT NULL DEFAULT 'site',
  `slugTranslationKeyFormat` text DEFAULT NULL,
  `showStatusField` tinyint(1) DEFAULT 1,
  `dateCreated` datetime NOT NULL,
  `dateUpdated` datetime NOT NULL,
  `dateDeleted` datetime DEFAULT NULL,
  `uid` char(36) NOT NULL DEFAULT '0',
  PRIMARY KEY (`id`),
  KEY `idx_qrghpmpvqmqywczvnwvgzxraobhbjzsdqzly` (`fieldLayoutId`),
  KEY `idx_ifptlcyvshmpjsannsmfxeqvixjjmokocvci` (`dateDeleted`),
  CONSTRAINT `fk_fiazbbpkplzjfwlgtcifzcfvoccfbngfheoh` FOREIGN KEY (`fieldLayoutId`) REFERENCES `fieldlayouts` (`id`) ON DELETE SET NULL
) ENGINE=InnoDB AUTO_INCREMENT=101 DEFAULT CHARSET=utf8mb4 COLLATE=utf8mb4_unicode_ci;

--
-- Table structure for table `fieldlayouts`
--

CREATE TABLE `fieldlayouts` (
  `id` int(11) NOT NULL AUTO_INCREMENT,
  `type` varchar(255) NOT NULL,
  `config` longtext CHARACTER SET utf8mb4 COLLATE utf8mb4_bin DEFAULT NULL CHECK (json_valid(`config`)),
  `dateCreated` datetime NOT NULL,
  `dateUpdated` datetime NOT NULL,
  `dateDeleted` datetime DEFAULT NULL,
  `uid` char(36) NOT NULL DEFAULT '0',
  PRIMARY KEY (`id`),
  KEY `idx_bdxidziwrjpzkozsibcayhnufhhoihrfryqq` (`dateDeleted`),
  KEY `idx_nmmxrgasbhhyuitgfbddgrufxynfhmwdpgsj` (`type`)
) ENGINE=InnoDB AUTO_INCREMENT=106 DEFAULT CHARSET=utf8mb4 COLLATE=utf8mb4_unicode_ci;

--
-- Table structure for table `fields`
--

CREATE TABLE `fields` (
  `id` int(11) NOT NULL AUTO_INCREMENT,
  `name` text NOT NULL,
  `handle` varchar(64) NOT NULL,
  `context` varchar(255) NOT NULL DEFAULT 'global',
  `columnSuffix` char(8) DEFAULT NULL,
  `instructions` text DEFAULT NULL,
  `searchable` tinyint(1) NOT NULL DEFAULT 1,
  `translationMethod` varchar(255) NOT NULL DEFAULT 'none',
  `translationKeyFormat` text DEFAULT NULL,
  `type` varchar(255) NOT NULL,
  `settings` text DEFAULT NULL,
  `dateCreated` datetime NOT NULL,
  `dateUpdated` datetime NOT NULL,
  `dateDeleted` datetime DEFAULT NULL,
  `uid` char(36) NOT NULL DEFAULT '0',
  PRIMARY KEY (`id`),
  KEY `idx_gzxhwaljuxfnceyuvlbjtwxqnxkswxhnptir` (`handle`,`context`),
  KEY `idx_kfiqxvmvbpedmwusxkqfqbxjqbaisyrldjom` (`context`),
  KEY `idx_kxopzdyegfveovxjnyxuxxarlpmsezkudrxs` (`dateDeleted`)
) ENGINE=InnoDB AUTO_INCREMENT=100 DEFAULT CHARSET=utf8mb4 COLLATE=utf8mb4_unicode_ci;

--
-- Table structure for table `formie_emailtemplates`
--

CREATE TABLE `formie_emailtemplates` (
  `id` int(11) NOT NULL AUTO_INCREMENT,
  `name` varchar(255) NOT NULL,
  `handle` varchar(64) NOT NULL,
  `template` varchar(255) NOT NULL,
  `sortOrder` smallint(6) unsigned DEFAULT NULL,
  `dateDeleted` datetime DEFAULT NULL,
  `dateCreated` datetime NOT NULL,
  `dateUpdated` datetime NOT NULL,
  `uid` char(36) NOT NULL DEFAULT '0',
  PRIMARY KEY (`id`)
) ENGINE=InnoDB DEFAULT CHARSET=utf8mb4 COLLATE=utf8mb4_unicode_ci;

--
-- Table structure for table `formie_fieldlayout_pages`
--

CREATE TABLE `formie_fieldlayout_pages` (
  `id` int(11) NOT NULL AUTO_INCREMENT,
  `layoutId` int(11) NOT NULL,
  `label` text NOT NULL,
  `sortOrder` smallint(6) unsigned DEFAULT NULL,
  `settings` text DEFAULT NULL,
  `dateCreated` datetime NOT NULL,
  `dateUpdated` datetime NOT NULL,
  `uid` char(36) NOT NULL DEFAULT '0',
  PRIMARY KEY (`id`),
  KEY `idx_aqpsgubbbpbvhekseqxqtkcbjxzhdoverhlb` (`layoutId`),
  CONSTRAINT `fk_mhohchiivvemmywsixwssduidphezyxwblvl` FOREIGN KEY (`layoutId`) REFERENCES `formie_fieldlayouts` (`id`) ON DELETE CASCADE
) ENGINE=InnoDB DEFAULT CHARSET=utf8mb4 COLLATE=utf8mb4_unicode_ci;

--
-- Table structure for table `formie_fieldlayout_rows`
--

CREATE TABLE `formie_fieldlayout_rows` (
  `id` int(11) NOT NULL AUTO_INCREMENT,
  `layoutId` int(11) NOT NULL,
  `pageId` int(11) NOT NULL,
  `sortOrder` smallint(6) unsigned DEFAULT NULL,
  `dateCreated` datetime NOT NULL,
  `dateUpdated` datetime NOT NULL,
  `uid` char(36) NOT NULL DEFAULT '0',
  PRIMARY KEY (`id`),
  KEY `idx_dazsrzzwspmyqinxbispemabmwofvqeakpvw` (`layoutId`),
  KEY `idx_ysowssoknlzslwysvlcgwqrurhgvauzmfldn` (`pageId`),
  CONSTRAINT `fk_pzduhgqxnkygqfdxnuvylkfjjtvgipohsamo` FOREIGN KEY (`pageId`) REFERENCES `formie_fieldlayout_pages` (`id`) ON DELETE CASCADE,
  CONSTRAINT `fk_qfplvexeijltmmwovslntxeanmurjgmgesem` FOREIGN KEY (`layoutId`) REFERENCES `formie_fieldlayouts` (`id`) ON DELETE CASCADE
) ENGINE=InnoDB DEFAULT CHARSET=utf8mb4 COLLATE=utf8mb4_unicode_ci;

--
-- Table structure for table `formie_fieldlayouts`
--

CREATE TABLE `formie_fieldlayouts` (
  `id` int(11) NOT NULL AUTO_INCREMENT,
  `dateCreated` datetime NOT NULL,
  `dateUpdated` datetime NOT NULL,
  `uid` char(36) NOT NULL DEFAULT '0',
  PRIMARY KEY (`id`)
) ENGINE=InnoDB DEFAULT CHARSET=utf8mb4 COLLATE=utf8mb4_unicode_ci;

--
-- Table structure for table `formie_fields`
--

CREATE TABLE `formie_fields` (
  `id` int(11) NOT NULL AUTO_INCREMENT,
  `layoutId` int(11) NOT NULL,
  `pageId` int(11) NOT NULL,
  `rowId` int(11) NOT NULL,
  `syncId` int(11) DEFAULT NULL,
  `label` text NOT NULL,
  `handle` varchar(64) NOT NULL,
  `type` varchar(255) NOT NULL,
  `sortOrder` smallint(6) unsigned DEFAULT NULL,
  `settings` mediumtext DEFAULT NULL,
  `dateCreated` datetime NOT NULL,
  `dateUpdated` datetime NOT NULL,
  `uid` char(36) NOT NULL DEFAULT '0',
  PRIMARY KEY (`id`),
  KEY `idx_uhrzpjldhprfcuquhhvlddzowmmacgauwprp` (`layoutId`),
  KEY `idx_ildmnijdfyiioppbnteefebnnkrefestgkzu` (`pageId`),
  KEY `idx_esmoibairaobavlsmypeltmiezcbjkibtbju` (`rowId`),
  KEY `idx_viyizbyybiuviyocsfnxzonocxjqieenrenm` (`syncId`),
  KEY `idx_bqgfawutyimsiqjjzinmtmlxuohcmqggtrab` (`handle`),
  CONSTRAINT `fk_azrjhgnkvlqyqxvznpmkjkchzsgxccajchap` FOREIGN KEY (`syncId`) REFERENCES `formie_fields` (`id`) ON DELETE SET NULL,
  CONSTRAINT `fk_ghqwlkbyxedxaovfzduqkkxdzofiqlcelvge` FOREIGN KEY (`pageId`) REFERENCES `formie_fieldlayout_pages` (`id`) ON DELETE CASCADE,
  CONSTRAINT `fk_jjzbzsyvmcfsjslxgjxcnueugqiivfheeeyq` FOREIGN KEY (`layoutId`) REFERENCES `formie_fieldlayouts` (`id`) ON DELETE CASCADE,
  CONSTRAINT `fk_mhanoriyakoeppjpynysraihnyyocdmwwyxb` FOREIGN KEY (`rowId`) REFERENCES `formie_fieldlayout_rows` (`id`) ON DELETE CASCADE
) ENGINE=InnoDB DEFAULT CHARSET=utf8mb4 COLLATE=utf8mb4_unicode_ci;

--
-- Table structure for table `formie_forms`
--

CREATE TABLE `formie_forms` (
  `id` int(11) NOT NULL AUTO_INCREMENT,
  `handle` varchar(64) NOT NULL,
  `settings` mediumtext DEFAULT NULL,
  `layoutId` int(11) DEFAULT NULL,
  `templateId` int(11) DEFAULT NULL,
  `submitActionEntryId` int(11) DEFAULT NULL,
  `submitActionEntrySiteId` int(11) DEFAULT NULL,
  `defaultStatusId` int(11) DEFAULT NULL,
  `dataRetention` enum('forever','minutes','hours','days','weeks','months','years') NOT NULL DEFAULT 'forever',
  `dataRetentionValue` int(11) DEFAULT NULL,
  `userDeletedAction` enum('retain','delete') NOT NULL DEFAULT 'retain',
  `fileUploadsAction` enum('retain','delete') NOT NULL DEFAULT 'retain',
  `dateCreated` datetime NOT NULL,
  `dateUpdated` datetime NOT NULL,
  `uid` char(36) NOT NULL DEFAULT '0',
  PRIMARY KEY (`id`),
  KEY `idx_wjuclvenaflfdynjdbgoqqrqvvidpojqxfja` (`layoutId`),
  KEY `idx_wbzgjqrfppbhuibjaatilchqehnfbveztwmr` (`templateId`),
  KEY `idx_gcrpuxrqptwjofbxzamnlbzfurxrxnjluftb` (`defaultStatusId`),
  KEY `idx_oiiyxklpmzzrbeknftzbrxeffunfvtyrdfuh` (`submitActionEntryId`),
  KEY `idx_ymvucjijyyjihdeekbqdrmtefaoiyyrpejbe` (`submitActionEntrySiteId`),
  CONSTRAINT `fk_beutxqbdmskyplxbzukpqxetgmnrrckttlvi` FOREIGN KEY (`templateId`) REFERENCES `formie_formtemplates` (`id`) ON DELETE SET NULL,
  CONSTRAINT `fk_hmvcsaohmlhvsnjjcremghugrktghrglmsgt` FOREIGN KEY (`defaultStatusId`) REFERENCES `formie_statuses` (`id`) ON DELETE SET NULL,
  CONSTRAINT `fk_kugsxxbiqlkzcrhnvgdbkzphdxprpvlabnmn` FOREIGN KEY (`submitActionEntryId`) REFERENCES `entries` (`id`) ON DELETE SET NULL,
  CONSTRAINT `fk_ncnmldtzlxlcvipvzovmcxlzpjjrqickercu` FOREIGN KEY (`layoutId`) REFERENCES `formie_fieldlayouts` (`id`) ON DELETE SET NULL,
  CONSTRAINT `fk_wlhmaznwikywazwtouflezshnkjpxyhbffss` FOREIGN KEY (`id`) REFERENCES `elements` (`id`) ON DELETE CASCADE
) ENGINE=InnoDB DEFAULT CHARSET=utf8mb4 COLLATE=utf8mb4_unicode_ci;

--
-- Table structure for table `formie_formtemplates`
--

CREATE TABLE `formie_formtemplates` (
  `id` int(11) NOT NULL AUTO_INCREMENT,
  `name` varchar(255) NOT NULL,
  `handle` varchar(64) NOT NULL,
  `template` varchar(255) DEFAULT NULL,
  `useCustomTemplates` tinyint(1) DEFAULT 1,
  `outputCssLayout` tinyint(1) DEFAULT 1,
  `outputCssTheme` tinyint(1) DEFAULT 1,
  `outputJsBase` tinyint(1) DEFAULT 1,
  `outputJsTheme` tinyint(1) DEFAULT 1,
  `outputCssLocation` varchar(255) DEFAULT NULL,
  `outputJsLocation` varchar(255) DEFAULT NULL,
  `sortOrder` smallint(6) unsigned DEFAULT NULL,
  `fieldLayoutId` int(11) DEFAULT NULL,
  `dateDeleted` datetime DEFAULT NULL,
  `dateCreated` datetime NOT NULL,
  `dateUpdated` datetime NOT NULL,
  `uid` char(36) NOT NULL DEFAULT '0',
  PRIMARY KEY (`id`),
  KEY `idx_qjnszyuamnvfjjkkywowpqtphdskpyhzakzt` (`fieldLayoutId`),
  CONSTRAINT `fk_lcmqjzfigimyjlusvmajwusfvctkmxbopaei` FOREIGN KEY (`fieldLayoutId`) REFERENCES `fieldlayouts` (`id`) ON DELETE CASCADE
) ENGINE=InnoDB DEFAULT CHARSET=utf8mb4 COLLATE=utf8mb4_unicode_ci;

--
-- Table structure for table `formie_integrations`
--

CREATE TABLE `formie_integrations` (
  `id` int(11) NOT NULL AUTO_INCREMENT,
  `name` varchar(255) NOT NULL,
  `handle` varchar(64) NOT NULL,
  `type` varchar(255) NOT NULL,
  `sortOrder` smallint(6) unsigned DEFAULT NULL,
  `enabled` varchar(255) NOT NULL DEFAULT 'true',
  `settings` mediumtext DEFAULT NULL,
  `cache` longtext DEFAULT NULL,
  `dateDeleted` datetime DEFAULT NULL,
  `dateCreated` datetime NOT NULL,
  `dateUpdated` datetime NOT NULL,
  `uid` char(36) NOT NULL DEFAULT '0',
  PRIMARY KEY (`id`)
) ENGINE=InnoDB DEFAULT CHARSET=utf8mb4 COLLATE=utf8mb4_unicode_ci;

--
-- Table structure for table `formie_notifications`
--

CREATE TABLE `formie_notifications` (
  `id` int(11) NOT NULL AUTO_INCREMENT,
  `formId` int(11) NOT NULL,
  `templateId` int(11) DEFAULT NULL,
  `pdfTemplateId` int(11) DEFAULT NULL,
  `name` text NOT NULL,
  `handle` varchar(64) NOT NULL,
  `enabled` tinyint(1) DEFAULT 1,
  `subject` text DEFAULT NULL,
  `recipients` enum('email','conditions') NOT NULL DEFAULT 'email',
  `to` text DEFAULT NULL,
  `toConditions` text DEFAULT NULL,
  `cc` text DEFAULT NULL,
  `bcc` text DEFAULT NULL,
  `replyTo` text DEFAULT NULL,
  `replyToName` text DEFAULT NULL,
  `from` text DEFAULT NULL,
  `fromName` text DEFAULT NULL,
  `sender` text DEFAULT NULL,
  `content` text DEFAULT NULL,
  `attachFiles` tinyint(1) DEFAULT 1,
  `attachPdf` tinyint(1) DEFAULT 0,
  `attachAssets` text DEFAULT NULL,
  `enableConditions` tinyint(1) DEFAULT 0,
  `conditions` text DEFAULT NULL,
  `customSettings` text DEFAULT NULL,
  `dateCreated` datetime NOT NULL,
  `dateUpdated` datetime NOT NULL,
  `uid` char(36) NOT NULL DEFAULT '0',
  PRIMARY KEY (`id`),
  KEY `idx_myqihirtgcskfspajbkkcaxtmuqlzfewpujn` (`formId`),
  KEY `idx_ykryexoqvvjwbukkmqdyhzkfqpozzvzxmnag` (`templateId`),
  KEY `fk_fzmlyjewxcofjlvtbxdukwmeuicgdxcoojmq` (`pdfTemplateId`),
  CONSTRAINT `fk_fzmlyjewxcofjlvtbxdukwmeuicgdxcoojmq` FOREIGN KEY (`pdfTemplateId`) REFERENCES `formie_pdftemplates` (`id`) ON DELETE SET NULL,
  CONSTRAINT `fk_hygmfccmyzooaxbpfwwutslasesjshosvbxa` FOREIGN KEY (`formId`) REFERENCES `formie_forms` (`id`) ON DELETE CASCADE,
  CONSTRAINT `fk_tymjxjdwwcfuoczjwaigxqneptmnossftybh` FOREIGN KEY (`templateId`) REFERENCES `formie_emailtemplates` (`id`) ON DELETE SET NULL
) ENGINE=InnoDB DEFAULT CHARSET=utf8mb4 COLLATE=utf8mb4_unicode_ci;

--
-- Table structure for table `formie_payments`
--

CREATE TABLE `formie_payments` (
  `id` int(11) NOT NULL AUTO_INCREMENT,
  `integrationId` int(11) NOT NULL,
  `submissionId` int(11) NOT NULL,
  `fieldId` int(11) NOT NULL,
  `subscriptionId` int(11) DEFAULT NULL,
  `amount` decimal(14,4) DEFAULT NULL,
  `currency` varchar(255) DEFAULT NULL,
  `status` enum('pending','redirect','success','failed','processing') NOT NULL,
  `reference` varchar(255) DEFAULT NULL,
  `code` varchar(255) DEFAULT NULL,
  `message` text DEFAULT NULL,
  `note` mediumtext DEFAULT NULL,
  `response` text DEFAULT NULL,
  `dateCreated` datetime NOT NULL,
  `dateUpdated` datetime NOT NULL,
  `uid` char(36) NOT NULL DEFAULT '0',
  PRIMARY KEY (`id`),
  KEY `idx_njlnixwyqstywpjdbgwjvrwedsknftsrpcon` (`integrationId`),
  KEY `idx_ddxsfubuvmrenhoiqmqgzwzczsasshqivgth` (`fieldId`),
  KEY `idx_pegqrzbtslmuxahvvztsgwavgwpmlxxwpwjl` (`reference`),
  KEY `fk_eraznnfqityojjhxfzdivsbgimwshdlvyrjr` (`submissionId`),
  KEY `fk_bybjnpleyawlpchyuyqudfvhgybclstawvjp` (`subscriptionId`),
  CONSTRAINT `fk_bybjnpleyawlpchyuyqudfvhgybclstawvjp` FOREIGN KEY (`subscriptionId`) REFERENCES `formie_payments_subscriptions` (`id`) ON DELETE CASCADE,
  CONSTRAINT `fk_eraznnfqityojjhxfzdivsbgimwshdlvyrjr` FOREIGN KEY (`submissionId`) REFERENCES `formie_submissions` (`id`) ON DELETE CASCADE,
  CONSTRAINT `fk_fvjfqpwkenlwnhqjavuuwphortzdtzvfrbns` FOREIGN KEY (`fieldId`) REFERENCES `formie_fields` (`id`) ON DELETE CASCADE,
  CONSTRAINT `fk_pajgdcnfxpvvooxazjrgbabdazkfhmzguite` FOREIGN KEY (`integrationId`) REFERENCES `formie_integrations` (`id`) ON DELETE CASCADE
) ENGINE=InnoDB DEFAULT CHARSET=utf8mb4 COLLATE=utf8mb4_unicode_ci;

--
-- Table structure for table `formie_payments_plans`
--

CREATE TABLE `formie_payments_plans` (
  `id` int(11) NOT NULL AUTO_INCREMENT,
  `integrationId` int(11) NOT NULL,
  `name` varchar(255) DEFAULT NULL,
  `handle` varchar(255) DEFAULT NULL,
  `reference` varchar(255) NOT NULL,
  `enabled` tinyint(1) NOT NULL,
  `planData` text DEFAULT NULL,
  `isArchived` tinyint(1) NOT NULL,
  `dateArchived` datetime DEFAULT NULL,
  `sortOrder` int(11) DEFAULT NULL,
  `dateCreated` datetime NOT NULL,
  `dateUpdated` datetime NOT NULL,
  `uid` char(36) NOT NULL DEFAULT '0',
  PRIMARY KEY (`id`),
  UNIQUE KEY `idx_esytvcmlsoefureovwsnpgmsyloaphyltowp` (`handle`),
  KEY `idx_gytnjvrvmycwvvjuyavanhxmqybnpyxuiere` (`integrationId`),
  KEY `idx_ybwrqltplglvllpciuvwwihbrcvjtkejivge` (`reference`),
  CONSTRAINT `fk_rtdkkatqdoebyokgekiltxwxyrtfaxslbqnm` FOREIGN KEY (`integrationId`) REFERENCES `formie_integrations` (`id`) ON DELETE CASCADE
) ENGINE=InnoDB DEFAULT CHARSET=utf8mb4 COLLATE=utf8mb4_unicode_ci;

--
-- Table structure for table `formie_payments_subscriptions`
--

CREATE TABLE `formie_payments_subscriptions` (
  `id` int(11) NOT NULL AUTO_INCREMENT,
  `integrationId` int(11) DEFAULT NULL,
  `submissionId` int(11) DEFAULT NULL,
  `fieldId` int(11) DEFAULT NULL,
  `planId` int(11) DEFAULT NULL,
  `reference` varchar(255) NOT NULL,
  `subscriptionData` text DEFAULT NULL,
  `trialDays` int(11) NOT NULL,
  `nextPaymentDate` datetime DEFAULT NULL,
  `hasStarted` tinyint(1) NOT NULL DEFAULT 1,
  `isSuspended` tinyint(1) NOT NULL DEFAULT 0,
  `dateSuspended` datetime DEFAULT NULL,
  `isCanceled` tinyint(1) NOT NULL,
  `dateCanceled` datetime DEFAULT NULL,
  `isExpired` tinyint(1) NOT NULL,
  `dateExpired` datetime DEFAULT NULL,
  `dateCreated` datetime NOT NULL,
  `dateUpdated` datetime NOT NULL,
  `uid` char(36) NOT NULL DEFAULT '0',
  PRIMARY KEY (`id`),
  KEY `idx_mfqsoufodocezfcdlonksbankqonaievyhkx` (`integrationId`),
  KEY `idx_wmfyxqmqhbhixyrolqzlisopleoqjsqzcndg` (`submissionId`),
  KEY `idx_uomftsdioavkhrjjvtjsjsbkltvzcnpbdxmw` (`fieldId`),
  KEY `idx_esumiypiytdohvngcnixiwcrrppgwefpffyj` (`planId`),
  KEY `idx_pfuttajwspzwboojjshabymxaemaavcglwhv` (`reference`),
  KEY `idx_crowxlrymybsoqbqauxkaffingvjgqokiida` (`nextPaymentDate`),
  KEY `idx_vtbgpbaaeanittyikkipyanfsgatztfyvogn` (`dateExpired`),
  KEY `idx_bfldwhpcqhvfifgpdkjbjgnvtihjmpzldnza` (`dateExpired`),
  CONSTRAINT `fk_bdnrktfdnsjyrypasjjlhuvciwairgglxslh` FOREIGN KEY (`submissionId`) REFERENCES `formie_submissions` (`id`),
  CONSTRAINT `fk_eppbvtnuycfdchnumowsnhwjcewllfgrtyuf` FOREIGN KEY (`integrationId`) REFERENCES `formie_integrations` (`id`),
  CONSTRAINT `fk_vjkqsrilkwivuacvtilddedhbkztysfvyxpl` FOREIGN KEY (`planId`) REFERENCES `formie_payments_plans` (`id`),
  CONSTRAINT `fk_vnsiybkovbboivwixbxohdytfdiuukjzqwpi` FOREIGN KEY (`fieldId`) REFERENCES `formie_fields` (`id`)
) ENGINE=InnoDB DEFAULT CHARSET=utf8mb4 COLLATE=utf8mb4_unicode_ci;

--
-- Table structure for table `formie_pdftemplates`
--

CREATE TABLE `formie_pdftemplates` (
  `id` int(11) NOT NULL AUTO_INCREMENT,
  `name` varchar(255) NOT NULL,
  `handle` varchar(64) NOT NULL,
  `template` varchar(255) NOT NULL,
  `filenameFormat` varchar(255) NOT NULL,
  `sortOrder` smallint(6) unsigned DEFAULT NULL,
  `dateDeleted` datetime DEFAULT NULL,
  `dateCreated` datetime NOT NULL,
  `dateUpdated` datetime NOT NULL,
  `uid` char(36) NOT NULL DEFAULT '0',
  PRIMARY KEY (`id`)
) ENGINE=InnoDB DEFAULT CHARSET=utf8mb4 COLLATE=utf8mb4_unicode_ci;

--
-- Table structure for table `formie_relations`
--

CREATE TABLE `formie_relations` (
  `id` int(11) NOT NULL AUTO_INCREMENT,
  `type` varchar(255) NOT NULL,
  `sourceId` int(11) NOT NULL,
  `sourceSiteId` int(11) DEFAULT NULL,
  `targetId` int(11) NOT NULL,
  `dateCreated` datetime NOT NULL,
  `dateUpdated` datetime NOT NULL,
  `uid` char(36) NOT NULL DEFAULT '0',
  PRIMARY KEY (`id`),
  UNIQUE KEY `idx_gknjbbjruhzfoirstmokqqcamxdjbksnixjz` (`sourceId`,`sourceSiteId`,`targetId`),
  KEY `idx_voofcbvodtolzunfmrydpkisryklvtjrjojb` (`sourceId`),
  KEY `idx_nuxrffjwwhxwpldeivbwbiksyzhsmjootqiq` (`targetId`),
  KEY `idx_rraantnszepvdoxcaquurjoxisuslxqbgqlx` (`sourceSiteId`),
  CONSTRAINT `fk_cujhuxesrscornqbgvnlxyxsodtzyybyuvyy` FOREIGN KEY (`targetId`) REFERENCES `elements` (`id`) ON DELETE CASCADE,
  CONSTRAINT `fk_grvmrgbjwgwfeuyfzdmcrekuiupixiaifpzl` FOREIGN KEY (`sourceSiteId`) REFERENCES `sites` (`id`) ON DELETE CASCADE ON UPDATE CASCADE,
  CONSTRAINT `fk_prhrfduqsmgfzzpbgybzhbikfczdgkoggpdr` FOREIGN KEY (`sourceId`) REFERENCES `elements` (`id`) ON DELETE CASCADE
) ENGINE=InnoDB DEFAULT CHARSET=utf8mb4 COLLATE=utf8mb4_unicode_ci;

--
-- Table structure for table `formie_sentnotifications`
--

CREATE TABLE `formie_sentnotifications` (
  `id` int(11) NOT NULL AUTO_INCREMENT,
  `title` varchar(255) DEFAULT NULL,
  `formId` int(11) DEFAULT NULL,
  `submissionId` int(11) DEFAULT NULL,
  `notificationId` int(11) DEFAULT NULL,
  `subject` text DEFAULT NULL,
  `to` text DEFAULT NULL,
  `cc` text DEFAULT NULL,
  `bcc` text DEFAULT NULL,
  `replyTo` text DEFAULT NULL,
  `replyToName` text DEFAULT NULL,
  `from` text DEFAULT NULL,
  `fromName` text DEFAULT NULL,
  `sender` text DEFAULT NULL,
  `body` mediumtext DEFAULT NULL,
  `htmlBody` mediumtext DEFAULT NULL,
  `info` text DEFAULT NULL,
  `success` tinyint(1) DEFAULT NULL,
  `message` text DEFAULT NULL,
  `dateCreated` datetime DEFAULT NULL,
  `dateUpdated` datetime DEFAULT NULL,
  `uid` char(36) NOT NULL DEFAULT '0',
  PRIMARY KEY (`id`),
  KEY `fk_ekjnjvqcmdokqdmnpioyuketoveyjetwpblc` (`formId`),
  KEY `fk_xnrsfwhxmhytftmxnalxjoutrnkprupqshyg` (`submissionId`),
  KEY `fk_dnsnefxjbkqcackayhqzvvyfqdqiyvehxlou` (`notificationId`),
  CONSTRAINT `fk_dnsnefxjbkqcackayhqzvvyfqdqiyvehxlou` FOREIGN KEY (`notificationId`) REFERENCES `formie_notifications` (`id`) ON DELETE SET NULL,
  CONSTRAINT `fk_ekjnjvqcmdokqdmnpioyuketoveyjetwpblc` FOREIGN KEY (`formId`) REFERENCES `formie_forms` (`id`) ON DELETE SET NULL,
  CONSTRAINT `fk_nvbkrwijpdshtlgwnrymbkhnaqmezmopypuq` FOREIGN KEY (`id`) REFERENCES `elements` (`id`) ON DELETE CASCADE,
  CONSTRAINT `fk_xnrsfwhxmhytftmxnalxjoutrnkprupqshyg` FOREIGN KEY (`submissionId`) REFERENCES `formie_submissions` (`id`) ON DELETE SET NULL
) ENGINE=InnoDB DEFAULT CHARSET=utf8mb4 COLLATE=utf8mb4_unicode_ci;

--
-- Table structure for table `formie_statuses`
--

CREATE TABLE `formie_statuses` (
  `id` int(11) NOT NULL AUTO_INCREMENT,
  `name` varchar(255) NOT NULL,
  `handle` varchar(64) NOT NULL,
  `color` enum('green','orange','red','blue','yellow','pink','purple','turquoise','light','grey','black') NOT NULL DEFAULT 'green',
  `description` varchar(255) DEFAULT NULL,
  `sortOrder` smallint(6) unsigned DEFAULT NULL,
  `isDefault` tinyint(1) DEFAULT NULL,
  `dateDeleted` datetime DEFAULT NULL,
  `dateCreated` datetime NOT NULL,
  `dateUpdated` datetime NOT NULL,
  `uid` char(36) NOT NULL DEFAULT '0',
  PRIMARY KEY (`id`)
) ENGINE=InnoDB DEFAULT CHARSET=utf8mb4 COLLATE=utf8mb4_unicode_ci;

--
-- Table structure for table `formie_stencils`
--

CREATE TABLE `formie_stencils` (
  `id` int(11) NOT NULL AUTO_INCREMENT,
  `name` varchar(255) NOT NULL,
  `handle` varchar(64) NOT NULL,
  `data` mediumtext DEFAULT NULL,
  `templateId` int(11) DEFAULT NULL,
  `submitActionEntryId` int(11) DEFAULT NULL,
  `submitActionEntrySiteId` int(11) DEFAULT NULL,
  `defaultStatusId` int(11) DEFAULT NULL,
  `dateDeleted` datetime DEFAULT NULL,
  `dateCreated` datetime NOT NULL,
  `dateUpdated` datetime NOT NULL,
  `uid` char(36) NOT NULL DEFAULT '0',
  PRIMARY KEY (`id`),
  KEY `idx_ecoalkxhiuteoitgxknuzbxbpgpawwbxyxvu` (`templateId`),
  KEY `idx_cmbifghtclnbqjoaqunitdjvixvupbqhiwht` (`defaultStatusId`),
  CONSTRAINT `fk_eummfchuulejqccwhhyfuqufqznjjhhdeqib` FOREIGN KEY (`templateId`) REFERENCES `formie_formtemplates` (`id`) ON DELETE SET NULL,
  CONSTRAINT `fk_ueztpebysafxqkoxixsfyorpbtndgueoixvm` FOREIGN KEY (`defaultStatusId`) REFERENCES `formie_statuses` (`id`) ON DELETE SET NULL
) ENGINE=InnoDB DEFAULT CHARSET=utf8mb4 COLLATE=utf8mb4_unicode_ci;

--
-- Table structure for table `formie_submissions`
--

CREATE TABLE `formie_submissions` (
  `id` int(11) NOT NULL AUTO_INCREMENT,
  `content` longtext CHARACTER SET utf8mb4 COLLATE utf8mb4_bin DEFAULT NULL CHECK (json_valid(`content`)),
  `formId` int(11) NOT NULL,
  `statusId` int(11) DEFAULT NULL,
  `userId` int(11) DEFAULT NULL,
  `isIncomplete` tinyint(1) DEFAULT 0,
  `isSpam` tinyint(1) DEFAULT 0,
  `spamReason` text DEFAULT NULL,
  `spamClass` varchar(255) DEFAULT NULL,
  `snapshot` text DEFAULT NULL,
  `ipAddress` varchar(255) DEFAULT NULL,
  `dateCreated` datetime NOT NULL,
  `dateUpdated` datetime NOT NULL,
  `uid` char(36) NOT NULL DEFAULT '0',
  PRIMARY KEY (`id`),
  KEY `idx_qfbtpnqljypjxofpfezkcbjlftjtpsbqirxb` (`formId`),
  KEY `idx_vvranrqlgxeqlltjbwoohrsapsjbifnvukpm` (`statusId`),
  KEY `idx_xbypjbyodcnfemagqodqmqzrosqkwxqergrv` (`userId`),
  CONSTRAINT `fk_gnyvjhbnnubovrhrkiifewpvkectghhyckub` FOREIGN KEY (`formId`) REFERENCES `formie_forms` (`id`) ON DELETE CASCADE,
  CONSTRAINT `fk_hfeoedvlgyqinknxpclgcryzonmuqhnajfhn` FOREIGN KEY (`id`) REFERENCES `elements` (`id`) ON DELETE CASCADE,
  CONSTRAINT `fk_owinaflkdzkcghoxzxdunhqllxrovrpymexy` FOREIGN KEY (`userId`) REFERENCES `users` (`id`) ON DELETE SET NULL,
  CONSTRAINT `fk_vecmqkennmggkjzhdmayowdzvfqrjonkgowj` FOREIGN KEY (`statusId`) REFERENCES `formie_statuses` (`id`) ON DELETE SET NULL
) ENGINE=InnoDB DEFAULT CHARSET=utf8mb4 COLLATE=utf8mb4_unicode_ci;

--
-- Table structure for table `freeform_crm_fields`
--

CREATE TABLE `freeform_crm_fields` (
  `id` int(11) NOT NULL AUTO_INCREMENT,
  `integrationId` int(11) NOT NULL,
  `label` text NOT NULL,
  `handle` varchar(255) NOT NULL,
  `type` varchar(50) NOT NULL,
  `category` varchar(50) DEFAULT NULL,
  `required` tinyint(1) DEFAULT 0,
  `options` longtext DEFAULT NULL,
  `dateCreated` datetime NOT NULL,
  `dateUpdated` datetime NOT NULL,
  `uid` char(36) NOT NULL DEFAULT '0',
  PRIMARY KEY (`id`),
  KEY `freeform_crm_fields_type_idx` (`type`),
  KEY `freeform_crm_fields_integrationId_category_idx` (`integrationId`,`category`),
  CONSTRAINT `freeform_crm_fields_integrationId_fk` FOREIGN KEY (`integrationId`) REFERENCES `freeform_integrations` (`id`) ON DELETE CASCADE
) ENGINE=InnoDB DEFAULT CHARSET=utf8mb4 COLLATE=utf8mb4_unicode_ci;

--
-- Table structure for table `freeform_email_marketing_fields`
--

CREATE TABLE `freeform_email_marketing_fields` (
  `id` int(11) NOT NULL AUTO_INCREMENT,
  `mailingListId` int(11) NOT NULL,
  `label` varchar(255) NOT NULL,
  `handle` varchar(255) NOT NULL,
  `type` varchar(50) NOT NULL,
  `category` varchar(50) DEFAULT NULL,
  `required` tinyint(1) DEFAULT 0,
  `options` longtext DEFAULT NULL,
  `dateCreated` datetime NOT NULL,
  `dateUpdated` datetime NOT NULL,
  `uid` char(36) NOT NULL DEFAULT '0',
  PRIMARY KEY (`id`),
  KEY `freeform_email_marketing_fields_type_idx` (`type`),
  KEY `freeform_email_marketing_fields_mailingListId_category_idx` (`mailingListId`,`category`),
  CONSTRAINT `freeform_email_marketing_fields_mailingListId_fk` FOREIGN KEY (`mailingListId`) REFERENCES `freeform_email_marketing_lists` (`id`) ON DELETE CASCADE
) ENGINE=InnoDB DEFAULT CHARSET=utf8mb4 COLLATE=utf8mb4_unicode_ci;

--
-- Table structure for table `freeform_email_marketing_lists`
--

CREATE TABLE `freeform_email_marketing_lists` (
  `id` int(11) NOT NULL AUTO_INCREMENT,
  `integrationId` int(11) NOT NULL,
  `resourceId` varchar(255) NOT NULL,
  `name` varchar(255) NOT NULL,
  `memberCount` int(11) DEFAULT NULL,
  `dateCreated` datetime NOT NULL,
  `dateUpdated` datetime NOT NULL,
  `uid` char(36) NOT NULL DEFAULT '0',
  PRIMARY KEY (`id`),
  UNIQUE KEY `freeform_email_marketing_lists_integrationId_resourceId_unq_idx` (`integrationId`,`resourceId`),
  CONSTRAINT `freeform_email_marketing_lists_integrationId_fk` FOREIGN KEY (`integrationId`) REFERENCES `freeform_integrations` (`id`) ON DELETE CASCADE
) ENGINE=InnoDB DEFAULT CHARSET=utf8mb4 COLLATE=utf8mb4_unicode_ci;

--
-- Table structure for table `freeform_export_notifications`
--

CREATE TABLE `freeform_export_notifications` (
  `id` int(11) NOT NULL AUTO_INCREMENT,
  `profileId` int(11) NOT NULL,
  `name` varchar(255) NOT NULL,
  `fileType` varchar(30) NOT NULL,
  `fileName` varchar(255) DEFAULT NULL,
  `frequency` varchar(20) NOT NULL,
  `recipients` longtext NOT NULL,
  `subject` varchar(255) DEFAULT NULL,
  `message` text DEFAULT NULL,
  `dateCreated` datetime NOT NULL,
  `dateUpdated` datetime NOT NULL,
  `uid` char(36) NOT NULL DEFAULT '0',
  PRIMARY KEY (`id`),
  UNIQUE KEY `name` (`name`),
  KEY `freeform_export_notifications_profileId_fk` (`profileId`),
  CONSTRAINT `freeform_export_notifications_profileId_fk` FOREIGN KEY (`profileId`) REFERENCES `freeform_export_profiles` (`id`) ON DELETE CASCADE
) ENGINE=InnoDB DEFAULT CHARSET=utf8mb4 COLLATE=utf8mb4_unicode_ci;

--
-- Table structure for table `freeform_export_profiles`
--

CREATE TABLE `freeform_export_profiles` (
  `id` int(11) NOT NULL AUTO_INCREMENT,
  `formId` int(11) NOT NULL,
  `name` varchar(255) NOT NULL,
  `limit` int(11) DEFAULT NULL,
  `dateRange` varchar(255) DEFAULT NULL,
  `rangeStart` varchar(255) DEFAULT NULL,
  `rangeEnd` varchar(255) DEFAULT NULL,
  `fields` longtext NOT NULL,
  `filters` longtext DEFAULT NULL,
  `statuses` text NOT NULL,
  `dateCreated` datetime NOT NULL,
  `dateUpdated` datetime NOT NULL,
  `uid` char(36) NOT NULL DEFAULT '0',
  PRIMARY KEY (`id`),
  UNIQUE KEY `name` (`name`),
  KEY `freeform_export_profiles_formId_fk` (`formId`),
  CONSTRAINT `freeform_export_profiles_formId_fk` FOREIGN KEY (`formId`) REFERENCES `freeform_forms` (`id`) ON DELETE CASCADE
) ENGINE=InnoDB DEFAULT CHARSET=utf8mb4 COLLATE=utf8mb4_unicode_ci;

--
-- Table structure for table `freeform_export_settings`
--

CREATE TABLE `freeform_export_settings` (
  `id` int(11) NOT NULL AUTO_INCREMENT,
  `userId` int(11) NOT NULL,
  `setting` longtext DEFAULT NULL,
  `dateCreated` datetime NOT NULL,
  `dateUpdated` datetime NOT NULL,
  `uid` char(36) NOT NULL DEFAULT '0',
  PRIMARY KEY (`id`),
  KEY `freeform_export_settings_userId_fk` (`userId`),
  CONSTRAINT `freeform_export_settings_userId_fk` FOREIGN KEY (`userId`) REFERENCES `users` (`id`) ON DELETE CASCADE
) ENGINE=InnoDB DEFAULT CHARSET=utf8mb4 COLLATE=utf8mb4_unicode_ci;

--
-- Table structure for table `freeform_favorite_fields`
--

CREATE TABLE `freeform_favorite_fields` (
  `id` int(11) NOT NULL AUTO_INCREMENT,
  `userId` int(11) DEFAULT NULL,
  `label` varchar(255) NOT NULL,
  `type` varchar(255) NOT NULL,
  `metadata` longtext DEFAULT NULL,
  `dateCreated` datetime NOT NULL,
  `dateUpdated` datetime NOT NULL,
  `uid` char(36) NOT NULL DEFAULT '0',
  PRIMARY KEY (`id`),
  KEY `freeform_favorite_fields_userId_fk` (`userId`),
  CONSTRAINT `freeform_favorite_fields_userId_fk` FOREIGN KEY (`userId`) REFERENCES `users` (`id`) ON DELETE CASCADE
) ENGINE=InnoDB DEFAULT CHARSET=utf8mb4 COLLATE=utf8mb4_unicode_ci;

--
-- Table structure for table `freeform_feed_messages`
--

CREATE TABLE `freeform_feed_messages` (
  `id` int(11) NOT NULL AUTO_INCREMENT,
  `feedId` int(11) NOT NULL,
  `message` text NOT NULL,
  `conditions` longtext NOT NULL,
  `type` varchar(255) NOT NULL,
  `seen` tinyint(1) NOT NULL DEFAULT 0,
  `issueDate` datetime NOT NULL,
  `dateCreated` datetime NOT NULL,
  `dateUpdated` datetime NOT NULL,
  `uid` char(36) NOT NULL DEFAULT '0',
  PRIMARY KEY (`id`),
  KEY `freeform_feed_messages_feedId_fk` (`feedId`),
  CONSTRAINT `freeform_feed_messages_feedId_fk` FOREIGN KEY (`feedId`) REFERENCES `freeform_feeds` (`id`) ON DELETE CASCADE
) ENGINE=InnoDB AUTO_INCREMENT=2 DEFAULT CHARSET=utf8mb4 COLLATE=utf8mb4_unicode_ci;

--
-- Table structure for table `freeform_fields_type_groups`
--

CREATE TABLE `freeform_fields_type_groups` (
  `id` int(11) NOT NULL AUTO_INCREMENT,
  `color` varchar(10) DEFAULT NULL,
  `label` varchar(255) DEFAULT NULL,
  `types` longtext NOT NULL,
  `dateCreated` datetime NOT NULL,
  `dateUpdated` datetime NOT NULL,
  `uid` char(36) NOT NULL DEFAULT '0',
  PRIMARY KEY (`id`)
) ENGINE=InnoDB AUTO_INCREMENT=7 DEFAULT CHARSET=utf8mb4 COLLATE=utf8mb4_unicode_ci;

--
-- Table structure for table `freeform_forms`
--

CREATE TABLE `freeform_forms` (
  `id` int(11) NOT NULL AUTO_INCREMENT,
  `type` varchar(200) NOT NULL,
  `name` varchar(100) NOT NULL,
  `handle` varchar(100) NOT NULL,
  `spamBlockCount` int(11) unsigned NOT NULL DEFAULT 0,
  `metadata` longtext DEFAULT NULL,
  `order` int(11) DEFAULT NULL,
  `createdByUserId` int(11) DEFAULT NULL,
  `updatedByUserId` int(11) DEFAULT NULL,
  `dateArchived` datetime DEFAULT NULL,
  `dateCreated` datetime NOT NULL,
  `dateUpdated` datetime NOT NULL,
  `uid` char(36) NOT NULL DEFAULT '0',
  PRIMARY KEY (`id`),
  UNIQUE KEY `handle` (`handle`),
  KEY `freeform_forms_order_idx` (`order`),
  KEY `freeform_forms_createdByUserId_fk` (`createdByUserId`),
  KEY `freeform_forms_updatedByUserId_fk` (`updatedByUserId`),
  CONSTRAINT `freeform_forms_createdByUserId_fk` FOREIGN KEY (`createdByUserId`) REFERENCES `users` (`id`) ON DELETE SET NULL ON UPDATE CASCADE,
  CONSTRAINT `freeform_forms_updatedByUserId_fk` FOREIGN KEY (`updatedByUserId`) REFERENCES `users` (`id`) ON DELETE SET NULL ON UPDATE CASCADE
) ENGINE=InnoDB AUTO_INCREMENT=5 DEFAULT CHARSET=utf8mb4 COLLATE=utf8mb4_unicode_ci;

--
-- Table structure for table `freeform_forms_fields`
--

CREATE TABLE `freeform_forms_fields` (
  `id` int(11) NOT NULL AUTO_INCREMENT,
  `formId` int(11) NOT NULL,
  `type` varchar(255) NOT NULL,
  `metadata` longtext DEFAULT NULL,
  `rowId` int(11) DEFAULT NULL,
  `order` int(11) DEFAULT NULL,
  `dateCreated` datetime NOT NULL,
  `dateUpdated` datetime NOT NULL,
  `uid` char(36) NOT NULL DEFAULT '0',
  PRIMARY KEY (`id`),
  KEY `freeform_forms_fields_rowId_order_idx` (`rowId`,`order`),
  KEY `freeform_forms_fields_formId_fk` (`formId`),
  CONSTRAINT `freeform_forms_fields_formId_fk` FOREIGN KEY (`formId`) REFERENCES `freeform_forms` (`id`) ON DELETE CASCADE,
  CONSTRAINT `freeform_forms_fields_rowId_fk` FOREIGN KEY (`rowId`) REFERENCES `freeform_forms_rows` (`id`) ON DELETE SET NULL
) ENGINE=InnoDB AUTO_INCREMENT=30 DEFAULT CHARSET=utf8mb4 COLLATE=utf8mb4_unicode_ci;

--
-- Table structure for table `freeform_forms_groups`
--

CREATE TABLE `freeform_forms_groups` (
  `id` int(11) NOT NULL AUTO_INCREMENT,
  `siteId` int(11) NOT NULL,
  `label` varchar(255) DEFAULT NULL,
  `order` int(11) NOT NULL,
  `dateCreated` datetime NOT NULL,
  `dateUpdated` datetime NOT NULL,
  `uid` char(36) NOT NULL DEFAULT '0',
  PRIMARY KEY (`id`),
  KEY `freeform_forms_groups_siteId_fk` (`siteId`),
  CONSTRAINT `freeform_forms_groups_siteId_fk` FOREIGN KEY (`siteId`) REFERENCES `sites` (`id`) ON DELETE CASCADE
) ENGINE=InnoDB DEFAULT CHARSET=utf8mb4 COLLATE=utf8mb4_unicode_ci;

--
-- Table structure for table `freeform_forms_groups_entries`
--

CREATE TABLE `freeform_forms_groups_entries` (
  `id` int(11) NOT NULL AUTO_INCREMENT,
  `groupId` int(11) NOT NULL,
  `formId` int(11) NOT NULL,
  `order` int(11) NOT NULL,
  `dateCreated` datetime NOT NULL,
  `dateUpdated` datetime NOT NULL,
  `uid` char(36) NOT NULL DEFAULT '0',
  PRIMARY KEY (`id`),
  KEY `freeform_forms_groups_entries_groupId_fk` (`groupId`),
  KEY `freeform_forms_groups_entries_formId_fk` (`formId`),
  CONSTRAINT `freeform_forms_groups_entries_formId_fk` FOREIGN KEY (`formId`) REFERENCES `freeform_forms` (`id`) ON DELETE CASCADE,
  CONSTRAINT `freeform_forms_groups_entries_groupId_fk` FOREIGN KEY (`groupId`) REFERENCES `freeform_forms_groups` (`id`) ON DELETE CASCADE
) ENGINE=InnoDB DEFAULT CHARSET=utf8mb4 COLLATE=utf8mb4_unicode_ci;

--
-- Table structure for table `freeform_forms_integrations`
--

CREATE TABLE `freeform_forms_integrations` (
  `id` int(11) NOT NULL AUTO_INCREMENT,
  `integrationId` int(11) NOT NULL,
  `formId` int(11) NOT NULL,
  `enabled` tinyint(1) NOT NULL DEFAULT 1,
  `metadata` longtext DEFAULT NULL,
  `dateCreated` datetime NOT NULL,
  `dateUpdated` datetime NOT NULL,
  `uid` char(36) NOT NULL DEFAULT '0',
  PRIMARY KEY (`id`),
  KEY `freeform_forms_integrations_integrationId_fk` (`integrationId`),
  KEY `freeform_forms_integrations_formId_fk` (`formId`),
  CONSTRAINT `freeform_forms_integrations_formId_fk` FOREIGN KEY (`formId`) REFERENCES `freeform_forms` (`id`) ON DELETE CASCADE,
  CONSTRAINT `freeform_forms_integrations_integrationId_fk` FOREIGN KEY (`integrationId`) REFERENCES `freeform_integrations` (`id`) ON DELETE CASCADE
) ENGINE=InnoDB AUTO_INCREMENT=3 DEFAULT CHARSET=utf8mb4 COLLATE=utf8mb4_unicode_ci;

--
-- Table structure for table `freeform_forms_layouts`
--

CREATE TABLE `freeform_forms_layouts` (
  `id` int(11) NOT NULL AUTO_INCREMENT,
  `formId` int(11) NOT NULL,
  `dateCreated` datetime NOT NULL,
  `dateUpdated` datetime NOT NULL,
  `uid` char(36) NOT NULL DEFAULT '0',
  PRIMARY KEY (`id`),
  KEY `freeform_forms_layouts_formId_idx` (`formId`),
  CONSTRAINT `freeform_forms_layouts_formId_fk` FOREIGN KEY (`formId`) REFERENCES `freeform_forms` (`id`) ON DELETE CASCADE
) ENGINE=InnoDB AUTO_INCREMENT=5 DEFAULT CHARSET=utf8mb4 COLLATE=utf8mb4_unicode_ci;

--
-- Table structure for table `freeform_forms_notifications`
--

CREATE TABLE `freeform_forms_notifications` (
  `id` int(11) NOT NULL AUTO_INCREMENT,
  `class` varchar(255) NOT NULL,
  `formId` int(11) NOT NULL,
  `enabled` tinyint(1) NOT NULL DEFAULT 1,
  `metadata` longtext DEFAULT NULL,
  `dateCreated` datetime NOT NULL,
  `dateUpdated` datetime NOT NULL,
  `uid` char(36) NOT NULL DEFAULT '0',
  PRIMARY KEY (`id`),
  KEY `freeform_forms_notifications_formId_fk` (`formId`),
  CONSTRAINT `freeform_forms_notifications_formId_fk` FOREIGN KEY (`formId`) REFERENCES `freeform_forms` (`id`) ON DELETE CASCADE
) ENGINE=InnoDB AUTO_INCREMENT=4 DEFAULT CHARSET=utf8mb4 COLLATE=utf8mb4_unicode_ci;

--
-- Table structure for table `freeform_forms_pages`
--

CREATE TABLE `freeform_forms_pages` (
  `id` int(11) NOT NULL AUTO_INCREMENT,
  `formId` int(11) NOT NULL,
  `layoutId` int(11) NOT NULL,
  `label` varchar(255) NOT NULL,
  `order` int(11) DEFAULT NULL,
  `metadata` longtext DEFAULT NULL,
  `dateCreated` datetime NOT NULL,
  `dateUpdated` datetime NOT NULL,
  `uid` char(36) NOT NULL DEFAULT '0',
  PRIMARY KEY (`id`),
  KEY `freeform_forms_pages_formId_order_idx` (`formId`,`order`),
  KEY `freeform_forms_pages_layoutId_fk` (`layoutId`),
  CONSTRAINT `freeform_forms_pages_formId_fk` FOREIGN KEY (`formId`) REFERENCES `freeform_forms` (`id`) ON DELETE CASCADE,
  CONSTRAINT `freeform_forms_pages_layoutId_fk` FOREIGN KEY (`layoutId`) REFERENCES `freeform_forms_layouts` (`id`) ON DELETE CASCADE
) ENGINE=InnoDB AUTO_INCREMENT=5 DEFAULT CHARSET=utf8mb4 COLLATE=utf8mb4_unicode_ci;

--
-- Table structure for table `freeform_forms_rows`
--

CREATE TABLE `freeform_forms_rows` (
  `id` int(11) NOT NULL AUTO_INCREMENT,
  `formId` int(11) NOT NULL,
  `layoutId` int(11) NOT NULL,
  `order` int(11) DEFAULT NULL,
  `dateCreated` datetime NOT NULL,
  `dateUpdated` datetime NOT NULL,
  `uid` char(36) NOT NULL DEFAULT '0',
  PRIMARY KEY (`id`),
  KEY `freeform_forms_rows_formId_order_idx` (`formId`,`order`),
  KEY `freeform_forms_rows_layoutId_fk` (`layoutId`),
  CONSTRAINT `freeform_forms_rows_formId_fk` FOREIGN KEY (`formId`) REFERENCES `freeform_forms` (`id`) ON DELETE CASCADE,
  CONSTRAINT `freeform_forms_rows_layoutId_fk` FOREIGN KEY (`layoutId`) REFERENCES `freeform_forms_layouts` (`id`) ON DELETE CASCADE
) ENGINE=InnoDB AUTO_INCREMENT=22 DEFAULT CHARSET=utf8mb4 COLLATE=utf8mb4_unicode_ci;

--
-- Table structure for table `freeform_forms_sites`
--

CREATE TABLE `freeform_forms_sites` (
  `id` int(11) NOT NULL AUTO_INCREMENT,
  `formId` int(11) NOT NULL,
  `siteId` int(11) NOT NULL,
  `dateCreated` datetime NOT NULL,
  `dateUpdated` datetime NOT NULL,
  `uid` char(36) NOT NULL DEFAULT '0',
  PRIMARY KEY (`id`),
  UNIQUE KEY `freeform_forms_sites_siteId_formId_unq_idx` (`siteId`,`formId`),
  KEY `freeform_forms_sites_formId_fk` (`formId`),
  CONSTRAINT `freeform_forms_sites_formId_fk` FOREIGN KEY (`formId`) REFERENCES `freeform_forms` (`id`) ON DELETE CASCADE,
  CONSTRAINT `freeform_forms_sites_siteId_fk` FOREIGN KEY (`siteId`) REFERENCES `sites` (`id`) ON DELETE CASCADE
) ENGINE=InnoDB AUTO_INCREMENT=8 DEFAULT CHARSET=utf8mb4 COLLATE=utf8mb4_unicode_ci;

--
-- Table structure for table `freeform_forms_translations`
--

CREATE TABLE `freeform_forms_translations` (
  `id` int(11) NOT NULL AUTO_INCREMENT,
  `formId` int(11) NOT NULL,
  `siteId` int(11) NOT NULL,
  `translations` longtext NOT NULL,
  `dateCreated` datetime NOT NULL,
  `dateUpdated` datetime NOT NULL,
  `uid` char(36) NOT NULL DEFAULT '0',
  PRIMARY KEY (`id`),
  UNIQUE KEY `freeform_forms_translations_formId_siteId_unq_idx` (`formId`,`siteId`),
  KEY `freeform_forms_translations_siteId_fk` (`siteId`),
  CONSTRAINT `freeform_forms_translations_formId_fk` FOREIGN KEY (`formId`) REFERENCES `freeform_forms` (`id`) ON DELETE CASCADE,
  CONSTRAINT `freeform_forms_translations_siteId_fk` FOREIGN KEY (`siteId`) REFERENCES `sites` (`id`) ON DELETE CASCADE
) ENGINE=InnoDB AUTO_INCREMENT=4 DEFAULT CHARSET=utf8mb4 COLLATE=utf8mb4_unicode_ci;

--
-- Table structure for table `freeform_integrations`
--

CREATE TABLE `freeform_integrations` (
  `id` int(11) NOT NULL AUTO_INCREMENT,
  `enabled` tinyint(1) DEFAULT 1,
  `name` varchar(255) NOT NULL,
  `handle` varchar(255) NOT NULL,
  `type` varchar(50) NOT NULL,
  `class` varchar(255) DEFAULT NULL,
  `metadata` longtext DEFAULT NULL,
  `dateCreated` datetime NOT NULL,
  `dateUpdated` datetime NOT NULL,
  `uid` char(36) NOT NULL DEFAULT '0',
  PRIMARY KEY (`id`),
  UNIQUE KEY `handle` (`handle`),
  KEY `freeform_integrations_type_idx` (`type`)
) ENGINE=InnoDB AUTO_INCREMENT=2 DEFAULT CHARSET=utf8mb4 COLLATE=utf8mb4_unicode_ci;

--
-- Table structure for table `freeform_integrations_queue`
--

CREATE TABLE `freeform_integrations_queue` (
  `id` int(11) NOT NULL AUTO_INCREMENT,
  `submissionId` int(11) NOT NULL,
  `integrationType` varchar(50) NOT NULL,
  `status` varchar(50) NOT NULL,
  `fieldHash` varchar(20) DEFAULT NULL,
  `dateCreated` datetime NOT NULL,
  `dateUpdated` datetime NOT NULL,
  `uid` char(36) NOT NULL DEFAULT '0',
  PRIMARY KEY (`id`),
  KEY `freeform_integrations_queue_status_idx` (`status`),
  KEY `freeform_integrations_queue_submissionId_fk` (`submissionId`),
  CONSTRAINT `freeform_integrations_queue_submissionId_fk` FOREIGN KEY (`submissionId`) REFERENCES `freeform_submissions` (`id`) ON DELETE CASCADE
) ENGINE=InnoDB DEFAULT CHARSET=utf8mb4 COLLATE=utf8mb4_unicode_ci;

--
-- Table structure for table `freeform_limited_users`
--

CREATE TABLE `freeform_limited_users` (
  `id` int(11) NOT NULL AUTO_INCREMENT,
  `name` varchar(255) NOT NULL,
  `description` text NOT NULL,
  `settings` longtext NOT NULL,
  `dateCreated` datetime NOT NULL,
  `dateUpdated` datetime NOT NULL,
  `uid` char(36) NOT NULL DEFAULT '0',
  PRIMARY KEY (`id`)
) ENGINE=InnoDB DEFAULT CHARSET=utf8mb4 COLLATE=utf8mb4_unicode_ci;

--
-- Table structure for table `freeform_notification_log`
--

CREATE TABLE `freeform_notification_log` (
  `id` int(11) NOT NULL AUTO_INCREMENT,
  `type` varchar(30) NOT NULL,
  `name` varchar(255) DEFAULT NULL,
  `dateCreated` datetime NOT NULL,
  `dateUpdated` datetime NOT NULL,
  `uid` char(36) NOT NULL DEFAULT '0',
  PRIMARY KEY (`id`),
  KEY `freeform_notification_log_type_dateCreated_idx` (`type`,`dateCreated`)
) ENGINE=InnoDB DEFAULT CHARSET=utf8mb4 COLLATE=utf8mb4_unicode_ci;

--
-- Table structure for table `freeform_notification_template_wrappers`
--

CREATE TABLE `freeform_notification_template_wrappers` (
  `id` int(11) NOT NULL AUTO_INCREMENT,
  `name` varchar(255) NOT NULL,
  `handle` varchar(255) NOT NULL,
  `description` text DEFAULT NULL,
  `content` longtext NOT NULL,
  `dateCreated` datetime NOT NULL,
  `dateUpdated` datetime NOT NULL,
  `uid` char(36) NOT NULL DEFAULT '0',
  PRIMARY KEY (`id`),
  UNIQUE KEY `freeform_notification_template_wrappers_name` (`name`)
) ENGINE=InnoDB DEFAULT CHARSET=utf8mb4 COLLATE=utf8mb4_unicode_ci;

--
-- Table structure for table `freeform_notification_templates`
--

CREATE TABLE `freeform_notification_templates` (
  `id` int(11) NOT NULL AUTO_INCREMENT,
  `formId` int(11) DEFAULT NULL,
  `wrapperId` int(11) DEFAULT NULL,
  `pdfTemplateIds` text DEFAULT NULL,
  `name` varchar(255) NOT NULL,
  `handle` varchar(255) NOT NULL,
  `subject` varchar(255) NOT NULL,
  `description` text DEFAULT NULL,
  `fromName` varchar(255) NOT NULL,
  `fromEmail` varchar(255) NOT NULL,
  `replyToName` varchar(255) DEFAULT NULL,
  `replyToEmail` varchar(255) DEFAULT NULL,
  `cc` varchar(255) DEFAULT NULL,
  `bcc` varchar(255) DEFAULT NULL,
  `bodyHtml` mediumtext DEFAULT NULL,
  `bodyText` mediumtext DEFAULT NULL,
  `autoText` tinyint(1) NOT NULL DEFAULT 1,
  `includeAttachments` tinyint(1) DEFAULT 1,
  `presetAssets` varchar(255) DEFAULT NULL,
  `sortOrder` int(11) DEFAULT NULL,
  `dateCreated` datetime NOT NULL,
  `dateUpdated` datetime NOT NULL,
  `uid` char(36) NOT NULL DEFAULT '0',
  PRIMARY KEY (`id`),
  UNIQUE KEY `freeform_notification_templates_formId_handle` (`formId`,`handle`),
  KEY `fk_wrapperId` (`wrapperId`),
  CONSTRAINT `fk_wrapperId` FOREIGN KEY (`wrapperId`) REFERENCES `freeform_notification_template_wrappers` (`id`) ON DELETE SET NULL,
  CONSTRAINT `freeform_notification_templates_formId_fk` FOREIGN KEY (`formId`) REFERENCES `freeform_forms` (`id`) ON DELETE CASCADE
) ENGINE=InnoDB AUTO_INCREMENT=4 DEFAULT CHARSET=utf8mb4 COLLATE=utf8mb4_unicode_ci;

--
-- Table structure for table `freeform_payments`
--

CREATE TABLE `freeform_payments` (
  `id` int(11) NOT NULL AUTO_INCREMENT,
  `integrationId` int(11) NOT NULL,
  `fieldId` int(11) NOT NULL,
  `submissionId` int(11) NOT NULL,
  `resourceId` varchar(50) DEFAULT NULL,
  `type` varchar(20) DEFAULT NULL,
  `amount` float DEFAULT NULL,
  `currency` varchar(3) DEFAULT NULL,
  `status` varchar(40) DEFAULT NULL,
  `link` varchar(255) DEFAULT NULL,
  `metadata` longtext DEFAULT NULL,
  `dateCreated` datetime NOT NULL,
  `dateUpdated` datetime NOT NULL,
  `uid` char(36) NOT NULL DEFAULT '0',
  PRIMARY KEY (`id`),
  UNIQUE KEY `freeform_payments_integrationId_resourceId_unq_idx` (`integrationId`,`resourceId`),
  KEY `freeform_payments_integrationId_type_idx` (`integrationId`,`type`),
  KEY `freeform_payments_resourceId_idx` (`resourceId`),
  KEY `freeform_payments_fieldId_fk` (`fieldId`),
  KEY `freeform_payments_submissionId_fk` (`submissionId`),
  CONSTRAINT `freeform_payments_fieldId_fk` FOREIGN KEY (`fieldId`) REFERENCES `freeform_forms_fields` (`id`) ON DELETE CASCADE,
  CONSTRAINT `freeform_payments_integrationId_fk` FOREIGN KEY (`integrationId`) REFERENCES `freeform_integrations` (`id`) ON DELETE CASCADE,
  CONSTRAINT `freeform_payments_submissionId_fk` FOREIGN KEY (`submissionId`) REFERENCES `freeform_submissions` (`id`) ON DELETE CASCADE
) ENGINE=InnoDB DEFAULT CHARSET=utf8mb4 COLLATE=utf8mb4_unicode_ci;

--
-- Table structure for table `freeform_pdf_templates`
--

CREATE TABLE `freeform_pdf_templates` (
  `id` int(11) NOT NULL AUTO_INCREMENT,
  `name` varchar(255) NOT NULL,
  `description` text DEFAULT NULL,
  `fileName` text NOT NULL,
  `body` longtext NOT NULL,
  `sortOrder` int(11) NOT NULL DEFAULT 0,
  `dateCreated` datetime NOT NULL,
  `dateUpdated` datetime NOT NULL,
  `uid` char(36) NOT NULL DEFAULT '0',
  PRIMARY KEY (`id`)
) ENGINE=InnoDB DEFAULT CHARSET=utf8mb4 COLLATE=utf8mb4_unicode_ci;

--
-- Table structure for table `freeform_rules`
--

CREATE TABLE `freeform_rules` (
  `id` int(11) NOT NULL AUTO_INCREMENT,
  `combinator` varchar(20) NOT NULL,
  `dateCreated` datetime NOT NULL,
  `dateUpdated` datetime NOT NULL,
  `uid` char(36) NOT NULL DEFAULT '0',
  PRIMARY KEY (`id`)
) ENGINE=InnoDB DEFAULT CHARSET=utf8mb4 COLLATE=utf8mb4_unicode_ci;

--
-- Table structure for table `freeform_rules_buttons`
--

CREATE TABLE `freeform_rules_buttons` (
  `id` int(11) NOT NULL AUTO_INCREMENT,
  `pageId` int(11) NOT NULL,
  `button` varchar(30) NOT NULL,
  `display` varchar(10) NOT NULL,
  `dateCreated` datetime NOT NULL,
  `dateUpdated` datetime NOT NULL,
  `uid` char(36) NOT NULL DEFAULT '0',
  PRIMARY KEY (`id`),
  KEY `fk_vgcspuzjnirzpmtgevhfkcgbjisxxryiprbi` (`pageId`),
  CONSTRAINT `fk_fevkbzjpooqebvresyaiztpnicruugeixmza` FOREIGN KEY (`id`) REFERENCES `freeform_rules` (`id`) ON DELETE CASCADE ON UPDATE CASCADE,
  CONSTRAINT `fk_vgcspuzjnirzpmtgevhfkcgbjisxxryiprbi` FOREIGN KEY (`pageId`) REFERENCES `freeform_forms_pages` (`id`) ON DELETE CASCADE ON UPDATE CASCADE
) ENGINE=InnoDB DEFAULT CHARSET=utf8mb4 COLLATE=utf8mb4_unicode_ci;

--
-- Table structure for table `freeform_rules_conditions`
--

CREATE TABLE `freeform_rules_conditions` (
  `id` int(11) NOT NULL AUTO_INCREMENT,
  `ruleId` int(11) NOT NULL,
  `fieldId` int(11) NOT NULL,
  `operator` varchar(20) NOT NULL,
  `value` text NOT NULL,
  `dateCreated` datetime NOT NULL,
  `dateUpdated` datetime NOT NULL,
  `uid` char(36) NOT NULL DEFAULT '0',
  PRIMARY KEY (`id`),
  KEY `freeform_rules_conditions_ruleId_fk` (`ruleId`),
  KEY `fk_qogqlmlttuzxbivicrgdroxyhbekndzphxpm` (`fieldId`),
  CONSTRAINT `fk_qogqlmlttuzxbivicrgdroxyhbekndzphxpm` FOREIGN KEY (`fieldId`) REFERENCES `freeform_forms_fields` (`id`) ON DELETE CASCADE ON UPDATE CASCADE,
  CONSTRAINT `freeform_rules_conditions_ruleId_fk` FOREIGN KEY (`ruleId`) REFERENCES `freeform_rules` (`id`) ON DELETE CASCADE ON UPDATE CASCADE
) ENGINE=InnoDB DEFAULT CHARSET=utf8mb4 COLLATE=utf8mb4_unicode_ci;

--
-- Table structure for table `freeform_rules_fields`
--

CREATE TABLE `freeform_rules_fields` (
  `id` int(11) NOT NULL AUTO_INCREMENT,
  `fieldId` int(11) NOT NULL,
  `display` varchar(10) NOT NULL,
  `dateCreated` datetime NOT NULL,
  `dateUpdated` datetime NOT NULL,
  `uid` char(36) NOT NULL DEFAULT '0',
  PRIMARY KEY (`id`),
  KEY `fk_ozmppkiyimihdqxbirkdhhixudsjdnwnsowg` (`fieldId`),
  CONSTRAINT `fk_ozmppkiyimihdqxbirkdhhixudsjdnwnsowg` FOREIGN KEY (`fieldId`) REFERENCES `freeform_forms_fields` (`id`) ON DELETE CASCADE ON UPDATE CASCADE,
  CONSTRAINT `fk_phwonxuptmpqzldcjvmpdztrgwdnyomwrnhu` FOREIGN KEY (`id`) REFERENCES `freeform_rules` (`id`) ON DELETE CASCADE ON UPDATE CASCADE
) ENGINE=InnoDB DEFAULT CHARSET=utf8mb4 COLLATE=utf8mb4_unicode_ci;

--
-- Table structure for table `freeform_rules_notifications`
--

CREATE TABLE `freeform_rules_notifications` (
  `id` int(11) NOT NULL AUTO_INCREMENT,
  `notificationId` int(11) NOT NULL,
  `send` tinyint(1) NOT NULL,
  `dateCreated` datetime NOT NULL,
  `dateUpdated` datetime NOT NULL,
  `uid` char(36) NOT NULL DEFAULT '0',
  PRIMARY KEY (`id`),
  KEY `fk_uehegipgxoltbbxlxmxzcfkogpnuaodmnpvt` (`notificationId`),
  CONSTRAINT `fk_gfjuewqerdotcoawesgqywmludfqfuixwkhp` FOREIGN KEY (`id`) REFERENCES `freeform_rules` (`id`) ON DELETE CASCADE ON UPDATE CASCADE,
  CONSTRAINT `fk_uehegipgxoltbbxlxmxzcfkogpnuaodmnpvt` FOREIGN KEY (`notificationId`) REFERENCES `freeform_forms_notifications` (`id`) ON DELETE CASCADE ON UPDATE CASCADE
) ENGINE=InnoDB DEFAULT CHARSET=utf8mb4 COLLATE=utf8mb4_unicode_ci;

--
-- Table structure for table `freeform_rules_pages`
--

CREATE TABLE `freeform_rules_pages` (
  `id` int(11) NOT NULL AUTO_INCREMENT,
  `pageId` int(11) NOT NULL,
  `dateCreated` datetime NOT NULL,
  `dateUpdated` datetime NOT NULL,
  `uid` char(36) NOT NULL DEFAULT '0',
  PRIMARY KEY (`id`),
  KEY `fk_zxhpzgofkzjqctdygvaujudrdfwpfxpcdgep` (`pageId`),
  CONSTRAINT `fk_qyqasbdlntpdwlralsoakexygnasnbkobsoa` FOREIGN KEY (`id`) REFERENCES `freeform_rules` (`id`) ON DELETE CASCADE ON UPDATE CASCADE,
  CONSTRAINT `fk_zxhpzgofkzjqctdygvaujudrdfwpfxpcdgep` FOREIGN KEY (`pageId`) REFERENCES `freeform_forms_pages` (`id`) ON DELETE CASCADE ON UPDATE CASCADE
) ENGINE=InnoDB DEFAULT CHARSET=utf8mb4 COLLATE=utf8mb4_unicode_ci;

--
-- Table structure for table `freeform_rules_submit_form`
--

CREATE TABLE `freeform_rules_submit_form` (
  `id` int(11) NOT NULL AUTO_INCREMENT,
  `formId` int(11) NOT NULL,
  `dateCreated` datetime NOT NULL,
  `dateUpdated` datetime NOT NULL,
  `uid` char(36) NOT NULL DEFAULT '0',
  PRIMARY KEY (`id`),
  KEY `fk_nqsatswxewuueclucstvgbaneagfzosbnbpq` (`formId`),
  CONSTRAINT `fk_mqemywnpcqiwmjqbffihqgmnlpbxajjdfigo` FOREIGN KEY (`id`) REFERENCES `freeform_rules` (`id`) ON DELETE CASCADE ON UPDATE CASCADE,
  CONSTRAINT `fk_nqsatswxewuueclucstvgbaneagfzosbnbpq` FOREIGN KEY (`formId`) REFERENCES `freeform_forms` (`id`) ON DELETE CASCADE ON UPDATE CASCADE
) ENGINE=InnoDB DEFAULT CHARSET=utf8mb4 COLLATE=utf8mb4_unicode_ci;

--
-- Table structure for table `freeform_saved_forms`
--

CREATE TABLE `freeform_saved_forms` (
  `id` int(11) NOT NULL AUTO_INCREMENT,
  `sessionId` varchar(100) DEFAULT NULL,
  `formId` int(11) NOT NULL,
  `token` varchar(100) NOT NULL,
  `payload` longtext DEFAULT NULL,
  `dateCreated` datetime NOT NULL,
  `dateUpdated` datetime NOT NULL,
  `uid` char(36) NOT NULL DEFAULT '0',
  PRIMARY KEY (`id`),
  KEY `freeform_saved_forms_token_idx` (`token`),
  KEY `freeform_saved_forms_dateCreated_idx` (`dateCreated`),
  KEY `freeform_saved_forms_sessionId_idx` (`sessionId`),
  KEY `freeform_saved_forms_formId_fk` (`formId`),
  CONSTRAINT `freeform_saved_forms_formId_fk` FOREIGN KEY (`formId`) REFERENCES `freeform_forms` (`id`) ON DELETE CASCADE
) ENGINE=InnoDB DEFAULT CHARSET=utf8mb4 COLLATE=utf8mb4_unicode_ci;

--
-- Table structure for table `freeform_session_context`
--

CREATE TABLE `freeform_session_context` (
  `id` int(11) NOT NULL AUTO_INCREMENT,
  `contextKey` varchar(100) NOT NULL,
  `sessionId` varchar(100) NOT NULL,
  `formId` int(11) NOT NULL,
  `propertyBag` longtext DEFAULT NULL,
  `attributeBag` longtext DEFAULT NULL,
  `dateCreated` datetime NOT NULL,
  `dateUpdated` datetime NOT NULL,
  `uid` char(36) NOT NULL DEFAULT '0',
  PRIMARY KEY (`id`),
  KEY `freeform_session_context_contextKey_formId_idx` (`contextKey`,`formId`),
  KEY `freeform_session_context_sessionId_idx` (`sessionId`),
  KEY `freeform_session_context_formId_fk` (`formId`),
  CONSTRAINT `freeform_session_context_formId_fk` FOREIGN KEY (`formId`) REFERENCES `freeform_forms` (`id`) ON DELETE CASCADE
) ENGINE=InnoDB DEFAULT CHARSET=utf8mb4 COLLATE=utf8mb4_unicode_ci;

--
-- Table structure for table `freeform_spam_reason`
--

CREATE TABLE `freeform_spam_reason` (
  `id` int(11) NOT NULL AUTO_INCREMENT,
  `submissionId` int(11) NOT NULL,
  `reasonType` varchar(100) NOT NULL,
  `reasonMessage` text DEFAULT NULL,
  `dateCreated` datetime NOT NULL,
  `dateUpdated` datetime NOT NULL,
  `uid` char(36) NOT NULL DEFAULT '0',
  PRIMARY KEY (`id`),
  KEY `freeform_spam_reason_submissionId_reasonType_idx` (`submissionId`,`reasonType`),
  CONSTRAINT `freeform_spam_reason_submissionId_fk` FOREIGN KEY (`submissionId`) REFERENCES `freeform_submissions` (`id`) ON DELETE CASCADE
) ENGINE=InnoDB DEFAULT CHARSET=utf8mb4 COLLATE=utf8mb4_unicode_ci;

--
-- Table structure for table `freeform_statuses`
--

CREATE TABLE `freeform_statuses` (
  `id` int(11) NOT NULL AUTO_INCREMENT,
  `name` varchar(255) NOT NULL,
  `handle` varchar(255) NOT NULL,
  `color` varchar(30) DEFAULT NULL,
  `sortOrder` int(11) DEFAULT NULL,
  `dateCreated` datetime NOT NULL,
  `dateUpdated` datetime NOT NULL,
  `uid` char(36) NOT NULL DEFAULT '0',
  PRIMARY KEY (`id`),
  UNIQUE KEY `handle` (`handle`)
) ENGINE=InnoDB AUTO_INCREMENT=4 DEFAULT CHARSET=utf8mb4 COLLATE=utf8mb4_unicode_ci;

--
-- Table structure for table `freeform_submission_notes`
--

CREATE TABLE `freeform_submission_notes` (
  `id` int(11) NOT NULL AUTO_INCREMENT,
  `submissionId` int(11) NOT NULL,
  `note` text DEFAULT NULL,
  `dateCreated` datetime NOT NULL,
  `dateUpdated` datetime NOT NULL,
  `uid` char(36) NOT NULL DEFAULT '0',
  PRIMARY KEY (`id`),
  KEY `freeform_submission_notes_submissionId_fk` (`submissionId`),
  CONSTRAINT `freeform_submission_notes_submissionId_fk` FOREIGN KEY (`submissionId`) REFERENCES `freeform_submissions` (`id`) ON DELETE CASCADE
) ENGINE=InnoDB DEFAULT CHARSET=utf8mb4 COLLATE=utf8mb4_unicode_ci;

--
-- Table structure for table `freeform_submissions_candidaturas_4`
--

CREATE TABLE `freeform_submissions_candidaturas_4` (
  `id` int(11) NOT NULL,
  `nome_19` text DEFAULT NULL,
  `email_20` text DEFAULT NULL,
  `contacto_21` text DEFAULT NULL,
  `area_22` text DEFAULT NULL,
  `mensagem_23` text DEFAULT NULL,
  `politica_24` text DEFAULT NULL,
  `ultimo_nome_25` text DEFAULT NULL,
  `cv_26` text DEFAULT NULL,
  PRIMARY KEY (`id`),
  CONSTRAINT `fk_txbomhccaqxxxwbivtqogdtumwuniksqusod` FOREIGN KEY (`id`) REFERENCES `freeform_submissions` (`id`) ON DELETE CASCADE
) ENGINE=InnoDB DEFAULT CHARSET=utf8mb4 COLLATE=utf8mb4_unicode_ci;

--
-- Table structure for table `freeform_submissions_contacto_1`
--

CREATE TABLE `freeform_submissions_contacto_1` (
  `id` int(11) NOT NULL,
  `nome_1` text DEFAULT NULL,
  `email_2` text DEFAULT NULL,
  `contacto_3` text DEFAULT NULL,
  `assunto_4` text DEFAULT NULL,
  `mensagem_5` text DEFAULT NULL,
  `politica_6` text DEFAULT NULL,
  `ultimo_nome_27` text DEFAULT NULL,
  `servico_select_29` text DEFAULT NULL,
  PRIMARY KEY (`id`),
  CONSTRAINT `fk_hrahiroajqvrzokblazoscjtkqavnugutjke` FOREIGN KEY (`id`) REFERENCES `freeform_submissions` (`id`) ON DELETE CASCADE
) ENGINE=InnoDB DEFAULT CHARSET=utf8mb4 COLLATE=utf8mb4_unicode_ci;

--
-- Table structure for table `freeform_submissions_newsletter_3`
--

CREATE TABLE `freeform_submissions_newsletter_3` (
  `id` int(11) NOT NULL,
  `email_14` text DEFAULT NULL,
  `politica_18` text DEFAULT NULL,
  PRIMARY KEY (`id`),
  CONSTRAINT `fk_uilafqpofoexyzhrzeoszhuyhlzsuvlzmheo` FOREIGN KEY (`id`) REFERENCES `freeform_submissions` (`id`) ON DELETE CASCADE
) ENGINE=InnoDB DEFAULT CHARSET=utf8mb4 COLLATE=utf8mb4_unicode_ci;

--
-- Table structure for table `freeform_survey_preferences`
--

CREATE TABLE `freeform_survey_preferences` (
  `id` int(11) NOT NULL AUTO_INCREMENT,
  `userId` int(11) NOT NULL,
  `fieldId` int(11) NOT NULL,
  `chartType` varchar(200) NOT NULL,
  `dateCreated` datetime NOT NULL,
  `dateUpdated` datetime NOT NULL,
  `uid` char(36) NOT NULL DEFAULT '0',
  PRIMARY KEY (`id`),
  KEY `freeform_survey_preferences_userId_fk` (`userId`),
  KEY `fk_isbmwxniwfrisiedebvwignjqaxyzhsfpwmf` (`fieldId`),
  CONSTRAINT `fk_isbmwxniwfrisiedebvwignjqaxyzhsfpwmf` FOREIGN KEY (`fieldId`) REFERENCES `freeform_forms_fields` (`id`) ON DELETE CASCADE,
  CONSTRAINT `freeform_survey_preferences_userId_fk` FOREIGN KEY (`userId`) REFERENCES `users` (`id`) ON DELETE CASCADE
) ENGINE=InnoDB DEFAULT CHARSET=utf8mb4 COLLATE=utf8mb4_unicode_ci;

--
-- Table structure for table `freeform_unfinalized_files`
--

CREATE TABLE `freeform_unfinalized_files` (
  `id` int(11) NOT NULL AUTO_INCREMENT,
  `assetId` int(11) NOT NULL,
  `fieldHandle` varchar(255) DEFAULT NULL,
  `formToken` varchar(255) DEFAULT NULL,
  `dateCreated` datetime NOT NULL,
  `dateUpdated` datetime NOT NULL,
  `uid` char(36) NOT NULL DEFAULT '0',
  PRIMARY KEY (`id`),
  KEY `freeform_unfinalized_files_fieldHandle_formToken_idx` (`fieldHandle`,`formToken`),
  KEY `freeform_unfinalized_files_assetId_fk` (`assetId`),
  CONSTRAINT `freeform_unfinalized_files_assetId_fk` FOREIGN KEY (`assetId`) REFERENCES `assets` (`id`) ON DELETE CASCADE
) ENGINE=InnoDB AUTO_INCREMENT=2 DEFAULT CHARSET=utf8mb4 COLLATE=utf8mb4_unicode_ci;

--
-- Table structure for table `globalsets`
--

CREATE TABLE `globalsets` (
  `id` int(11) NOT NULL AUTO_INCREMENT,
  `name` varchar(255) NOT NULL,
  `handle` varchar(255) NOT NULL,
  `fieldLayoutId` int(11) DEFAULT NULL,
  `sortOrder` smallint(6) unsigned DEFAULT NULL,
  `dateCreated` datetime NOT NULL,
  `dateUpdated` datetime NOT NULL,
  `uid` char(36) NOT NULL DEFAULT '0',
  PRIMARY KEY (`id`),
  KEY `idx_vgiglvkrvxfocmctwmgnjxteoohbqxyacjul` (`name`),
  KEY `idx_rezayxupuzpjzmbwfzdfdypisczowgayfmzf` (`handle`),
  KEY `idx_aewxlbndifohkbbkhfpdwsvimpbfmzxicagp` (`fieldLayoutId`),
  KEY `idx_pnukldbalymekcwmamqoazzsaoxsdnsiddih` (`sortOrder`),
  CONSTRAINT `fk_ceyqqckziiifucwouajkwiayzidehosjhkwa` FOREIGN KEY (`fieldLayoutId`) REFERENCES `fieldlayouts` (`id`) ON DELETE SET NULL,
  CONSTRAINT `fk_svkxiygrytdnvbfedhregrsojpdiinwefmzr` FOREIGN KEY (`id`) REFERENCES `elements` (`id`) ON DELETE CASCADE
) ENGINE=InnoDB AUTO_INCREMENT=72 DEFAULT CHARSET=utf8mb4 COLLATE=utf8mb4_unicode_ci;

--
-- Table structure for table `gqlschemas`
--

CREATE TABLE `gqlschemas` (
  `id` int(11) NOT NULL AUTO_INCREMENT,
  `name` varchar(255) NOT NULL,
  `scope` longtext CHARACTER SET utf8mb4 COLLATE utf8mb4_bin DEFAULT NULL CHECK (json_valid(`scope`)),
  `isPublic` tinyint(1) NOT NULL DEFAULT 0,
  `dateCreated` datetime NOT NULL,
  `dateUpdated` datetime NOT NULL,
  `uid` char(36) NOT NULL DEFAULT '0',
  PRIMARY KEY (`id`)
) ENGINE=InnoDB AUTO_INCREMENT=2 DEFAULT CHARSET=utf8mb4 COLLATE=utf8mb4_unicode_ci;

--
-- Table structure for table `gqltokens`
--

CREATE TABLE `gqltokens` (
  `id` int(11) NOT NULL AUTO_INCREMENT,
  `name` varchar(255) NOT NULL,
  `accessToken` varchar(255) NOT NULL,
  `enabled` tinyint(1) NOT NULL DEFAULT 1,
  `expiryDate` datetime DEFAULT NULL,
  `lastUsed` datetime DEFAULT NULL,
  `schemaId` int(11) DEFAULT NULL,
  `dateCreated` datetime NOT NULL,
  `dateUpdated` datetime NOT NULL,
  `uid` char(36) NOT NULL DEFAULT '0',
  PRIMARY KEY (`id`),
  UNIQUE KEY `idx_luvqdmysttdxtpshlnukiuwiawmdcmgarxpe` (`accessToken`),
  UNIQUE KEY `idx_nabzsaczzmlufhvjfieifblhlfcbxkbltygg` (`name`),
  KEY `fk_ghpvanqysfcafjyvtnvpmtsesyoefeorwggx` (`schemaId`),
  CONSTRAINT `fk_ghpvanqysfcafjyvtnvpmtsesyoefeorwggx` FOREIGN KEY (`schemaId`) REFERENCES `gqlschemas` (`id`) ON DELETE SET NULL
) ENGINE=InnoDB DEFAULT CHARSET=utf8mb4 COLLATE=utf8mb4_unicode_ci;

--
-- Table structure for table `imagetransformindex`
--

CREATE TABLE `imagetransformindex` (
  `id` int(11) NOT NULL AUTO_INCREMENT,
  `assetId` int(11) NOT NULL,
  `transformer` varchar(255) DEFAULT NULL,
  `filename` varchar(255) DEFAULT NULL,
  `format` varchar(255) DEFAULT NULL,
  `transformString` varchar(255) NOT NULL,
  `fileExists` tinyint(1) NOT NULL DEFAULT 0,
  `inProgress` tinyint(1) NOT NULL DEFAULT 0,
  `error` tinyint(1) NOT NULL DEFAULT 0,
  `dateIndexed` datetime DEFAULT NULL,
  `dateCreated` datetime NOT NULL,
  `dateUpdated` datetime NOT NULL,
  `uid` char(36) NOT NULL DEFAULT '0',
  PRIMARY KEY (`id`),
  KEY `idx_wpksnjknwogybfcmcxqyibqcnouoddstnugj` (`assetId`,`transformString`)
) ENGINE=InnoDB AUTO_INCREMENT=454 DEFAULT CHARSET=utf8mb4 COLLATE=utf8mb4_unicode_ci;

--
-- Table structure for table `imagetransforms`
--

CREATE TABLE `imagetransforms` (
  `id` int(11) NOT NULL AUTO_INCREMENT,
  `name` varchar(255) NOT NULL,
  `handle` varchar(255) NOT NULL,
  `mode` enum('stretch','fit','crop','letterbox') NOT NULL DEFAULT 'crop',
  `position` enum('top-left','top-center','top-right','center-left','center-center','center-right','bottom-left','bottom-center','bottom-right') NOT NULL DEFAULT 'center-center',
  `width` int(11) unsigned DEFAULT NULL,
  `height` int(11) unsigned DEFAULT NULL,
  `format` varchar(255) DEFAULT NULL,
  `quality` int(11) DEFAULT NULL,
  `interlace` enum('none','line','plane','partition') NOT NULL DEFAULT 'none',
  `fill` varchar(11) DEFAULT NULL,
  `upscale` tinyint(1) NOT NULL DEFAULT 1,
  `parameterChangeTime` datetime DEFAULT NULL,
  `dateCreated` datetime NOT NULL,
  `dateUpdated` datetime NOT NULL,
  `uid` char(36) NOT NULL DEFAULT '0',
  PRIMARY KEY (`id`),
  KEY `idx_mqzjaaimvokhxxwfoplpucjaniytrxpdvphd` (`name`),
  KEY `idx_bfottzpwclkxwsoszhxrkwrluojmsbwrxfpp` (`handle`)
) ENGINE=InnoDB DEFAULT CHARSET=utf8mb4 COLLATE=utf8mb4_unicode_ci;

--
-- Table structure for table `info`
--

CREATE TABLE `info` (
  `id` int(11) NOT NULL AUTO_INCREMENT,
  `version` varchar(50) NOT NULL,
  `schemaVersion` varchar(15) NOT NULL,
  `maintenance` tinyint(1) NOT NULL DEFAULT 0,
  `configVersion` char(12) NOT NULL DEFAULT '000000000000',
  `fieldVersion` char(12) NOT NULL DEFAULT '000000000000',
  `dateCreated` datetime NOT NULL,
  `dateUpdated` datetime NOT NULL,
  `uid` char(36) NOT NULL DEFAULT '0',
  PRIMARY KEY (`id`)
) ENGINE=InnoDB AUTO_INCREMENT=2 DEFAULT CHARSET=utf8mb4 COLLATE=utf8mb4_unicode_ci;

--
-- Table structure for table `migrations`
--

CREATE TABLE `migrations` (
  `id` int(11) NOT NULL AUTO_INCREMENT,
  `track` varchar(255) NOT NULL,
  `name` varchar(255) NOT NULL,
  `applyTime` datetime NOT NULL,
  `dateCreated` datetime NOT NULL,
  `dateUpdated` datetime NOT NULL,
  `uid` char(36) NOT NULL DEFAULT '0',
  PRIMARY KEY (`id`),
  UNIQUE KEY `idx_caydkvmxcmpjrtumygijfmdwesigxcxrgnkc` (`track`,`name`)
) ENGINE=InnoDB AUTO_INCREMENT=187 DEFAULT CHARSET=utf8mb4 COLLATE=utf8mb4_unicode_ci;

--
-- Table structure for table `plugins`
--

CREATE TABLE `plugins` (
  `id` int(11) NOT NULL AUTO_INCREMENT,
  `handle` varchar(255) NOT NULL,
  `version` varchar(255) NOT NULL,
  `schemaVersion` varchar(255) NOT NULL,
  `installDate` datetime NOT NULL,
  `dateCreated` datetime NOT NULL,
  `dateUpdated` datetime NOT NULL,
  `uid` char(36) NOT NULL DEFAULT '0',
  PRIMARY KEY (`id`),
  UNIQUE KEY `idx_cdnafpmgxmqfjdohphrmwyclvsfscyjfnfhb` (`handle`)
) ENGINE=InnoDB AUTO_INCREMENT=12 DEFAULT CHARSET=utf8mb4 COLLATE=utf8mb4_unicode_ci;

--
-- Table structure for table `projectconfig`
--

CREATE TABLE `projectconfig` (
  `path` varchar(255) NOT NULL,
  `value` text NOT NULL,
  PRIMARY KEY (`path`)
) ENGINE=InnoDB DEFAULT CHARSET=utf8mb4 COLLATE=utf8mb4_unicode_ci;

--
-- Table structure for table `queue`
--

CREATE TABLE `queue` (
  `id` int(11) NOT NULL AUTO_INCREMENT,
  `channel` varchar(255) NOT NULL DEFAULT 'queue',
  `job` longblob NOT NULL,
  `description` text DEFAULT NULL,
  `timePushed` int(11) NOT NULL,
  `ttr` int(11) NOT NULL,
  `delay` int(11) NOT NULL DEFAULT 0,
  `priority` int(11) unsigned NOT NULL DEFAULT 1024,
  `dateReserved` datetime DEFAULT NULL,
  `timeUpdated` int(11) DEFAULT NULL,
  `progress` smallint(6) NOT NULL DEFAULT 0,
  `progressLabel` varchar(255) DEFAULT NULL,
  `attempt` int(11) DEFAULT NULL,
  `fail` tinyint(1) DEFAULT 0,
  `dateFailed` datetime DEFAULT NULL,
  `error` text DEFAULT NULL,
  PRIMARY KEY (`id`),
  KEY `idx_ziegnuyukzjgftnnorzdddbxuizohjapydui` (`channel`,`fail`,`timeUpdated`,`timePushed`),
  KEY `idx_zojpiiaaimokdbicmytovxlzwestcotajxza` (`channel`,`fail`,`timeUpdated`,`delay`)
) ENGINE=InnoDB AUTO_INCREMENT=5928 DEFAULT CHARSET=utf8mb4 COLLATE=utf8mb4_unicode_ci;

--
-- Table structure for table `recoverycodes`
--

CREATE TABLE `recoverycodes` (
  `id` int(11) NOT NULL AUTO_INCREMENT,
  `userId` int(11) NOT NULL,
  `recoveryCodes` text DEFAULT NULL,
  `dateCreated` datetime NOT NULL,
  `dateUpdated` datetime NOT NULL,
  PRIMARY KEY (`id`)
) ENGINE=InnoDB DEFAULT CHARSET=utf8mb4 COLLATE=utf8mb4_unicode_ci;

--
-- Table structure for table `relations`
--

CREATE TABLE `relations` (
  `id` int(11) NOT NULL AUTO_INCREMENT,
  `fieldId` int(11) NOT NULL,
  `sourceId` int(11) NOT NULL,
  `sourceSiteId` int(11) DEFAULT NULL,
  `targetId` int(11) NOT NULL,
  `sortOrder` smallint(6) unsigned DEFAULT NULL,
  `dateCreated` datetime NOT NULL,
  `dateUpdated` datetime NOT NULL,
  `uid` char(36) NOT NULL DEFAULT '0',
  PRIMARY KEY (`id`),
  UNIQUE KEY `idx_avvrlqzhjcuvefkxwckpuhtwaipathpoufex` (`fieldId`,`sourceId`,`sourceSiteId`,`targetId`),
  KEY `idx_femynvinyrqkmmqvlalmzubgadargdbphqbx` (`sourceId`),
  KEY `idx_jnfvraqnxwleexuotgefnxtehxuptmpeklww` (`targetId`),
  KEY `idx_fjknlwqbldenhgbmstqwczmhcweqmgpiwmvj` (`sourceSiteId`),
  CONSTRAINT `fk_feywtijdtjxyefvtagkonkwdjrosbauqhbio` FOREIGN KEY (`sourceSiteId`) REFERENCES `sites` (`id`) ON DELETE CASCADE ON UPDATE CASCADE,
  CONSTRAINT `fk_jxhgmstzgjzwrbalweoolojhabonwhnepekk` FOREIGN KEY (`fieldId`) REFERENCES `fields` (`id`) ON DELETE CASCADE,
  CONSTRAINT `fk_mdzvmllqakcocyrwixsorkmxaixlxzzwslyp` FOREIGN KEY (`sourceId`) REFERENCES `elements` (`id`) ON DELETE CASCADE
) ENGINE=InnoDB AUTO_INCREMENT=611 DEFAULT CHARSET=utf8mb4 COLLATE=utf8mb4_unicode_ci;

--
-- Table structure for table `resourcepaths`
--

CREATE TABLE `resourcepaths` (
  `hash` varchar(255) NOT NULL,
  `path` varchar(255) NOT NULL,
  PRIMARY KEY (`hash`)
) ENGINE=InnoDB DEFAULT CHARSET=utf8mb4 COLLATE=utf8mb4_unicode_ci;

--
-- Table structure for table `revisions`
--

CREATE TABLE `revisions` (
  `id` int(11) NOT NULL AUTO_INCREMENT,
  `canonicalId` int(11) NOT NULL,
  `creatorId` int(11) DEFAULT NULL,
  `num` int(11) NOT NULL,
  `notes` text DEFAULT NULL,
  PRIMARY KEY (`id`),
  UNIQUE KEY `idx_owddtjfkkeoeezhaegxfrxdjtgcayxplissr` (`canonicalId`,`num`),
  KEY `fk_lcmlhwfuiqfzokcammwojwrmyqzpmohfanff` (`creatorId`),
  CONSTRAINT `fk_lcmlhwfuiqfzokcammwojwrmyqzpmohfanff` FOREIGN KEY (`creatorId`) REFERENCES `users` (`id`) ON DELETE SET NULL,
  CONSTRAINT `fk_opbpmawauohixaftqpekbnmvvhhtmcaqebfy` FOREIGN KEY (`canonicalId`) REFERENCES `elements` (`id`) ON DELETE CASCADE
) ENGINE=InnoDB AUTO_INCREMENT=370 DEFAULT CHARSET=utf8mb4 COLLATE=utf8mb4_unicode_ci;

--
-- Table structure for table `searchindex`
--

CREATE TABLE `searchindex` (
  `elementId` int(11) NOT NULL,
  `attribute` varchar(25) NOT NULL,
  `fieldId` int(11) NOT NULL,
  `siteId` int(11) NOT NULL,
  `keywords` text NOT NULL,
  PRIMARY KEY (`elementId`,`attribute`,`fieldId`,`siteId`),
  FULLTEXT KEY `idx_fmmggmlggcutfibmvkyugqgeujbxxbbymnai` (`keywords`)
) ENGINE=InnoDB DEFAULT CHARSET=utf8mb4 COLLATE=utf8mb4_unicode_ci;

--
-- Table structure for table `searchindexqueue`
--

CREATE TABLE `searchindexqueue` (
  `id` int(11) NOT NULL AUTO_INCREMENT,
  `elementId` int(11) NOT NULL,
  `siteId` int(11) NOT NULL,
  `reserved` tinyint(1) NOT NULL DEFAULT 0,
  PRIMARY KEY (`id`),
  KEY `idx_clhgwjlcmhuasscfufulgfgikcctbzolcpvd` (`elementId`,`siteId`,`reserved`),
  CONSTRAINT `fk_ysxcjlvwwwppbdoafskwwocdccroeeokvesq` FOREIGN KEY (`elementId`) REFERENCES `elements` (`id`) ON DELETE CASCADE
) ENGINE=InnoDB AUTO_INCREMENT=1777 DEFAULT CHARSET=utf8mb4 COLLATE=utf8mb4_unicode_ci;

--
-- Table structure for table `searchindexqueue_fields`
--

CREATE TABLE `searchindexqueue_fields` (
  `jobId` int(11) NOT NULL,
  `fieldHandle` varchar(255) NOT NULL,
  PRIMARY KEY (`jobId`,`fieldHandle`),
  UNIQUE KEY `idx_iekrvwbrjthqdhblnlkwjiyyhgcbrcnpjlno` (`jobId`,`fieldHandle`),
  CONSTRAINT `fk_tyftdgwrfcebkagdhquzcajefafwmxomjsph` FOREIGN KEY (`jobId`) REFERENCES `searchindexqueue` (`id`) ON DELETE CASCADE
) ENGINE=InnoDB DEFAULT CHARSET=utf8mb4 COLLATE=utf8mb4_unicode_ci;

--
-- Table structure for table `sections`
--

CREATE TABLE `sections` (
  `id` int(11) NOT NULL AUTO_INCREMENT,
  `structureId` int(11) DEFAULT NULL,
  `name` varchar(255) NOT NULL,
  `handle` varchar(255) NOT NULL,
  `type` enum('single','channel','structure') NOT NULL DEFAULT 'channel',
  `enableVersioning` tinyint(1) NOT NULL DEFAULT 0,
  `maxAuthors` smallint(6) unsigned DEFAULT NULL,
  `propagationMethod` varchar(255) NOT NULL DEFAULT 'all',
  `defaultPlacement` enum('beginning','end') NOT NULL DEFAULT 'end',
  `previewTargets` longtext CHARACTER SET utf8mb4 COLLATE utf8mb4_bin DEFAULT NULL CHECK (json_valid(`previewTargets`)),
  `dateCreated` datetime NOT NULL,
  `dateUpdated` datetime NOT NULL,
  `dateDeleted` datetime DEFAULT NULL,
  `uid` char(36) NOT NULL DEFAULT '0',
  PRIMARY KEY (`id`),
  KEY `idx_xzdyeggahbnkqcullzrdtvsavxnycjylkmkh` (`handle`),
  KEY `idx_djdcjwupcyupgfxoiyatuspgogfszsmjqoop` (`name`),
  KEY `idx_ozdpxzdrvxzcuswjgrixphybfabmtqfamwak` (`structureId`),
  KEY `idx_goefpskeppjwuopwwksiizlqhcdmsrupxozw` (`dateDeleted`),
  CONSTRAINT `fk_ccqotiinitewkhgubyhqagbubcugdsomhykt` FOREIGN KEY (`structureId`) REFERENCES `structures` (`id`) ON DELETE SET NULL
) ENGINE=InnoDB AUTO_INCREMENT=14 DEFAULT CHARSET=utf8mb4 COLLATE=utf8mb4_unicode_ci;

--
-- Table structure for table `sections_entrytypes`
--

CREATE TABLE `sections_entrytypes` (
  `sectionId` int(11) NOT NULL,
  `typeId` int(11) NOT NULL,
  `sortOrder` smallint(6) unsigned NOT NULL,
  `name` varchar(255) DEFAULT NULL,
  `handle` varchar(255) DEFAULT NULL,
  PRIMARY KEY (`sectionId`,`typeId`),
  KEY `fk_gswigeoembanyiuanuzyiwandtmhirjmityy` (`typeId`),
  CONSTRAINT `fk_befdjvlvydwpaggoylnbvkwzvtznpakreblf` FOREIGN KEY (`sectionId`) REFERENCES `sections` (`id`) ON DELETE CASCADE,
  CONSTRAINT `fk_gswigeoembanyiuanuzyiwandtmhirjmityy` FOREIGN KEY (`typeId`) REFERENCES `entrytypes` (`id`) ON DELETE CASCADE
) ENGINE=InnoDB DEFAULT CHARSET=utf8mb4 COLLATE=utf8mb4_unicode_ci;

--
-- Table structure for table `sections_sites`
--

CREATE TABLE `sections_sites` (
  `id` int(11) NOT NULL AUTO_INCREMENT,
  `sectionId` int(11) NOT NULL,
  `siteId` int(11) NOT NULL,
  `hasUrls` tinyint(1) NOT NULL DEFAULT 1,
  `uriFormat` text DEFAULT NULL,
  `template` varchar(500) DEFAULT NULL,
  `enabledByDefault` tinyint(1) NOT NULL DEFAULT 1,
  `dateCreated` datetime NOT NULL,
  `dateUpdated` datetime NOT NULL,
  `uid` char(36) NOT NULL DEFAULT '0',
  PRIMARY KEY (`id`),
  UNIQUE KEY `idx_rxpchtevpqnpbtgqimvucdxqfzgvguwsdlfz` (`sectionId`,`siteId`),
  KEY `idx_ussyfkuryyonzusidmhuxusfegnpxtljhytl` (`siteId`),
  CONSTRAINT `fk_jpurxwxavxscrpkjvocxjzrfjsxreahvnlcn` FOREIGN KEY (`sectionId`) REFERENCES `sections` (`id`) ON DELETE CASCADE,
  CONSTRAINT `fk_txcagvilxlkydqrybrhjddicmqpdwylqshln` FOREIGN KEY (`siteId`) REFERENCES `sites` (`id`) ON DELETE CASCADE ON UPDATE CASCADE
) ENGINE=InnoDB AUTO_INCREMENT=31 DEFAULT CHARSET=utf8mb4 COLLATE=utf8mb4_unicode_ci;

--
-- Table structure for table `seo_redirects`
--

CREATE TABLE `seo_redirects` (
  `id` int(11) NOT NULL AUTO_INCREMENT,
  `uri` varchar(255) NOT NULL,
  `to` varchar(255) NOT NULL,
  `type` enum('301','302') NOT NULL,
  `siteId` int(11) DEFAULT NULL,
  `order` int(11) DEFAULT NULL,
  `dateCreated` datetime NOT NULL,
  `dateUpdated` datetime NOT NULL,
  `uid` char(36) NOT NULL DEFAULT '0',
  PRIMARY KEY (`id`)
) ENGINE=InnoDB DEFAULT CHARSET=utf8mb4 COLLATE=utf8mb4_unicode_ci;

--
-- Table structure for table `seo_sitemap`
--

CREATE TABLE `seo_sitemap` (
  `id` int(11) NOT NULL AUTO_INCREMENT,
  `group` enum('sections','categories','productTypes','customUrls') NOT NULL,
  `url` varchar(255) NOT NULL,
  `frequency` enum('always','hourly','daily','weekly','monthly','yearly','never') NOT NULL,
  `priority` float NOT NULL,
  `enabled` tinyint(1) NOT NULL DEFAULT 0,
  `dateCreated` datetime NOT NULL,
  `dateUpdated` datetime NOT NULL,
  `uid` char(36) NOT NULL DEFAULT '0',
  PRIMARY KEY (`id`)
) ENGINE=InnoDB DEFAULT CHARSET=utf8mb4 COLLATE=utf8mb4_unicode_ci;

--
-- Table structure for table `sequences`
--

CREATE TABLE `sequences` (
  `name` varchar(255) NOT NULL,
  `next` int(11) unsigned NOT NULL DEFAULT 1,
  PRIMARY KEY (`name`)
) ENGINE=InnoDB DEFAULT CHARSET=utf8mb4 COLLATE=utf8mb4_unicode_ci;

--
-- Table structure for table `sessions`
--

CREATE TABLE `sessions` (
  `id` int(11) NOT NULL AUTO_INCREMENT,
  `userId` int(11) NOT NULL,
  `token` char(100) NOT NULL,
  `dateCreated` datetime NOT NULL,
  `dateUpdated` datetime NOT NULL,
  `uid` char(36) NOT NULL DEFAULT '0',
  PRIMARY KEY (`id`),
  KEY `idx_dyoaeifzndseonadriocjjrfybiygadlyqsx` (`uid`),
  KEY `idx_zvpzzsrraoaoyyunfezsolwkplgcssbmyxtp` (`token`),
  KEY `idx_tebhlqkyssbzfzpavaedqtjbckojrfralfmq` (`dateUpdated`),
  KEY `idx_rjexpvbnricmhvxajamfuwakpltruyghchvu` (`userId`),
  CONSTRAINT `fk_ljwfivolepoqxkzuaypxbzgwamflnfxuwbpv` FOREIGN KEY (`userId`) REFERENCES `users` (`id`) ON DELETE CASCADE
) ENGINE=InnoDB AUTO_INCREMENT=27 DEFAULT CHARSET=utf8mb4 COLLATE=utf8mb4_unicode_ci;

--
-- Table structure for table `shunnedmessages`
--

CREATE TABLE `shunnedmessages` (
  `id` int(11) NOT NULL AUTO_INCREMENT,
  `userId` int(11) NOT NULL,
  `message` varchar(255) NOT NULL,
  `expiryDate` datetime DEFAULT NULL,
  `dateCreated` datetime NOT NULL,
  `dateUpdated` datetime NOT NULL,
  `uid` char(36) NOT NULL DEFAULT '0',
  PRIMARY KEY (`id`),
  UNIQUE KEY `idx_mrmrlocvjsilyelrfxttnlsbafaoqywdjoko` (`userId`,`message`),
  CONSTRAINT `fk_whsnuupqzdnjdofltpdiqmtwlwnzvnmerskf` FOREIGN KEY (`userId`) REFERENCES `users` (`id`) ON DELETE CASCADE
) ENGINE=InnoDB DEFAULT CHARSET=utf8mb4 COLLATE=utf8mb4_unicode_ci;

--
-- Table structure for table `sitegroups`
--

CREATE TABLE `sitegroups` (
  `id` int(11) NOT NULL AUTO_INCREMENT,
  `name` varchar(255) NOT NULL,
  `dateCreated` datetime NOT NULL,
  `dateUpdated` datetime NOT NULL,
  `dateDeleted` datetime DEFAULT NULL,
  `uid` char(36) NOT NULL DEFAULT '0',
  PRIMARY KEY (`id`),
  KEY `idx_dgsmuqdpwoyligexljmgndkiaxztsvzyxqnl` (`name`)
) ENGINE=InnoDB AUTO_INCREMENT=2 DEFAULT CHARSET=utf8mb4 COLLATE=utf8mb4_unicode_ci;

--
-- Table structure for table `sites`
--

CREATE TABLE `sites` (
  `id` int(11) NOT NULL AUTO_INCREMENT,
  `groupId` int(11) NOT NULL,
  `primary` tinyint(1) NOT NULL,
  `enabled` varchar(255) NOT NULL DEFAULT 'true',
  `name` varchar(255) NOT NULL,
  `handle` varchar(255) NOT NULL,
  `language` varchar(255) NOT NULL,
  `hasUrls` tinyint(1) NOT NULL DEFAULT 0,
  `baseUrl` varchar(255) DEFAULT NULL,
  `sortOrder` smallint(6) unsigned DEFAULT NULL,
  `dateCreated` datetime NOT NULL,
  `dateUpdated` datetime NOT NULL,
  `dateDeleted` datetime DEFAULT NULL,
  `uid` char(36) NOT NULL DEFAULT '0',
  PRIMARY KEY (`id`),
  KEY `idx_wbxjpumpptzyuqmhjoakyavhfbnhksfrekll` (`dateDeleted`),
  KEY `idx_hbzlqubaesxgpgctxovtghbzklenxxbzjyto` (`handle`),
  KEY `idx_ttpoeldunfwpkscadubjcbqdtnbgqqppawab` (`sortOrder`),
  KEY `fk_qohfwpjibnmnedhnbwzasybmgoaeohllxrlx` (`groupId`),
  CONSTRAINT `fk_qohfwpjibnmnedhnbwzasybmgoaeohllxrlx` FOREIGN KEY (`groupId`) REFERENCES `sitegroups` (`id`) ON DELETE CASCADE
) ENGINE=InnoDB AUTO_INCREMENT=5 DEFAULT CHARSET=utf8mb4 COLLATE=utf8mb4_unicode_ci;

--
-- Table structure for table `sso_identities`
--

CREATE TABLE `sso_identities` (
  `provider` varchar(255) NOT NULL,
  `identityId` varchar(255) NOT NULL,
  `userId` int(11) NOT NULL,
  `dateCreated` datetime NOT NULL,
  `dateUpdated` datetime NOT NULL,
  PRIMARY KEY (`provider`,`identityId`,`userId`),
  KEY `fk_wngtskxbtwntopchkyuljbxpkcjlfutrhteo` (`userId`),
  CONSTRAINT `fk_wngtskxbtwntopchkyuljbxpkcjlfutrhteo` FOREIGN KEY (`userId`) REFERENCES `users` (`id`) ON DELETE CASCADE
) ENGINE=InnoDB DEFAULT CHARSET=utf8mb4 COLLATE=utf8mb4_unicode_ci;

--
-- Table structure for table `structureelements`
--

CREATE TABLE `structureelements` (
  `id` int(11) NOT NULL AUTO_INCREMENT,
  `structureId` int(11) NOT NULL,
  `elementId` int(11) DEFAULT NULL,
  `root` int(11) unsigned DEFAULT NULL,
  `lft` int(11) unsigned NOT NULL,
  `rgt` int(11) unsigned NOT NULL,
  `level` smallint(6) unsigned NOT NULL,
  `dateCreated` datetime NOT NULL,
  `dateUpdated` datetime NOT NULL,
  `uid` char(36) NOT NULL DEFAULT '0',
  PRIMARY KEY (`id`),
  UNIQUE KEY `idx_ewbjbobuuvlctevursnkhbnzsqlvnehubxhr` (`structureId`,`elementId`),
  KEY `idx_swzdvrwphnriqgzezmoefnpinnhiwyrwflfv` (`root`),
  KEY `idx_ixuttplifigrhrzorvrilibpyndhgibubkqh` (`lft`),
  KEY `idx_aiyeljpaptrcqgfrceqmgxbsqnhspafxxeyh` (`rgt`),
  KEY `idx_iwzdguvnhrpnfflufarklnyykyiqjdfoymjg` (`level`),
  KEY `idx_ofhmupkylhhdrfmifxvuqvuxxtqhfrojoidj` (`elementId`),
  CONSTRAINT `fk_ycnmqsaneowetvcrafqjnznghqfjdcxbitcc` FOREIGN KEY (`structureId`) REFERENCES `structures` (`id`) ON DELETE CASCADE
) ENGINE=InnoDB AUTO_INCREMENT=10 DEFAULT CHARSET=utf8mb4 COLLATE=utf8mb4_unicode_ci;

--
-- Table structure for table `structures`
--

CREATE TABLE `structures` (
  `id` int(11) NOT NULL AUTO_INCREMENT,
  `maxLevels` smallint(6) unsigned DEFAULT NULL,
  `dateCreated` datetime NOT NULL,
  `dateUpdated` datetime NOT NULL,
  `dateDeleted` datetime DEFAULT NULL,
  `uid` char(36) NOT NULL DEFAULT '0',
  PRIMARY KEY (`id`),
  KEY `idx_hwdbagjhbhiinmytjohwcakhvmbzzfpwoeny` (`dateDeleted`)
) ENGINE=InnoDB AUTO_INCREMENT=3 DEFAULT CHARSET=utf8mb4 COLLATE=utf8mb4_unicode_ci;

--
-- Table structure for table `systemmessages`
--

CREATE TABLE `systemmessages` (
  `id` int(11) NOT NULL AUTO_INCREMENT,
  `language` varchar(255) NOT NULL,
  `key` varchar(255) NOT NULL,
  `subject` text NOT NULL,
  `body` text NOT NULL,
  `dateCreated` datetime NOT NULL,
  `dateUpdated` datetime NOT NULL,
  `uid` char(36) NOT NULL DEFAULT '0',
  PRIMARY KEY (`id`),
  UNIQUE KEY `idx_mfeazpzcdpkwekyhccubfpvaujenbdhovpqz` (`key`,`language`),
  KEY `idx_yilnhzgfgppkmqydxitkboufqkzuauzyckdb` (`language`)
) ENGINE=InnoDB DEFAULT CHARSET=utf8mb4 COLLATE=utf8mb4_unicode_ci;

--
-- Table structure for table `taggroups`
--

CREATE TABLE `taggroups` (
  `id` int(11) NOT NULL AUTO_INCREMENT,
  `name` varchar(255) NOT NULL,
  `handle` varchar(255) NOT NULL,
  `fieldLayoutId` int(11) DEFAULT NULL,
  `dateCreated` datetime NOT NULL,
  `dateUpdated` datetime NOT NULL,
  `dateDeleted` datetime DEFAULT NULL,
  `uid` char(36) NOT NULL DEFAULT '0',
  PRIMARY KEY (`id`),
  KEY `idx_nzoofcqdqwssoaddornvajjkhhqjajptmpqi` (`name`),
  KEY `idx_ojeukrdncjcbuynlrifxndtbevzzkixighnt` (`handle`),
  KEY `idx_adrsswbzmdfqthuesxuknmjcijssycscyqah` (`dateDeleted`),
  KEY `fk_cjkszvtbdrcnpvyxezszahjdanthybovxlng` (`fieldLayoutId`),
  CONSTRAINT `fk_cjkszvtbdrcnpvyxezszahjdanthybovxlng` FOREIGN KEY (`fieldLayoutId`) REFERENCES `fieldlayouts` (`id`) ON DELETE SET NULL
) ENGINE=InnoDB DEFAULT CHARSET=utf8mb4 COLLATE=utf8mb4_unicode_ci;

--
-- Table structure for table `tags`
--

CREATE TABLE `tags` (
  `id` int(11) NOT NULL,
  `groupId` int(11) NOT NULL,
  `deletedWithGroup` tinyint(1) DEFAULT NULL,
  `dateCreated` datetime NOT NULL,
  `dateUpdated` datetime NOT NULL,
  PRIMARY KEY (`id`),
  KEY `idx_dncovfhgtuhavsdxsofwsytqbsegauljillw` (`groupId`),
  CONSTRAINT `fk_lftilxykewxvhmdvmvlpyhgzzhobhzjzxwyo` FOREIGN KEY (`groupId`) REFERENCES `taggroups` (`id`) ON DELETE CASCADE,
  CONSTRAINT `fk_vwedqtbznozkndcrwlitbucblnzslpwmbpwt` FOREIGN KEY (`id`) REFERENCES `elements` (`id`) ON DELETE CASCADE
) ENGINE=InnoDB DEFAULT CHARSET=utf8mb4 COLLATE=utf8mb4_unicode_ci;

--
-- Table structure for table `usergroups`
--

CREATE TABLE `usergroups` (
  `id` int(11) NOT NULL AUTO_INCREMENT,
  `name` varchar(255) NOT NULL,
  `handle` varchar(255) NOT NULL,
  `description` text DEFAULT NULL,
  `dateCreated` datetime NOT NULL,
  `dateUpdated` datetime NOT NULL,
  `uid` char(36) NOT NULL DEFAULT '0',
  PRIMARY KEY (`id`),
  KEY `idx_igscnyokoxcueevjnzbkslztuevebxceczrb` (`handle`),
  KEY `idx_zoiybvekccjbjucknbgxcgkwpbxdwnzbnqmw` (`name`)
) ENGINE=InnoDB DEFAULT CHARSET=utf8mb4 COLLATE=utf8mb4_unicode_ci;

--
-- Table structure for table `usergroups_users`
--

CREATE TABLE `usergroups_users` (
  `id` int(11) NOT NULL AUTO_INCREMENT,
  `groupId` int(11) NOT NULL,
  `userId` int(11) NOT NULL,
  `dateCreated` datetime NOT NULL,
  `dateUpdated` datetime NOT NULL,
  `uid` char(36) NOT NULL DEFAULT '0',
  PRIMARY KEY (`id`),
  UNIQUE KEY `idx_twdkznkqoopgtjyulxqcrzsjououzwevqobq` (`groupId`,`userId`),
  KEY `idx_bkxsewtqdthjpacjzfiyixpkacglocetzjrs` (`userId`),
  CONSTRAINT `fk_aigpslaxzazbjmfempancbkkshoblrljypmz` FOREIGN KEY (`groupId`) REFERENCES `usergroups` (`id`) ON DELETE CASCADE,
  CONSTRAINT `fk_mhiqnobhbcrqbnngdknpqijrkxbgcxnfkkpr` FOREIGN KEY (`userId`) REFERENCES `users` (`id`) ON DELETE CASCADE
) ENGINE=InnoDB DEFAULT CHARSET=utf8mb4 COLLATE=utf8mb4_unicode_ci;

--
-- Table structure for table `userpermissions`
--

CREATE TABLE `userpermissions` (
  `id` int(11) NOT NULL AUTO_INCREMENT,
  `name` varchar(255) NOT NULL,
  `dateCreated` datetime NOT NULL,
  `dateUpdated` datetime NOT NULL,
  `uid` char(36) NOT NULL DEFAULT '0',
  PRIMARY KEY (`id`),
  UNIQUE KEY `idx_dcfotwtntfrwblcgpbbbxktwdbxwvxxzkuuk` (`name`)
) ENGINE=InnoDB AUTO_INCREMENT=10 DEFAULT CHARSET=utf8mb4 COLLATE=utf8mb4_unicode_ci;

--
-- Table structure for table `userpermissions_usergroups`
--

CREATE TABLE `userpermissions_usergroups` (
  `id` int(11) NOT NULL AUTO_INCREMENT,
  `permissionId` int(11) NOT NULL,
  `groupId` int(11) NOT NULL,
  `dateCreated` datetime NOT NULL,
  `dateUpdated` datetime NOT NULL,
  `uid` char(36) NOT NULL DEFAULT '0',
  PRIMARY KEY (`id`),
  UNIQUE KEY `idx_vavewjrdgldkxkdiikfhanegtnuqujnrkqpa` (`permissionId`,`groupId`),
  KEY `idx_yrgckudjaxhsgzfhirrrosnyfvpjuaadzfzo` (`groupId`),
  CONSTRAINT `fk_igrkofwmpzwjgrdnrppahpzbszatopsfhekl` FOREIGN KEY (`permissionId`) REFERENCES `userpermissions` (`id`) ON DELETE CASCADE,
  CONSTRAINT `fk_londxanbkdudnlghwzyxerxtqmzctjlhcoyo` FOREIGN KEY (`groupId`) REFERENCES `usergroups` (`id`) ON DELETE CASCADE
) ENGINE=InnoDB DEFAULT CHARSET=utf8mb4 COLLATE=utf8mb4_unicode_ci;

--
-- Table structure for table `userpermissions_users`
--

CREATE TABLE `userpermissions_users` (
  `id` int(11) NOT NULL AUTO_INCREMENT,
  `permissionId` int(11) NOT NULL,
  `userId` int(11) NOT NULL,
  `dateCreated` datetime NOT NULL,
  `dateUpdated` datetime NOT NULL,
  `uid` char(36) NOT NULL DEFAULT '0',
  PRIMARY KEY (`id`),
  UNIQUE KEY `idx_vrhrrjwmldpvetcnyazcmnxjkqtjirnrqmuu` (`permissionId`,`userId`),
  KEY `idx_vkiuslvxaplnquwrytdhsmigteypzpiaqwjw` (`userId`),
  CONSTRAINT `fk_pdzkoyhvmmoihzslomzcqzfzubtkocdffqsx` FOREIGN KEY (`userId`) REFERENCES `users` (`id`) ON DELETE CASCADE,
  CONSTRAINT `fk_znuzacixekzoetihrikxfalllwtsybntwjof` FOREIGN KEY (`permissionId`) REFERENCES `userpermissions` (`id`) ON DELETE CASCADE
) ENGINE=InnoDB DEFAULT CHARSET=utf8mb4 COLLATE=utf8mb4_unicode_ci;

--
-- Table structure for table `userpreferences`
--

CREATE TABLE `userpreferences` (
  `userId` int(11) NOT NULL AUTO_INCREMENT,
  `preferences` longtext CHARACTER SET utf8mb4 COLLATE utf8mb4_bin DEFAULT NULL CHECK (json_valid(`preferences`)),
  PRIMARY KEY (`userId`),
  CONSTRAINT `fk_lyjubtqfbxviyuwxdsuouyoylazjfbbtvlfh` FOREIGN KEY (`userId`) REFERENCES `users` (`id`) ON DELETE CASCADE
) ENGINE=InnoDB AUTO_INCREMENT=2 DEFAULT CHARSET=utf8mb4 COLLATE=utf8mb4_unicode_ci;

--
-- Table structure for table `volumefolders`
--

CREATE TABLE `volumefolders` (
  `id` int(11) NOT NULL AUTO_INCREMENT,
  `parentId` int(11) DEFAULT NULL,
  `volumeId` int(11) DEFAULT NULL,
  `name` varchar(255) NOT NULL,
  `path` varchar(255) DEFAULT NULL,
  `dateCreated` datetime NOT NULL,
  `dateUpdated` datetime NOT NULL,
  `uid` char(36) NOT NULL DEFAULT '0',
  PRIMARY KEY (`id`),
  UNIQUE KEY `idx_mphtoaicojbckqqifsikasebqumegfiseffz` (`name`,`parentId`,`volumeId`),
  KEY `idx_blaoxmquxabedeqwbnapvtlhmkwuzypoedye` (`parentId`),
  KEY `idx_edyqcgwwbeypaclyaksgzlpztaixqzdmieec` (`volumeId`),
  CONSTRAINT `fk_odlrbfdquiphdilnexgugagpbhvzlbxzicec` FOREIGN KEY (`parentId`) REFERENCES `volumefolders` (`id`) ON DELETE CASCADE,
  CONSTRAINT `fk_xmzuwvmyniqqijolgkkdqatgdieyvhqymdlo` FOREIGN KEY (`volumeId`) REFERENCES `volumes` (`id`) ON DELETE CASCADE
) ENGINE=InnoDB AUTO_INCREMENT=4 DEFAULT CHARSET=utf8mb4 COLLATE=utf8mb4_unicode_ci;

--
-- Table structure for table `volumes`
--

CREATE TABLE `volumes` (
  `id` int(11) NOT NULL AUTO_INCREMENT,
  `fieldLayoutId` int(11) DEFAULT NULL,
  `name` varchar(255) NOT NULL,
  `handle` varchar(255) NOT NULL,
  `fs` varchar(255) NOT NULL,
  `subpath` varchar(255) DEFAULT NULL,
  `transformFs` varchar(255) DEFAULT NULL,
  `transformSubpath` varchar(255) DEFAULT NULL,
  `titleTranslationMethod` varchar(255) NOT NULL DEFAULT 'site',
  `titleTranslationKeyFormat` text DEFAULT NULL,
  `altTranslationMethod` varchar(255) NOT NULL DEFAULT 'site',
  `altTranslationKeyFormat` text DEFAULT NULL,
  `sortOrder` smallint(6) unsigned DEFAULT NULL,
  `dateCreated` datetime NOT NULL,
  `dateUpdated` datetime NOT NULL,
  `dateDeleted` datetime DEFAULT NULL,
  `uid` char(36) NOT NULL DEFAULT '0',
  PRIMARY KEY (`id`),
  KEY `idx_zvsfdgwacdoyoytzxyelqtvzsjcyacyrjhpu` (`name`),
  KEY `idx_cphcisyifzsifzhqsexkoigpylxoqmygvdyx` (`handle`),
  KEY `idx_ibmpgmpdmsrzwplkwrgmlrqzqkcppmhelyzw` (`fieldLayoutId`),
  KEY `idx_zzvnwyrfrlzbythmyobyjsftxurxhitobjmr` (`dateDeleted`),
  CONSTRAINT `fk_wqbksejnjsrxuesjlqwvdqmugziyvyirusea` FOREIGN KEY (`fieldLayoutId`) REFERENCES `fieldlayouts` (`id`) ON DELETE SET NULL
) ENGINE=InnoDB AUTO_INCREMENT=2 DEFAULT CHARSET=utf8mb4 COLLATE=utf8mb4_unicode_ci;

--
-- Table structure for table `webauthn`
--

CREATE TABLE `webauthn` (
  `id` int(11) NOT NULL AUTO_INCREMENT,
  `userId` int(11) NOT NULL,
  `credentialId` varchar(255) DEFAULT NULL,
  `credential` text DEFAULT NULL,
  `credentialName` varchar(255) DEFAULT NULL,
  `dateLastUsed` datetime DEFAULT NULL,
  `dateCreated` datetime NOT NULL,
  `dateUpdated` datetime NOT NULL,
  `uid` char(36) NOT NULL DEFAULT '0',
  PRIMARY KEY (`id`),
  KEY `fk_baehhcygyxgukhhvkcnkzospfzwzopvkulmt` (`userId`),
  CONSTRAINT `fk_baehhcygyxgukhhvkcnkzospfzwzopvkulmt` FOREIGN KEY (`userId`) REFERENCES `users` (`id`) ON DELETE CASCADE
) ENGINE=InnoDB DEFAULT CHARSET=utf8mb4 COLLATE=utf8mb4_unicode_ci;

--
-- Table structure for table `widgets`
--

CREATE TABLE `widgets` (
  `id` int(11) NOT NULL AUTO_INCREMENT,
  `userId` int(11) NOT NULL,
  `type` varchar(255) NOT NULL,
  `sortOrder` smallint(6) unsigned DEFAULT NULL,
  `colspan` tinyint(3) DEFAULT NULL,
  `settings` longtext CHARACTER SET utf8mb4 COLLATE utf8mb4_bin DEFAULT NULL CHECK (json_valid(`settings`)),
  `enabled` tinyint(1) NOT NULL DEFAULT 1,
  `dateCreated` datetime NOT NULL,
  `dateUpdated` datetime NOT NULL,
  `uid` char(36) NOT NULL DEFAULT '0',
  PRIMARY KEY (`id`),
  KEY `idx_bgflofgjtdrncjkrvoyfxebfxqolicyfholt` (`userId`),
  CONSTRAINT `fk_pgbsgcdygetsdzdjfuucgsqxqmyusbclfhhx` FOREIGN KEY (`userId`) REFERENCES `users` (`id`) ON DELETE CASCADE
) ENGINE=InnoDB AUTO_INCREMENT=5 DEFAULT CHARSET=utf8mb4 COLLATE=utf8mb4_unicode_ci;

--
-- Dumping routines for database 'suba_forancor'
--


--
-- Host: 127.0.0.1    Database: suba_forancor
-- ------------------------------------------------------


--
-- Dumping data for table `addresses`
--

set autocommit=0;
commit;

--
-- Dumping data for table `announcements`
--

set autocommit=0;
commit;

--
-- Dumping data for table `assetindexingsessions`
--

set autocommit=0;
commit;

--
-- Dumping data for table `assets`
--

set autocommit=0;
INSERT INTO `assets` VALUES (11,1,3,1,'barra_fse-1.jpg','image',NULL,3554,458,288610,NULL,0,0,'2025-04-22 11:04:21','2025-04-22 11:04:21','2025-04-22 11:04:21'),(182,1,3,1,'Social_Media_Share.png','image',NULL,1200,630,803269,NULL,NULL,NULL,'2025-10-24 10:59:43','2025-06-26 08:59:41','2025-10-24 10:59:43'),(183,1,3,1,'Favicon_512.png','image',NULL,512,512,8932,NULL,NULL,NULL,'2025-06-26 08:59:42','2025-06-26 08:59:42','2025-06-26 08:59:42'),(184,1,3,1,'logo-header.svg','image',NULL,201,52,6817,NULL,NULL,NULL,'2025-06-26 08:59:46','2025-06-26 08:59:46','2025-06-26 08:59:46'),(201,1,3,1,'Logo_Footer.svg','image',NULL,178,46,6808,NULL,NULL,NULL,'2025-06-26 09:18:50','2025-06-26 09:18:50','2025-06-26 09:18:50'),(203,1,3,1,'Icon_Facebook.svg','image',NULL,12,23,968,NULL,NULL,NULL,'2025-06-26 09:19:26','2025-06-26 09:19:26','2025-06-26 09:19:26'),(204,1,3,1,'Icon_Instagram.svg','image',NULL,23,23,1553,NULL,NULL,NULL,'2025-06-26 09:19:27','2025-06-26 09:19:27','2025-06-26 09:19:27'),(205,1,3,1,'Icon_LinkedIn.svg','image',NULL,20,20,1254,NULL,NULL,NULL,'2025-06-26 09:19:28','2025-06-26 09:19:28','2025-06-26 09:19:28'),(206,1,3,1,'Icon_YouTube.svg','image',NULL,25,18,840,NULL,NULL,NULL,'2025-06-26 09:19:29','2025-06-26 09:19:29','2025-06-26 09:19:29'),(220,1,3,1,'icon_pdf.svg','image',NULL,40,40,2085,NULL,NULL,NULL,'2025-06-26 11:38:11','2025-06-26 11:38:11','2025-06-26 11:38:11'),(221,1,3,1,'icon_video.svg','image',NULL,40,40,1554,NULL,NULL,NULL,'2025-06-26 11:38:12','2025-06-26 11:38:12','2025-06-26 11:38:12'),(222,1,3,1,'icon_img.svg','image',NULL,40,40,1326,NULL,NULL,NULL,'2025-06-26 11:38:13','2025-06-26 11:38:13','2025-06-26 11:38:13'),(223,1,3,1,'icon_logo.svg','image',NULL,52,35,1136,NULL,NULL,NULL,'2025-06-26 11:38:14','2025-06-26 11:38:14','2025-06-26 11:38:14'),(232,1,3,1,'Video_Intro.mp4','video',NULL,NULL,NULL,6911055,NULL,NULL,NULL,'2025-06-26 14:45:10','2025-06-26 14:45:10','2025-06-26 14:45:10'),(257,1,3,1,'Inicio_Sec_4_IMG.png','image',NULL,720,411,272602,NULL,NULL,NULL,'2025-06-26 14:48:59','2025-06-26 14:48:59','2025-06-26 14:48:59'),(263,1,3,1,'Inicio_Sec_5_IMG.png','image',NULL,720,618,854612,NULL,NULL,NULL,'2025-06-26 14:49:24','2025-06-26 14:49:24','2025-06-26 14:49:24'),(273,1,3,1,'Inicio_Sec_7_IMG.png','image',NULL,957,587,972206,NULL,NULL,NULL,'2025-06-26 14:50:31','2025-06-26 14:50:31','2025-06-26 14:50:31'),(274,1,3,1,'Inicio_Sec_2_IMG.png','image',NULL,948,508,1005125,NULL,NULL,NULL,'2025-06-26 14:50:56','2025-06-26 14:50:56','2025-06-26 14:50:56'),(278,1,3,1,'Inicio_Sec_5_ICON_2.svg','image',NULL,40,40,1530,NULL,NULL,NULL,'2025-06-26 14:51:17','2025-06-26 14:51:17','2025-06-26 14:51:17'),(279,1,3,1,'Inicio_Sec_5_ICON_3.svg','image',NULL,40,40,1129,NULL,NULL,NULL,'2025-06-26 14:51:18','2025-06-26 14:51:18','2025-06-26 14:51:18'),(280,1,3,1,'Inicio_Sec_5_ICON_4.svg','image',NULL,40,40,1043,NULL,NULL,NULL,'2025-06-26 14:51:19','2025-06-26 14:51:19','2025-06-26 14:51:19'),(281,1,3,1,'Inicio_Sec_5_ICON_5.svg','image',NULL,40,40,2597,NULL,NULL,NULL,'2025-06-26 14:51:21','2025-06-26 14:51:21','2025-06-26 14:51:21'),(282,1,3,1,'Inicio_Sec_5_ICON_1.svg','image',NULL,40,40,2088,NULL,NULL,NULL,'2025-06-26 14:51:22','2025-06-26 14:51:22','2025-06-26 14:51:22'),(328,1,3,1,'sobre-sec-4-img.png','image',NULL,720,403,507737,NULL,NULL,NULL,'2025-06-26 15:02:03','2025-06-26 15:02:03','2025-06-26 15:02:03'),(329,1,3,1,'sec-banner-bg-img.png','image',NULL,1920,934,1211102,NULL,NULL,NULL,'2025-06-26 15:02:07','2025-06-26 15:02:07','2025-06-26 15:02:07'),(330,1,3,1,'sobre-sec-2-img.png','image',NULL,720,469,591316,NULL,NULL,NULL,'2025-06-26 15:02:08','2025-06-26 15:02:08','2025-06-26 15:02:08'),(331,1,3,1,'sobre-sec-3-img.png','image',NULL,960,584,873058,NULL,NULL,NULL,'2025-06-26 15:02:10','2025-06-26 15:02:10','2025-06-26 15:02:10'),(338,1,3,1,'cert-2.png','image',NULL,100,101,7240,NULL,NULL,NULL,'2025-06-26 15:05:28','2025-06-26 15:05:28','2025-06-26 15:05:28'),(339,1,3,1,'cer-3.png','image',NULL,78,98,6310,NULL,NULL,NULL,'2025-06-26 15:05:29','2025-06-26 15:05:29','2025-06-26 15:05:29'),(340,1,3,1,'cert-1.png','image',NULL,97,101,7104,NULL,NULL,NULL,'2025-06-26 15:05:30','2025-06-26 15:05:30','2025-06-26 15:05:30'),(386,1,3,1,'servicos-form-img.png','image',NULL,1562,1315,3385988,NULL,NULL,NULL,'2025-06-26 15:18:34','2025-06-26 15:18:35','2025-06-26 15:18:35'),(397,1,3,1,'carreiras-sec-4-img.png','image',NULL,956,967,1095642,NULL,NULL,NULL,'2025-06-26 15:22:56','2025-06-26 15:22:56','2025-06-26 15:22:56'),(399,1,3,1,'icon-salarios.svg','image',NULL,40,40,2034,NULL,NULL,NULL,'2025-06-26 15:23:49','2025-06-26 15:23:49','2025-06-26 15:23:49'),(400,1,3,1,'icon_bebe.svg','image',NULL,40,40,2423,NULL,NULL,NULL,'2025-06-26 15:23:50','2025-06-26 15:23:50','2025-06-26 15:23:50'),(401,1,3,1,'icon_cartao.svg','image',NULL,40,40,1817,NULL,NULL,NULL,'2025-06-26 15:23:51','2025-06-26 15:23:51','2025-06-26 15:23:51'),(402,1,3,1,'icon_despesas.svg','image',NULL,40,40,946,NULL,NULL,NULL,'2025-06-26 15:23:52','2025-06-26 15:23:52','2025-06-26 15:23:52'),(403,1,3,1,'icon_formacao.svg','image',NULL,40,41,1783,NULL,NULL,NULL,'2025-06-26 15:23:53','2025-06-26 15:23:53','2025-06-26 15:23:53'),(404,1,3,1,'icon_premio.svg','image',NULL,40,40,1358,NULL,NULL,NULL,'2025-06-26 15:23:54','2025-06-26 15:23:54','2025-06-26 15:23:54'),(405,1,3,1,'icon_seguro.svg','image',NULL,40,40,1526,NULL,NULL,NULL,'2025-06-26 15:23:55','2025-06-26 15:23:55','2025-06-26 15:23:55'),(406,1,3,1,'icon_viatura.svg','image',NULL,40,40,1412,NULL,NULL,NULL,'2025-06-26 15:23:56','2025-06-26 15:23:56','2025-06-26 15:23:56'),(485,1,3,1,'icon-tel.svg','image',NULL,40,40,1798,NULL,NULL,NULL,'2025-06-26 15:49:15','2025-06-26 15:49:15','2025-06-26 15:49:15'),(486,1,3,1,'icon-centro-logistico.svg','image',NULL,40,40,1339,NULL,NULL,NULL,'2025-06-26 15:49:16','2025-06-26 15:49:16','2025-06-26 15:49:16'),(487,1,3,1,'icon-comercial.svg','image',NULL,40,40,1928,NULL,NULL,NULL,'2025-06-26 15:49:17','2025-06-26 15:49:17','2025-06-26 15:49:17'),(488,1,3,1,'icon-mail.svg','image',NULL,40,40,878,NULL,NULL,NULL,'2025-06-26 15:49:18','2025-06-26 15:49:18','2025-06-26 15:49:18'),(489,1,3,1,'icon-rh.svg','image',NULL,40,40,1556,NULL,NULL,NULL,'2025-06-26 15:49:19','2025-06-26 15:49:19','2025-06-26 15:49:19'),(490,1,3,1,'icon-sede.svg','image',NULL,40,40,3244,NULL,NULL,NULL,'2025-06-26 15:49:20','2025-06-26 15:49:20','2025-06-26 15:49:20'),(552,1,3,1,'2024.png','image',NULL,1000,663,499604,NULL,NULL,NULL,'2025-06-27 08:31:12','2025-06-27 08:31:12','2025-06-27 08:31:12'),(553,1,3,1,'2021.png','image',NULL,1000,790,87778,NULL,NULL,NULL,'2025-06-27 08:31:13','2025-06-27 08:31:13','2025-06-27 08:31:13'),(554,1,3,1,'2021-10.png','image',NULL,1000,790,231894,NULL,NULL,NULL,'2025-06-27 08:31:14','2025-06-27 08:31:14','2025-06-27 08:31:14'),(555,1,3,1,'2021f.png','image',NULL,999,789,44753,NULL,NULL,NULL,'2025-06-27 08:31:14','2025-06-27 08:31:14','2025-06-27 08:31:14'),(556,1,3,1,'2022-d.png','image',NULL,1001,790,134944,NULL,NULL,NULL,'2025-06-27 08:31:15','2025-06-27 08:31:15','2025-06-27 08:31:15'),(557,1,3,1,'2022.png','image',NULL,1000,790,53753,NULL,NULL,NULL,'2025-06-27 08:31:16','2025-06-27 08:31:16','2025-06-27 08:31:16'),(558,1,3,1,'2022-11.png','image',NULL,1000,790,241053,NULL,NULL,NULL,'2025-06-27 08:31:16','2025-06-27 08:31:16','2025-06-27 08:31:16'),(559,1,3,1,'2022-12.png','image',NULL,1000,790,245007,NULL,NULL,NULL,'2025-06-27 08:31:18','2025-06-27 08:31:18','2025-06-27 08:31:18'),(560,1,3,1,'2023.png','image',NULL,1000,790,752231,NULL,NULL,NULL,'2025-06-27 08:31:20','2025-06-27 08:31:20','2025-06-27 08:31:20'),(561,1,3,1,'2023-1.png','image',NULL,1001,790,99480,NULL,NULL,NULL,'2025-06-27 08:31:21','2025-06-27 08:31:21','2025-06-27 08:31:21'),(562,1,3,1,'2023-13.png','image',NULL,1000,790,263091,NULL,NULL,NULL,'2025-06-27 08:31:22','2025-06-27 08:31:22','2025-06-27 08:31:22'),(563,1,3,1,'2023d.png','image',NULL,1001,791,280762,NULL,NULL,NULL,'2025-06-27 08:31:24','2025-06-27 08:31:24','2025-06-27 08:31:24'),(564,1,3,1,'2023f.png','image',NULL,1000,791,48572,NULL,NULL,NULL,'2025-06-27 08:31:25','2025-06-27 08:31:25','2025-06-27 08:31:25'),(571,1,3,1,'NOVA-SEDE.png','image',NULL,4000,2250,13094772,NULL,NULL,NULL,'2025-06-30 16:41:23','2025-06-27 08:35:21','2025-06-30 16:41:24'),(594,1,3,1,'2020.png','image',NULL,1000,789,103645,NULL,NULL,NULL,'2025-06-27 08:40:28','2025-06-27 08:40:28','2025-06-27 08:40:28'),(595,1,3,1,'2020-1.png','image',NULL,1000,789,38035,NULL,NULL,NULL,'2025-06-27 08:40:28','2025-06-27 08:40:28','2025-06-27 08:40:28'),(596,1,3,1,'2013.png','image',NULL,1000,791,30882,NULL,NULL,NULL,'2025-06-27 08:40:29','2025-06-27 08:40:29','2025-06-27 08:40:29'),(597,1,3,1,'2015.png','image',NULL,1000,790,83095,NULL,NULL,NULL,'2025-06-27 08:40:30','2025-06-27 08:40:30','2025-06-27 08:40:30'),(607,1,3,1,'2004.png','image',NULL,1000,790,1473128,NULL,NULL,NULL,'2025-06-27 08:42:43','2025-06-27 08:42:43','2025-06-27 08:42:43'),(608,1,3,1,'2005.png','image',NULL,1000,790,607534,NULL,NULL,NULL,'2025-06-27 08:42:45','2025-06-27 08:42:45','2025-06-27 08:42:45'),(609,1,3,1,'2006.png','image',NULL,1000,790,1358793,NULL,NULL,NULL,'2025-06-27 08:42:47','2025-06-27 08:42:47','2025-06-27 08:42:47'),(610,1,3,1,'2008.png','image',NULL,1000,790,940005,NULL,NULL,NULL,'2025-06-27 08:42:48','2025-06-27 08:42:48','2025-06-27 08:42:48'),(611,1,3,1,'2009.png','image',NULL,999,790,57547,NULL,NULL,NULL,'2025-06-27 08:42:49','2025-06-27 08:42:49','2025-06-27 08:42:49'),(612,1,3,1,'2010.png','image',NULL,1000,790,1192753,NULL,NULL,NULL,'2025-06-27 08:42:51','2025-06-27 08:42:51','2025-06-27 08:42:51'),(619,1,3,1,'2001.png','image',NULL,1000,790,208956,NULL,NULL,NULL,'2025-06-27 08:44:54','2025-06-27 08:44:54','2025-06-27 08:44:54'),(620,1,3,1,'1995.png','image',NULL,1000,790,1392959,NULL,NULL,NULL,'2025-06-27 08:45:00','2025-06-27 08:45:00','2025-06-27 08:45:00'),(621,1,3,1,'1996.png','image',NULL,1000,790,1049538,NULL,NULL,NULL,'2025-06-27 08:45:03','2025-06-27 08:45:03','2025-06-27 08:45:03'),(622,1,3,1,'1999.png','image',NULL,1000,790,1282900,NULL,NULL,NULL,'2025-06-27 08:45:05','2025-06-27 08:45:05','2025-06-27 08:45:05'),(673,1,3,1,'sobre-logo-5.png','image',NULL,168,96,10377,NULL,NULL,NULL,'2025-07-02 09:43:08','2025-06-27 08:46:39','2025-07-02 09:43:08'),(674,1,3,1,'sobre-logo-4.png','image',NULL,110,103,3759,NULL,NULL,NULL,'2025-07-02 09:43:08','2025-06-27 08:46:40','2025-07-02 09:43:08'),(679,1,3,1,'logo-6.png','image',NULL,278,107,10940,NULL,NULL,NULL,'2025-06-27 08:47:20','2025-06-27 08:47:20','2025-06-27 08:47:20'),(680,1,3,1,'logo-1.png','image',NULL,278,107,11090,NULL,NULL,NULL,'2025-06-27 08:47:21','2025-06-27 08:47:21','2025-06-27 08:47:21'),(681,1,3,1,'logo-2.png','image',NULL,278,107,11058,NULL,NULL,NULL,'2025-06-27 08:47:22','2025-06-27 08:47:22','2025-06-27 08:47:22'),(682,1,3,1,'logo-3.png','image',NULL,278,107,9308,NULL,NULL,NULL,'2025-06-27 08:47:23','2025-06-27 08:47:23','2025-06-27 08:47:23'),(683,1,3,1,'logo-4.png','image',NULL,279,107,9728,NULL,NULL,NULL,'2025-06-27 08:47:24','2025-06-27 08:47:24','2025-06-27 08:47:24'),(684,1,3,1,'logo-5.png','image',NULL,278,107,6829,NULL,NULL,NULL,'2025-06-27 08:47:25','2025-06-27 08:47:25','2025-06-27 08:47:25'),(690,1,3,1,'IMG-Guardas-de-segurança.png','image',NULL,1464,610,1194026,NULL,NULL,NULL,'2025-06-27 08:55:55','2025-06-27 08:55:55','2025-06-27 08:55:55'),(693,1,3,1,'IMG-Sinalizacao.temporaria.png','image',NULL,1464,916,2096005,NULL,NULL,NULL,'2025-06-27 08:56:41','2025-06-27 08:56:41','2025-06-27 08:56:41'),(694,1,3,1,'IMG_Barreiras-acusticas.png','image',NULL,1464,788,1730032,NULL,NULL,NULL,'2025-06-27 08:56:44','2025-06-27 08:56:44','2025-06-27 08:56:44'),(695,1,3,1,'IMG_Guardas-de-betao.png','image',NULL,1464,904,2408101,NULL,NULL,NULL,'2025-06-27 08:56:46','2025-06-27 08:56:46','2025-06-27 08:56:46'),(696,1,3,1,'IMG-Estruturas-metalicas.png','image',NULL,1464,796,2079250,NULL,NULL,NULL,'2025-06-27 08:56:49','2025-06-27 08:56:49','2025-06-27 08:56:49'),(697,1,3,1,'IMG-Infraestruturas.png','image',NULL,1464,902,2809438,NULL,NULL,NULL,'2025-06-27 08:56:52','2025-06-27 08:56:52','2025-06-27 08:56:52'),(698,1,3,1,'IMG-Operacao-e-matutencao.png','image',NULL,1464,962,1879737,NULL,NULL,NULL,'2025-06-27 08:56:56','2025-06-27 08:56:56','2025-06-27 08:56:56'),(699,1,3,1,'IMG-Servico-de-limpeza.png','image',NULL,1464,882,2262122,NULL,NULL,NULL,'2025-06-27 08:56:59','2025-06-27 08:56:59','2025-06-27 08:56:59'),(704,1,3,1,'IMG-Obras-de-arte.png','image',NULL,1464,686,2193685,NULL,NULL,NULL,'2025-06-27 08:58:06','2025-06-27 08:58:06','2025-06-27 08:58:06'),(717,1,3,1,'waterblasting.png','image',NULL,1466,530,1738100,NULL,NULL,NULL,'2025-06-27 09:00:47','2025-06-27 09:00:47','2025-06-27 09:00:47'),(722,1,3,1,'CM-BAIÃO-VISITA-A-VIALSIL.jpg','image',NULL,6240,4160,7939492,NULL,NULL,NULL,'2025-06-27 10:12:19','2025-06-27 10:12:19','2025-06-27 10:12:19'),(727,1,3,1,'VISITA-DA-UF-ANCEDE-E-RIBADOURO.png','image',NULL,1476,984,1060619,NULL,NULL,NULL,'2025-06-27 10:14:11','2025-06-27 10:14:11','2025-06-27 10:14:11'),(770,1,3,1,'512655159_1066751594884195_4119121803531518341_n.jpg','image',NULL,1707,960,173624,NULL,NULL,NULL,'2025-06-30 15:10:34','2025-06-30 15:10:34','2025-06-30 15:10:34'),(771,1,3,1,'509819896_1424967618940931_3991722685713720215_n.jpg','image',NULL,1707,960,194490,NULL,NULL,NULL,'2025-06-30 15:10:35','2025-06-30 15:10:35','2025-06-30 15:10:35'),(772,1,3,1,'AQMqSiQGMTgEYB5BTRW3CiQs4c0Te3v54Q541113CJ09yrz6-ZkMOrKS2ZLDCqvjAhUmOhj0UuogqrALf5BjjC3J.mp4','video',NULL,NULL,NULL,16317203,NULL,0,0,'2025-06-30 15:11:04','2025-06-30 15:11:04','2025-06-30 15:11:04'),(776,1,3,1,'AQPooYlBNlKsheRUV3z8zOfzrY1wS4enPYRw0TfFbaEexX66vhdpm-rzsYupfopZ-SI23qzEXZsn2kt8ZVMAZHGQ.mp4','video',NULL,NULL,NULL,20351674,NULL,0,0,'2025-06-30 16:22:24','2025-06-30 16:22:24','2025-06-30 16:22:24'),(780,1,3,1,'Biodiversidade_Episodio4–Os-passaros-Pequenas-asas-para-um-grande-futuro.pdf','pdf',NULL,NULL,NULL,15755145,NULL,NULL,NULL,'2025-06-30 16:34:55','2025-06-30 16:34:55','2025-06-30 16:34:55'),(784,1,3,1,'APRESENTAÇÃO-VIALSIL_ENG.pdf','pdf',NULL,NULL,NULL,9930511,NULL,NULL,NULL,'2025-06-30 16:36:18','2025-06-30 16:36:18','2025-06-30 16:36:18'),(785,1,3,1,'APRESENTAÇÃO-VIALSIL.pdf','pdf',NULL,NULL,NULL,9931347,NULL,NULL,NULL,'2025-06-30 16:36:29','2025-06-30 16:36:29','2025-06-30 16:36:29'),(791,1,3,1,'LOGO-VIALSIL.pdf','pdf',NULL,NULL,NULL,706831,NULL,NULL,NULL,'2025-06-30 16:38:54','2025-06-30 16:38:54','2025-06-30 16:38:54'),(794,1,3,1,'MANUAL-DE-NORMAS-GRÁFICAS_VIALSIL_23.pdf','pdf',NULL,NULL,NULL,6520052,NULL,NULL,NULL,'2025-06-30 16:40:30','2025-06-30 16:40:30','2025-06-30 16:40:30'),(797,1,3,1,'NOVA-SEDE_2025-06-30-164104_uaqw.png','image',NULL,4000,2250,13094772,NULL,0,0,'2025-06-30 16:41:12','2025-06-30 16:41:12','2025-06-30 16:41:12'),(803,1,3,1,'Thumbnail_Video_Institucional.png','image',NULL,720,406,492003,NULL,NULL,NULL,'2025-07-01 10:50:53','2025-07-01 10:50:53','2025-07-01 10:50:53'),(805,1,3,1,'Video-Institucional-2024.mp4','video',NULL,NULL,NULL,94219229,NULL,NULL,NULL,'2025-07-01 10:55:04','2025-07-01 10:55:04','2025-07-01 10:55:04'),(809,1,3,1,'Thumbnail_Reuniao.png','image',NULL,720,406,522446,NULL,NULL,NULL,'2025-07-01 10:55:29','2025-07-01 10:55:29','2025-07-01 10:55:29'),(812,1,3,1,'Thumbnail_Inauguracao.png','image',NULL,720,406,447383,NULL,NULL,NULL,'2025-07-01 10:59:46','2025-07-01 10:59:46','2025-07-01 10:59:46'),(813,1,3,1,'Inauguracao.mp4','video',NULL,NULL,NULL,114758818,NULL,NULL,NULL,'2025-07-01 11:02:30','2025-07-01 11:02:30','2025-07-01 11:02:30'),(816,1,3,1,'Thumbnail_Parada_2023.png','image',NULL,720,406,464478,NULL,NULL,NULL,'2025-07-01 11:04:08','2025-07-01 11:04:08','2025-07-01 11:04:08'),(817,1,3,1,'Parada-2023.mp4','video',NULL,NULL,NULL,73875657,NULL,NULL,NULL,'2025-07-01 11:04:46','2025-07-01 11:04:46','2025-07-01 11:04:46'),(824,1,3,1,'Thumbnail_Historias.png','image',NULL,720,406,488652,NULL,NULL,NULL,'2025-07-01 11:05:39','2025-07-01 11:05:39','2025-07-01 11:05:39'),(825,1,3,1,'Reuniao-Geral-2025.mp4','video',NULL,NULL,NULL,43546179,NULL,NULL,NULL,'2025-07-01 11:06:33','2025-07-01 11:06:33','2025-07-01 11:06:33'),(830,1,3,1,'Historias-da-nossa-familia.mp4','video',NULL,NULL,NULL,110581332,NULL,NULL,NULL,'2025-07-01 11:25:50','2025-07-01 11:25:50','2025-07-01 11:25:50'),(833,1,3,1,'Thumbnail_Cuidadores.png','image',NULL,720,406,658404,NULL,NULL,NULL,'2025-07-01 11:37:11','2025-07-01 11:37:11','2025-07-01 11:37:11'),(834,1,3,1,'Cuidadores.mp4','video',NULL,NULL,NULL,232711220,NULL,NULL,NULL,'2025-07-01 11:39:10','2025-07-01 11:39:10','2025-07-01 11:39:10'),(843,1,3,1,'Thumbnail_Parada_2023_2025-07-01-133756_dcac.png','image',NULL,720,406,464478,NULL,0,0,'2025-07-01 13:37:56','2025-07-01 13:37:56','2025-07-01 13:37:56'),(851,1,3,1,'Política-de-Gestão.pdf','pdf',NULL,NULL,NULL,509994,NULL,NULL,NULL,'2025-07-01 17:06:16','2025-07-01 17:06:16','2025-07-01 17:06:16'),(860,1,3,1,'sobre-logo-4_2025-07-02-094304_jlek.png','image',NULL,110,103,3759,NULL,0,0,'2025-07-02 09:43:04','2025-07-02 09:43:04','2025-07-02 09:43:04'),(861,1,3,1,'sobre-logo-5_2025-07-02-094305_nbbg.png','image',NULL,168,96,10377,NULL,0,0,'2025-07-02 09:43:05','2025-07-02 09:43:05','2025-07-02 09:43:05'),(869,1,3,1,'ASSOCIAÇÃO-EMPRESARIAL-DE-BAIÃO-VISITA-A-VIALSIL.jpg','image',NULL,2048,1365,254045,NULL,NULL,NULL,'2025-07-02 10:45:51','2025-07-02 10:45:51','2025-07-02 10:45:51'),(872,1,3,1,'VISITA-DA-AICCOPN.JPG','image',NULL,6240,4160,9678258,NULL,NULL,NULL,'2025-07-02 10:47:07','2025-07-02 10:47:07','2025-07-02 10:47:07'),(877,1,3,1,'ASSOCIAÇÃO-EMPRESARIAL-DE-PORTUGAL-VISITA-NOVA-SEDE-DA-VIALSIL.jpg','image',NULL,6240,4160,10559445,NULL,NULL,NULL,'2025-07-02 10:48:55','2025-07-02 10:48:56','2025-07-02 10:48:56'),(880,1,3,1,'VIALSIL-VOLTA-A-SER-ISTINGUIDA.png','image',NULL,1476,929,694954,NULL,NULL,NULL,'2025-07-02 10:50:16','2025-07-02 10:50:16','2025-07-02 10:50:16'),(883,1,3,1,'TEIXEIRA-DUARTE-VISITA-A-VIALSIL.jpg','image',NULL,1476,984,230132,NULL,NULL,NULL,'2025-07-02 10:50:52','2025-07-02 10:50:52','2025-07-02 10:50:52'),(886,1,3,1,'AMIGOS-DA-VIALSIL.png','image',NULL,1476,984,1019635,NULL,NULL,NULL,'2025-07-02 10:51:57','2025-07-02 10:51:57','2025-07-02 10:51:57'),(889,1,3,1,'VIALSIL-VESTE-SE-DE-ROSA.png','image',NULL,1476,984,711453,NULL,NULL,NULL,'2025-07-02 10:52:56','2025-07-02 10:52:56','2025-07-02 10:52:56'),(892,1,3,1,'VIALSIL-PROMOVE-INCLUSÃO.png','image',NULL,1476,936,1160745,NULL,NULL,NULL,'2025-07-02 10:54:04','2025-07-02 10:54:04','2025-07-02 10:54:04'),(895,1,3,1,'VIALSIL-JUNTA-SE-À-OERNPARA-PREMIAR.jpg','image',NULL,1476,984,147013,NULL,NULL,NULL,'2025-07-02 10:54:32','2025-07-02 10:54:32','2025-07-02 10:54:32'),(898,1,3,1,'A-Fidelidade-visitou-as-novas-instalações-da-VIALSIL.jpg','image',NULL,1256,837,162020,NULL,NULL,NULL,'2025-07-02 10:55:09','2025-07-02 10:55:09','2025-07-02 10:55:09'),(901,1,3,1,'AS-NOSSAS-SOLUÇÕES_2.pdf','pdf',NULL,NULL,NULL,9394684,NULL,NULL,NULL,'2025-07-02 10:57:57','2025-07-02 10:57:57','2025-07-02 10:57:57'),(904,1,3,1,'AS-NOSSAS-SOLUÇÕES-WB-pt_eng.pdf','pdf',NULL,NULL,NULL,40856333,NULL,NULL,NULL,'2025-07-02 10:58:48','2025-07-02 10:58:48','2025-07-02 10:58:48'),(932,1,3,1,'Favicon.png','image',NULL,256,256,15964,NULL,NULL,NULL,'2025-10-24 10:59:27','2025-10-24 10:59:27','2025-10-24 10:59:27'),(933,1,3,1,'Social_Media_Share_2025-10-24-105938_hcuu.png','image',NULL,1200,630,803269,NULL,0,0,'2025-10-24 10:59:39','2025-10-24 10:59:39','2025-10-24 10:59:39'),(934,1,3,1,'menu-logo.svg','image',NULL,176,39,13299,NULL,NULL,NULL,'2025-10-24 10:59:48','2025-10-24 10:59:48','2025-10-24 10:59:48');
commit;

--
-- Dumping data for table `assets_sites`
--

set autocommit=0;
INSERT INTO `assets_sites` VALUES (11,1,NULL),(11,2,NULL),(11,3,NULL),(11,4,NULL),(182,1,NULL),(182,2,NULL),(183,1,NULL),(183,2,NULL),(184,1,NULL),(184,2,NULL),(201,1,NULL),(201,2,NULL),(203,1,NULL),(203,2,NULL),(204,1,NULL),(204,2,NULL),(205,1,NULL),(205,2,NULL),(206,1,NULL),(206,2,NULL),(220,1,NULL),(220,2,NULL),(221,1,NULL),(221,2,NULL),(222,1,NULL),(222,2,NULL),(223,1,NULL),(223,2,NULL),(232,1,NULL),(232,2,NULL),(257,1,NULL),(257,2,NULL),(263,1,NULL),(263,2,NULL),(273,1,NULL),(273,2,NULL),(274,1,NULL),(274,2,NULL),(278,1,NULL),(278,2,NULL),(279,1,NULL),(279,2,NULL),(280,1,NULL),(280,2,NULL),(281,1,NULL),(281,2,NULL),(282,1,NULL),(282,2,NULL),(328,1,NULL),(328,2,NULL),(329,1,NULL),(329,2,NULL),(330,1,NULL),(330,2,NULL),(331,1,NULL),(331,2,NULL),(338,1,NULL),(338,2,NULL),(339,1,NULL),(339,2,NULL),(340,1,NULL),(340,2,NULL),(386,1,NULL),(386,2,NULL),(397,1,NULL),(397,2,NULL),(399,1,NULL),(399,2,NULL),(400,1,NULL),(400,2,NULL),(401,1,NULL),(401,2,NULL),(402,1,NULL),(402,2,NULL),(403,1,NULL),(403,2,NULL),(404,1,NULL),(404,2,NULL),(405,1,NULL),(405,2,NULL),(406,1,NULL),(406,2,NULL),(485,1,NULL),(485,2,NULL),(486,1,NULL),(486,2,NULL),(487,1,NULL),(487,2,NULL),(488,1,NULL),(488,2,NULL),(489,1,NULL),(489,2,NULL),(490,1,NULL),(490,2,NULL),(552,1,NULL),(552,2,NULL),(553,1,NULL),(553,2,NULL),(554,1,NULL),(554,2,NULL),(555,1,NULL),(555,2,NULL),(556,1,NULL),(556,2,NULL),(557,1,NULL),(557,2,NULL),(558,1,NULL),(558,2,NULL),(559,1,NULL),(559,2,NULL),(560,1,NULL),(560,2,NULL),(561,1,NULL),(561,2,NULL),(562,1,NULL),(562,2,NULL),(563,1,NULL),(563,2,NULL),(564,1,NULL),(564,2,NULL),(571,1,NULL),(571,2,NULL),(594,1,NULL),(594,2,NULL),(595,1,NULL),(595,2,NULL),(596,1,NULL),(596,2,NULL),(597,1,NULL),(597,2,NULL),(607,1,NULL),(607,2,NULL),(608,1,NULL),(608,2,NULL),(609,1,NULL),(609,2,NULL),(610,1,NULL),(610,2,NULL),(611,1,NULL),(611,2,NULL),(612,1,NULL),(612,2,NULL),(619,1,NULL),(619,2,NULL),(620,1,NULL),(620,2,NULL),(621,1,NULL),(621,2,NULL),(622,1,NULL),(622,2,NULL),(673,1,NULL),(673,2,NULL),(674,1,NULL),(674,2,NULL),(679,1,NULL),(679,2,NULL),(680,1,NULL),(680,2,NULL),(681,1,NULL),(681,2,NULL),(682,1,NULL),(682,2,NULL),(683,1,NULL),(683,2,NULL),(684,1,NULL),(684,2,NULL),(690,1,NULL),(690,2,NULL),(693,1,NULL),(693,2,NULL),(694,1,NULL),(694,2,NULL),(695,1,NULL),(695,2,NULL),(696,1,NULL),(696,2,NULL),(697,1,NULL),(697,2,NULL),(698,1,NULL),(698,2,NULL),(699,1,NULL),(699,2,NULL),(704,1,NULL),(704,2,NULL),(717,1,NULL),(717,2,NULL),(722,1,NULL),(722,2,NULL),(727,1,NULL),(727,2,NULL),(770,1,NULL),(770,2,NULL),(771,1,NULL),(771,2,NULL),(772,1,NULL),(772,2,NULL),(776,1,NULL),(776,2,NULL),(780,1,NULL),(780,2,NULL),(784,1,NULL),(784,2,NULL),(785,1,NULL),(785,2,NULL),(791,1,NULL),(791,2,NULL),(794,1,NULL),(794,2,NULL),(797,1,NULL),(797,2,NULL),(803,1,NULL),(803,2,NULL),(805,1,NULL),(805,2,NULL),(809,1,NULL),(809,2,NULL),(812,1,NULL),(812,2,NULL),(813,1,NULL),(813,2,NULL),(816,1,NULL),(816,2,NULL),(817,1,NULL),(817,2,NULL),(824,1,NULL),(824,2,NULL),(825,1,NULL),(825,2,NULL),(830,1,NULL),(830,2,NULL),(833,1,NULL),(833,2,NULL),(834,1,NULL),(834,2,NULL),(843,1,NULL),(843,2,NULL),(851,1,NULL),(851,2,NULL),(860,1,NULL),(860,2,NULL),(861,1,NULL),(861,2,NULL),(869,1,NULL),(869,2,NULL),(872,1,NULL),(872,2,NULL),(877,1,NULL),(877,2,NULL),(880,1,NULL),(880,2,NULL),(883,1,NULL),(883,2,NULL),(886,1,NULL),(886,2,NULL),(889,1,NULL),(889,2,NULL),(892,1,NULL),(892,2,NULL),(895,1,NULL),(895,2,NULL),(898,1,NULL),(898,2,NULL),(901,1,NULL),(901,2,NULL),(904,1,NULL),(904,2,NULL),(932,1,NULL),(932,2,NULL),(933,1,NULL),(933,2,NULL),(934,1,NULL),(934,2,NULL);
commit;

--
-- Dumping data for table `auth_oauth_tokens`
--

set autocommit=0;
commit;

--
-- Dumping data for table `authenticator`
--

set autocommit=0;
commit;

--
-- Dumping data for table `bulkopevents`
--

set autocommit=0;
commit;

--
-- Dumping data for table `categories`
--

set autocommit=0;
INSERT INTO `categories` VALUES (219,2,NULL,NULL,'2025-06-26 11:37:37','2025-06-26 11:37:37'),(224,2,NULL,NULL,'2025-06-26 11:38:25','2025-06-26 11:38:25'),(225,2,NULL,NULL,'2025-06-26 11:42:00','2025-06-26 11:42:00'),(226,2,NULL,NULL,'2025-06-26 11:42:13','2025-06-26 11:42:13'),(227,2,NULL,NULL,'2025-06-26 11:42:30','2025-06-26 11:42:30'),(228,1,NULL,NULL,'2025-06-26 11:42:56','2025-06-26 11:42:56'),(229,1,NULL,NULL,'2025-06-26 11:42:59','2025-06-26 11:42:59');
commit;

--
-- Dumping data for table `categorygroups`
--

set autocommit=0;
INSERT INTO `categorygroups` VALUES (1,1,36,'Categorias','services_products_categories','end','2025-05-22 11:15:20','2025-06-26 11:43:43',NULL,'1806bebc-dd7c-45f3-addb-2fa87346a213'),(2,2,104,'Categorias de Media Kit','media_kit_categories','end','2025-06-26 11:28:23','2025-06-26 11:28:23',NULL,'b3b86c42-218e-4842-85f6-41ba4163e4d5');
commit;

--
-- Dumping data for table `categorygroups_sites`
--

set autocommit=0;
INSERT INTO `categorygroups_sites` VALUES (1,1,1,1,'categoria-de-produtos/{slug}','categoria-de-produtos/_category.twig','2025-05-22 11:15:20','2025-05-22 11:15:20','85c24ecd-b6d9-4c7f-aecb-f178c1205465'),(2,1,2,1,'categoria-de-produtos/{slug}','categoria-de-produtos/_category.twig','2025-05-22 11:15:20','2025-05-22 11:15:20','e5dfa684-a2e0-4057-a0c9-7e6dd839f886'),(3,2,1,1,'categorias-de-media-kit/{slug}',NULL,'2025-06-26 11:28:23','2025-06-26 11:28:33','640997b7-365b-4023-95c8-536d8c5ab8cd'),(4,2,2,1,'categorias-de-media-kit/{slug}',NULL,'2025-06-26 11:28:23','2025-06-26 11:28:33','46142b62-f56c-414a-bca5-7af8613f88f3');
commit;

--
-- Dumping data for table `changedattributes`
--

set autocommit=0;
INSERT INTO `changedattributes` VALUES (13,1,'title','2025-06-26 14:53:54',0,1),(13,2,'title','2025-06-26 14:53:54',1,1),(13,3,'title','2025-04-22 11:08:45',0,1),(13,4,'title','2025-04-22 11:08:45',1,1),(16,1,'title','2025-05-22 11:23:53',0,1),(16,2,'title','2025-05-22 11:23:53',1,1),(18,1,'title','2025-05-22 11:23:53',0,1),(18,2,'title','2025-05-22 11:23:53',1,1),(22,1,'title','2025-05-22 11:23:53',0,1),(22,2,'title','2025-05-22 11:23:53',1,1),(24,1,'title','2025-05-22 11:23:54',0,1),(24,2,'title','2025-05-22 11:23:54',1,1),(28,1,'title','2025-05-22 11:23:54',0,1),(28,2,'title','2025-05-22 11:23:54',1,1),(32,1,'title','2025-05-22 11:23:56',0,1),(32,2,'title','2025-05-22 11:23:56',1,1),(39,1,'title','2025-04-22 11:24:07',0,1),(39,2,'title','2025-04-22 11:24:07',1,1),(39,3,'title','2025-04-22 11:24:07',1,1),(39,4,'title','2025-04-22 11:24:07',1,1),(40,1,'title','2025-05-22 11:23:54',0,1),(40,2,'title','2025-05-22 11:23:54',1,1),(46,1,'title','2025-05-22 11:23:55',0,1),(46,2,'title','2025-05-22 11:23:55',1,1),(53,1,'title','2025-05-22 11:23:55',0,1),(53,2,'title','2025-05-22 11:23:55',1,1),(59,1,'title','2025-05-22 11:23:55',0,1),(59,2,'title','2025-05-22 11:23:55',1,1),(72,1,'postDate','2025-04-22 14:28:37',0,1),(72,1,'status','2025-04-22 14:28:37',0,1),(72,1,'title','2025-10-24 11:00:03',0,1),(72,2,'postDate','2025-04-22 14:28:37',1,1),(72,2,'status','2025-04-22 14:28:37',1,1),(72,2,'title','2025-10-24 11:00:03',1,1),(72,3,'postDate','2025-04-22 14:28:37',1,1),(72,3,'status','2025-04-22 14:28:37',1,1),(72,3,'title','2025-04-22 14:28:37',1,1),(72,4,'postDate','2025-04-22 14:28:37',1,1),(72,4,'status','2025-04-22 14:28:37',1,1),(72,4,'title','2025-04-22 14:28:37',1,1),(73,1,'postDate','2025-04-22 14:27:25',0,1),(73,1,'status','2025-04-22 14:27:25',0,1),(73,1,'title','2025-07-09 14:36:27',0,1),(73,2,'postDate','2025-04-22 14:27:25',1,1),(73,2,'status','2025-04-22 14:27:25',1,1),(73,2,'title','2025-07-09 14:36:26',1,1),(73,3,'postDate','2025-04-22 14:27:25',1,1),(73,3,'status','2025-04-22 14:27:25',1,1),(73,3,'title','2025-04-22 14:27:25',1,1),(73,4,'postDate','2025-04-22 14:27:25',1,1),(73,4,'status','2025-04-22 14:27:25',1,1),(73,4,'title','2025-04-22 14:27:25',1,1),(74,1,'postDate','2025-04-22 14:26:24',0,1),(74,1,'slug','2025-07-02 09:28:54',0,1),(74,1,'status','2025-04-22 14:26:24',0,1),(74,1,'title','2025-07-02 09:28:54',0,1),(74,2,'postDate','2025-04-22 14:26:23',1,1),(74,2,'slug','2025-04-22 14:26:23',1,1),(74,2,'status','2025-04-22 14:26:23',1,1),(74,2,'title','2025-07-02 09:28:54',1,1),(74,3,'postDate','2025-04-22 14:26:23',1,1),(74,3,'slug','2025-04-22 14:26:23',1,1),(74,3,'status','2025-04-22 14:26:23',1,1),(74,3,'title','2025-04-22 14:26:23',1,1),(74,4,'postDate','2025-04-22 14:26:23',1,1),(74,4,'slug','2025-04-22 14:26:23',1,1),(74,4,'status','2025-04-22 14:26:23',1,1),(74,4,'title','2025-04-22 14:26:23',1,1),(75,1,'postDate','2025-04-22 14:26:49',0,1),(75,1,'slug','2025-04-22 14:26:49',0,1),(75,1,'status','2025-04-22 14:26:49',0,1),(75,1,'title','2025-07-09 14:36:27',0,1),(75,2,'postDate','2025-04-22 14:26:49',1,1),(75,2,'slug','2025-04-22 14:26:49',1,1),(75,2,'status','2025-04-22 14:26:49',1,1),(75,2,'title','2025-07-09 14:36:27',1,1),(75,3,'postDate','2025-04-22 14:26:49',1,1),(75,3,'slug','2025-04-22 14:26:49',1,1),(75,3,'status','2025-04-22 14:26:49',1,1),(75,3,'title','2025-04-22 14:26:49',1,1),(75,4,'postDate','2025-04-22 14:26:49',1,1),(75,4,'slug','2025-04-22 14:26:49',1,1),(75,4,'status','2025-04-22 14:26:49',1,1),(75,4,'title','2025-04-22 14:26:49',1,1),(76,1,'postDate','2025-04-22 14:27:16',0,1),(76,1,'slug','2025-06-26 09:21:10',0,1),(76,1,'status','2025-04-22 14:27:16',0,1),(76,1,'title','2025-06-26 09:21:10',0,1),(76,2,'postDate','2025-04-22 14:27:16',1,1),(76,2,'slug','2025-04-22 14:27:16',1,1),(76,2,'status','2025-04-22 14:27:16',1,1),(76,2,'title','2025-06-26 09:21:10',1,1),(76,3,'postDate','2025-04-22 14:27:16',1,1),(76,3,'slug','2025-04-22 14:27:16',1,1),(76,3,'status','2025-04-22 14:27:16',1,1),(76,3,'title','2025-04-22 14:27:16',1,1),(76,4,'postDate','2025-04-22 14:27:16',1,1),(76,4,'slug','2025-04-22 14:27:16',1,1),(76,4,'status','2025-04-22 14:27:16',1,1),(76,4,'title','2025-04-22 14:27:16',1,1),(77,1,'postDate','2025-04-22 14:28:35',0,1),(77,1,'slug','2025-06-26 16:47:02',0,1),(77,1,'status','2025-04-22 14:28:35',0,1),(77,1,'title','2025-06-26 16:47:02',0,1),(77,2,'postDate','2025-04-22 14:28:35',1,1),(77,2,'slug','2025-04-22 14:28:35',1,1),(77,2,'status','2025-04-22 14:28:35',1,1),(77,2,'title','2025-06-26 16:47:02',1,1),(77,3,'postDate','2025-04-22 14:28:35',1,1),(77,3,'slug','2025-04-22 14:28:35',1,1),(77,3,'status','2025-04-22 14:28:35',1,1),(77,3,'title','2025-04-22 14:28:57',1,1),(77,4,'postDate','2025-04-22 14:28:35',1,1),(77,4,'slug','2025-04-22 14:28:35',1,1),(77,4,'status','2025-04-22 14:28:35',1,1),(77,4,'title','2025-04-22 14:28:57',1,1),(108,1,'title','2025-05-22 13:59:06',0,1),(108,2,'title','2025-05-22 13:59:06',1,1),(109,1,'title','2025-05-22 11:23:57',0,1),(109,2,'title','2025-05-22 11:23:57',1,1),(110,1,'title','2025-05-22 13:59:07',0,1),(110,2,'title','2025-05-22 13:59:06',1,1),(112,1,'title','2025-05-22 13:59:07',0,1),(112,2,'title','2025-05-22 13:59:07',1,1),(113,1,'title','2025-05-22 11:23:57',0,1),(113,2,'title','2025-05-22 11:23:57',1,1),(114,1,'title','2025-05-22 13:59:07',0,1),(114,2,'title','2025-05-22 13:59:07',1,1),(115,1,'title','2025-05-22 11:23:57',0,1),(115,2,'title','2025-05-22 11:23:57',1,1),(116,1,'title','2025-05-22 13:59:07',0,1),(116,2,'title','2025-05-22 13:59:07',1,1),(117,1,'title','2025-05-22 11:23:57',0,1),(117,2,'title','2025-05-22 11:23:57',1,1),(118,1,'title','2025-05-22 13:56:39',0,1),(118,2,'title','2025-05-22 13:56:39',1,1),(120,1,'title','2025-05-22 11:23:57',0,1),(120,2,'title','2025-05-22 11:23:57',1,1),(138,1,'title','2025-05-22 11:23:59',0,1),(138,2,'title','2025-05-22 11:23:59',1,1),(139,1,'title','2025-05-22 11:23:59',0,1),(139,2,'title','2025-05-22 11:23:59',1,1),(140,1,'title','2025-05-22 11:23:59',0,1),(140,2,'title','2025-05-22 11:23:59',1,1),(141,1,'title','2025-05-22 11:23:59',0,1),(141,2,'title','2025-05-22 11:23:59',1,1),(142,1,'title','2025-05-22 11:23:59',0,1),(142,2,'title','2025-05-22 11:23:59',1,1),(144,1,'title','2025-05-22 11:23:59',0,1),(144,2,'title','2025-05-22 11:23:59',1,1),(167,1,'title','2025-06-26 15:12:08',0,1),(167,1,'uri','2025-06-26 10:14:33',0,1),(167,2,'uri','2025-06-26 10:14:33',1,1),(187,1,'postDate','2025-06-26 09:09:12',0,1),(187,1,'slug','2025-06-26 09:09:07',0,1),(187,1,'status','2025-06-26 09:09:12',0,1),(187,1,'title','2025-06-26 09:09:07',0,1),(187,2,'postDate','2025-06-26 09:09:12',1,1),(187,2,'slug','2025-06-26 09:09:07',1,1),(187,2,'status','2025-06-26 09:09:12',1,1),(187,2,'title','2025-06-26 09:09:07',1,1),(197,1,'slug','2025-06-27 10:41:40',0,1),(197,1,'title','2025-06-27 10:41:40',0,1),(197,2,'title','2025-06-27 10:41:40',1,1),(198,1,'postDate','2025-06-26 09:17:37',0,1),(198,1,'slug','2025-06-26 09:13:19',0,1),(198,1,'status','2025-06-26 09:17:37',0,1),(198,1,'title','2025-06-26 09:13:19',0,1),(198,2,'postDate','2025-06-26 09:17:37',1,1),(198,2,'slug','2025-06-26 09:13:19',1,1),(198,2,'status','2025-06-26 09:17:37',1,1),(198,2,'title','2025-06-26 09:13:19',1,1),(199,1,'postDate','2025-06-26 09:13:44',0,1),(199,1,'slug','2025-06-26 09:13:44',0,1),(199,1,'status','2025-06-26 09:13:44',0,1),(199,1,'title','2025-06-26 09:13:44',0,1),(199,2,'postDate','2025-06-26 09:13:44',1,1),(199,2,'slug','2025-06-26 09:13:44',1,1),(199,2,'status','2025-06-26 09:13:44',1,1),(199,2,'title','2025-06-26 09:13:44',1,1),(200,1,'postDate','2025-06-26 09:17:32',0,1),(200,1,'slug','2025-06-26 09:17:32',0,1),(200,1,'status','2025-06-26 09:17:32',0,1),(200,1,'title','2025-06-26 09:17:32',0,1),(200,2,'postDate','2025-06-26 09:17:32',1,1),(200,2,'slug','2025-06-26 09:17:32',1,1),(200,2,'status','2025-06-26 09:17:32',1,1),(200,2,'title','2025-06-26 09:17:32',1,1),(208,1,'postDate','2025-06-26 09:20:55',0,1),(208,1,'slug','2025-06-26 09:20:55',0,1),(208,1,'status','2025-06-26 09:20:55',0,1),(208,1,'title','2025-06-26 09:20:55',0,1),(208,2,'postDate','2025-06-26 09:20:55',1,1),(208,2,'slug','2025-06-26 09:20:55',1,1),(208,2,'status','2025-06-26 09:20:55',1,1),(208,2,'title','2025-06-26 09:20:55',1,1),(211,1,'postDate','2025-06-26 09:21:22',0,1),(211,1,'slug','2025-06-26 09:21:22',0,1),(211,1,'status','2025-06-26 09:21:22',0,1),(211,1,'title','2025-06-26 09:21:22',0,1),(211,2,'postDate','2025-06-26 09:21:22',1,1),(211,2,'slug','2025-06-26 09:21:22',1,1),(211,2,'status','2025-06-26 09:21:22',1,1),(211,2,'title','2025-06-26 09:21:22',1,1),(212,1,'postDate','2025-06-26 09:21:41',0,1),(212,1,'slug','2025-06-26 09:21:41',0,1),(212,1,'status','2025-06-26 09:21:41',0,1),(212,1,'title','2025-07-09 14:36:24',0,1),(212,2,'postDate','2025-06-26 09:21:41',1,1),(212,2,'slug','2025-07-09 14:36:24',1,1),(212,2,'status','2025-06-26 09:21:41',1,1),(212,2,'title','2025-07-09 14:36:24',1,1),(219,1,'slug','2025-06-26 11:37:58',0,1),(219,1,'title','2025-06-26 11:37:58',0,1),(219,1,'uri','2025-06-26 11:37:58',0,1),(219,2,'slug','2025-06-26 11:37:58',1,1),(219,2,'title','2025-06-26 11:37:58',1,1),(219,2,'uri','2025-06-26 11:37:58',1,1),(224,1,'slug','2025-06-26 11:38:34',0,1),(224,1,'title','2025-06-26 11:38:34',0,1),(224,1,'uri','2025-06-26 11:38:34',0,1),(224,2,'slug','2025-06-26 11:38:34',1,1),(224,2,'title','2025-06-26 11:38:34',1,1),(224,2,'uri','2025-06-26 11:38:34',1,1),(225,1,'slug','2025-06-26 11:42:13',0,1),(225,1,'title','2025-06-26 11:42:10',0,1),(225,1,'uri','2025-06-26 11:42:13',0,1),(225,2,'slug','2025-06-26 11:42:12',1,1),(225,2,'title','2025-06-26 11:42:09',1,1),(225,2,'uri','2025-06-26 11:42:12',1,1),(226,1,'slug','2025-06-26 11:42:21',0,1),(226,1,'title','2025-06-26 11:42:21',0,1),(226,1,'uri','2025-06-26 11:42:21',0,1),(226,2,'slug','2025-06-26 11:42:20',1,1),(226,2,'title','2025-06-26 11:42:20',1,1),(226,2,'uri','2025-06-26 11:42:20',1,1),(227,1,'slug','2025-06-26 11:42:40',0,1),(227,1,'title','2025-06-26 11:42:40',0,1),(227,1,'uri','2025-06-26 11:42:40',0,1),(227,2,'slug','2025-06-26 11:42:40',1,1),(227,2,'title','2025-06-26 11:42:40',1,1),(227,2,'uri','2025-06-26 11:42:40',1,1),(228,1,'slug','2025-06-26 11:43:06',0,1),(228,1,'title','2025-06-26 11:43:06',0,1),(228,1,'uri','2025-06-26 11:43:06',0,1),(228,2,'slug','2025-06-26 11:43:06',1,1),(228,2,'title','2025-06-26 11:43:06',1,1),(228,2,'uri','2025-06-26 11:43:06',1,1),(229,1,'slug','2025-06-26 11:43:09',0,1),(229,1,'title','2025-06-26 11:43:09',0,1),(229,1,'uri','2025-06-26 11:43:09',0,1),(229,2,'slug','2025-06-26 11:43:09',1,1),(229,2,'title','2025-06-26 11:43:09',1,1),(229,2,'uri','2025-06-26 11:43:09',1,1),(343,2,'title','2025-06-27 11:26:26',1,1),(344,1,'primaryOwnerId','2025-06-27 08:37:01',0,1),(344,2,'primaryOwnerId','2025-06-27 08:37:01',1,1),(346,1,'primaryOwnerId','2025-06-27 08:46:09',0,1),(346,1,'title','2025-06-27 08:46:03',0,1),(346,2,'primaryOwnerId','2025-06-27 08:46:09',1,1),(347,1,'primaryOwnerId','2025-06-27 08:37:02',0,1),(347,2,'primaryOwnerId','2025-06-27 08:37:02',1,1),(348,1,'title','2025-07-02 09:43:22',0,1),(348,2,'title','2025-07-02 09:43:23',1,1),(374,1,'title','2025-06-27 08:47:37',0,1),(374,2,'title','2025-06-27 08:47:37',1,1),(375,1,'title','2025-06-26 15:18:40',0,1),(375,2,'title','2025-06-26 15:18:40',1,1),(414,1,'title','2025-06-30 10:21:24',0,1),(414,2,'title','2025-06-30 10:21:24',1,1),(415,1,'title','2025-06-30 10:21:24',0,1),(415,2,'title','2025-06-30 10:21:24',1,1),(416,1,'title','2025-06-30 10:21:25',0,1),(416,2,'title','2025-06-30 10:21:25',1,1),(425,1,'title','2025-06-30 10:21:25',0,1),(425,2,'title','2025-06-30 10:21:25',1,1),(426,1,'title','2025-06-30 10:21:25',0,1),(426,2,'title','2025-06-30 10:21:25',1,1),(428,1,'title','2025-06-30 10:21:26',0,1),(428,2,'title','2025-06-30 10:21:26',1,1),(429,1,'title','2025-06-30 10:21:27',0,1),(429,2,'title','2025-06-30 10:21:27',1,1),(430,1,'title','2025-06-30 10:21:27',0,1),(430,2,'title','2025-06-30 10:21:27',1,1),(439,1,'title','2025-06-30 10:21:26',0,1),(439,2,'title','2025-06-30 10:21:26',1,1),(440,1,'title','2025-06-30 10:21:26',0,1),(440,2,'title','2025-06-30 10:21:26',1,1),(445,1,'title','2025-06-30 10:21:27',0,1),(445,2,'title','2025-06-30 10:21:27',1,1),(446,1,'title','2025-06-30 10:21:27',0,1),(446,2,'title','2025-06-30 10:21:27',1,1),(453,1,'title','2025-06-26 15:28:39',0,1),(453,2,'title','2025-06-26 15:28:39',1,1),(469,2,'title','2025-06-26 15:48:04',1,1),(492,2,'title','2025-06-26 15:59:25',1,1),(493,1,'primaryOwnerId','2025-06-26 15:59:25',0,1),(493,1,'slug','2025-06-26 15:59:25',0,1),(493,1,'title','2025-06-26 15:59:25',0,1),(493,2,'primaryOwnerId','2025-06-26 15:59:25',1,1),(494,1,'title','2025-06-26 15:59:26',0,1),(494,2,'title','2025-06-26 15:59:26',1,1),(495,1,'title','2025-06-26 15:59:26',0,1),(495,2,'title','2025-07-09 14:37:15',1,1),(496,1,'title','2025-06-26 15:59:27',0,1),(496,2,'title','2025-06-26 15:59:27',1,1),(528,1,'primaryOwnerId','2025-07-09 14:37:14',0,1),(528,1,'slug','2025-07-09 14:37:14',0,1),(528,1,'title','2025-07-09 14:37:14',0,1),(528,2,'primaryOwnerId','2025-07-09 14:37:14',1,1),(528,2,'title','2025-07-09 14:37:14',1,1),(546,1,'postDate','2025-06-26 17:03:34',0,1),(546,1,'slug','2025-06-26 17:03:34',0,1),(546,1,'status','2025-06-26 17:03:34',0,1),(546,1,'title','2025-06-26 17:03:34',0,1),(546,2,'postDate','2025-06-26 17:03:34',1,1),(546,2,'slug','2025-06-26 17:03:34',1,1),(546,2,'status','2025-06-26 17:03:34',1,1),(546,2,'title','2025-06-26 17:03:34',1,1),(547,1,'postDate','2025-06-26 17:03:46',0,1),(547,1,'slug','2025-06-26 17:03:46',0,1),(547,1,'status','2025-06-26 17:03:46',0,1),(547,1,'title','2025-06-26 17:03:46',0,1),(547,2,'postDate','2025-06-26 17:03:46',1,1),(547,2,'slug','2025-06-26 17:03:46',1,1),(547,2,'status','2025-06-26 17:03:46',1,1),(547,2,'title','2025-06-26 17:03:46',1,1),(548,1,'postDate','2025-06-26 17:04:02',0,1),(548,1,'slug','2025-06-26 17:04:02',0,1),(548,1,'status','2025-06-26 17:04:02',0,1),(548,1,'title','2025-06-26 17:04:02',0,1),(548,2,'postDate','2025-06-26 17:04:02',1,1),(548,2,'slug','2025-06-26 17:04:02',1,1),(548,2,'status','2025-06-26 17:04:02',1,1),(548,2,'title','2025-06-26 17:04:02',1,1),(549,1,'postDate','2025-06-26 17:04:14',0,1),(549,1,'slug','2025-06-26 17:04:14',0,1),(549,1,'status','2025-06-26 17:04:14',0,1),(549,1,'title','2025-06-26 17:04:14',0,1),(549,2,'postDate','2025-06-26 17:04:14',1,1),(549,2,'slug','2025-06-26 17:04:14',1,1),(549,2,'status','2025-06-26 17:04:14',1,1),(549,2,'title','2025-06-26 17:04:14',1,1),(550,1,'postDate','2025-06-26 17:04:25',0,1),(550,1,'slug','2025-06-26 17:04:25',0,1),(550,1,'status','2025-06-26 17:04:25',0,1),(550,1,'title','2025-06-26 17:04:25',0,1),(550,2,'postDate','2025-06-26 17:04:25',1,1),(550,2,'slug','2025-06-26 17:04:25',1,1),(550,2,'status','2025-06-26 17:04:25',1,1),(550,2,'title','2025-06-26 17:04:25',1,1),(551,1,'postDate','2025-06-26 17:04:35',0,1),(551,1,'slug','2025-06-26 17:04:35',0,1),(551,1,'status','2025-06-26 17:04:35',0,1),(551,1,'title','2025-06-26 17:04:35',0,1),(551,2,'postDate','2025-06-26 17:04:35',1,1),(551,2,'slug','2025-06-26 17:04:35',1,1),(551,2,'status','2025-06-26 17:04:35',1,1),(551,2,'title','2025-06-26 17:04:35',1,1),(639,1,'primaryOwnerId','2025-06-27 11:26:25',0,1),(639,1,'title','2025-06-27 11:26:25',0,1),(639,2,'primaryOwnerId','2025-06-27 11:26:25',1,1),(689,1,'postDate','2025-06-27 08:56:09',0,1),(689,1,'slug','2025-06-27 08:55:28',0,1),(689,1,'title','2025-06-27 08:55:28',0,1),(689,1,'uri','2025-06-27 08:55:28',0,1),(689,2,'postDate','2025-06-27 08:56:09',1,1),(689,2,'slug','2025-06-27 08:55:28',1,1),(689,2,'title','2025-06-27 08:55:28',1,1),(689,2,'uri','2025-06-27 08:55:28',1,1),(692,1,'postDate','2025-06-27 08:57:08',0,1),(692,1,'slug','2025-06-27 08:57:08',0,1),(692,1,'status','2025-06-27 08:57:08',0,1),(692,1,'title','2025-06-27 08:56:19',0,1),(692,1,'uri','2025-06-27 08:57:08',0,1),(692,2,'postDate','2025-06-27 08:57:08',1,1),(692,2,'slug','2025-06-27 08:57:08',1,1),(692,2,'status','2025-06-27 08:57:08',1,1),(692,2,'title','2025-06-27 08:56:19',1,1),(692,2,'uri','2025-06-27 08:57:08',1,1),(701,1,'postDate','2025-06-27 08:57:32',0,1),(701,1,'slug','2025-06-27 08:57:32',0,1),(701,1,'status','2025-06-27 08:57:32',0,1),(701,1,'title','2025-06-27 08:57:19',0,1),(701,1,'uri','2025-06-27 08:57:32',0,1),(701,2,'postDate','2025-06-27 08:57:32',1,1),(701,2,'slug','2025-06-27 08:57:32',1,1),(701,2,'status','2025-06-27 08:57:32',1,1),(701,2,'title','2025-06-27 08:57:19',1,1),(701,2,'uri','2025-06-27 08:57:32',1,1),(703,1,'postDate','2025-06-27 08:58:13',0,1),(703,1,'slug','2025-06-27 08:58:13',0,1),(703,1,'status','2025-06-27 08:58:13',0,1),(703,1,'title','2025-06-27 08:57:42',0,1),(703,1,'uri','2025-06-27 08:58:13',0,1),(703,2,'postDate','2025-06-27 08:58:13',1,1),(703,2,'slug','2025-06-27 08:58:13',1,1),(703,2,'status','2025-06-27 08:58:13',1,1),(703,2,'title','2025-06-27 08:57:42',1,1),(703,2,'uri','2025-06-27 08:58:13',1,1),(706,1,'postDate','2025-06-27 08:58:36',0,1),(706,1,'slug','2025-06-27 08:58:36',0,1),(706,1,'status','2025-06-27 08:58:36',0,1),(706,1,'title','2025-06-27 08:58:23',0,1),(706,1,'uri','2025-06-27 08:58:36',0,1),(706,2,'postDate','2025-06-27 08:58:36',1,1),(706,2,'slug','2025-06-27 08:58:36',1,1),(706,2,'status','2025-06-27 08:58:36',1,1),(706,2,'title','2025-06-27 08:58:23',1,1),(706,2,'uri','2025-06-27 08:58:36',1,1),(708,1,'postDate','2025-06-27 08:58:55',0,1),(708,1,'slug','2025-06-27 08:58:55',0,1),(708,1,'status','2025-06-27 08:58:55',0,1),(708,1,'title','2025-06-27 08:58:46',0,1),(708,1,'uri','2025-06-27 08:58:55',0,1),(708,2,'postDate','2025-06-27 08:58:55',1,1),(708,2,'slug','2025-06-27 08:58:55',1,1),(708,2,'status','2025-06-27 08:58:55',1,1),(708,2,'title','2025-06-27 08:58:46',1,1),(708,2,'uri','2025-06-27 08:58:55',1,1),(710,1,'postDate','2025-06-27 08:59:13',0,1),(710,1,'slug','2025-06-27 08:59:13',0,1),(710,1,'status','2025-06-27 08:59:13',0,1),(710,1,'title','2025-06-27 08:59:05',0,1),(710,1,'uri','2025-06-27 08:59:13',0,1),(710,2,'postDate','2025-06-27 08:59:13',1,1),(710,2,'slug','2025-06-27 08:59:13',1,1),(710,2,'status','2025-06-27 08:59:13',1,1),(710,2,'title','2025-06-27 08:59:05',1,1),(710,2,'uri','2025-06-27 08:59:13',1,1),(712,1,'postDate','2025-06-27 08:59:31',0,1),(712,1,'slug','2025-06-27 08:59:31',0,1),(712,1,'status','2025-06-27 08:59:31',0,1),(712,1,'title','2025-06-27 08:59:22',0,1),(712,1,'uri','2025-06-27 08:59:31',0,1),(712,2,'postDate','2025-06-27 08:59:31',1,1),(712,2,'slug','2025-06-27 08:59:31',1,1),(712,2,'status','2025-06-27 08:59:31',1,1),(712,2,'title','2025-06-27 08:59:22',1,1),(712,2,'uri','2025-06-27 08:59:31',1,1),(714,1,'postDate','2025-06-27 08:59:50',0,1),(714,1,'slug','2025-06-27 08:59:50',0,1),(714,1,'status','2025-06-27 08:59:50',0,1),(714,1,'title','2025-06-27 08:59:40',0,1),(714,1,'uri','2025-06-27 08:59:50',0,1),(714,2,'postDate','2025-06-27 08:59:50',1,1),(714,2,'slug','2025-06-27 08:59:50',1,1),(714,2,'status','2025-06-27 08:59:50',1,1),(714,2,'title','2025-06-27 08:59:40',1,1),(714,2,'uri','2025-06-27 08:59:50',1,1),(716,1,'postDate','2025-06-27 09:00:58',0,1),(716,1,'slug','2025-06-27 09:00:58',0,1),(716,1,'status','2025-06-27 09:00:58',0,1),(716,1,'title','2025-06-27 09:00:01',0,1),(716,1,'uri','2025-06-27 09:00:58',0,1),(716,2,'postDate','2025-06-27 09:00:58',1,1),(716,2,'slug','2025-06-27 09:00:58',1,1),(716,2,'status','2025-06-27 09:00:58',1,1),(716,2,'title','2025-06-27 09:00:01',1,1),(716,2,'uri','2025-06-27 09:00:58',1,1),(721,1,'postDate','2025-06-27 10:13:06',0,1),(721,1,'slug','2025-06-27 10:11:05',0,1),(721,1,'title','2025-06-27 10:11:05',0,1),(721,1,'uri','2025-06-27 10:11:05',0,1),(721,2,'postDate','2025-06-27 10:13:06',1,1),(721,2,'slug','2025-06-27 10:11:05',1,1),(721,2,'title','2025-06-27 10:11:05',1,1),(721,2,'uri','2025-06-27 10:11:05',1,1),(726,1,'postDate','2025-06-27 10:13:26',0,1),(726,1,'slug','2025-06-27 10:14:17',0,1),(726,1,'status','2025-06-27 10:13:26',0,1),(726,1,'title','2025-06-27 10:13:19',0,1),(726,1,'uri','2025-06-27 10:14:17',0,1),(726,2,'postDate','2025-06-27 10:13:26',1,1),(726,2,'slug','2025-06-27 10:14:17',1,1),(726,2,'status','2025-06-27 10:13:26',1,1),(726,2,'title','2025-06-27 10:13:19',1,1),(726,2,'uri','2025-06-27 10:14:17',1,1),(736,1,'postDate','2025-06-30 09:05:09',0,1),(736,1,'slug','2025-06-30 09:05:09',0,1),(736,1,'title','2025-06-30 09:20:47',0,1),(736,1,'uri','2025-06-30 09:05:09',0,1),(736,2,'postDate','2025-06-30 09:05:09',1,1),(736,2,'slug','2025-06-27 16:06:39',1,1),(736,2,'title','2025-06-27 16:06:39',1,1),(736,2,'uri','2025-06-30 09:05:09',1,1),(743,1,'postDate','2025-06-30 09:21:33',0,1),(743,1,'slug','2025-06-30 09:21:14',0,1),(743,1,'status','2025-06-30 09:21:33',0,1),(743,1,'title','2025-06-30 09:21:14',0,1),(743,1,'uri','2025-06-30 09:21:14',0,1),(743,2,'postDate','2025-06-30 09:21:33',1,1),(743,2,'slug','2025-06-30 09:21:14',1,1),(743,2,'status','2025-06-30 09:21:33',1,1),(743,2,'title','2025-06-30 09:21:14',1,1),(743,2,'uri','2025-06-30 09:21:14',1,1),(745,1,'postDate','2025-06-30 09:37:11',0,1),(745,1,'slug','2025-06-30 09:45:33',0,1),(745,1,'title','2025-06-30 09:43:43',0,1),(745,1,'uri','2025-06-30 09:45:33',0,1),(745,2,'postDate','2025-06-30 09:37:11',1,1),(745,2,'slug','2025-06-30 09:37:05',1,1),(745,2,'title','2025-06-30 09:37:05',1,1),(745,2,'uri','2025-06-30 09:45:33',1,1),(754,1,'slug','2025-06-30 09:45:12',0,1),(754,1,'uri','2025-06-30 09:45:12',0,1),(754,2,'uri','2025-06-30 09:45:12',1,1),(769,1,'postDate','2025-07-01 11:05:18',0,1),(769,1,'slug','2025-06-30 15:11:07',0,1),(769,1,'title','2025-07-01 10:53:34',0,1),(769,1,'uri','2025-06-30 15:11:07',0,1),(769,2,'postDate','2025-07-01 11:05:18',1,1),(769,2,'slug','2025-06-30 15:11:07',1,1),(769,2,'title','2025-06-30 15:09:55',1,1),(769,2,'uri','2025-06-30 15:11:07',1,1),(774,1,'postDate','2025-06-30 15:25:00',0,1),(774,1,'slug','2025-06-30 15:25:00',0,1),(774,1,'title','2025-07-01 10:56:22',0,1),(774,1,'uri','2025-06-30 15:25:00',0,1),(774,2,'postDate','2025-06-30 15:25:00',1,1),(774,2,'slug','2025-06-30 15:25:00',1,1),(774,2,'title','2025-06-30 15:11:25',1,1),(774,2,'uri','2025-06-30 15:25:00',1,1),(779,1,'postDate','2025-06-30 16:35:40',0,1),(779,1,'slug','2025-06-30 16:35:40',0,1),(779,1,'title','2025-06-30 16:44:18',0,1),(779,1,'uri','2025-06-30 16:35:40',0,1),(779,2,'postDate','2025-06-30 16:35:40',1,1),(779,2,'slug','2025-06-30 16:35:40',1,1),(779,2,'title','2025-06-30 16:35:31',1,1),(779,2,'uri','2025-06-30 16:35:40',1,1),(783,1,'postDate','2025-06-30 16:37:14',0,1),(783,1,'slug','2025-06-30 16:37:14',0,1),(783,1,'status','2025-06-30 16:37:14',0,1),(783,1,'title','2025-06-30 16:36:06',0,1),(783,1,'uri','2025-06-30 16:37:14',0,1),(783,2,'postDate','2025-06-30 16:37:14',1,1),(783,2,'slug','2025-06-30 16:37:14',1,1),(783,2,'status','2025-06-30 16:37:14',1,1),(783,2,'title','2025-06-30 16:36:06',1,1),(783,2,'uri','2025-06-30 16:37:14',1,1),(787,1,'postDate','2025-06-30 16:37:30',0,1),(787,1,'slug','2025-06-30 16:37:30',0,1),(787,1,'status','2025-06-30 16:37:30',0,1),(787,1,'title','2025-06-30 16:37:25',0,1),(787,1,'uri','2025-06-30 16:37:30',0,1),(787,2,'postDate','2025-06-30 16:37:30',1,1),(787,2,'slug','2025-06-30 16:37:30',1,1),(787,2,'status','2025-06-30 16:37:30',1,1),(787,2,'title','2025-06-30 16:37:25',1,1),(787,2,'uri','2025-06-30 16:37:30',1,1),(790,1,'postDate','2025-06-30 16:40:10',0,1),(790,1,'slug','2025-06-30 16:40:10',0,1),(790,1,'status','2025-06-30 16:40:10',0,1),(790,1,'title','2025-06-30 16:38:42',0,1),(790,1,'uri','2025-06-30 16:40:10',0,1),(790,2,'postDate','2025-06-30 16:40:10',1,1),(790,2,'slug','2025-06-30 16:40:10',1,1),(790,2,'status','2025-06-30 16:40:10',1,1),(790,2,'title','2025-06-30 16:38:42',1,1),(790,2,'uri','2025-06-30 16:40:10',1,1),(793,1,'postDate','2025-06-30 16:40:43',0,1),(793,1,'slug','2025-06-30 16:40:43',0,1),(793,1,'status','2025-06-30 16:40:43',0,1),(793,1,'title','2025-06-30 16:40:22',0,1),(793,1,'uri','2025-06-30 16:40:43',0,1),(793,2,'postDate','2025-06-30 16:40:43',1,1),(793,2,'slug','2025-06-30 16:40:43',1,1),(793,2,'status','2025-06-30 16:40:43',1,1),(793,2,'title','2025-06-30 16:40:22',1,1),(793,2,'uri','2025-06-30 16:40:43',1,1),(796,1,'postDate','2025-06-30 16:41:56',0,1),(796,1,'slug','2025-06-30 16:41:56',0,1),(796,1,'status','2025-06-30 16:41:56',0,1),(796,1,'title','2025-06-30 16:41:51',0,1),(796,1,'uri','2025-06-30 16:41:56',0,1),(796,2,'postDate','2025-06-30 16:41:56',1,1),(796,2,'slug','2025-06-30 16:41:56',1,1),(796,2,'status','2025-06-30 16:41:56',1,1),(796,2,'title','2025-06-30 16:41:51',1,1),(796,2,'uri','2025-06-30 16:41:56',1,1),(800,1,'postDate','2025-07-01 11:44:56',0,1),(800,1,'slug','2025-07-01 11:44:56',0,1),(800,1,'status','2025-07-01 11:44:56',0,1),(800,1,'title','2025-06-30 16:43:28',0,1),(800,1,'uri','2025-07-01 11:44:56',0,1),(800,2,'postDate','2025-07-01 11:44:56',1,1),(800,2,'slug','2025-06-30 16:43:28',1,1),(800,2,'status','2025-07-01 11:44:56',1,1),(800,2,'title','2025-06-30 16:43:28',1,1),(800,2,'uri','2025-07-01 11:44:56',1,1),(811,1,'postDate','2025-07-01 11:03:45',0,1),(811,1,'slug','2025-07-01 10:59:41',0,1),(811,1,'title','2025-07-01 10:59:41',0,1),(811,1,'uri','2025-07-01 10:59:41',0,1),(811,2,'postDate','2025-07-01 11:03:45',1,1),(811,2,'slug','2025-07-01 10:59:41',1,1),(811,2,'title','2025-07-01 10:59:41',1,1),(811,2,'uri','2025-07-01 10:59:41',1,1),(815,1,'postDate','2025-07-01 11:05:06',0,1),(815,1,'slug','2025-07-01 11:03:59',0,1),(815,1,'status','2025-07-01 11:05:06',0,1),(815,1,'title','2025-07-01 11:03:59',0,1),(815,1,'uri','2025-07-01 11:03:59',0,1),(815,2,'postDate','2025-07-01 11:05:06',1,1),(815,2,'slug','2025-07-01 11:03:59',1,1),(815,2,'status','2025-07-01 11:05:06',1,1),(815,2,'title','2025-07-01 11:03:59',1,1),(815,2,'uri','2025-07-01 11:03:59',1,1),(823,1,'postDate','2025-07-01 11:07:01',0,1),(823,1,'slug','2025-07-01 11:05:35',0,1),(823,1,'title','2025-07-01 11:05:35',0,1),(823,1,'uri','2025-07-01 11:05:35',0,1),(823,2,'postDate','2025-07-01 11:07:01',1,1),(823,2,'slug','2025-07-01 11:05:35',1,1),(823,2,'title','2025-07-01 11:05:35',1,1),(823,2,'uri','2025-07-01 11:05:35',1,1),(832,1,'postDate','2025-07-01 11:44:10',0,1),(832,1,'slug','2025-07-01 11:44:10',0,1),(832,1,'title','2025-07-01 11:37:14',0,1),(832,1,'uri','2025-07-01 11:44:10',0,1),(832,2,'postDate','2025-07-01 11:44:10',1,1),(832,2,'slug','2025-07-01 11:44:10',1,1),(832,2,'title','2025-07-01 11:37:14',1,1),(832,2,'uri','2025-07-01 11:44:10',1,1),(836,1,'postDate','2025-07-01 11:45:19',0,1),(836,1,'slug','2025-07-01 11:45:10',0,1),(836,1,'title','2025-07-01 11:45:10',0,1),(836,1,'uri','2025-07-01 11:45:10',0,1),(836,2,'postDate','2025-07-01 11:45:19',1,1),(836,2,'slug','2025-07-01 11:45:10',1,1),(836,2,'title','2025-07-01 11:45:10',1,1),(836,2,'uri','2025-07-01 11:45:10',1,1),(850,1,'postDate','2025-07-01 17:03:27',0,1),(850,1,'slug','2025-07-01 17:03:27',0,1),(850,1,'status','2025-07-01 17:03:27',0,1),(850,1,'title','2025-07-01 17:03:27',0,1),(850,2,'postDate','2025-07-01 17:03:27',1,1),(850,2,'slug','2025-07-01 17:03:27',1,1),(850,2,'status','2025-07-01 17:03:27',1,1),(850,2,'title','2025-07-01 17:03:27',1,1),(852,1,'postDate','2025-07-01 17:06:51',0,1),(852,1,'slug','2025-07-01 17:06:58',0,1),(852,1,'status','2025-07-01 17:06:51',0,1),(852,1,'title','2025-07-01 17:06:58',0,1),(852,2,'postDate','2025-07-01 17:06:51',1,1),(852,2,'slug','2025-07-01 17:06:51',1,1),(852,2,'status','2025-07-01 17:06:51',1,1),(852,2,'title','2025-07-01 17:06:58',1,1),(868,1,'postDate','2025-07-02 10:47:40',0,1),(868,1,'slug','2025-07-02 10:46:09',0,1),(868,1,'title','2025-07-02 10:46:14',0,1),(868,1,'uri','2025-07-02 10:46:09',0,1),(868,2,'postDate','2025-07-02 10:47:40',1,1),(868,2,'slug','2025-07-02 10:46:09',1,1),(868,2,'title','2025-07-02 10:46:14',1,1),(868,2,'uri','2025-07-02 10:46:09',1,1),(871,1,'postDate','2025-07-02 10:47:28',0,1),(871,1,'slug','2025-07-02 10:46:42',0,1),(871,1,'title','2025-07-02 10:46:42',0,1),(871,1,'uri','2025-07-02 10:46:42',0,1),(871,2,'postDate','2025-07-02 10:47:28',1,1),(871,2,'slug','2025-07-02 10:46:42',1,1),(871,2,'title','2025-07-02 10:46:42',1,1),(871,2,'uri','2025-07-02 10:46:42',1,1),(876,1,'postDate','2025-07-02 10:49:05',0,1),(876,1,'slug','2025-07-02 10:48:28',0,1),(876,1,'title','2025-07-02 10:48:28',0,1),(876,1,'uri','2025-07-02 10:48:28',0,1),(876,2,'postDate','2025-07-02 10:49:05',1,1),(876,2,'slug','2025-07-02 10:48:28',1,1),(876,2,'title','2025-07-02 10:48:28',1,1),(876,2,'uri','2025-07-02 10:48:28',1,1),(879,1,'postDate','2025-07-02 10:50:01',0,1),(879,1,'slug','2025-07-02 10:49:43',0,1),(879,1,'title','2025-07-02 10:49:43',0,1),(879,1,'uri','2025-07-02 10:49:43',0,1),(879,2,'postDate','2025-07-02 10:50:01',1,1),(879,2,'slug','2025-07-02 10:49:43',1,1),(879,2,'title','2025-07-02 10:49:43',1,1),(879,2,'uri','2025-07-02 10:49:43',1,1),(882,1,'postDate','2025-07-02 10:51:03',0,1),(882,1,'slug','2025-07-02 10:50:42',0,1),(882,1,'title','2025-07-02 10:50:42',0,1),(882,1,'uri','2025-07-02 10:50:42',0,1),(882,2,'postDate','2025-07-02 10:51:03',1,1),(882,2,'slug','2025-07-02 10:50:42',1,1),(882,2,'title','2025-07-02 10:50:42',1,1),(882,2,'uri','2025-07-02 10:50:42',1,1),(885,1,'postDate','2025-07-02 10:52:08',0,1),(885,1,'slug','2025-07-02 10:51:35',0,1),(885,1,'status','2025-07-02 10:52:08',0,1),(885,1,'title','2025-07-02 10:51:35',0,1),(885,1,'uri','2025-07-02 10:51:35',0,1),(885,2,'postDate','2025-07-02 10:52:08',1,1),(885,2,'slug','2025-07-02 10:51:35',1,1),(885,2,'status','2025-07-02 10:52:08',1,1),(885,2,'title','2025-07-02 10:51:35',1,1),(885,2,'uri','2025-07-02 10:51:35',1,1),(888,1,'postDate','2025-07-02 10:52:35',0,1),(888,1,'slug','2025-07-02 10:52:30',0,1),(888,1,'title','2025-07-02 10:52:30',0,1),(888,1,'uri','2025-07-02 10:52:30',0,1),(888,2,'postDate','2025-07-02 10:52:35',1,1),(888,2,'slug','2025-07-02 10:52:30',1,1),(888,2,'title','2025-07-02 10:52:30',1,1),(888,2,'uri','2025-07-02 10:52:30',1,1),(891,1,'postDate','2025-07-02 10:53:18',0,1),(891,1,'slug','2025-07-02 10:54:09',0,1),(891,1,'title','2025-07-02 10:53:18',0,1),(891,1,'uri','2025-07-02 10:54:09',0,1),(891,2,'postDate','2025-07-02 10:53:18',1,1),(891,2,'slug','2025-07-02 10:54:09',1,1),(891,2,'title','2025-07-02 10:53:18',1,1),(891,2,'uri','2025-07-02 10:54:09',1,1),(894,1,'postDate','2025-07-02 10:54:44',0,1),(894,1,'slug','2025-07-02 10:54:22',0,1),(894,1,'title','2025-07-02 10:54:22',0,1),(894,1,'uri','2025-07-02 10:54:22',0,1),(894,2,'postDate','2025-07-02 10:54:44',1,1),(894,2,'slug','2025-07-02 10:54:22',1,1),(894,2,'title','2025-07-02 10:54:22',1,1),(894,2,'uri','2025-07-02 10:54:22',1,1),(897,1,'postDate','2025-07-02 10:55:21',0,1),(897,1,'slug','2025-07-02 10:54:57',0,1),(897,1,'title','2025-07-02 10:55:00',0,1),(897,1,'uri','2025-07-02 10:54:57',0,1),(897,2,'postDate','2025-07-02 10:55:21',1,1),(897,2,'slug','2025-07-02 10:54:57',1,1),(897,2,'title','2025-07-02 10:55:00',1,1),(897,2,'uri','2025-07-02 10:54:57',1,1),(903,1,'postDate','2025-07-02 10:59:00',0,1),(903,1,'slug','2025-07-02 10:58:24',0,1),(903,1,'status','2025-07-02 10:59:00',0,1),(903,1,'title','2025-07-02 10:58:24',0,1),(903,1,'uri','2025-07-02 10:58:24',0,1),(903,2,'postDate','2025-07-02 10:59:00',1,1),(903,2,'slug','2025-07-02 10:58:24',1,1),(903,2,'status','2025-07-02 10:59:00',1,1),(903,2,'title','2025-07-02 10:58:24',1,1),(903,2,'uri','2025-07-02 10:58:24',1,1);
commit;

--
-- Dumping data for table `changedfields`
--

set autocommit=0;
INSERT INTO `changedfields` VALUES (2,1,2,'050f8fde-cfb4-4d81-ab6f-9160f2d24d0b','2025-06-26 14:53:54',0,1),(2,1,8,'0594003e-d034-47d7-801a-d8ee57b29a6c','2025-06-26 14:53:54',0,1),(2,1,28,'b8000dca-8e57-4c2f-861b-754e32ec066b','2025-06-26 14:53:54',0,1),(2,1,29,'1b5f0a32-f3ff-4594-975b-b6c1edb4c441','2025-06-26 14:53:54',0,1),(2,1,30,'04d329f2-1145-43fa-bd39-1fdaaaa2bad9','2025-06-26 14:53:54',0,1),(2,1,31,'9e9334a4-f362-4afb-97b7-4352f4ef499e','2025-06-26 14:59:10',0,1),(2,1,83,'d3314444-912e-4b17-8dd5-18380dcaeca2','2025-06-26 14:53:50',0,1),(2,2,2,'050f8fde-cfb4-4d81-ab6f-9160f2d24d0b','2025-04-22 11:08:32',0,1),(2,2,8,'0594003e-d034-47d7-801a-d8ee57b29a6c','2025-04-22 11:22:43',0,1),(2,2,28,'b8000dca-8e57-4c2f-861b-754e32ec066b','2025-04-22 14:39:52',0,1),(2,3,2,'050f8fde-cfb4-4d81-ab6f-9160f2d24d0b','2025-04-22 11:08:45',0,1),(13,1,3,'dae6d17d-dc56-4035-842e-135691ad9737','2025-06-26 14:53:54',0,1),(13,1,4,'7b3c8755-2632-4902-9744-48a4a6c55a1f','2025-06-26 14:53:54',0,1),(13,1,6,'16e13353-4224-47af-875f-52eb424c9111','2025-06-26 14:53:50',0,1),(13,1,7,'da502ed0-9299-4231-a2e8-f61ead2b7e74','2025-06-26 14:53:50',0,1),(13,1,77,'d8396339-a202-49f4-9d19-f652baeef163','2025-06-26 14:53:50',0,1),(13,2,3,'dae6d17d-dc56-4035-842e-135691ad9737','2025-04-22 11:08:32',0,1),(13,2,4,'7b3c8755-2632-4902-9744-48a4a6c55a1f','2025-04-22 11:08:31',0,1),(13,2,77,'d8396339-a202-49f4-9d19-f652baeef163','2025-06-26 14:53:50',1,1),(13,3,3,'dae6d17d-dc56-4035-842e-135691ad9737','2025-04-22 11:08:45',0,1),(13,3,4,'7b3c8755-2632-4902-9744-48a4a6c55a1f','2025-04-22 11:08:45',0,1),(13,4,3,'dae6d17d-dc56-4035-842e-135691ad9737','2025-04-22 11:07:29',1,1),(39,1,3,'141e6a15-ec71-44c2-b14f-637f1239b393','2025-04-22 11:23:50',0,1),(39,1,4,'5c07ee57-7f89-4bc2-8741-7e0418c9ab5c','2025-04-22 11:23:50',0,1),(39,1,6,'9f9105be-d635-4deb-852a-c30e3d8db517','2025-04-22 11:23:50',0,1),(39,1,7,'c76aa994-dc56-4b76-8f66-02b155c6ddce','2025-04-22 11:24:06',0,1),(39,2,3,'141e6a15-ec71-44c2-b14f-637f1239b393','2025-04-22 11:22:42',0,1),(39,2,4,'5c07ee57-7f89-4bc2-8741-7e0418c9ab5c','2025-04-22 11:22:42',0,1),(39,2,6,'9f9105be-d635-4deb-852a-c30e3d8db517','2025-04-22 11:22:42',0,1),(39,3,3,'141e6a15-ec71-44c2-b14f-637f1239b393','2025-04-22 11:22:42',1,1),(39,3,4,'5c07ee57-7f89-4bc2-8741-7e0418c9ab5c','2025-04-22 11:22:42',1,1),(39,4,3,'141e6a15-ec71-44c2-b14f-637f1239b393','2025-04-22 11:22:42',1,1),(39,4,4,'5c07ee57-7f89-4bc2-8741-7e0418c9ab5c','2025-04-22 11:22:42',1,1),(72,1,32,'70bfcbb1-58ea-445e-8c59-705ad1656547','2025-10-24 11:00:03',0,1),(72,1,33,'2c05e797-2ce3-41aa-919c-8ae5a1115999','2025-10-24 11:00:03',0,1),(72,2,32,'70bfcbb1-58ea-445e-8c59-705ad1656547','2025-10-24 11:00:03',1,1),(72,2,33,'2c05e797-2ce3-41aa-919c-8ae5a1115999','2025-10-24 11:00:03',1,1),(72,3,32,'70bfcbb1-58ea-445e-8c59-705ad1656547','2025-04-22 14:28:37',1,1),(72,3,33,'2c05e797-2ce3-41aa-919c-8ae5a1115999','2025-04-22 14:28:37',1,1),(72,4,32,'70bfcbb1-58ea-445e-8c59-705ad1656547','2025-04-22 14:28:37',1,1),(72,4,33,'2c05e797-2ce3-41aa-919c-8ae5a1115999','2025-04-22 14:28:37',1,1),(73,1,3,'5e297a98-bf13-4e1b-973f-52ea1cc06ef8','2025-07-09 14:36:27',0,1),(73,1,33,'ca2b4b7c-49ac-4d95-956b-4a33a1429a1f','2025-07-09 14:36:27',0,1),(73,1,44,'3839e665-2002-49cf-aa83-92fad31c610c','2025-07-09 14:36:27',0,1),(73,1,80,'007c10d3-33ac-4693-9eb1-988c8835aa47','2025-07-09 14:36:27',0,1),(73,1,81,'d6d3a833-a2c1-4de7-95a9-87d846e167a1','2025-07-09 14:36:27',0,1),(73,2,33,'ca2b4b7c-49ac-4d95-956b-4a33a1429a1f','2025-07-09 14:36:26',1,1),(73,2,41,'8a26e131-aee6-49de-8277-39f2602fb6aa','2025-04-22 14:27:25',1,1),(73,2,42,'ab0976f0-fff8-4103-9d31-2d5f9a286883','2025-04-22 14:27:25',1,1),(73,2,44,'3839e665-2002-49cf-aa83-92fad31c610c','2025-04-22 14:27:25',1,1),(73,3,41,'8a26e131-aee6-49de-8277-39f2602fb6aa','2025-04-22 14:27:25',1,1),(73,3,42,'ab0976f0-fff8-4103-9d31-2d5f9a286883','2025-04-22 14:27:25',1,1),(73,3,44,'3839e665-2002-49cf-aa83-92fad31c610c','2025-04-22 14:27:25',1,1),(73,4,41,'8a26e131-aee6-49de-8277-39f2602fb6aa','2025-04-22 14:27:25',1,1),(73,4,42,'ab0976f0-fff8-4103-9d31-2d5f9a286883','2025-04-22 14:27:25',1,1),(73,4,44,'3839e665-2002-49cf-aa83-92fad31c610c','2025-04-22 14:27:25',1,1),(74,1,24,'3a166510-68e2-48a2-9611-82ee8946335d','2025-07-02 09:28:54',0,1),(74,1,35,'76821985-8ee3-4c1b-95ea-cfad82353800','2025-04-22 14:25:51',0,1),(74,1,36,'5ba23977-1820-406c-8ff6-425da00b2d93','2025-04-22 14:26:22',0,1),(74,1,37,'8adea23b-d967-434a-97ad-3fa6d4d69bf9','2025-04-22 14:25:56',0,1),(74,2,35,'76821985-8ee3-4c1b-95ea-cfad82353800','2025-04-22 14:26:24',1,1),(74,2,36,'5ba23977-1820-406c-8ff6-425da00b2d93','2025-04-22 14:26:24',1,1),(74,2,37,'8adea23b-d967-434a-97ad-3fa6d4d69bf9','2025-04-22 14:26:24',1,1),(74,3,35,'76821985-8ee3-4c1b-95ea-cfad82353800','2025-04-22 14:26:24',1,1),(74,3,36,'5ba23977-1820-406c-8ff6-425da00b2d93','2025-04-22 14:26:24',1,1),(74,3,37,'8adea23b-d967-434a-97ad-3fa6d4d69bf9','2025-04-22 14:26:24',1,1),(74,4,35,'76821985-8ee3-4c1b-95ea-cfad82353800','2025-04-22 14:26:24',1,1),(74,4,36,'5ba23977-1820-406c-8ff6-425da00b2d93','2025-04-22 14:26:24',1,1),(74,4,37,'8adea23b-d967-434a-97ad-3fa6d4d69bf9','2025-04-22 14:26:24',1,1),(75,1,4,'19523468-ac44-4c1e-b917-d04d2a18ac4a','2025-07-09 14:36:27',0,1),(75,1,22,'8392326e-eb55-4ccd-bee9-0f232e70c5f1','2025-07-09 14:36:27',0,1),(75,2,4,'19523468-ac44-4c1e-b917-d04d2a18ac4a','2025-04-22 14:26:49',1,1),(75,2,22,'8392326e-eb55-4ccd-bee9-0f232e70c5f1','2025-04-22 14:26:49',1,1),(75,3,4,'19523468-ac44-4c1e-b917-d04d2a18ac4a','2025-04-22 14:26:49',1,1),(75,3,22,'8392326e-eb55-4ccd-bee9-0f232e70c5f1','2025-04-22 14:26:49',1,1),(75,4,4,'19523468-ac44-4c1e-b917-d04d2a18ac4a','2025-04-22 14:26:49',1,1),(75,4,22,'8392326e-eb55-4ccd-bee9-0f232e70c5f1','2025-04-22 14:26:49',1,1),(76,1,25,'40d1a903-6932-4a6f-99fe-7d0d174cdb37','2025-06-26 09:20:04',0,1),(76,1,36,'5eb0d24a-bbbd-40cc-8363-6f885fa482fd','2025-06-26 09:21:10',0,1),(76,2,25,'40d1a903-6932-4a6f-99fe-7d0d174cdb37','2025-06-26 09:20:04',1,1),(76,2,36,'5eb0d24a-bbbd-40cc-8363-6f885fa482fd','2025-06-26 09:21:10',1,1),(76,2,37,'f9780f3b-4271-4999-94f6-5457269813ec','2025-04-22 14:27:16',1,1),(76,2,43,'86971ec8-a7c1-44ba-bcbd-c3403d8a8cdd','2025-04-22 14:27:16',1,1),(76,3,36,'5eb0d24a-bbbd-40cc-8363-6f885fa482fd','2025-04-22 14:27:16',1,1),(76,3,37,'f9780f3b-4271-4999-94f6-5457269813ec','2025-04-22 14:27:16',1,1),(76,3,43,'86971ec8-a7c1-44ba-bcbd-c3403d8a8cdd','2025-04-22 14:27:16',1,1),(76,4,36,'5eb0d24a-bbbd-40cc-8363-6f885fa482fd','2025-04-22 14:27:16',1,1),(76,4,37,'f9780f3b-4271-4999-94f6-5457269813ec','2025-04-22 14:27:16',1,1),(76,4,43,'86971ec8-a7c1-44ba-bcbd-c3403d8a8cdd','2025-04-22 14:27:16',1,1),(77,1,24,'3a166510-68e2-48a2-9611-82ee8946335d','2025-06-26 16:47:02',0,1),(77,1,35,'76821985-8ee3-4c1b-95ea-cfad82353800','2025-04-22 14:27:38',0,1),(77,1,36,'5ba23977-1820-406c-8ff6-425da00b2d93','2025-04-22 14:28:57',0,1),(77,2,35,'76821985-8ee3-4c1b-95ea-cfad82353800','2025-04-22 14:28:35',1,1),(77,2,36,'5ba23977-1820-406c-8ff6-425da00b2d93','2025-04-22 14:28:57',1,1),(77,2,37,'8adea23b-d967-434a-97ad-3fa6d4d69bf9','2025-04-22 14:28:35',1,1),(77,3,35,'76821985-8ee3-4c1b-95ea-cfad82353800','2025-04-22 14:28:35',1,1),(77,3,36,'5ba23977-1820-406c-8ff6-425da00b2d93','2025-04-22 14:28:57',1,1),(77,3,37,'8adea23b-d967-434a-97ad-3fa6d4d69bf9','2025-04-22 14:28:35',1,1),(77,4,35,'76821985-8ee3-4c1b-95ea-cfad82353800','2025-04-22 14:28:35',1,1),(77,4,36,'5ba23977-1820-406c-8ff6-425da00b2d93','2025-04-22 14:28:57',1,1),(77,4,37,'8adea23b-d967-434a-97ad-3fa6d4d69bf9','2025-04-22 14:28:35',1,1),(121,1,4,'cecb103e-455b-416e-b253-a461ab9fd206','2025-07-01 17:02:04',0,1),(121,1,5,'a0bd457c-c79e-4f26-b870-e7fa1f91508d','2025-07-01 16:59:24',0,1),(121,2,4,'cecb103e-455b-416e-b253-a461ab9fd206','2025-04-22 15:08:03',0,1),(121,2,5,'a0bd457c-c79e-4f26-b870-e7fa1f91508d','2025-07-01 16:59:24',1,1),(165,1,49,'2fa6ea01-5834-4bca-9dc4-6d5a522b874a','2025-06-26 15:08:06',0,1),(165,1,50,'aa4e4dff-f17b-48cc-b486-c80b54c92a5a','2025-06-26 15:08:06',0,1),(165,1,51,'bd414280-f111-49e6-8215-6fb813805d31','2025-06-27 11:26:26',0,1),(165,1,52,'bfd2e3d8-d936-443b-bb5c-bb2bfdeb9f79','2025-07-02 09:43:23',0,1),(165,1,53,'19782349-4b17-4142-a39f-78fc8bb123e3','2025-06-26 15:08:06',0,1),(165,1,54,'675bfe7b-6702-4e66-bf02-95331099a3ca','2025-06-26 15:08:06',0,1),(167,1,45,'7b744ec9-bf88-4057-9709-28718685e729','2025-06-26 15:12:08',0,1),(167,1,62,'7c138850-0ff2-4942-b5dc-e97329c35a20','2025-06-26 15:12:08',0,1),(167,1,63,'6b96a43f-99cd-4859-a6c9-028c989aa88e','2025-06-26 15:12:08',0,1),(167,1,64,'79815918-2ec5-4340-8cfb-2731dbfb2652','2025-06-26 15:12:08',0,1),(167,1,86,'ac2b24fa-ffd5-4f8e-9fe9-a8f7ca8dbde1','2025-06-26 15:12:08',0,1),(167,1,87,'e7e32c7f-d33a-48a9-b89f-c0d3a8e528bd','2025-06-27 08:47:37',0,1),(167,1,88,'bb5fd144-025c-48a4-b663-7922444d4f0a','2025-06-26 15:18:41',0,1),(171,1,55,'f1eb27f0-e835-4712-8dbb-5e81a9115333','2025-06-26 15:50:01',0,1),(171,1,56,'f80014e0-d0f1-4bfe-ac67-3d3500e6a893','2025-06-26 15:59:29',0,1),(171,1,57,'74ddc9c6-350d-473c-84da-e655e34e6dad','2025-06-26 15:59:29',0,1),(171,1,58,'66973af7-5c05-4feb-be17-cbaca53f28af','2025-07-09 14:37:15',0,1),(171,1,59,'d7c28b95-eebc-4601-b188-f643afa06b48','2025-06-26 15:59:29',0,1),(173,1,60,'90a257a3-2f21-4080-a016-b93b11ab349b','2025-06-26 15:28:39',0,1),(173,1,61,'b85e4afa-ee6b-4fbf-a2a9-a05bb64572f6','2025-06-26 15:28:12',0,1),(173,1,94,'7e86fd71-ce0e-4a55-850a-51fde7dcfc75','2025-06-26 15:28:12',0,1),(187,1,34,'3836d4e6-b784-413e-a54d-caedbaf8e25b','2025-06-26 09:13:14',0,1),(187,2,34,'3836d4e6-b784-413e-a54d-caedbaf8e25b','2025-06-26 09:09:12',1,1),(197,1,35,'76821985-8ee3-4c1b-95ea-cfad82353800','2025-06-27 10:41:40',0,1),(198,1,34,'3836d4e6-b784-413e-a54d-caedbaf8e25b','2025-06-26 09:13:20',0,1),(198,2,34,'3836d4e6-b784-413e-a54d-caedbaf8e25b','2025-06-26 09:17:37',1,1),(199,1,24,'3a166510-68e2-48a2-9611-82ee8946335d','2025-06-26 09:13:44',0,1),(199,1,35,'76821985-8ee3-4c1b-95ea-cfad82353800','2025-06-26 09:13:24',0,1),(199,1,82,'a6b20cc5-cf54-41d2-85be-5633c12cf313','2025-06-26 09:13:22',0,1),(199,2,24,'3a166510-68e2-48a2-9611-82ee8946335d','2025-06-26 09:13:44',1,1),(199,2,35,'76821985-8ee3-4c1b-95ea-cfad82353800','2025-06-26 09:13:44',1,1),(199,2,82,'a6b20cc5-cf54-41d2-85be-5633c12cf313','2025-06-26 09:13:44',1,1),(200,1,24,'3a166510-68e2-48a2-9611-82ee8946335d','2025-06-26 09:17:31',0,1),(200,1,35,'76821985-8ee3-4c1b-95ea-cfad82353800','2025-06-26 09:13:54',0,1),(200,1,82,'a6b20cc5-cf54-41d2-85be-5633c12cf313','2025-06-26 09:13:52',0,1),(200,2,24,'3a166510-68e2-48a2-9611-82ee8946335d','2025-06-26 09:17:32',1,1),(200,2,35,'76821985-8ee3-4c1b-95ea-cfad82353800','2025-06-26 09:17:32',1,1),(200,2,82,'a6b20cc5-cf54-41d2-85be-5633c12cf313','2025-06-26 09:17:32',1,1),(208,1,25,'40d1a903-6932-4a6f-99fe-7d0d174cdb37','2025-06-26 09:20:47',0,1),(208,1,36,'5eb0d24a-bbbd-40cc-8363-6f885fa482fd','2025-06-26 09:20:54',0,1),(208,2,25,'40d1a903-6932-4a6f-99fe-7d0d174cdb37','2025-06-26 09:20:55',1,1),(208,2,36,'5eb0d24a-bbbd-40cc-8363-6f885fa482fd','2025-06-26 09:20:55',1,1),(211,1,25,'40d1a903-6932-4a6f-99fe-7d0d174cdb37','2025-06-26 09:21:17',0,1),(211,1,36,'5eb0d24a-bbbd-40cc-8363-6f885fa482fd','2025-06-26 09:21:21',0,1),(211,2,25,'40d1a903-6932-4a6f-99fe-7d0d174cdb37','2025-06-26 09:21:22',1,1),(211,2,36,'5eb0d24a-bbbd-40cc-8363-6f885fa482fd','2025-06-26 09:21:22',1,1),(212,1,25,'40d1a903-6932-4a6f-99fe-7d0d174cdb37','2025-06-26 09:21:32',0,1),(212,1,36,'5eb0d24a-bbbd-40cc-8363-6f885fa482fd','2025-07-09 14:36:24',0,1),(212,2,25,'40d1a903-6932-4a6f-99fe-7d0d174cdb37','2025-06-26 09:21:41',1,1),(212,2,36,'5eb0d24a-bbbd-40cc-8363-6f885fa482fd','2025-07-09 14:36:24',1,1),(214,1,89,'a8fb2d63-fcde-482a-b757-c71bfe64934d','2025-06-26 15:25:45',0,1),(214,1,90,'806880f3-81b7-41f7-9931-c78b9551985c','2025-06-26 15:25:45',0,1),(214,1,91,'7263edaa-1709-4742-99e9-3777829a2256','2025-06-26 15:25:45',0,1),(214,1,92,'35913d50-49ae-41f3-a681-d51573434d95','2025-06-26 15:26:14',0,1),(214,1,93,'5c54b6e6-db74-458e-a829-da286252000e','2025-06-26 15:26:14',0,1),(216,1,95,'4788621b-1cd3-498d-bb5e-0668b382fc48','2025-06-26 15:47:29',0,1),(216,1,96,'9ab09fbd-75f8-4e2f-bf7b-9c4d619ab336','2025-06-26 15:47:29',0,1),(216,1,97,'fd47f233-8937-40b7-a37b-f0a9a4f7f391','2025-06-26 15:48:04',0,1),(219,1,25,'eb79ff9c-2681-429d-be66-e7f3ec521033','2025-06-26 11:38:21',0,1),(219,2,25,'eb79ff9c-2681-429d-be66-e7f3ec521033','2025-06-26 11:38:25',1,1),(224,1,25,'eb79ff9c-2681-429d-be66-e7f3ec521033','2025-06-26 11:38:43',0,1),(224,2,25,'eb79ff9c-2681-429d-be66-e7f3ec521033','2025-06-26 11:38:44',1,1),(225,1,25,'eb79ff9c-2681-429d-be66-e7f3ec521033','2025-06-26 11:42:10',0,1),(225,2,25,'eb79ff9c-2681-429d-be66-e7f3ec521033','2025-06-26 11:42:12',1,1),(226,1,25,'eb79ff9c-2681-429d-be66-e7f3ec521033','2025-06-26 11:42:25',0,1),(226,2,25,'eb79ff9c-2681-429d-be66-e7f3ec521033','2025-06-26 11:42:29',1,1),(227,1,25,'eb79ff9c-2681-429d-be66-e7f3ec521033','2025-06-26 11:42:42',0,1),(227,2,25,'eb79ff9c-2681-429d-be66-e7f3ec521033','2025-06-26 11:42:43',1,1),(343,1,68,'0609859b-a39f-44f9-bff5-5f7e859963e0','2025-06-27 11:26:26',0,1),(344,1,5,'d37ab63e-3bfd-46f8-aa5d-a424ed374c82','2025-06-27 08:37:01',0,1),(344,2,5,'d37ab63e-3bfd-46f8-aa5d-a424ed374c82','2025-06-27 08:37:01',1,1),(346,1,5,'d37ab63e-3bfd-46f8-aa5d-a424ed374c82','2025-06-27 08:37:02',0,1),(346,2,5,'d37ab63e-3bfd-46f8-aa5d-a424ed374c82','2025-06-27 08:37:02',1,1),(347,1,5,'d37ab63e-3bfd-46f8-aa5d-a424ed374c82','2025-06-27 08:37:02',0,1),(347,2,5,'d37ab63e-3bfd-46f8-aa5d-a424ed374c82','2025-06-27 08:37:02',1,1),(348,1,9,'99c07c9f-74e4-4156-915d-0b6bdef7ea80','2025-07-02 09:43:23',0,1),(348,2,9,'99c07c9f-74e4-4156-915d-0b6bdef7ea80','2025-07-02 09:43:23',1,1),(374,1,3,'528d7de2-d10d-4f65-b2dc-f8c568def443','2025-06-26 15:18:40',0,1),(374,1,9,'395b4984-0e39-4d85-8d68-0b358c2206ff','2025-06-27 08:47:37',0,1),(374,2,9,'395b4984-0e39-4d85-8d68-0b358c2206ff','2025-06-27 08:47:37',1,1),(375,1,3,'f7a4bab6-0930-4f1f-aaaa-758fe6c9aebf','2025-06-26 15:18:40',0,1),(375,1,4,'ad75bf78-8f56-4711-97bd-498d2db6ea91','2025-06-26 15:18:40',0,1),(375,1,5,'abff3690-8621-4041-a912-87c16c5f3f42','2025-06-26 15:18:40',0,1),(375,2,5,'abff3690-8621-4041-a912-87c16c5f3f42','2025-06-26 15:18:40',1,1),(425,1,3,'2855b68b-f04a-4a3c-b2aa-6aae314d6606','2025-06-26 15:26:13',0,1),(426,1,3,'4f7d6b0d-5d2b-46cb-b634-3b187698cb1a','2025-06-26 15:26:13',0,1),(426,1,5,'cb8ad821-08e3-48e2-bcc7-a21469fd6c07','2025-06-26 15:26:13',0,1),(426,2,5,'cb8ad821-08e3-48e2-bcc7-a21469fd6c07','2025-06-26 15:26:13',1,1),(453,1,3,'68f435bd-ef59-4cba-af57-b13403f5ef28','2025-06-26 15:28:39',0,1),(453,1,6,'fde02e2f-aebc-4141-9e73-759f288813e0','2025-06-26 15:28:39',0,1),(453,1,7,'71b9473f-858c-4bae-b3c6-43146c889325','2025-06-26 15:28:39',0,1),(469,1,3,'2855b68b-f04a-4a3c-b2aa-6aae314d6606','2025-06-26 15:48:04',0,1),(492,1,27,'84a319f2-6865-4392-9875-c8a4ba759677','2025-06-26 15:59:25',0,1),(494,1,3,'a60a2f4c-f4fa-486e-94a1-c9ce017b44a6','2025-06-26 15:59:26',0,1),(494,1,5,'bd924eae-68c0-4b0e-8a89-4f4fb7aa8068','2025-06-26 15:59:26',0,1),(494,1,27,'6b132c53-b21f-489a-81bd-7e5816b4b383','2025-06-26 15:59:26',0,1),(494,2,5,'bd924eae-68c0-4b0e-8a89-4f4fb7aa8068','2025-06-26 15:59:26',1,1),(495,1,3,'2c014cba-8036-4620-9d2e-aac1916f8804','2025-06-26 15:59:26',0,1),(495,1,23,'1d82ea4b-765d-4460-bf13-26f6fcea4851','2025-06-26 15:59:26',0,1),(495,1,27,'cbf29dae-01fc-47d8-b8c8-8d7efe386f42','2025-06-26 15:59:26',0,1),(495,1,40,'ae507bee-5453-4f12-8fe6-3a0d83c3220f','2025-06-26 15:59:26',0,1),(495,1,42,'954d0043-9fc3-4797-b431-a3c7157b3f85','2025-07-09 14:37:15',0,1),(495,2,40,'ae507bee-5453-4f12-8fe6-3a0d83c3220f','2025-06-26 15:59:26',1,1),(496,1,3,'4f7d6b0d-5d2b-46cb-b634-3b187698cb1a','2025-06-26 15:59:27',0,1),(496,1,5,'cb8ad821-08e3-48e2-bcc7-a21469fd6c07','2025-06-26 15:59:27',0,1),(496,2,5,'cb8ad821-08e3-48e2-bcc7-a21469fd6c07','2025-06-26 15:59:27',1,1),(528,1,36,'5eb0d24a-bbbd-40cc-8363-6f885fa482fd','2025-07-09 14:37:14',0,1),(528,2,36,'5eb0d24a-bbbd-40cc-8363-6f885fa482fd','2025-07-09 14:37:14',1,1),(546,1,24,'3a166510-68e2-48a2-9611-82ee8946335d','2025-06-26 17:03:29',0,1),(546,1,35,'76821985-8ee3-4c1b-95ea-cfad82353800','2025-06-26 17:03:33',0,1),(546,2,24,'3a166510-68e2-48a2-9611-82ee8946335d','2025-06-26 17:03:34',1,1),(546,2,35,'76821985-8ee3-4c1b-95ea-cfad82353800','2025-06-26 17:03:34',1,1),(546,2,82,'a6b20cc5-cf54-41d2-85be-5633c12cf313','2025-06-26 17:03:34',1,1),(547,1,24,'3a166510-68e2-48a2-9611-82ee8946335d','2025-06-26 17:03:43',0,1),(547,1,35,'76821985-8ee3-4c1b-95ea-cfad82353800','2025-06-26 17:03:45',0,1),(547,2,24,'3a166510-68e2-48a2-9611-82ee8946335d','2025-06-26 17:03:46',1,1),(547,2,35,'76821985-8ee3-4c1b-95ea-cfad82353800','2025-06-26 17:03:46',1,1),(547,2,82,'a6b20cc5-cf54-41d2-85be-5633c12cf313','2025-06-26 17:03:46',1,1),(548,1,24,'3a166510-68e2-48a2-9611-82ee8946335d','2025-06-26 17:03:57',0,1),(548,1,35,'76821985-8ee3-4c1b-95ea-cfad82353800','2025-06-26 17:03:53',0,1),(548,2,24,'3a166510-68e2-48a2-9611-82ee8946335d','2025-06-26 17:04:02',1,1),(548,2,35,'76821985-8ee3-4c1b-95ea-cfad82353800','2025-06-26 17:04:02',1,1),(548,2,82,'a6b20cc5-cf54-41d2-85be-5633c12cf313','2025-06-26 17:04:02',1,1),(549,1,24,'3a166510-68e2-48a2-9611-82ee8946335d','2025-06-26 17:04:12',0,1),(549,1,35,'76821985-8ee3-4c1b-95ea-cfad82353800','2025-06-26 17:04:09',0,1),(549,2,24,'3a166510-68e2-48a2-9611-82ee8946335d','2025-06-26 17:04:14',1,1),(549,2,35,'76821985-8ee3-4c1b-95ea-cfad82353800','2025-06-26 17:04:14',1,1),(549,2,82,'a6b20cc5-cf54-41d2-85be-5633c12cf313','2025-06-26 17:04:14',1,1),(550,1,24,'3a166510-68e2-48a2-9611-82ee8946335d','2025-06-26 17:04:24',0,1),(550,1,35,'76821985-8ee3-4c1b-95ea-cfad82353800','2025-06-26 17:04:21',0,1),(550,2,24,'3a166510-68e2-48a2-9611-82ee8946335d','2025-06-26 17:04:25',1,1),(550,2,35,'76821985-8ee3-4c1b-95ea-cfad82353800','2025-06-26 17:04:25',1,1),(550,2,82,'a6b20cc5-cf54-41d2-85be-5633c12cf313','2025-06-26 17:04:25',1,1),(551,1,24,'3a166510-68e2-48a2-9611-82ee8946335d','2025-06-26 17:04:34',0,1),(551,1,35,'76821985-8ee3-4c1b-95ea-cfad82353800','2025-06-26 17:04:31',0,1),(551,2,24,'3a166510-68e2-48a2-9611-82ee8946335d','2025-06-26 17:04:35',1,1),(551,2,35,'76821985-8ee3-4c1b-95ea-cfad82353800','2025-06-26 17:04:35',1,1),(551,2,82,'a6b20cc5-cf54-41d2-85be-5633c12cf313','2025-06-26 17:04:35',1,1),(689,1,4,'74907dfa-3bd3-4aa2-a717-59ad2db5df22','2025-06-27 08:55:40',0,1),(689,1,5,'11b471b8-e764-4e5c-964e-c680ed8c12fa','2025-06-27 08:56:01',0,1),(689,1,47,'e0435775-b647-4ccb-ad44-24e6493f96ed','2025-06-27 08:56:06',0,1),(689,2,4,'74907dfa-3bd3-4aa2-a717-59ad2db5df22','2025-06-27 08:56:09',1,1),(689,2,5,'11b471b8-e764-4e5c-964e-c680ed8c12fa','2025-06-27 08:56:09',1,1),(689,2,47,'e0435775-b647-4ccb-ad44-24e6493f96ed','2025-06-27 08:56:09',1,1),(692,1,4,'74907dfa-3bd3-4aa2-a717-59ad2db5df22','2025-06-27 08:56:19',0,1),(692,1,5,'11b471b8-e764-4e5c-964e-c680ed8c12fa','2025-06-27 08:57:06',0,1),(692,1,47,'e0435775-b647-4ccb-ad44-24e6493f96ed','2025-06-27 09:01:40',0,1),(692,2,4,'74907dfa-3bd3-4aa2-a717-59ad2db5df22','2025-06-27 08:57:08',1,1),(692,2,5,'11b471b8-e764-4e5c-964e-c680ed8c12fa','2025-06-27 08:57:08',1,1),(692,2,47,'e0435775-b647-4ccb-ad44-24e6493f96ed','2025-06-27 09:01:40',1,1),(701,1,4,'74907dfa-3bd3-4aa2-a717-59ad2db5df22','2025-06-27 08:57:19',0,1),(701,1,5,'11b471b8-e764-4e5c-964e-c680ed8c12fa','2025-06-27 08:57:23',0,1),(701,1,47,'e0435775-b647-4ccb-ad44-24e6493f96ed','2025-06-27 08:57:30',0,1),(701,2,4,'74907dfa-3bd3-4aa2-a717-59ad2db5df22','2025-06-27 08:57:32',1,1),(701,2,5,'11b471b8-e764-4e5c-964e-c680ed8c12fa','2025-06-27 08:57:32',1,1),(701,2,47,'e0435775-b647-4ccb-ad44-24e6493f96ed','2025-06-27 08:57:32',1,1),(703,1,4,'74907dfa-3bd3-4aa2-a717-59ad2db5df22','2025-06-27 08:57:42',0,1),(703,1,5,'11b471b8-e764-4e5c-964e-c680ed8c12fa','2025-06-27 08:58:09',0,1),(703,1,47,'e0435775-b647-4ccb-ad44-24e6493f96ed','2025-06-27 08:58:11',0,1),(703,2,4,'74907dfa-3bd3-4aa2-a717-59ad2db5df22','2025-06-27 08:58:13',1,1),(703,2,5,'11b471b8-e764-4e5c-964e-c680ed8c12fa','2025-06-27 08:58:13',1,1),(703,2,47,'e0435775-b647-4ccb-ad44-24e6493f96ed','2025-06-27 08:58:13',1,1),(706,1,4,'74907dfa-3bd3-4aa2-a717-59ad2db5df22','2025-06-27 08:58:23',0,1),(706,1,5,'11b471b8-e764-4e5c-964e-c680ed8c12fa','2025-06-27 08:58:28',0,1),(706,1,47,'e0435775-b647-4ccb-ad44-24e6493f96ed','2025-06-27 08:58:34',0,1),(706,2,4,'74907dfa-3bd3-4aa2-a717-59ad2db5df22','2025-06-27 08:58:36',1,1),(706,2,5,'11b471b8-e764-4e5c-964e-c680ed8c12fa','2025-06-27 08:58:36',1,1),(706,2,47,'e0435775-b647-4ccb-ad44-24e6493f96ed','2025-06-27 08:58:36',1,1),(708,1,4,'74907dfa-3bd3-4aa2-a717-59ad2db5df22','2025-06-27 08:58:46',0,1),(708,1,5,'11b471b8-e764-4e5c-964e-c680ed8c12fa','2025-06-27 08:58:49',0,1),(708,1,47,'e0435775-b647-4ccb-ad44-24e6493f96ed','2025-06-27 08:58:53',0,1),(708,2,4,'74907dfa-3bd3-4aa2-a717-59ad2db5df22','2025-06-27 08:58:55',1,1),(708,2,5,'11b471b8-e764-4e5c-964e-c680ed8c12fa','2025-06-27 08:58:55',1,1),(708,2,47,'e0435775-b647-4ccb-ad44-24e6493f96ed','2025-06-27 08:58:55',1,1),(710,1,4,'74907dfa-3bd3-4aa2-a717-59ad2db5df22','2025-06-27 08:59:05',0,1),(710,1,5,'11b471b8-e764-4e5c-964e-c680ed8c12fa','2025-06-27 08:59:07',0,1),(710,1,47,'e0435775-b647-4ccb-ad44-24e6493f96ed','2025-06-27 08:59:12',0,1),(710,2,4,'74907dfa-3bd3-4aa2-a717-59ad2db5df22','2025-06-27 08:59:13',1,1),(710,2,5,'11b471b8-e764-4e5c-964e-c680ed8c12fa','2025-06-27 08:59:13',1,1),(710,2,47,'e0435775-b647-4ccb-ad44-24e6493f96ed','2025-06-27 08:59:13',1,1),(712,1,4,'74907dfa-3bd3-4aa2-a717-59ad2db5df22','2025-06-27 08:59:22',0,1),(712,1,5,'11b471b8-e764-4e5c-964e-c680ed8c12fa','2025-06-27 08:59:26',0,1),(712,1,47,'e0435775-b647-4ccb-ad44-24e6493f96ed','2025-06-27 08:59:29',0,1),(712,2,4,'74907dfa-3bd3-4aa2-a717-59ad2db5df22','2025-06-27 08:59:31',1,1),(712,2,5,'11b471b8-e764-4e5c-964e-c680ed8c12fa','2025-06-27 08:59:31',1,1),(712,2,47,'e0435775-b647-4ccb-ad44-24e6493f96ed','2025-06-27 08:59:31',1,1),(714,1,4,'74907dfa-3bd3-4aa2-a717-59ad2db5df22','2025-06-27 08:59:40',0,1),(714,1,5,'11b471b8-e764-4e5c-964e-c680ed8c12fa','2025-06-27 08:59:45',0,1),(714,1,47,'e0435775-b647-4ccb-ad44-24e6493f96ed','2025-06-27 08:59:49',0,1),(714,2,4,'74907dfa-3bd3-4aa2-a717-59ad2db5df22','2025-06-27 08:59:50',1,1),(714,2,5,'11b471b8-e764-4e5c-964e-c680ed8c12fa','2025-06-27 08:59:50',1,1),(714,2,47,'e0435775-b647-4ccb-ad44-24e6493f96ed','2025-06-27 08:59:50',1,1),(716,1,4,'74907dfa-3bd3-4aa2-a717-59ad2db5df22','2025-06-27 09:00:01',0,1),(716,1,5,'11b471b8-e764-4e5c-964e-c680ed8c12fa','2025-06-27 09:00:52',0,1),(716,1,47,'e0435775-b647-4ccb-ad44-24e6493f96ed','2025-06-27 09:00:56',0,1),(716,2,4,'74907dfa-3bd3-4aa2-a717-59ad2db5df22','2025-06-27 09:00:58',1,1),(716,2,5,'11b471b8-e764-4e5c-964e-c680ed8c12fa','2025-06-27 09:00:58',1,1),(716,2,47,'e0435775-b647-4ccb-ad44-24e6493f96ed','2025-06-27 09:00:58',1,1),(721,1,4,'f2a1d1e1-07ae-4cb1-8b30-4589ba8dec18','2025-06-27 10:12:34',0,1),(721,1,5,'f5e86d0d-6e85-4cc5-b55b-28bf4a457e39','2025-06-27 10:12:33',0,1),(721,1,9,'d1b4cbc0-7330-42e1-99ec-f3cff8864144','2025-07-02 10:44:47',0,1),(721,2,4,'f2a1d1e1-07ae-4cb1-8b30-4589ba8dec18','2025-06-27 10:12:34',1,1),(721,2,5,'f5e86d0d-6e85-4cc5-b55b-28bf4a457e39','2025-06-27 10:12:34',1,1),(721,2,9,'d1b4cbc0-7330-42e1-99ec-f3cff8864144','2025-07-02 10:44:47',1,1),(726,1,4,'f2a1d1e1-07ae-4cb1-8b30-4589ba8dec18','2025-06-27 10:13:19',0,1),(726,1,5,'f5e86d0d-6e85-4cc5-b55b-28bf4a457e39','2025-06-27 10:14:15',0,1),(726,2,4,'f2a1d1e1-07ae-4cb1-8b30-4589ba8dec18','2025-06-27 10:14:17',1,1),(726,2,5,'f5e86d0d-6e85-4cc5-b55b-28bf4a457e39','2025-06-27 10:14:17',1,1),(726,2,9,'d1b4cbc0-7330-42e1-99ec-f3cff8864144','2025-06-27 10:14:17',1,1),(736,1,98,'293710c8-e184-4cb8-ab11-fe59ffd50c4b','2025-07-02 10:58:12',0,1),(736,1,99,'54f69dc7-22b6-4d7f-a7b5-866c51fe6eca','2025-06-30 09:08:46',0,1),(736,2,98,'293710c8-e184-4cb8-ab11-fe59ffd50c4b','2025-07-02 10:58:12',1,1),(736,2,99,'54f69dc7-22b6-4d7f-a7b5-866c51fe6eca','2025-06-30 09:08:46',1,1),(743,1,98,'293710c8-e184-4cb8-ab11-fe59ffd50c4b','2025-06-30 09:21:20',0,1),(743,1,99,'54f69dc7-22b6-4d7f-a7b5-866c51fe6eca','2025-06-30 09:21:31',0,1),(743,2,98,'293710c8-e184-4cb8-ab11-fe59ffd50c4b','2025-06-30 09:21:33',1,1),(743,2,99,'54f69dc7-22b6-4d7f-a7b5-866c51fe6eca','2025-06-30 09:21:33',1,1),(745,1,4,'5b78f813-5e03-48c0-b670-1e356d4c6fd0','2025-06-30 09:45:33',0,1),(745,1,22,'db6f26ef-97d6-4fcd-b790-5b9a9d3000be','2025-06-30 09:45:33',0,1),(745,2,4,'5b78f813-5e03-48c0-b670-1e356d4c6fd0','2025-06-30 09:37:11',1,1),(754,1,4,'5b78f813-5e03-48c0-b670-1e356d4c6fd0','2025-06-30 09:45:12',0,1),(754,1,22,'db6f26ef-97d6-4fcd-b790-5b9a9d3000be','2025-06-30 09:45:12',0,1),(769,1,5,'9316bd7d-6770-4b68-b934-878478f571cb','2025-07-01 10:53:34',0,1),(769,1,78,'1adb2cd6-7b88-43b3-912b-eec1f214e85d','2025-07-01 10:55:09',0,1),(769,2,5,'9316bd7d-6770-4b68-b934-878478f571cb','2025-07-01 10:53:34',1,1),(769,2,78,'1adb2cd6-7b88-43b3-912b-eec1f214e85d','2025-07-01 10:55:09',1,1),(774,1,5,'9316bd7d-6770-4b68-b934-878478f571cb','2025-07-01 10:56:22',0,1),(774,1,78,'1adb2cd6-7b88-43b3-912b-eec1f214e85d','2025-07-01 11:07:11',0,1),(774,2,5,'9316bd7d-6770-4b68-b934-878478f571cb','2025-07-01 10:56:22',1,1),(774,2,78,'1adb2cd6-7b88-43b3-912b-eec1f214e85d','2025-07-01 11:07:11',1,1),(779,1,98,'293710c8-e184-4cb8-ab11-fe59ffd50c4b','2025-06-30 16:34:59',0,1),(779,1,99,'54f69dc7-22b6-4d7f-a7b5-866c51fe6eca','2025-06-30 16:35:39',0,1),(779,2,98,'293710c8-e184-4cb8-ab11-fe59ffd50c4b','2025-06-30 16:35:40',1,1),(779,2,99,'54f69dc7-22b6-4d7f-a7b5-866c51fe6eca','2025-06-30 16:35:40',1,1),(783,1,98,'293710c8-e184-4cb8-ab11-fe59ffd50c4b','2025-06-30 16:37:07',0,1),(783,1,99,'54f69dc7-22b6-4d7f-a7b5-866c51fe6eca','2025-06-30 16:37:11',0,1),(783,2,98,'293710c8-e184-4cb8-ab11-fe59ffd50c4b','2025-06-30 16:37:14',1,1),(783,2,99,'54f69dc7-22b6-4d7f-a7b5-866c51fe6eca','2025-06-30 16:37:14',1,1),(787,1,98,'293710c8-e184-4cb8-ab11-fe59ffd50c4b','2025-06-30 16:37:25',0,1),(787,1,99,'54f69dc7-22b6-4d7f-a7b5-866c51fe6eca','2025-06-30 16:37:29',0,1),(787,2,98,'293710c8-e184-4cb8-ab11-fe59ffd50c4b','2025-06-30 16:37:30',1,1),(787,2,99,'54f69dc7-22b6-4d7f-a7b5-866c51fe6eca','2025-06-30 16:37:30',1,1),(790,1,98,'293710c8-e184-4cb8-ab11-fe59ffd50c4b','2025-06-30 16:38:57',0,1),(790,1,99,'54f69dc7-22b6-4d7f-a7b5-866c51fe6eca','2025-06-30 16:40:04',0,1),(790,2,98,'293710c8-e184-4cb8-ab11-fe59ffd50c4b','2025-06-30 16:40:10',1,1),(790,2,99,'54f69dc7-22b6-4d7f-a7b5-866c51fe6eca','2025-06-30 16:40:10',1,1),(793,1,98,'293710c8-e184-4cb8-ab11-fe59ffd50c4b','2025-06-30 16:40:37',0,1),(793,1,99,'54f69dc7-22b6-4d7f-a7b5-866c51fe6eca','2025-06-30 16:40:41',0,1),(793,2,98,'293710c8-e184-4cb8-ab11-fe59ffd50c4b','2025-06-30 16:40:43',1,1),(793,2,99,'54f69dc7-22b6-4d7f-a7b5-866c51fe6eca','2025-06-30 16:40:43',1,1),(796,1,98,'293710c8-e184-4cb8-ab11-fe59ffd50c4b','2025-06-30 16:41:51',0,1),(796,1,99,'54f69dc7-22b6-4d7f-a7b5-866c51fe6eca','2025-06-30 16:41:55',0,1),(796,2,98,'293710c8-e184-4cb8-ab11-fe59ffd50c4b','2025-06-30 16:41:56',1,1),(796,2,99,'54f69dc7-22b6-4d7f-a7b5-866c51fe6eca','2025-06-30 16:41:56',1,1),(800,1,98,'293710c8-e184-4cb8-ab11-fe59ffd50c4b','2025-07-01 11:44:51',0,1),(800,1,99,'54f69dc7-22b6-4d7f-a7b5-866c51fe6eca','2025-07-01 11:44:55',0,1),(800,2,98,'293710c8-e184-4cb8-ab11-fe59ffd50c4b','2025-07-01 11:44:50',1,1),(800,2,99,'54f69dc7-22b6-4d7f-a7b5-866c51fe6eca','2025-07-01 11:44:55',1,1),(811,1,5,'9316bd7d-6770-4b68-b934-878478f571cb','2025-07-01 10:59:50',0,1),(811,1,78,'1adb2cd6-7b88-43b3-912b-eec1f214e85d','2025-07-01 11:03:44',0,1),(811,2,5,'9316bd7d-6770-4b68-b934-878478f571cb','2025-07-01 11:03:45',1,1),(811,2,78,'1adb2cd6-7b88-43b3-912b-eec1f214e85d','2025-07-01 11:03:45',1,1),(815,1,5,'9316bd7d-6770-4b68-b934-878478f571cb','2025-07-01 11:04:11',0,1),(815,1,78,'1adb2cd6-7b88-43b3-912b-eec1f214e85d','2025-07-01 11:04:50',0,1),(815,2,5,'9316bd7d-6770-4b68-b934-878478f571cb','2025-07-01 11:04:52',1,1),(815,2,78,'1adb2cd6-7b88-43b3-912b-eec1f214e85d','2025-07-01 11:04:52',1,1),(823,1,5,'9316bd7d-6770-4b68-b934-878478f571cb','2025-07-01 11:05:42',0,1),(823,1,78,'1adb2cd6-7b88-43b3-912b-eec1f214e85d','2025-07-01 11:36:34',0,1),(823,2,5,'9316bd7d-6770-4b68-b934-878478f571cb','2025-07-01 11:07:01',1,1),(823,2,78,'1adb2cd6-7b88-43b3-912b-eec1f214e85d','2025-07-01 11:36:34',1,1),(832,1,5,'9316bd7d-6770-4b68-b934-878478f571cb','2025-07-01 11:37:14',0,1),(832,1,78,'1adb2cd6-7b88-43b3-912b-eec1f214e85d','2025-07-01 11:44:08',0,1),(832,2,5,'9316bd7d-6770-4b68-b934-878478f571cb','2025-07-01 11:44:10',1,1),(832,2,78,'1adb2cd6-7b88-43b3-912b-eec1f214e85d','2025-07-01 11:44:10',1,1),(836,1,98,'293710c8-e184-4cb8-ab11-fe59ffd50c4b','2025-07-01 11:45:14',0,1),(836,1,99,'54f69dc7-22b6-4d7f-a7b5-866c51fe6eca','2025-07-01 11:45:18',0,1),(836,2,98,'293710c8-e184-4cb8-ab11-fe59ffd50c4b','2025-07-01 11:45:19',1,1),(836,2,99,'54f69dc7-22b6-4d7f-a7b5-866c51fe6eca','2025-07-01 11:45:19',1,1),(850,1,24,'3a166510-68e2-48a2-9611-82ee8946335d','2025-07-01 17:03:25',0,1),(850,1,35,'76821985-8ee3-4c1b-95ea-cfad82353800','2025-07-01 17:03:09',0,1),(850,2,24,'3a166510-68e2-48a2-9611-82ee8946335d','2025-07-01 17:03:27',1,1),(850,2,35,'76821985-8ee3-4c1b-95ea-cfad82353800','2025-07-01 17:03:27',1,1),(850,2,82,'a6b20cc5-cf54-41d2-85be-5633c12cf313','2025-07-01 17:03:27',1,1),(852,1,24,'3a166510-68e2-48a2-9611-82ee8946335d','2025-07-01 17:06:58',0,1),(852,1,35,'76821985-8ee3-4c1b-95ea-cfad82353800','2025-07-01 17:06:26',0,1),(852,2,24,'3a166510-68e2-48a2-9611-82ee8946335d','2025-07-01 17:06:51',1,1),(852,2,35,'76821985-8ee3-4c1b-95ea-cfad82353800','2025-07-01 17:06:51',1,1),(852,2,82,'a6b20cc5-cf54-41d2-85be-5633c12cf313','2025-07-01 17:06:51',1,1),(868,1,4,'f2a1d1e1-07ae-4cb1-8b30-4589ba8dec18','2025-07-02 10:45:34',0,1),(868,1,5,'f5e86d0d-6e85-4cc5-b55b-28bf4a457e39','2025-07-02 10:45:56',0,1),(868,2,4,'f2a1d1e1-07ae-4cb1-8b30-4589ba8dec18','2025-07-02 10:46:14',1,1),(868,2,5,'f5e86d0d-6e85-4cc5-b55b-28bf4a457e39','2025-07-02 10:46:14',1,1),(868,2,9,'d1b4cbc0-7330-42e1-99ec-f3cff8864144','2025-07-02 10:46:14',1,1),(871,1,4,'f2a1d1e1-07ae-4cb1-8b30-4589ba8dec18','2025-07-02 10:46:48',0,1),(871,1,5,'f5e86d0d-6e85-4cc5-b55b-28bf4a457e39','2025-07-02 10:47:11',0,1),(871,2,4,'f2a1d1e1-07ae-4cb1-8b30-4589ba8dec18','2025-07-02 10:47:30',1,1),(871,2,5,'f5e86d0d-6e85-4cc5-b55b-28bf4a457e39','2025-07-02 10:47:30',1,1),(871,2,9,'d1b4cbc0-7330-42e1-99ec-f3cff8864144','2025-07-02 10:47:30',1,1),(876,1,4,'f2a1d1e1-07ae-4cb1-8b30-4589ba8dec18','2025-07-02 10:48:32',0,1),(876,1,5,'f5e86d0d-6e85-4cc5-b55b-28bf4a457e39','2025-07-02 10:49:00',0,1),(876,2,4,'f2a1d1e1-07ae-4cb1-8b30-4589ba8dec18','2025-07-02 10:49:06',1,1),(876,2,5,'f5e86d0d-6e85-4cc5-b55b-28bf4a457e39','2025-07-02 10:49:06',1,1),(876,2,9,'d1b4cbc0-7330-42e1-99ec-f3cff8864144','2025-07-02 10:49:06',1,1),(879,1,4,'f2a1d1e1-07ae-4cb1-8b30-4589ba8dec18','2025-07-02 10:49:48',0,1),(879,1,5,'f5e86d0d-6e85-4cc5-b55b-28bf4a457e39','2025-07-02 10:50:21',0,1),(879,2,4,'f2a1d1e1-07ae-4cb1-8b30-4589ba8dec18','2025-07-02 10:50:22',1,1),(879,2,5,'f5e86d0d-6e85-4cc5-b55b-28bf4a457e39','2025-07-02 10:50:22',1,1),(879,2,9,'d1b4cbc0-7330-42e1-99ec-f3cff8864144','2025-07-02 10:50:22',1,1),(882,1,4,'f2a1d1e1-07ae-4cb1-8b30-4589ba8dec18','2025-07-02 10:50:47',0,1),(882,1,5,'f5e86d0d-6e85-4cc5-b55b-28bf4a457e39','2025-07-02 10:50:57',0,1),(882,2,4,'f2a1d1e1-07ae-4cb1-8b30-4589ba8dec18','2025-07-02 10:51:04',1,1),(882,2,5,'f5e86d0d-6e85-4cc5-b55b-28bf4a457e39','2025-07-02 10:51:04',1,1),(882,2,9,'d1b4cbc0-7330-42e1-99ec-f3cff8864144','2025-07-02 10:51:04',1,1),(885,1,4,'f2a1d1e1-07ae-4cb1-8b30-4589ba8dec18','2025-07-02 10:51:21',0,1),(885,1,5,'f5e86d0d-6e85-4cc5-b55b-28bf4a457e39','2025-07-02 10:52:01',0,1),(885,2,4,'f2a1d1e1-07ae-4cb1-8b30-4589ba8dec18','2025-07-02 10:52:09',1,1),(885,2,5,'f5e86d0d-6e85-4cc5-b55b-28bf4a457e39','2025-07-02 10:52:09',1,1),(885,2,9,'d1b4cbc0-7330-42e1-99ec-f3cff8864144','2025-07-02 10:52:09',1,1),(888,1,4,'f2a1d1e1-07ae-4cb1-8b30-4589ba8dec18','2025-07-02 10:52:38',0,1),(888,1,5,'f5e86d0d-6e85-4cc5-b55b-28bf4a457e39','2025-07-02 10:53:04',0,1),(888,2,4,'f2a1d1e1-07ae-4cb1-8b30-4589ba8dec18','2025-07-02 10:53:05',1,1),(888,2,5,'f5e86d0d-6e85-4cc5-b55b-28bf4a457e39','2025-07-02 10:53:05',1,1),(888,2,9,'d1b4cbc0-7330-42e1-99ec-f3cff8864144','2025-07-02 10:53:05',1,1),(891,1,4,'f2a1d1e1-07ae-4cb1-8b30-4589ba8dec18','2025-07-02 10:53:27',0,1),(891,1,5,'f5e86d0d-6e85-4cc5-b55b-28bf4a457e39','2025-07-02 10:54:08',0,1),(891,2,4,'f2a1d1e1-07ae-4cb1-8b30-4589ba8dec18','2025-07-02 10:54:09',1,1),(891,2,5,'f5e86d0d-6e85-4cc5-b55b-28bf4a457e39','2025-07-02 10:54:09',1,1),(891,2,9,'d1b4cbc0-7330-42e1-99ec-f3cff8864144','2025-07-02 10:54:09',1,1),(894,1,4,'f2a1d1e1-07ae-4cb1-8b30-4589ba8dec18','2025-07-02 10:54:28',0,1),(894,1,5,'f5e86d0d-6e85-4cc5-b55b-28bf4a457e39','2025-07-02 10:54:35',0,1),(894,2,4,'f2a1d1e1-07ae-4cb1-8b30-4589ba8dec18','2025-07-02 10:54:45',1,1),(894,2,5,'f5e86d0d-6e85-4cc5-b55b-28bf4a457e39','2025-07-02 10:54:45',1,1),(894,2,9,'d1b4cbc0-7330-42e1-99ec-f3cff8864144','2025-07-02 10:54:45',1,1),(897,1,4,'f2a1d1e1-07ae-4cb1-8b30-4589ba8dec18','2025-07-02 10:55:04',0,1),(897,1,5,'f5e86d0d-6e85-4cc5-b55b-28bf4a457e39','2025-07-02 10:55:15',0,1),(897,2,4,'f2a1d1e1-07ae-4cb1-8b30-4589ba8dec18','2025-07-02 10:55:21',1,1),(897,2,5,'f5e86d0d-6e85-4cc5-b55b-28bf4a457e39','2025-07-02 10:55:21',1,1),(897,2,9,'d1b4cbc0-7330-42e1-99ec-f3cff8864144','2025-07-02 10:55:21',1,1),(903,1,98,'293710c8-e184-4cb8-ab11-fe59ffd50c4b','2025-07-02 10:58:54',0,1),(903,1,99,'54f69dc7-22b6-4d7f-a7b5-866c51fe6eca','2025-07-02 10:58:59',0,1),(903,2,98,'293710c8-e184-4cb8-ab11-fe59ffd50c4b','2025-07-02 10:59:00',1,1),(903,2,99,'54f69dc7-22b6-4d7f-a7b5-866c51fe6eca','2025-07-02 10:59:00',1,1);
commit;

--
-- Dumping data for table `cpnav_layout`
--

set autocommit=0;
INSERT INTO `cpnav_layout` VALUES (1,'Default',1,'[]',1,'2025-05-08 11:09:17','2025-05-08 11:09:17','acdba2c9-919c-424d-af95-85ffda422ccb');
commit;

--
-- Dumping data for table `cpnav_navigation`
--

set autocommit=0;
INSERT INTO `cpnav_navigation` VALUES (1,1,'dashboard','Painel','Painel',1,0,1,1,NULL,NULL,'dashboard','dashboard','gauge','','craft',0,NULL,'2025-05-08 11:09:18','2025-05-08 11:37:19','58426781-ff74-4364-879b-0aeac4653669'),(2,1,'entries','Entradas','Entradas',1,1,1,1,NULL,NULL,'entries','entries','newspaper','','craft',0,NULL,'2025-05-08 11:09:18','2025-05-08 11:37:19','29799493-7c74-4966-86f8-c05f5ba5ceff'),(3,1,'globals','Globais','Globais',1,3,1,1,NULL,NULL,'globals','globals','globe','','craft',0,NULL,'2025-05-08 11:09:18','2025-05-22 11:52:11','141efeb0-8ace-4c3e-a765-0b05a4cf3ae3'),(4,1,'assets','Arquivos','Arquivos',1,4,1,1,NULL,NULL,'assets','assets','image','','craft',0,NULL,'2025-05-08 11:09:18','2025-05-22 11:52:11','047d33ef-6543-410a-aa41-6148efbb113b'),(5,1,'users','Usuários','Usuários',1,5,1,1,NULL,NULL,'users','users','user-group','','craft',0,NULL,'2025-05-08 11:09:18','2025-05-22 11:52:11','bef28ed1-226a-45ef-9c32-b6e8e28108e3'),(6,1,'field-manager','Field Manager','Field Manager',1,6,1,1,NULL,NULL,'field-manager','field-manager','/home/suba/public_html/suba/vendor/verbb/field-manager/src/icon-mask.svg','','plugin',0,NULL,'2025-05-08 11:09:18','2025-05-22 11:52:11','b6a585f0-3cb5-4bab-be1e-6d39b87d4139'),(12,1,'seo','SEO','SEO',1,7,1,1,NULL,NULL,'seo','seo','/home/suba/public_html/suba/vendor/ether/seo/src/icon-mask.svg','','plugin',0,NULL,'2025-05-08 11:09:18','2025-06-26 08:18:07','564c2e42-080b-4a54-abfb-1086130fe805'),(13,1,'dashboard','Dashboard','Dashboard',1,8,2,2,12,12,'seo','seo','','','plugin',0,NULL,'2025-05-08 11:09:18','2025-06-26 08:18:07','8561418d-1527-40c8-839c-efe3438677f7'),(14,1,'sitemap','Sitemap','Sitemap',1,9,2,2,12,12,'seo/sitemap','seo/sitemap','','','plugin',0,NULL,'2025-05-08 11:09:18','2025-06-26 08:18:07','26402a9d-3220-4b5a-a994-f86cba9ecff5'),(15,1,'redirects','Redirects','Redirects',1,10,2,2,12,12,'seo/redirects','seo/redirects','','','plugin',0,NULL,'2025-05-08 11:09:18','2025-06-26 08:18:07','fd7d4b46-a41c-4124-a9a2-c1d1c62b566c'),(16,1,'settings','Settings','Settings',1,11,2,2,12,12,'seo/settings','seo/settings','','','plugin',0,NULL,'2025-05-08 11:09:18','2025-06-26 08:18:07','96c97ab7-8566-4f72-995b-52caf05e8369'),(17,1,'graphql','GraphQL','GraphQL',0,12,1,1,NULL,NULL,'graphql','graphql','graphql','','craft',0,NULL,'2025-05-08 11:09:18','2025-06-26 08:18:07','245589bd-edaf-4007-918d-09dc5328767b'),(18,1,'schemas','Esquemas','Esquemas',1,13,2,2,17,17,'graphql/schemas','graphql/schemas','','','craft',0,NULL,'2025-05-08 11:09:18','2025-06-26 08:18:07','321f5698-6e3c-4025-ac66-124d19553f04'),(19,1,'tokens','Tokens','Tokens',1,14,2,2,17,17,'graphql/tokens','graphql/tokens','','','craft',0,NULL,'2025-05-08 11:09:18','2025-06-26 08:18:07','dc74f75f-05bc-491b-8393-fe1283a674be'),(20,1,'graphiql','GraphiQL','GraphiQL',1,15,2,2,17,17,'graphiql','graphiql','','','craft',1,NULL,'2025-05-08 11:09:18','2025-06-26 08:18:07','7db2691c-8b50-43bc-90b0-05a0a964a3e5'),(21,1,'utilities','Utilidades','Utilidades',1,16,1,1,NULL,NULL,'utilities','utilities','wrench','','craft',0,NULL,'2025-05-08 11:09:18','2025-06-26 08:18:07','cbaff4c8-9c82-4d81-a4d5-b001ced3b89e'),(22,1,'settings','Configurações','Configurações',1,24,1,1,NULL,NULL,'settings','settings','gear','','craft',0,NULL,'2025-05-08 11:09:18','2025-06-26 08:18:07','7f94e782-3bcc-4df9-bdce-8c4f17381652'),(23,1,'plugin-store','Loja de plugins','Loja de plugins',1,31,1,1,NULL,NULL,'plugin-store','plugin-store','plug','','craft',0,NULL,'2025-05-08 11:09:18','2025-06-26 08:18:07','a51df236-82c2-4ebf-b205-41329bc78460'),(24,1,'conteudo','Conteúdo','Conteúdo',1,25,NULL,1,NULL,NULL,'/admin/settings/fields?site=default','/admin/settings/fields?site=default','pencil','','manual',0,NULL,'2025-05-08 11:36:20','2025-06-26 08:18:07','126ff0f0-71ab-4343-8cd7-20fa961d9469'),(25,1,'campos','Campos','Campos',1,26,NULL,2,NULL,24,'/admin/settings/fields?site=default','/admin/settings/fields?site=default','','','manual',0,NULL,'2025-05-08 11:36:35','2025-06-26 08:18:07','bbf3076e-49fe-4694-b1eb-aff9cf833afc'),(26,1,'tipos','Tipos','Tipos',1,27,NULL,2,NULL,24,'/admin/settings/entry-types?site=default','/admin/settings/entry-types?site=default','','','manual',0,NULL,'2025-05-08 11:36:47','2025-06-26 08:18:07','adf42405-9540-453e-925a-b9e2319de04d'),(27,1,'seccoes','Secções','Secções',1,28,NULL,2,NULL,24,'/admin/settings/sections?site=default','/admin/settings/sections?site=default','','','manual',0,NULL,'2025-05-08 11:37:02','2025-06-26 08:18:07','7e67c2b5-3fb8-46a1-ad12-f065590d8c3e'),(28,1,'globais','Globais','Globais',1,29,NULL,2,NULL,24,'/admin/settings/globals?site=default','/admin/settings/globals?site=default','','','manual',0,NULL,'2025-05-08 11:37:13','2025-06-26 08:18:07','90b47f1b-2f19-46a2-ad14-4934e300255b'),(29,1,'categorias','Categorias','Categorias',1,30,NULL,2,NULL,24,'/admin/settings/categories?site=default','/admin/settings/categories?site=default','','','manual',0,NULL,'2025-05-22 11:08:37','2025-06-26 08:18:07','f9c70326-6947-41c8-a4d7-cbbdb771753c'),(30,1,'categories','Categorias','Categorias',1,2,1,1,NULL,NULL,'categories','categories','sitemap','','craft',0,NULL,'2025-05-22 11:15:21','2025-05-22 11:52:18','25726664-287b-43aa-8089-556bee8f68fc'),(38,1,'freeform','Freeform','Fromulários',1,17,1,1,NULL,NULL,'freeform','freeform','/home/suba/public_html/suba/vendor/solspace/craft-freeform/packages/plugin/src/icon-mask.svg','','plugin',0,NULL,'2025-06-26 08:15:20','2025-06-26 08:18:22','5a7bd9e4-6aca-411c-96f2-4e5a2df6b316'),(39,1,'forms','Forms','Forms',1,18,2,2,38,38,'freeform/forms','freeform/forms','','','plugin',0,NULL,'2025-06-26 08:15:21','2025-06-26 08:18:07','6634448e-488d-4946-9b9e-334ebf0c6a2c'),(40,1,'submissions','Submissions','Submissions',1,19,2,2,38,38,'freeform/submissions','freeform/submissions','','','plugin',0,NULL,'2025-06-26 08:15:23','2025-06-26 08:18:07','721b8d5c-86e6-4875-9c76-67cdf5c89232'),(41,1,'spam','Spam','Spam',1,20,2,2,38,38,'freeform/spam','freeform/spam','','','plugin',0,NULL,'2025-06-26 08:15:25','2025-06-26 08:18:07','5ce4efd9-a4f1-43cc-b0b4-988eb6989076'),(42,1,'notifications','Notifications','Notifications',1,21,2,2,38,38,'freeform/notifications','freeform/notifications','','','plugin',0,NULL,'2025-06-26 08:15:26','2025-06-26 08:18:07','487942a4-2f0c-4d8b-b5ed-ec9cda7bf22b'),(43,1,'export','Import / Export','Import / Export',1,22,2,2,38,38,'freeform/export/profiles','freeform/export/profiles','','','plugin',0,NULL,'2025-06-26 08:15:28','2025-06-26 08:18:07','f3de927a-cd75-46a7-8bf3-495930e013c9'),(44,1,'settings','Settings','Settings',1,23,2,2,38,38,'freeform/settings','freeform/settings','','','plugin',0,NULL,'2025-06-26 08:15:29','2025-06-26 08:18:07','2b78a747-0c26-4f83-ac90-38ed51c17764');
commit;

--
-- Dumping data for table `craftidtokens`
--

set autocommit=0;
commit;

--
-- Dumping data for table `deprecationerrors`
--

set autocommit=0;
commit;

--
-- Dumping data for table `drafts`
--

set autocommit=0;
INSERT INTO `drafts` VALUES (34,NULL,1,0,'Primeiro rascunho',NULL,0,NULL,0),(50,NULL,1,0,'Primeiro rascunho',NULL,0,NULL,0),(62,NULL,1,0,'Primeiro rascunho',NULL,0,NULL,0),(69,NULL,1,0,'Primeiro rascunho',NULL,0,NULL,0),(101,NULL,1,0,'Primeiro rascunho',NULL,0,NULL,0),(269,NULL,1,0,'Primeiro rascunho',NULL,0,NULL,0);
commit;

--
-- Dumping data for table `elementactivity`
--

set autocommit=0;
INSERT INTO `elementactivity` VALUES (2,1,1,NULL,'edit','2025-06-26 14:59:08'),(2,1,1,NULL,'save','2025-06-26 15:00:37'),(2,1,1,NULL,'view','2025-06-27 10:17:19'),(72,1,1,NULL,'view','2025-04-22 14:24:50'),(74,1,1,NULL,'edit','2025-07-02 09:28:53'),(74,1,1,NULL,'save','2025-07-02 09:28:54'),(74,1,1,NULL,'view','2025-07-02 09:28:50'),(75,1,1,NULL,'save','2025-04-22 14:26:49'),(75,1,1,NULL,'view','2025-04-22 14:26:44'),(76,1,1,NULL,'edit','2025-06-26 09:21:09'),(76,1,1,NULL,'save','2025-06-26 09:21:10'),(76,1,1,NULL,'view','2025-07-02 09:27:01'),(77,1,1,NULL,'edit','2025-06-26 16:47:01'),(77,1,1,NULL,'save','2025-06-26 16:47:02'),(77,1,1,NULL,'view','2025-07-02 11:10:21'),(79,1,1,NULL,'view','2025-04-22 14:30:02'),(121,1,1,NULL,'edit','2025-07-01 17:01:50'),(121,1,1,NULL,'save','2025-07-01 17:02:04'),(121,1,1,NULL,'view','2025-07-01 17:02:40'),(165,1,1,NULL,'edit','2025-07-02 09:43:20'),(165,1,1,NULL,'save','2025-07-02 09:43:23'),(165,1,1,NULL,'view','2025-07-09 15:01:29'),(167,1,1,NULL,'edit','2025-06-27 08:47:36'),(167,1,1,NULL,'save','2025-06-27 08:47:37'),(167,1,1,NULL,'view','2025-07-01 13:18:07'),(171,1,1,NULL,'edit','2025-07-09 14:37:11'),(171,1,1,NULL,'save','2025-07-09 14:37:15'),(171,1,1,NULL,'view','2025-07-09 15:01:29'),(173,1,1,NULL,'edit','2025-06-26 15:28:34'),(173,1,1,NULL,'save','2025-06-26 15:28:39'),(173,1,1,NULL,'view','2025-07-01 13:18:04'),(185,1,1,NULL,'view','2025-06-26 09:00:08'),(187,1,1,NULL,'edit','2025-06-26 09:13:13'),(187,1,1,NULL,'save','2025-06-26 09:13:14'),(187,1,1,NULL,'view','2025-06-26 09:13:09'),(194,1,1,NULL,'view','2025-07-02 09:27:01'),(197,1,1,NULL,'edit','2025-06-27 10:41:39'),(197,1,1,NULL,'save','2025-06-27 10:41:40'),(197,1,1,NULL,'view','2025-06-27 10:41:29'),(198,1,1,NULL,'save','2025-06-26 09:17:37'),(198,1,1,NULL,'view','2025-06-26 09:17:28'),(199,1,1,NULL,'save','2025-06-26 09:13:44'),(199,1,1,NULL,'view','2025-06-26 09:13:37'),(200,1,1,NULL,'save','2025-06-26 09:17:32'),(200,1,1,NULL,'view','2025-06-26 09:17:28'),(202,1,1,NULL,'view','2025-06-26 09:21:30'),(208,1,1,NULL,'save','2025-06-26 09:20:55'),(208,1,1,NULL,'view','2025-06-26 09:20:43'),(211,1,1,NULL,'save','2025-06-26 09:21:22'),(211,1,1,NULL,'view','2025-06-26 09:21:14'),(212,1,1,NULL,'save','2025-07-09 14:36:24'),(212,1,1,NULL,'view','2025-07-09 14:36:20'),(214,1,1,NULL,'edit','2025-06-26 15:26:10'),(214,1,1,NULL,'save','2025-06-26 15:26:13'),(214,1,1,NULL,'view','2025-07-02 10:57:32'),(216,1,1,NULL,'edit','2025-06-26 15:47:54'),(216,1,1,NULL,'save','2025-07-01 13:17:58'),(216,1,1,NULL,'view','2025-07-02 10:57:28'),(218,1,1,NULL,'view','2025-06-26 10:59:13'),(219,1,1,NULL,'save','2025-06-26 11:38:25'),(219,1,1,NULL,'view','2025-06-30 09:14:07'),(224,1,1,NULL,'save','2025-06-26 11:42:00'),(224,1,1,NULL,'view','2025-06-26 11:41:59'),(225,1,1,NULL,'save','2025-06-26 11:42:13'),(225,1,1,NULL,'view','2025-06-26 11:42:06'),(226,1,1,NULL,'save','2025-06-26 11:42:30'),(226,1,1,NULL,'view','2025-06-26 11:42:19'),(227,1,1,NULL,'save','2025-06-26 11:42:43'),(227,1,1,NULL,'view','2025-06-26 11:42:51'),(228,1,1,NULL,'save','2025-06-26 11:43:06'),(228,1,1,NULL,'view','2025-06-26 11:43:19'),(229,1,1,NULL,'save','2025-06-26 11:43:09'),(229,1,1,NULL,'view','2025-06-26 11:43:19'),(295,1,1,NULL,'view','2025-06-27 10:17:19'),(333,1,1,NULL,'view','2025-06-26 15:07:52'),(344,1,1,NULL,'edit','2025-06-27 08:31:39'),(344,1,1,NULL,'view','2025-06-27 11:26:22'),(345,1,1,NULL,'edit','2025-06-27 08:32:10'),(345,1,1,NULL,'view','2025-06-27 08:32:15'),(346,1,1,NULL,'edit','2025-06-27 08:41:20'),(346,1,1,NULL,'view','2025-06-27 08:41:15'),(347,1,1,NULL,'edit','2025-06-27 08:36:21'),(347,1,1,NULL,'view','2025-06-27 08:36:08'),(417,1,1,NULL,'view','2025-06-30 09:49:10'),(493,1,1,NULL,'edit','2025-06-26 15:51:11'),(493,1,1,NULL,'view','2025-06-30 17:15:06'),(525,1,1,NULL,'view','2025-06-30 17:15:06'),(528,1,1,NULL,'edit','2025-07-09 14:37:11'),(528,1,1,NULL,'view','2025-07-09 14:37:04'),(546,1,1,NULL,'save','2025-06-26 17:03:34'),(546,1,1,NULL,'view','2025-06-27 16:06:20'),(547,1,1,NULL,'save','2025-06-26 17:03:46'),(547,1,1,NULL,'view','2025-06-26 17:03:38'),(548,1,1,NULL,'save','2025-06-26 17:04:02'),(548,1,1,NULL,'view','2025-06-26 17:03:49'),(549,1,1,NULL,'save','2025-06-26 17:04:14'),(549,1,1,NULL,'view','2025-06-26 17:04:04'),(550,1,1,NULL,'save','2025-06-26 17:04:25'),(550,1,1,NULL,'view','2025-07-08 16:54:04'),(551,1,1,NULL,'save','2025-06-26 17:04:35'),(551,1,1,NULL,'view','2025-07-02 11:10:21'),(639,1,1,NULL,'edit','2025-06-27 11:26:00'),(639,1,1,NULL,'view','2025-06-27 11:25:57'),(689,1,1,NULL,'save','2025-06-27 08:56:09'),(689,1,1,NULL,'view','2025-06-27 08:56:08'),(692,1,1,NULL,'edit','2025-06-27 09:01:39'),(692,1,1,NULL,'save','2025-06-27 09:01:40'),(692,1,1,NULL,'view','2025-06-27 10:17:18'),(701,1,1,NULL,'save','2025-06-27 08:57:33'),(701,1,1,NULL,'view','2025-06-27 08:57:32'),(703,1,1,NULL,'save','2025-06-27 08:58:13'),(703,1,1,NULL,'view','2025-06-27 08:58:11'),(706,1,1,NULL,'save','2025-06-27 08:58:36'),(706,1,1,NULL,'view','2025-06-27 08:58:21'),(708,1,1,NULL,'save','2025-06-27 08:58:55'),(708,1,1,NULL,'view','2025-06-27 08:58:44'),(710,1,1,NULL,'save','2025-06-27 08:59:13'),(710,1,1,NULL,'view','2025-06-27 16:02:50'),(712,1,1,NULL,'save','2025-06-27 08:59:31'),(712,1,1,NULL,'view','2025-06-27 08:59:20'),(714,1,1,NULL,'save','2025-06-27 08:59:50'),(714,1,1,NULL,'view','2025-06-27 08:59:38'),(716,1,1,NULL,'save','2025-06-27 09:00:58'),(716,1,1,NULL,'view','2025-06-27 10:17:17'),(721,1,1,NULL,'edit','2025-07-02 10:44:06'),(721,1,1,NULL,'save','2025-07-02 10:44:47'),(721,1,1,NULL,'view','2025-07-02 10:51:06'),(726,1,1,NULL,'save','2025-07-02 10:44:48'),(726,1,1,NULL,'view','2025-07-02 10:51:07'),(736,1,1,NULL,'edit','2025-07-02 10:58:08'),(736,1,1,NULL,'save','2025-07-02 10:58:12'),(736,1,1,NULL,'view','2025-07-02 10:58:02'),(743,1,1,NULL,'save','2025-06-30 09:21:33'),(743,1,1,NULL,'view','2025-06-30 09:29:38'),(745,1,1,NULL,'edit','2025-06-30 09:42:25'),(745,1,1,NULL,'save','2025-06-30 09:45:33'),(745,1,1,NULL,'view','2025-06-30 09:44:56'),(754,1,1,NULL,'save','2025-06-30 09:45:12'),(754,1,1,NULL,'view','2025-06-30 10:25:44'),(769,1,1,NULL,'edit','2025-07-01 11:05:15'),(769,1,1,NULL,'save','2025-07-01 11:05:18'),(769,1,1,NULL,'view','2025-07-01 11:07:08'),(774,1,1,NULL,'edit','2025-07-01 11:07:10'),(774,1,1,NULL,'save','2025-07-01 11:07:11'),(774,1,1,NULL,'view','2025-07-01 11:07:22'),(779,1,1,NULL,'save','2025-06-30 16:44:18'),(779,1,1,NULL,'view','2025-06-30 16:46:04'),(783,1,1,NULL,'save','2025-06-30 16:37:14'),(783,1,1,NULL,'view','2025-06-30 16:37:04'),(787,1,1,NULL,'save','2025-06-30 16:37:43'),(787,1,1,NULL,'view','2025-06-30 16:37:37'),(790,1,1,NULL,'save','2025-06-30 16:40:10'),(790,1,1,NULL,'view','2025-06-30 16:40:06'),(793,1,1,NULL,'save','2025-06-30 16:40:43'),(793,1,1,NULL,'view','2025-06-30 16:40:32'),(796,1,1,NULL,'save','2025-06-30 16:43:18'),(796,1,1,NULL,'view','2025-06-30 16:43:05'),(800,1,1,NULL,'save','2025-07-01 11:44:56'),(800,1,1,NULL,'view','2025-07-01 11:50:53'),(811,1,1,NULL,'save','2025-07-01 11:03:46'),(811,1,1,NULL,'view','2025-07-01 11:11:18'),(815,1,1,NULL,'edit','2025-07-01 11:05:03'),(815,1,1,NULL,'save','2025-07-01 11:05:06'),(815,1,1,NULL,'view','2025-07-01 11:04:59'),(823,1,1,NULL,'edit','2025-07-01 11:36:33'),(823,1,1,NULL,'save','2025-07-01 11:36:34'),(823,1,1,NULL,'view','2025-07-01 11:36:31'),(832,1,1,NULL,'save','2025-07-01 11:44:10'),(832,1,1,NULL,'view','2025-07-01 11:50:53'),(836,1,1,NULL,'save','2025-07-01 11:45:19'),(836,1,1,NULL,'view','2025-07-01 11:50:53'),(849,1,1,NULL,'view','2025-07-01 17:07:00'),(850,1,1,NULL,'save','2025-07-01 17:03:27'),(850,1,1,NULL,'view','2025-07-02 09:22:45'),(851,1,1,NULL,'view','2025-07-01 17:06:36'),(852,1,1,NULL,'edit','2025-07-01 17:06:57'),(852,1,1,NULL,'save','2025-07-01 17:06:58'),(852,1,1,NULL,'view','2025-07-02 09:22:45'),(868,1,1,NULL,'edit','2025-07-02 10:47:39'),(868,1,1,NULL,'save','2025-07-02 10:47:40'),(868,1,1,NULL,'view','2025-07-02 10:47:30'),(871,1,1,NULL,'save','2025-07-02 10:47:30'),(871,1,1,NULL,'view','2025-07-02 10:51:05'),(876,1,1,NULL,'save','2025-07-02 10:49:06'),(876,1,1,NULL,'view','2025-07-02 10:51:05'),(879,1,1,NULL,'save','2025-07-02 10:50:22'),(879,1,1,NULL,'view','2025-07-02 10:51:08'),(882,1,1,NULL,'save','2025-07-02 10:51:04'),(882,1,1,NULL,'view','2025-07-02 10:57:28'),(885,1,1,NULL,'save','2025-07-02 10:52:10'),(885,1,1,NULL,'view','2025-07-02 10:57:27'),(888,1,1,NULL,'save','2025-07-02 10:53:05'),(888,1,1,NULL,'view','2025-07-02 10:57:27'),(891,1,1,NULL,'save','2025-07-02 10:54:09'),(891,1,1,NULL,'view','2025-07-02 10:57:26'),(894,1,1,NULL,'save','2025-07-02 10:54:45'),(894,1,1,NULL,'view','2025-07-02 10:57:25'),(897,1,1,NULL,'save','2025-07-02 10:55:21'),(897,1,1,NULL,'view','2025-07-02 10:55:11'),(903,1,1,NULL,'save','2025-07-02 10:59:01'),(903,1,1,NULL,'view','2025-07-02 11:06:50');
commit;

--
-- Dumping data for table `elements`
--

set autocommit=0;
INSERT INTO `elements` VALUES (1,NULL,NULL,NULL,NULL,'craft\\elements\\User',1,0,'2025-04-22 08:28:22','2025-04-22 08:28:22',NULL,NULL,NULL,'1c89a23f-5d4b-4b47-b330-d1df095b79fe'),(2,NULL,NULL,NULL,1,'craft\\elements\\Entry',1,0,'2025-04-22 10:15:14','2025-06-26 15:00:37',NULL,NULL,NULL,'a85ca3c3-9626-4f43-819a-65b5e67c8a4b'),(3,2,NULL,1,1,'craft\\elements\\Entry',1,0,'2025-04-22 10:15:14','2025-04-22 10:15:14',NULL,NULL,NULL,'75880c6a-7354-48bf-bbc2-40ee403f15fc'),(11,NULL,NULL,NULL,3,'craft\\elements\\Asset',1,0,'2025-04-22 11:04:21','2025-07-01 11:24:43',NULL,'2025-07-01 11:24:43',NULL,'b44c6bc5-0414-45df-a997-ee336fb10266'),(12,NULL,NULL,NULL,2,'craft\\elements\\Entry',1,0,'2025-04-22 11:04:22','2025-04-22 11:07:29',NULL,'2025-04-22 11:07:29',NULL,'8d8f6c2a-2251-4517-944a-38eb2331378a'),(13,NULL,NULL,NULL,2,'craft\\elements\\Entry',1,0,'2025-04-22 11:04:22','2025-06-26 14:53:51',NULL,NULL,NULL,'fde422d3-c66a-4563-bf05-9d2063206173'),(14,2,NULL,2,1,'craft\\elements\\Entry',1,0,'2025-04-22 11:04:22','2025-04-22 11:04:23',NULL,NULL,NULL,'2d571c78-e2fe-4dc3-9349-43adf5152056'),(15,12,NULL,3,2,'craft\\elements\\Entry',1,0,'2025-04-22 11:04:22','2025-04-22 11:04:23',NULL,'2025-04-22 11:07:29',NULL,'23f68c63-6598-4773-91c7-d91c050a364f'),(16,13,NULL,4,2,'craft\\elements\\Entry',1,0,'2025-04-22 11:04:22','2025-05-22 11:23:53',NULL,NULL,NULL,'a29e3ccd-a187-4770-bfe7-8a01b8cfbecc'),(17,2,NULL,5,1,'craft\\elements\\Entry',1,0,'2025-04-22 11:07:00','2025-04-22 11:07:00',NULL,NULL,NULL,'22ba2a0d-2685-4607-9545-b9e4b87a2818'),(18,13,NULL,6,2,'craft\\elements\\Entry',1,0,'2025-04-22 11:07:00','2025-05-22 11:23:53',NULL,NULL,NULL,'9121badc-6e1c-4034-9d8a-6854b7bd43bc'),(21,2,NULL,7,1,'craft\\elements\\Entry',1,0,'2025-04-22 11:07:29','2025-04-22 11:07:29',NULL,NULL,NULL,'ec3fd5a9-3818-4f50-9998-0a2a2a80790f'),(22,13,NULL,8,2,'craft\\elements\\Entry',1,0,'2025-04-22 11:07:29','2025-05-22 11:23:53',NULL,NULL,NULL,'281510b9-5d48-4dfb-86cb-1cff0615e991'),(23,2,NULL,9,1,'craft\\elements\\Entry',1,0,'2025-04-22 11:08:15','2025-04-22 11:08:15',NULL,NULL,NULL,'fc23dbd4-ad85-40a7-a3bb-a73ecf36939a'),(24,13,NULL,10,2,'craft\\elements\\Entry',1,0,'2025-04-22 11:08:15','2025-05-22 11:23:54',NULL,NULL,NULL,'47db5e57-98e9-4290-8cc1-0f44298d1949'),(27,2,NULL,11,1,'craft\\elements\\Entry',1,0,'2025-04-22 11:08:31','2025-04-22 11:08:32',NULL,NULL,NULL,'186540bf-ab4b-4c51-9842-f72e11cf05bf'),(28,13,NULL,12,2,'craft\\elements\\Entry',1,0,'2025-04-22 11:08:32','2025-05-22 11:23:54',NULL,NULL,NULL,'5a5d59bd-2282-4d3d-918c-a484f5c4ab9a'),(31,2,NULL,13,1,'craft\\elements\\Entry',1,0,'2025-04-22 11:08:45','2025-04-22 11:08:45',NULL,NULL,NULL,'6cd5025d-1b0f-466a-87d8-2ab799f5f30b'),(32,13,NULL,14,2,'craft\\elements\\Entry',1,0,'2025-04-22 11:08:45','2025-05-22 11:23:56',NULL,NULL,NULL,'5c6127c7-b2cf-4e51-bb7b-307350f29b35'),(39,NULL,NULL,NULL,5,'craft\\elements\\Entry',1,0,'2025-04-22 11:22:20','2025-04-22 14:39:52',NULL,'2025-04-22 14:39:52',NULL,'c783f81a-8c12-4848-b5c8-fad97d165d36'),(40,39,NULL,19,5,'craft\\elements\\Entry',1,0,'2025-04-22 11:22:20','2025-05-22 11:23:54',NULL,NULL,NULL,'a567aec2-22d3-4d71-88a4-a70606985c26'),(41,2,NULL,20,1,'craft\\elements\\Entry',1,0,'2025-04-22 11:22:20','2025-04-22 11:22:20',NULL,NULL,NULL,'c546704c-0a48-4a64-9130-131241d0d359'),(46,39,NULL,23,5,'craft\\elements\\Entry',1,0,'2025-04-22 11:22:42','2025-05-22 11:23:54',NULL,NULL,NULL,'f3433e34-f9c1-4531-adbe-c249f6ac7da4'),(47,2,NULL,24,1,'craft\\elements\\Entry',1,0,'2025-04-22 11:22:42','2025-04-22 11:22:42',NULL,NULL,NULL,'ca597dfb-f1ce-4ca9-9339-a925fa531dca'),(53,39,NULL,28,5,'craft\\elements\\Entry',1,0,'2025-04-22 11:23:50','2025-05-22 11:23:55',NULL,NULL,NULL,'3f3a716b-7ade-497e-9078-938bdf3291b2'),(54,2,NULL,29,1,'craft\\elements\\Entry',1,0,'2025-04-22 11:23:50','2025-04-22 11:23:50',NULL,NULL,NULL,'bd4b4b5d-3a99-4b3b-a179-9b72a4ec0fe0'),(59,39,NULL,32,5,'craft\\elements\\Entry',1,0,'2025-04-22 11:24:06','2025-05-22 11:23:55',NULL,NULL,NULL,'d3baabca-9b17-4fb5-8513-f77f701e48e9'),(60,2,NULL,33,1,'craft\\elements\\Entry',1,0,'2025-04-22 11:24:06','2025-04-22 11:24:06',NULL,NULL,NULL,'f3326c9d-4479-492a-ab23-81594f01c0f6'),(70,NULL,NULL,NULL,33,'craft\\elements\\GlobalSet',1,0,'2025-04-22 14:24:17','2025-10-24 11:00:03',NULL,NULL,NULL,'736b1dc4-f24e-41da-bee1-d34eb1ea2b09'),(71,NULL,NULL,NULL,34,'craft\\elements\\GlobalSet',1,0,'2025-04-22 14:24:39','2025-07-09 14:36:26',NULL,NULL,NULL,'8d4a769f-8a82-4c89-b709-c367eaa6eb0e'),(72,NULL,NULL,NULL,30,'craft\\elements\\Entry',1,0,'2025-04-22 14:24:49','2025-10-24 11:00:03',NULL,NULL,NULL,'e0b4afab-5f44-4d2a-8e42-8d4693d11ca6'),(73,NULL,NULL,NULL,29,'craft\\elements\\Entry',1,0,'2025-04-22 14:25:37','2025-07-09 14:36:26',NULL,NULL,NULL,'f57ad751-42cc-4364-a49e-eb3aed973842'),(74,NULL,NULL,NULL,28,'craft\\elements\\Entry',1,0,'2025-04-22 14:25:42','2025-07-02 09:28:54',NULL,NULL,NULL,'46da8bb1-6d40-447d-97d0-42e73e38a474'),(75,NULL,NULL,NULL,32,'craft\\elements\\Entry',1,0,'2025-04-22 14:26:27','2025-07-09 14:36:27',NULL,NULL,NULL,'c6cc9597-4a05-4c54-913f-abef196cda2c'),(76,NULL,NULL,NULL,31,'craft\\elements\\Entry',1,0,'2025-04-22 14:26:56','2025-06-26 09:21:10',NULL,NULL,NULL,'6f972967-6db7-4e52-9988-4df6f7328b9d'),(77,NULL,NULL,NULL,28,'craft\\elements\\Entry',1,0,'2025-04-22 14:27:32','2025-06-26 16:47:02',NULL,NULL,NULL,'e552cf98-8f0c-40db-9653-bd3ab7e43497'),(79,NULL,34,NULL,28,'craft\\elements\\Entry',1,0,'2025-04-22 14:29:41','2025-04-22 14:29:41',NULL,NULL,NULL,'5212e93f-63e0-46ec-b0e2-5ed140f23402'),(108,NULL,NULL,NULL,20,'craft\\elements\\Entry',1,0,'2025-04-22 14:39:52','2025-06-26 14:53:51',NULL,'2025-06-26 14:53:51',NULL,'77dd3548-7822-4620-8230-6a5c7cf5e1c9'),(109,108,NULL,59,20,'craft\\elements\\Entry',1,0,'2025-04-22 14:39:52','2025-05-22 11:23:57',NULL,'2025-06-26 14:53:51',NULL,'3c5d93e1-bf22-44d1-bfe9-d8c72f3061b3'),(110,NULL,NULL,NULL,21,'craft\\elements\\Entry',1,0,'2025-04-22 14:39:52','2025-06-26 14:53:51',NULL,'2025-06-26 14:53:51',NULL,'92f377fa-94da-4b98-8d7e-3b1480eb9c1e'),(111,110,NULL,60,21,'craft\\elements\\Entry',1,0,'2025-04-22 14:39:52','2025-04-22 14:39:52',NULL,'2025-06-26 14:53:51',NULL,'b20e86f4-6c53-4687-9d4c-6a52324ee015'),(112,NULL,NULL,NULL,22,'craft\\elements\\Entry',1,0,'2025-04-22 14:39:53','2025-06-26 14:53:52',NULL,'2025-06-26 14:53:52',NULL,'9f24655e-0017-4767-86c2-67cfc437bb74'),(113,112,NULL,61,22,'craft\\elements\\Entry',1,0,'2025-04-22 14:39:53','2025-05-22 11:23:57',NULL,'2025-06-26 14:53:52',NULL,'bbb9766f-a4bc-422f-8bb6-364522ea10fd'),(114,NULL,NULL,NULL,24,'craft\\elements\\Entry',1,0,'2025-04-22 14:39:53','2025-06-26 14:53:53',NULL,'2025-06-26 14:53:53',NULL,'ba1708bc-acf9-4e9c-8d80-0295641f0535'),(115,114,NULL,62,24,'craft\\elements\\Entry',1,0,'2025-04-22 14:39:53','2025-05-22 11:23:57',NULL,'2025-06-26 14:53:53',NULL,'7fb2b139-a100-4d4c-b079-adcf224f1e17'),(116,NULL,NULL,NULL,25,'craft\\elements\\Entry',1,0,'2025-04-22 14:39:54','2025-06-26 14:53:53',NULL,'2025-06-26 14:53:53',NULL,'62d7ada9-9071-4576-b322-1be47d62a356'),(117,116,NULL,63,25,'craft\\elements\\Entry',1,0,'2025-04-22 14:39:54','2025-05-22 11:23:57',NULL,'2025-06-26 14:53:53',NULL,'3c00d948-d3e6-49d6-8109-f794c4a206b2'),(118,NULL,NULL,NULL,9,'craft\\elements\\Entry',1,0,'2025-04-22 14:39:54','2025-06-26 14:53:53',NULL,'2025-06-26 14:53:53',1,'3d689750-26ec-42c8-a83d-695623851703'),(119,2,NULL,64,1,'craft\\elements\\Entry',1,0,'2025-04-22 14:39:52','2025-04-22 14:39:54',NULL,NULL,NULL,'3a90ca7d-6866-4f97-8427-5b7ab06c9e65'),(120,110,NULL,65,21,'craft\\elements\\Entry',1,0,'2025-04-22 14:39:53','2025-05-22 11:23:57',NULL,'2025-06-26 14:53:51',NULL,'87d11bf5-c036-41cc-922d-4b951eb66c0d'),(121,NULL,NULL,NULL,35,'craft\\elements\\Entry',1,0,'2025-04-22 14:44:34','2025-07-01 17:02:04',NULL,NULL,NULL,'35071c47-fc17-4ff5-9fa0-b30e34da6306'),(122,121,NULL,66,35,'craft\\elements\\Entry',1,0,'2025-04-22 14:44:34','2025-04-22 14:44:34',NULL,NULL,NULL,'7ad66390-a9fe-4e18-8d0b-5563c0a5d7d3'),(124,121,NULL,67,35,'craft\\elements\\Entry',1,0,'2025-04-22 15:08:03','2025-04-22 15:08:03',NULL,NULL,NULL,'6dad51b7-b03b-462c-9abd-c39f326bc7ef'),(126,121,NULL,68,35,'craft\\elements\\Entry',1,0,'2025-04-22 15:10:38','2025-04-22 15:10:39',NULL,NULL,NULL,'289925e4-f744-4f9b-a8b7-f6eaf7dc378e'),(128,121,NULL,69,35,'craft\\elements\\Entry',1,0,'2025-04-22 15:16:50','2025-04-22 15:16:50',NULL,NULL,NULL,'565d5748-6677-47af-bbdb-17a96c03de4e'),(130,121,NULL,70,35,'craft\\elements\\Entry',1,0,'2025-04-22 15:21:37','2025-04-22 15:21:37',NULL,NULL,NULL,'62bf4e74-6c24-4e38-9a39-8a5ec306d4a2'),(131,121,NULL,71,35,'craft\\elements\\Entry',1,0,'2025-04-22 15:23:24','2025-04-22 15:23:24',NULL,NULL,NULL,'24159dd1-3c4f-4483-ae6a-2d477b11b7b7'),(132,121,NULL,72,35,'craft\\elements\\Entry',1,0,'2025-04-22 15:23:29','2025-04-22 15:23:29',NULL,NULL,NULL,'3cdbb53f-9bab-46a1-bb1e-11b3829a12f8'),(133,2,NULL,73,1,'craft\\elements\\Entry',1,0,'2025-04-22 16:23:12','2025-04-22 16:23:12',NULL,NULL,NULL,'2d393bf3-062d-49e1-b635-2dbb4dd6d7b5'),(134,121,NULL,74,35,'craft\\elements\\Entry',1,0,'2025-04-22 16:23:12','2025-04-22 16:23:12',NULL,NULL,NULL,'4a31f48a-e698-4bc8-9664-48640e4c179f'),(135,2,NULL,75,1,'craft\\elements\\Entry',1,0,'2025-04-22 16:23:13','2025-04-22 16:23:13',NULL,NULL,NULL,'3a20e6bc-dfac-4b22-b086-fa12799aaa12'),(136,2,NULL,76,1,'craft\\elements\\Entry',1,0,'2025-04-22 16:23:14','2025-04-22 16:23:14',NULL,NULL,NULL,'79381903-0144-4228-b382-e426f3691f5d'),(137,121,NULL,77,35,'craft\\elements\\Entry',1,0,'2025-04-22 16:23:14','2025-04-22 16:23:14',NULL,NULL,NULL,'fc0632ea-16b7-4e27-83f0-93f042f53972'),(138,108,NULL,78,20,'craft\\elements\\Entry',1,0,'2025-04-22 16:23:17','2025-05-22 11:23:59',NULL,'2025-06-26 14:53:51',NULL,'28137530-4efc-4c61-8914-53345f00fc25'),(139,110,NULL,79,21,'craft\\elements\\Entry',1,0,'2025-04-22 16:23:17','2025-05-22 11:23:59',NULL,'2025-06-26 14:53:51',NULL,'c0f25542-6db3-4218-860e-d980355aaff7'),(140,112,NULL,80,22,'craft\\elements\\Entry',1,0,'2025-04-22 16:23:17','2025-05-22 11:23:59',NULL,'2025-06-26 14:53:52',NULL,'0f561f6f-734a-4096-88d6-4b14373762e6'),(141,114,NULL,81,24,'craft\\elements\\Entry',1,0,'2025-04-22 16:23:17','2025-05-22 11:23:59',NULL,'2025-06-26 14:53:53',NULL,'2e8e6b8f-49fa-4ec5-8079-efc8147a65e2'),(142,116,NULL,82,25,'craft\\elements\\Entry',1,0,'2025-04-22 16:23:17','2025-05-22 11:23:59',NULL,'2025-06-26 14:53:53',NULL,'2cc0b95b-a069-4e07-b1fe-4c31a0edf7e7'),(143,2,NULL,83,1,'craft\\elements\\Entry',1,0,'2025-05-08 11:07:04','2025-05-08 11:07:04',NULL,NULL,NULL,'0c67cf47-1263-4746-9931-4fc8dae0df5c'),(144,13,NULL,84,2,'craft\\elements\\Entry',1,0,'2025-04-22 16:23:17','2025-05-22 11:23:59',NULL,NULL,NULL,'ee34cb62-79e2-476d-bf08-e04a8cec2b20'),(145,121,NULL,85,35,'craft\\elements\\Entry',1,0,'2025-05-08 11:07:05','2025-05-08 11:07:05',NULL,NULL,NULL,'44985acc-de6a-4443-ac38-2db242fb0726'),(146,2,NULL,86,1,'craft\\elements\\Entry',1,0,'2025-05-08 11:07:06','2025-05-08 11:07:06',NULL,NULL,NULL,'a4217f04-3454-47a5-87f2-5b5c6e03dfc3'),(147,121,NULL,87,35,'craft\\elements\\Entry',1,0,'2025-05-08 11:07:06','2025-05-08 11:07:06',NULL,NULL,NULL,'f2a52077-f413-408f-bad6-f6b62c9a91aa'),(152,121,NULL,89,35,'craft\\elements\\Entry',1,0,'2025-05-22 11:23:37','2025-05-22 11:23:37',NULL,NULL,NULL,'64ff0630-a486-43a6-a301-2a393f438a8e'),(153,121,NULL,90,35,'craft\\elements\\Entry',1,0,'2025-05-22 11:23:38','2025-05-22 11:23:38',NULL,NULL,NULL,'61feeda0-b467-44f1-986c-ca1c6b95fa43'),(154,2,NULL,91,1,'craft\\elements\\Entry',1,0,'2025-05-22 11:23:42','2025-05-22 11:23:42',NULL,NULL,NULL,'11477a66-f746-49d3-9e1f-24ae905e762f'),(155,108,NULL,92,20,'craft\\elements\\Entry',1,0,'2025-05-22 11:23:52','2025-05-22 11:23:52',NULL,'2025-06-26 14:53:51',NULL,'19871fa9-bba7-4435-a505-653b30fd94c7'),(156,110,NULL,93,21,'craft\\elements\\Entry',1,0,'2025-05-22 11:23:52','2025-05-22 11:23:52',NULL,'2025-06-26 14:53:51',NULL,'5d129724-f436-48bc-85c5-c8b6d55d7803'),(157,112,NULL,94,22,'craft\\elements\\Entry',1,0,'2025-05-22 11:23:52','2025-05-22 11:23:52',NULL,'2025-06-26 14:53:52',NULL,'64bbb33d-d195-426b-b780-7e9d53559a26'),(158,114,NULL,95,24,'craft\\elements\\Entry',1,0,'2025-05-22 11:23:52','2025-05-22 11:23:52',NULL,'2025-06-26 14:53:53',NULL,'982a9459-ed2b-4586-b612-0947d7b602de'),(159,116,NULL,96,25,'craft\\elements\\Entry',1,0,'2025-05-22 11:23:53','2025-05-22 11:23:53',NULL,'2025-06-26 14:53:53',NULL,'c8b43f85-1597-4640-b9e5-45dea0492d06'),(160,108,NULL,97,20,'craft\\elements\\Entry',1,0,'2025-05-22 11:23:58','2025-05-22 11:23:58',NULL,'2025-06-26 14:53:51',NULL,'aa66efde-1562-45fb-a5bb-f53b8c125ce5'),(162,112,NULL,99,22,'craft\\elements\\Entry',1,0,'2025-05-22 11:23:58','2025-05-22 11:23:58',NULL,'2025-06-26 14:53:52',NULL,'4fb19022-b447-4a62-8cef-5cae097e0718'),(163,114,NULL,100,24,'craft\\elements\\Entry',1,0,'2025-05-22 11:23:58','2025-05-22 11:23:58',NULL,'2025-06-26 14:53:53',NULL,'d0bc42cf-b265-48ee-99fd-b7fd3be7cfef'),(164,116,NULL,101,25,'craft\\elements\\Entry',1,0,'2025-05-22 11:23:59','2025-05-22 11:23:59',NULL,'2025-06-26 14:53:53',NULL,'cdc6fcc7-4b50-4531-908b-cf330819a2cc'),(165,NULL,NULL,NULL,38,'craft\\elements\\Entry',1,0,'2025-05-22 11:26:19','2025-07-02 09:43:22',NULL,NULL,NULL,'103a62b1-cf5e-44ee-9adc-83335f2b8ff6'),(166,165,NULL,102,38,'craft\\elements\\Entry',1,0,'2025-05-22 11:26:19','2025-05-22 11:26:19',NULL,NULL,NULL,'e4852461-14bf-48e7-86d6-cee26849e565'),(167,NULL,NULL,NULL,39,'craft\\elements\\Entry',1,0,'2025-05-22 11:27:45','2025-06-27 08:47:37',NULL,NULL,NULL,'96869a8c-a7ac-49d1-9ff8-0b1d3ee7dc89'),(168,167,NULL,103,39,'craft\\elements\\Entry',1,0,'2025-05-22 11:27:45','2025-05-22 11:27:45',NULL,NULL,NULL,'b7b27770-63a0-4f7c-b76e-1c4d656f6ff5'),(169,165,NULL,104,38,'craft\\elements\\Entry',1,0,'2025-05-22 11:31:13','2025-05-22 11:31:13',NULL,NULL,NULL,'ecbd5664-4681-43bf-951f-857133af18f2'),(170,167,NULL,105,39,'craft\\elements\\Entry',1,0,'2025-05-22 11:31:19','2025-05-22 11:31:19',NULL,NULL,NULL,'f3527c8e-a3f1-4e36-b370-e6810b04bd61'),(171,NULL,NULL,NULL,40,'craft\\elements\\Entry',1,0,'2025-05-22 11:36:42','2025-07-09 14:37:14',NULL,NULL,NULL,'4369e022-62ce-4cbb-8794-a6f4cbc92f75'),(172,171,NULL,106,40,'craft\\elements\\Entry',1,0,'2025-05-22 11:36:42','2025-05-22 11:36:42',NULL,NULL,NULL,'076e164b-7541-4088-af7f-d121786ef2f1'),(173,NULL,NULL,NULL,41,'craft\\elements\\Entry',1,0,'2025-05-22 11:37:57','2025-06-26 15:28:38',NULL,NULL,NULL,'10227168-94bb-4d50-9aef-f4ae387ec06c'),(174,173,NULL,107,41,'craft\\elements\\Entry',1,0,'2025-05-22 11:37:57','2025-05-22 11:37:57',NULL,NULL,NULL,'67335f2b-2c60-430d-8b07-1216c9bd6440'),(175,108,NULL,108,20,'craft\\elements\\Entry',1,0,'2025-05-22 13:59:06','2025-05-22 13:59:06',NULL,'2025-06-26 14:53:51',NULL,'61148f8e-9be2-4835-a2a2-bf7cbd49656a'),(176,110,NULL,109,21,'craft\\elements\\Entry',1,0,'2025-05-22 13:59:06','2025-05-22 13:59:06',NULL,'2025-06-26 14:53:51',NULL,'18b4b306-419a-47e8-ad34-4ce82ce44858'),(177,112,NULL,110,22,'craft\\elements\\Entry',1,0,'2025-05-22 13:59:07','2025-05-22 13:59:07',NULL,'2025-06-26 14:53:52',NULL,'7ef5b408-9c14-4ee5-9e3e-6c37c5807a42'),(178,114,NULL,111,24,'craft\\elements\\Entry',1,0,'2025-05-22 13:59:07','2025-05-22 13:59:07',NULL,'2025-06-26 14:53:53',NULL,'1954edbb-580f-484a-90ba-349fc955c8cc'),(179,116,NULL,112,25,'craft\\elements\\Entry',1,0,'2025-05-22 13:59:07','2025-05-22 13:59:07',NULL,'2025-06-26 14:53:53',NULL,'31185d06-c20c-47c8-b06a-2c418398dac5'),(180,118,NULL,113,9,'craft\\elements\\Entry',1,0,'2025-05-22 13:56:39','2025-05-22 13:59:07',NULL,'2025-06-26 14:53:53',NULL,'559ea773-e3e4-4019-935b-5761311616fc'),(182,NULL,NULL,NULL,3,'craft\\elements\\Asset',1,0,'2025-06-26 08:59:40','2025-10-24 10:59:43',NULL,NULL,NULL,'6b547917-0b1c-4c1b-b3c5-a7648887d0e9'),(183,NULL,NULL,NULL,3,'craft\\elements\\Asset',1,0,'2025-06-26 08:59:42','2025-06-26 08:59:42',NULL,NULL,NULL,'34b6746e-8634-4a17-99ba-e73922419931'),(184,NULL,NULL,NULL,3,'craft\\elements\\Asset',1,0,'2025-06-26 08:59:46','2025-06-26 08:59:46',NULL,NULL,NULL,'c52b2569-8303-4ea7-b3f5-cff9354a49a7'),(185,NULL,50,NULL,28,'craft\\elements\\Entry',1,0,'2025-06-26 09:00:07','2025-06-26 09:00:07',NULL,NULL,NULL,'20ec9fe9-cf08-4e3b-9d8a-810080c880f9'),(187,NULL,NULL,NULL,86,'craft\\elements\\Entry',1,0,'2025-06-26 09:08:46','2025-07-09 14:36:26',NULL,NULL,NULL,'26a0b108-4b36-4a6a-b040-acb6f01973bb'),(194,NULL,NULL,NULL,28,'craft\\elements\\Entry',1,0,'2025-06-26 09:13:13','2025-06-26 09:13:13',NULL,NULL,NULL,'44894250-6bdc-465b-a954-064fe65e0ee0'),(195,NULL,NULL,NULL,28,'craft\\elements\\Entry',1,0,'2025-06-26 09:13:13','2025-06-26 09:13:14',NULL,NULL,NULL,'b94a39c5-bd5e-48ae-b327-bc8aa80cf8e8'),(196,NULL,NULL,NULL,28,'craft\\elements\\Entry',1,0,'2025-06-26 09:13:14','2025-06-26 09:13:14',NULL,NULL,NULL,'64975d56-6562-4341-bf31-789678c7809d'),(197,NULL,NULL,NULL,28,'craft\\elements\\Entry',1,0,'2025-06-26 09:13:14','2025-06-27 10:41:40',NULL,NULL,NULL,'e10eb719-6270-4b25-8be6-b365e6a93e40'),(198,NULL,NULL,NULL,86,'craft\\elements\\Entry',1,0,'2025-06-26 09:13:16','2025-07-09 14:36:27',NULL,NULL,NULL,'f343f9fb-50ba-4328-99ee-1c58e38ebc80'),(199,NULL,NULL,NULL,28,'craft\\elements\\Entry',1,0,'2025-06-26 09:13:20','2025-06-26 09:13:44',NULL,NULL,NULL,'07b94f94-4283-4f3f-9e75-a2b19d24bca3'),(200,NULL,NULL,NULL,28,'craft\\elements\\Entry',1,0,'2025-06-26 09:13:47','2025-06-26 09:17:32',NULL,NULL,NULL,'ccb6501a-1393-42af-abd0-0e7de91b6875'),(201,NULL,NULL,NULL,3,'craft\\elements\\Asset',1,0,'2025-06-26 09:18:50','2025-06-26 09:18:50',NULL,NULL,NULL,'5611ba49-6488-479a-9006-c5ef879aaef8'),(202,NULL,62,NULL,31,'craft\\elements\\Entry',1,0,'2025-06-26 09:19:13','2025-06-26 09:19:13',NULL,NULL,NULL,'6a6d8c3e-ca3a-446c-aa4e-3326b1be853d'),(203,NULL,NULL,NULL,3,'craft\\elements\\Asset',1,0,'2025-06-26 09:19:26','2025-06-26 09:19:26',NULL,NULL,NULL,'bf9ce645-36b9-421f-813b-d6c626c856c2'),(204,NULL,NULL,NULL,3,'craft\\elements\\Asset',1,0,'2025-06-26 09:19:27','2025-06-26 09:19:27',NULL,NULL,NULL,'0e343367-e217-46f0-b297-727c195690f8'),(205,NULL,NULL,NULL,3,'craft\\elements\\Asset',1,0,'2025-06-26 09:19:28','2025-06-26 09:19:28',NULL,NULL,NULL,'4604adec-0f3c-47f2-8b5c-f9b42a365aaa'),(206,NULL,NULL,NULL,3,'craft\\elements\\Asset',1,0,'2025-06-26 09:19:29','2025-06-26 09:19:29',NULL,NULL,NULL,'a3de2d2d-3cc9-4d8e-9c97-544736b6a8bf'),(208,NULL,NULL,NULL,31,'craft\\elements\\Entry',1,0,'2025-06-26 09:20:05','2025-06-26 09:20:55',NULL,NULL,NULL,'b21cd682-f755-4423-95e3-98b542439557'),(211,NULL,NULL,NULL,31,'craft\\elements\\Entry',1,0,'2025-06-26 09:21:13','2025-06-26 09:21:22',NULL,NULL,NULL,'d69b1e72-5ca2-41aa-ac45-a85b220a6758'),(212,NULL,NULL,NULL,31,'craft\\elements\\Entry',1,0,'2025-06-26 09:21:26','2025-07-09 14:36:24',NULL,NULL,NULL,'14f4313d-9549-4886-969d-46dfcbb871d9'),(213,167,NULL,114,39,'craft\\elements\\Entry',1,0,'2025-06-26 10:14:33','2025-06-26 10:14:33',NULL,NULL,NULL,'2cd73d1a-dcb6-4d66-9f45-5169296b5513'),(214,NULL,NULL,NULL,90,'craft\\elements\\Entry',1,0,'2025-06-26 10:28:32','2025-06-30 10:24:40',NULL,NULL,NULL,'0f11d90e-2cd4-4fcb-9f8f-6cd1cb9aefd3'),(215,214,NULL,115,90,'craft\\elements\\Entry',1,0,'2025-06-26 10:28:32','2025-06-26 10:28:32',NULL,NULL,NULL,'a750e003-4149-4d43-bc23-6bb3caf8c2b9'),(216,NULL,NULL,NULL,98,'craft\\elements\\Entry',1,0,'2025-06-26 10:50:26','2025-07-01 13:17:58',NULL,NULL,NULL,'7a9ddb27-71a5-4770-bafc-f2e7c5e16eeb'),(217,216,NULL,116,98,'craft\\elements\\Entry',1,0,'2025-06-26 10:50:26','2025-06-26 10:50:26',NULL,NULL,NULL,'501358f8-21e1-46fb-bc34-f0185f6ac50b'),(218,NULL,69,NULL,102,'craft\\elements\\Entry',1,0,'2025-06-26 10:59:05','2025-06-26 10:59:05',NULL,NULL,NULL,'c453ccaa-f659-4876-966f-eb295444e2ca'),(219,NULL,NULL,NULL,104,'craft\\elements\\Category',1,0,'2025-06-26 11:37:37','2025-06-26 11:38:25',NULL,NULL,NULL,'b23d6808-a28b-40f3-8401-d69a707afff6'),(220,NULL,NULL,NULL,3,'craft\\elements\\Asset',1,0,'2025-06-26 11:38:11','2025-06-26 11:38:11',NULL,NULL,NULL,'d9fcc0f4-39e5-446d-8c54-0ce2b3a58d57'),(221,NULL,NULL,NULL,3,'craft\\elements\\Asset',1,0,'2025-06-26 11:38:12','2025-06-26 11:38:12',NULL,NULL,NULL,'42949d75-fa16-4777-a039-3a587fbf2b8d'),(222,NULL,NULL,NULL,3,'craft\\elements\\Asset',1,0,'2025-06-26 11:38:13','2025-06-26 11:38:13',NULL,NULL,NULL,'bb6aa9c1-16bf-4e3d-8fbb-c81ccbd4649c'),(223,NULL,NULL,NULL,3,'craft\\elements\\Asset',1,0,'2025-06-26 11:38:14','2025-06-26 11:38:14',NULL,NULL,NULL,'9a3db919-e5c1-4382-95cc-09b58a11b9d0'),(224,NULL,NULL,NULL,104,'craft\\elements\\Category',1,0,'2025-06-26 11:38:25','2025-06-26 11:42:00',NULL,NULL,NULL,'f79513e2-d7cc-4973-96e4-c692648fbd62'),(225,NULL,NULL,NULL,104,'craft\\elements\\Category',1,0,'2025-06-26 11:42:00','2025-06-26 11:42:13',NULL,NULL,NULL,'77585818-74d5-4dad-a2d4-c275878e777a'),(226,NULL,NULL,NULL,104,'craft\\elements\\Category',1,0,'2025-06-26 11:42:13','2025-06-26 11:42:30',NULL,NULL,NULL,'78157814-b1f5-43bb-adbc-6e4d3e6c37ee'),(227,NULL,NULL,NULL,104,'craft\\elements\\Category',1,0,'2025-06-26 11:42:30','2025-06-26 11:42:43',NULL,NULL,NULL,'0bdb54ea-dd9a-4ad5-acb7-5174a7bf7e74'),(228,NULL,NULL,NULL,36,'craft\\elements\\Category',1,0,'2025-06-26 11:42:56','2025-06-26 11:43:06',NULL,NULL,NULL,'2f9b382b-73ea-49b1-bbaf-630968f8ef89'),(229,NULL,NULL,NULL,36,'craft\\elements\\Category',1,0,'2025-06-26 11:42:59','2025-06-26 11:43:09',NULL,NULL,NULL,'a49d1648-4058-4e81-a48e-1b3c425006e5'),(232,NULL,NULL,NULL,3,'craft\\elements\\Asset',1,0,'2025-06-26 14:45:10','2025-06-26 14:45:10',NULL,NULL,NULL,'9579715c-e92b-4d04-a458-a848e3e0335e'),(257,NULL,NULL,NULL,3,'craft\\elements\\Asset',1,0,'2025-06-26 14:48:58','2025-06-26 14:48:58',NULL,NULL,NULL,'18bb3098-f3e3-4c5a-ab17-1e09fa3d56a1'),(263,NULL,NULL,NULL,3,'craft\\elements\\Asset',1,0,'2025-06-26 14:49:24','2025-06-26 14:49:24',NULL,NULL,NULL,'d1aca7c2-d63c-4740-aed7-e93fb9d3b050'),(273,NULL,NULL,NULL,3,'craft\\elements\\Asset',1,0,'2025-06-26 14:50:30','2025-06-26 14:50:30',NULL,NULL,NULL,'66a78b89-c083-4543-965e-bdb269350b53'),(274,NULL,NULL,NULL,3,'craft\\elements\\Asset',1,0,'2025-06-26 14:50:55','2025-06-26 14:50:55',NULL,NULL,NULL,'f2d7877d-61ec-42c8-986f-f250626312d6'),(278,NULL,NULL,NULL,3,'craft\\elements\\Asset',1,0,'2025-06-26 14:51:17','2025-06-26 14:51:17',NULL,NULL,NULL,'07aac118-293b-4f0c-a6de-f9eaabe4353e'),(279,NULL,NULL,NULL,3,'craft\\elements\\Asset',1,0,'2025-06-26 14:51:18','2025-06-26 14:51:18',NULL,NULL,NULL,'dd0db19d-1d8c-4776-895f-5845107924f0'),(280,NULL,NULL,NULL,3,'craft\\elements\\Asset',1,0,'2025-06-26 14:51:19','2025-06-26 14:51:19',NULL,NULL,NULL,'21f065a4-2976-4146-bb21-2550341c8b2a'),(281,NULL,NULL,NULL,3,'craft\\elements\\Asset',1,0,'2025-06-26 14:51:21','2025-06-26 14:51:21',NULL,NULL,NULL,'43ada76b-1902-4930-b839-96c517c6a6d3'),(282,NULL,NULL,NULL,3,'craft\\elements\\Asset',1,0,'2025-06-26 14:51:22','2025-06-26 14:51:22',NULL,NULL,NULL,'cbac8c75-0b3a-44dd-b6a9-38ca7d69dcfb'),(287,NULL,NULL,NULL,18,'craft\\elements\\Entry',1,0,'2025-06-26 14:53:51','2025-06-26 14:53:51',NULL,NULL,NULL,'3fd607d9-8a84-46ba-8a9f-d5482aa78de7'),(288,287,NULL,151,18,'craft\\elements\\Entry',1,0,'2025-06-26 14:53:51','2025-06-26 14:53:51',NULL,NULL,NULL,'b2b32ac6-1b59-4400-a2b5-2a7d5f97ef77'),(289,NULL,NULL,NULL,19,'craft\\elements\\Entry',1,0,'2025-06-26 14:53:51','2025-06-26 14:53:51',NULL,NULL,NULL,'4be9e965-f61d-4b9e-bac3-1c83bc770f96'),(290,289,NULL,152,19,'craft\\elements\\Entry',1,0,'2025-06-26 14:53:51','2025-06-26 14:53:51',NULL,NULL,NULL,'a6d8185e-1302-4c33-9c7b-3985f6d78828'),(291,NULL,NULL,NULL,12,'craft\\elements\\Entry',1,0,'2025-06-26 14:53:51','2025-06-26 14:53:51',NULL,NULL,NULL,'bd9af66f-ae3b-451a-972a-186d3449ec63'),(292,291,NULL,153,12,'craft\\elements\\Entry',1,0,'2025-06-26 14:53:51','2025-06-26 14:53:51',NULL,NULL,NULL,'032c4f06-cf9f-494b-8665-286fade87e9e'),(293,NULL,NULL,NULL,13,'craft\\elements\\Entry',1,0,'2025-06-26 14:53:52','2025-06-26 14:53:52',NULL,NULL,NULL,'f307d361-4a4e-406d-b7b7-10e1023329b9'),(294,293,NULL,154,13,'craft\\elements\\Entry',1,0,'2025-06-26 14:53:52','2025-06-26 14:53:52',NULL,NULL,NULL,'f033edbc-cb2a-4403-86a9-c77ebc7a58f4'),(295,NULL,NULL,NULL,7,'craft\\elements\\Entry',1,0,'2025-06-26 14:53:52','2025-06-26 14:53:52',NULL,NULL,NULL,'1a9f85a9-5137-4906-a073-370759e1ff80'),(296,NULL,NULL,NULL,7,'craft\\elements\\Entry',1,0,'2025-06-26 14:53:52','2025-06-26 14:53:52',NULL,NULL,NULL,'e9076694-5c8f-4651-af32-ab662bb33740'),(297,NULL,NULL,NULL,7,'craft\\elements\\Entry',1,0,'2025-06-26 14:53:52','2025-06-26 14:53:52',NULL,NULL,NULL,'c9f37890-7df3-4da9-8c96-88b4fc9137f9'),(298,NULL,NULL,NULL,7,'craft\\elements\\Entry',1,0,'2025-06-26 14:53:52','2025-06-26 14:53:52',NULL,NULL,NULL,'cf1a2514-8264-4638-a13f-7057fe9bfd1e'),(299,NULL,NULL,NULL,7,'craft\\elements\\Entry',1,0,'2025-06-26 14:53:52','2025-06-26 14:53:52',NULL,NULL,NULL,'43e2e21a-35cb-40ac-94e2-bc152b561a5e'),(300,NULL,NULL,NULL,19,'craft\\elements\\Entry',1,0,'2025-06-26 14:53:53','2025-06-26 14:59:10',NULL,'2025-06-26 14:59:10',NULL,'9ecf0e00-e2c8-49a8-a9de-c0d70597cc35'),(301,300,NULL,155,19,'craft\\elements\\Entry',1,0,'2025-06-26 14:53:53','2025-06-26 14:53:53',NULL,'2025-06-26 14:59:10',NULL,'6649163c-bf79-47cf-8d42-3ea052bf91e9'),(302,NULL,NULL,NULL,18,'craft\\elements\\Entry',1,0,'2025-06-26 14:53:53','2025-06-26 14:53:53',NULL,NULL,NULL,'66c5a325-7be1-4143-88f6-4598c59fd8dd'),(303,2,NULL,156,1,'craft\\elements\\Entry',1,0,'2025-06-26 14:53:50','2025-06-26 14:53:53',NULL,NULL,NULL,'b25906e1-16af-40b5-a8a0-adb33d645c98'),(304,13,NULL,157,2,'craft\\elements\\Entry',1,0,'2025-06-26 14:53:51','2025-06-26 14:53:53',NULL,NULL,NULL,'4ff583fb-8dc4-4f91-bef1-1b0448692a1b'),(305,302,NULL,158,18,'craft\\elements\\Entry',1,0,'2025-06-26 14:53:53','2025-06-26 14:53:54',NULL,NULL,NULL,'ffdaca12-5242-436a-b476-4af0701bc876'),(316,NULL,NULL,NULL,105,'craft\\elements\\Entry',1,0,'2025-06-26 14:59:09','2025-06-26 14:59:09',NULL,NULL,NULL,'49ff840f-0710-4525-b96c-82b0d6231888'),(317,316,NULL,166,105,'craft\\elements\\Entry',1,0,'2025-06-26 14:59:09','2025-06-26 14:59:09',NULL,NULL,NULL,'1107fec3-f81c-4b1a-a2c6-9c80d451bdbc'),(318,2,NULL,167,1,'craft\\elements\\Entry',1,0,'2025-06-26 14:59:09','2025-06-26 14:59:10',NULL,NULL,NULL,'5fdaf1c3-2c22-4f37-a90a-f81c3b785006'),(319,2,NULL,168,1,'craft\\elements\\Entry',1,0,'2025-06-26 15:00:15','2025-06-26 15:00:15',NULL,NULL,NULL,'106601ec-f2ec-443d-a8a9-03863339114d'),(320,2,NULL,169,1,'craft\\elements\\Entry',1,0,'2025-06-26 15:00:37','2025-06-26 15:00:37',NULL,NULL,NULL,'66f8d1e4-b421-42a2-8311-f4b0371710bd'),(328,NULL,NULL,NULL,3,'craft\\elements\\Asset',1,0,'2025-06-26 15:02:03','2025-06-26 15:02:03',NULL,NULL,NULL,'760a6681-1fbf-4984-8e6d-d0e4a2357d2f'),(329,NULL,NULL,NULL,3,'craft\\elements\\Asset',1,0,'2025-06-26 15:02:04','2025-06-26 15:02:04',NULL,NULL,NULL,'624224a3-d140-4376-9273-3244fe8021a7'),(330,NULL,NULL,NULL,3,'craft\\elements\\Asset',1,0,'2025-06-26 15:02:08','2025-06-26 15:02:08',NULL,NULL,NULL,'ea1e4938-308e-496a-abb4-0934f2c1fa5d'),(331,NULL,NULL,NULL,3,'craft\\elements\\Asset',1,0,'2025-06-26 15:02:09','2025-06-26 15:02:09',NULL,NULL,NULL,'6e9e8144-a115-42d9-a336-2303c8fc429e'),(333,NULL,101,NULL,79,'craft\\elements\\Entry',1,0,'2025-06-26 15:03:38','2025-06-26 15:03:38',NULL,NULL,NULL,'e58befe3-6b7b-4c13-86dc-3c2941e1b68e'),(338,NULL,NULL,NULL,3,'craft\\elements\\Asset',1,0,'2025-06-26 15:05:28','2025-06-26 15:05:28',NULL,NULL,NULL,'5c906417-0b94-4e0f-aaee-71edb161bef9'),(339,NULL,NULL,NULL,3,'craft\\elements\\Asset',1,0,'2025-06-26 15:05:29','2025-06-26 15:05:29',NULL,NULL,NULL,'11ee6cdc-8ddd-479c-8da0-042b66cee405'),(340,NULL,NULL,NULL,3,'craft\\elements\\Asset',1,0,'2025-06-26 15:05:30','2025-06-26 15:05:30',NULL,NULL,NULL,'ebee0816-fdaf-4766-a91d-8475b90d550a'),(341,NULL,NULL,NULL,92,'craft\\elements\\Entry',1,0,'2025-06-26 15:08:06','2025-06-26 15:08:06',NULL,NULL,NULL,'d1de36f0-0740-406e-b2c7-e19d94f23029'),(342,NULL,NULL,NULL,18,'craft\\elements\\Entry',1,0,'2025-06-26 15:08:06','2025-06-26 15:08:06',NULL,NULL,NULL,'d1946f54-e437-487e-8bc9-1aff9e20bd9a'),(343,NULL,NULL,NULL,45,'craft\\elements\\Entry',1,0,'2025-06-26 15:08:06','2025-06-27 11:26:25',NULL,NULL,NULL,'1e1d8c39-7730-4268-bb78-c0792a625524'),(344,NULL,NULL,NULL,79,'craft\\elements\\Entry',1,0,'2025-06-26 15:08:06','2025-06-27 08:37:01',NULL,NULL,NULL,'f26048b9-8b5d-4425-98b6-b02c805f48fa'),(345,NULL,NULL,NULL,79,'craft\\elements\\Entry',1,0,'2025-06-26 15:08:06','2025-06-27 08:37:02',NULL,'2025-06-27 08:37:02',NULL,'11cd66f3-d55d-4472-bb3a-35b152099741'),(346,NULL,NULL,NULL,79,'craft\\elements\\Entry',1,0,'2025-06-26 15:08:07','2025-06-27 08:46:03',NULL,NULL,NULL,'f406c8d2-0376-40e8-9723-60e55819c562'),(347,NULL,NULL,NULL,79,'craft\\elements\\Entry',1,0,'2025-06-26 15:08:07','2025-06-27 08:37:02',NULL,NULL,NULL,'29a50a33-dbab-43cc-8ff1-1a575a1c1de2'),(348,NULL,NULL,NULL,46,'craft\\elements\\Entry',1,0,'2025-06-26 15:08:07','2025-07-02 09:43:22',NULL,NULL,NULL,'38ae3e78-e904-4e1f-9aa9-fb2c22cff713'),(349,NULL,NULL,NULL,18,'craft\\elements\\Entry',1,0,'2025-06-26 15:08:07','2025-06-26 15:08:07',NULL,NULL,NULL,'db435098-4a34-428b-b86b-980b6e0d25b8'),(350,NULL,NULL,NULL,24,'craft\\elements\\Entry',1,0,'2025-06-26 15:08:07','2025-06-26 15:08:08',NULL,NULL,NULL,'dba59838-7a08-44cb-be2b-226430bc95b3'),(351,165,NULL,170,38,'craft\\elements\\Entry',1,0,'2025-06-26 15:08:06','2025-06-26 15:08:08',NULL,NULL,NULL,'27a4b5b6-4746-4de9-86f8-5ca12ec39e10'),(352,341,NULL,171,92,'craft\\elements\\Entry',1,0,'2025-06-26 15:08:06','2025-06-26 15:08:08',NULL,NULL,NULL,'fcd11f01-3db9-4ec2-93ac-5124814afa3a'),(353,342,NULL,172,18,'craft\\elements\\Entry',1,0,'2025-06-26 15:08:06','2025-06-26 15:08:08',NULL,NULL,NULL,'89164b7c-6e41-4d6c-a9da-54e0936be35b'),(354,343,NULL,173,45,'craft\\elements\\Entry',1,0,'2025-06-26 15:08:06','2025-06-26 15:08:08',NULL,NULL,NULL,'1b19aa78-8bd0-454d-b709-1bb3cfc97d73'),(355,344,NULL,174,79,'craft\\elements\\Entry',1,0,'2025-06-26 15:08:06','2025-06-26 15:08:08',NULL,NULL,NULL,'a9ee80b8-4f7d-49ce-8a26-2c2f16bd3afa'),(356,345,NULL,175,79,'craft\\elements\\Entry',1,0,'2025-06-26 15:08:07','2025-06-26 15:08:08',NULL,'2025-06-27 08:37:02',NULL,'f4a24d15-e9ea-45b9-86fa-b6ab8ef1a8c1'),(357,346,NULL,176,79,'craft\\elements\\Entry',1,0,'2025-06-26 15:08:07','2025-06-26 15:08:08',NULL,NULL,NULL,'9ae291e4-f652-48fa-8f67-c176804743a3'),(358,347,NULL,177,79,'craft\\elements\\Entry',1,0,'2025-06-26 15:08:07','2025-06-26 15:08:09',NULL,NULL,NULL,'6b66d224-9cab-4eba-93f6-0983d4578c17'),(359,348,NULL,178,46,'craft\\elements\\Entry',1,0,'2025-06-26 15:08:07','2025-06-26 15:08:09',NULL,NULL,NULL,'f365ce81-ec29-4f88-89a5-ecb8eb45dc8a'),(360,349,NULL,179,18,'craft\\elements\\Entry',1,0,'2025-06-26 15:08:07','2025-06-26 15:08:09',NULL,NULL,NULL,'57cd43e2-898b-482b-a071-b935d7acbcda'),(361,350,NULL,180,24,'craft\\elements\\Entry',1,0,'2025-06-26 15:08:08','2025-06-26 15:08:09',NULL,NULL,NULL,'480fc2e6-eacf-4848-8e08-42deed10eb66'),(370,NULL,NULL,NULL,92,'craft\\elements\\Entry',1,0,'2025-06-26 15:12:08','2025-06-26 15:12:08',NULL,NULL,NULL,'380cc26f-f03d-4278-92b9-6d0cc84f02ab'),(371,NULL,NULL,NULL,55,'craft\\elements\\Entry',1,0,'2025-06-26 15:12:08','2025-06-26 15:12:08',NULL,NULL,NULL,'52b6c13a-561c-4c9b-be30-cf00bda27593'),(372,NULL,NULL,NULL,15,'craft\\elements\\Entry',1,0,'2025-06-26 15:12:09','2025-06-26 15:12:09',NULL,NULL,NULL,'b1c81280-a940-4312-85da-1762983e384e'),(373,NULL,NULL,NULL,105,'craft\\elements\\Entry',1,0,'2025-06-26 15:12:09','2025-06-26 15:12:09',NULL,NULL,NULL,'67c58078-efd9-4981-a101-dc4973382d0b'),(374,NULL,NULL,NULL,88,'craft\\elements\\Entry',1,0,'2025-06-26 15:12:09','2025-06-27 08:47:37',NULL,NULL,NULL,'9bb227d5-f316-47c7-bb22-b8c09955c7d8'),(375,NULL,NULL,NULL,17,'craft\\elements\\Entry',1,0,'2025-06-26 15:12:09','2025-06-26 15:18:40',NULL,NULL,NULL,'f374e86d-907b-4f3c-9f6b-ecb518e4c9f9'),(376,167,NULL,181,39,'craft\\elements\\Entry',1,0,'2025-06-26 15:12:08','2025-06-26 15:12:09',NULL,NULL,NULL,'be9989d3-1417-4821-8619-496e958d7bfa'),(377,370,NULL,182,92,'craft\\elements\\Entry',1,0,'2025-06-26 15:12:08','2025-06-26 15:12:09',NULL,NULL,NULL,'c5783c47-f54c-49a9-a84b-141ef50eb4ba'),(378,371,NULL,183,55,'craft\\elements\\Entry',1,0,'2025-06-26 15:12:08','2025-06-26 15:12:09',NULL,NULL,NULL,'39cac605-83cb-4ad7-92f2-9d9cc359090a'),(379,372,NULL,184,15,'craft\\elements\\Entry',1,0,'2025-06-26 15:12:09','2025-06-26 15:12:09',NULL,NULL,NULL,'0d5654bc-5836-44e9-8a9e-e54958b5d9b9'),(380,373,NULL,185,105,'craft\\elements\\Entry',1,0,'2025-06-26 15:12:09','2025-06-26 15:12:09',NULL,NULL,NULL,'b1de5974-afd9-45e5-a5d4-59e0234b5fe3'),(381,374,NULL,186,88,'craft\\elements\\Entry',1,0,'2025-06-26 15:12:09','2025-06-26 15:12:10',NULL,NULL,NULL,'f7c9d56c-bfd8-4f8c-aff7-838a70765693'),(382,375,NULL,187,17,'craft\\elements\\Entry',1,0,'2025-06-26 15:12:09','2025-06-26 15:12:10',NULL,NULL,NULL,'b133b3ee-7b01-43de-9498-aed58c904f9a'),(386,NULL,NULL,NULL,3,'craft\\elements\\Asset',1,0,'2025-06-26 15:18:33','2025-06-26 15:18:33',NULL,NULL,NULL,'b0bfe95d-906c-4b2a-9525-a7280b3c26e2'),(387,167,NULL,188,39,'craft\\elements\\Entry',1,0,'2025-06-26 15:18:40','2025-06-26 15:18:40',NULL,NULL,NULL,'54bd3e28-8387-49f8-8394-0527f0c22617'),(388,374,NULL,189,88,'craft\\elements\\Entry',1,0,'2025-06-26 15:18:40','2025-06-26 15:18:41',NULL,NULL,NULL,'ca655d1f-6c95-484f-95ee-0afbb9c679ac'),(389,375,NULL,190,17,'craft\\elements\\Entry',1,0,'2025-06-26 15:18:40','2025-06-26 15:18:41',NULL,NULL,NULL,'3c2c94ae-2cc4-47de-bccc-03649b1221a7'),(390,167,NULL,191,39,'craft\\elements\\Entry',1,0,'2025-06-26 15:21:46','2025-06-26 15:21:47',NULL,NULL,NULL,'845ab174-4400-4625-b3ba-041d4d8e17a2'),(397,NULL,NULL,NULL,3,'craft\\elements\\Asset',1,0,'2025-06-26 15:22:55','2025-06-26 15:22:55',NULL,NULL,NULL,'7d2559bd-b314-4b5a-a8f8-b5c178502680'),(399,NULL,NULL,NULL,3,'craft\\elements\\Asset',1,0,'2025-06-26 15:23:49','2025-06-26 15:23:49',NULL,NULL,NULL,'4c748c72-0022-4a60-9701-186a9b4d6d89'),(400,NULL,NULL,NULL,3,'craft\\elements\\Asset',1,0,'2025-06-26 15:23:50','2025-06-26 15:23:50',NULL,NULL,NULL,'5cd16e09-f6e2-47f1-8208-ffbeb0608ead'),(401,NULL,NULL,NULL,3,'craft\\elements\\Asset',1,0,'2025-06-26 15:23:51','2025-06-26 15:23:51',NULL,NULL,NULL,'129ff812-8a10-42a1-afb3-e7cf7e30f5b1'),(402,NULL,NULL,NULL,3,'craft\\elements\\Asset',1,0,'2025-06-26 15:23:52','2025-06-26 15:23:52',NULL,NULL,NULL,'05738f5d-322b-4875-bd8b-d17a848791e1'),(403,NULL,NULL,NULL,3,'craft\\elements\\Asset',1,0,'2025-06-26 15:23:53','2025-06-26 15:23:53',NULL,NULL,NULL,'e27178b7-895a-4f73-a23a-582d9f31115f'),(404,NULL,NULL,NULL,3,'craft\\elements\\Asset',1,0,'2025-06-26 15:23:54','2025-06-26 15:23:54',NULL,NULL,NULL,'5208d0d6-ab37-4d03-a51d-edf98622564a'),(405,NULL,NULL,NULL,3,'craft\\elements\\Asset',1,0,'2025-06-26 15:23:55','2025-06-26 15:23:55',NULL,NULL,NULL,'0153f810-4b8a-4030-b678-692221eaef54'),(406,NULL,NULL,NULL,3,'craft\\elements\\Asset',1,0,'2025-06-26 15:23:56','2025-06-26 15:23:56',NULL,NULL,NULL,'c00055a7-e326-4d33-b83b-af9f5b039153'),(414,NULL,NULL,NULL,92,'craft\\elements\\Entry',1,0,'2025-06-26 15:25:46','2025-06-30 10:21:24',NULL,NULL,NULL,'6a7701d9-311e-438e-ab12-b7e8f136682e'),(415,NULL,NULL,NULL,17,'craft\\elements\\Entry',1,0,'2025-06-26 15:25:46','2025-06-30 10:21:24',NULL,NULL,NULL,'a39ae778-3f28-4b42-a09d-c41ea94e539b'),(416,NULL,NULL,NULL,94,'craft\\elements\\Entry',1,0,'2025-06-26 15:25:46','2025-06-30 10:21:24',NULL,NULL,NULL,'a389b6de-16fd-4978-9d40-c6058ecff8d0'),(417,NULL,NULL,NULL,7,'craft\\elements\\Entry',1,0,'2025-06-26 15:25:46','2025-06-26 15:25:46',NULL,NULL,NULL,'4fb5fcb2-4ff0-41e0-ba17-feed28146be7'),(418,NULL,NULL,NULL,7,'craft\\elements\\Entry',1,0,'2025-06-26 15:25:46','2025-06-26 15:25:46',NULL,NULL,NULL,'8b770e60-dacc-4ad9-8dc4-15c6edae56a8'),(419,NULL,NULL,NULL,7,'craft\\elements\\Entry',1,0,'2025-06-26 15:25:46','2025-06-26 15:25:46',NULL,NULL,NULL,'496bdd94-7c5b-4ba2-830e-3dd541d3bbee'),(420,NULL,NULL,NULL,7,'craft\\elements\\Entry',1,0,'2025-06-26 15:25:46','2025-06-26 15:25:46',NULL,NULL,NULL,'dccbbe99-d179-4b0d-931f-f0c2900783b7'),(421,NULL,NULL,NULL,7,'craft\\elements\\Entry',1,0,'2025-06-26 15:25:47','2025-06-26 15:25:47',NULL,NULL,NULL,'85ca5806-b184-433a-a8ce-bb1ea655b873'),(422,NULL,NULL,NULL,7,'craft\\elements\\Entry',1,0,'2025-06-26 15:25:47','2025-06-26 15:25:47',NULL,NULL,NULL,'28e3c252-b40d-49ff-896a-2892ff968de7'),(423,NULL,NULL,NULL,7,'craft\\elements\\Entry',1,0,'2025-06-26 15:25:47','2025-06-26 15:25:47',NULL,NULL,NULL,'e4f9b3d1-9ee3-4916-815c-e52a1e8d6901'),(424,NULL,NULL,NULL,7,'craft\\elements\\Entry',1,0,'2025-06-26 15:25:47','2025-06-26 15:25:47',NULL,NULL,NULL,'a2994c24-50f9-4c60-b7d5-0e27db16d389'),(425,NULL,NULL,NULL,15,'craft\\elements\\Entry',1,0,'2025-06-26 15:25:47','2025-06-30 10:21:25',NULL,NULL,NULL,'dec65a1e-df93-4e59-ba84-8f0517379e7f'),(426,NULL,NULL,NULL,92,'craft\\elements\\Entry',1,0,'2025-06-26 15:25:47','2025-06-30 10:21:25',NULL,NULL,NULL,'d6b46fc6-570b-4179-a841-7e09873f29e7'),(427,214,NULL,192,90,'craft\\elements\\Entry',1,0,'2025-06-26 15:25:45','2025-06-26 15:25:47',NULL,NULL,NULL,'1ae2e0dc-19f7-456c-986e-756024be7b4a'),(428,414,NULL,193,92,'craft\\elements\\Entry',1,0,'2025-06-26 15:25:46','2025-06-30 10:21:26',NULL,NULL,NULL,'a96640b6-188a-482b-8d65-d292cdbd14af'),(429,415,NULL,194,17,'craft\\elements\\Entry',1,0,'2025-06-26 15:25:46','2025-06-30 10:21:27',NULL,NULL,NULL,'56e8c574-4991-478d-abf5-ca57814688f8'),(430,416,NULL,195,94,'craft\\elements\\Entry',1,0,'2025-06-26 15:25:46','2025-06-30 10:21:27',NULL,NULL,NULL,'d45daff8-b307-4c6a-8252-68ef08160d53'),(431,417,NULL,196,7,'craft\\elements\\Entry',1,0,'2025-06-26 15:25:46','2025-06-26 15:25:48',NULL,NULL,NULL,'8403f6a1-285d-48a1-8b8a-ee48e0dbaeed'),(432,418,NULL,197,7,'craft\\elements\\Entry',1,0,'2025-06-26 15:25:46','2025-06-26 15:25:48',NULL,NULL,NULL,'7f5acd13-fcbc-488e-8ea3-2a73d296b365'),(433,419,NULL,198,7,'craft\\elements\\Entry',1,0,'2025-06-26 15:25:46','2025-06-26 15:25:48',NULL,NULL,NULL,'ff67e368-1523-40b7-bbfe-eca0d4d18394'),(434,420,NULL,199,7,'craft\\elements\\Entry',1,0,'2025-06-26 15:25:46','2025-06-26 15:25:48',NULL,NULL,NULL,'40ef4f3e-1938-4fae-a971-d9c39437ed85'),(435,421,NULL,200,7,'craft\\elements\\Entry',1,0,'2025-06-26 15:25:47','2025-06-26 15:25:48',NULL,NULL,NULL,'9db9d0a9-30e0-41b3-a5c0-962bd826f3e2'),(436,422,NULL,201,7,'craft\\elements\\Entry',1,0,'2025-06-26 15:25:47','2025-06-26 15:25:48',NULL,NULL,NULL,'503070fd-103a-4d05-9f1c-9ed5351242ef'),(437,423,NULL,202,7,'craft\\elements\\Entry',1,0,'2025-06-26 15:25:47','2025-06-26 15:25:49',NULL,NULL,NULL,'32f93707-09ad-44be-b35c-42770af05ca2'),(438,424,NULL,203,7,'craft\\elements\\Entry',1,0,'2025-06-26 15:25:47','2025-06-26 15:25:49',NULL,NULL,NULL,'311dfd99-d1df-47c7-9832-22ba15b90351'),(439,425,NULL,204,15,'craft\\elements\\Entry',1,0,'2025-06-26 15:25:47','2025-06-30 10:21:26',NULL,NULL,NULL,'ec3f1be7-f884-4682-876a-1d2cca6d606f'),(440,426,NULL,205,92,'craft\\elements\\Entry',1,0,'2025-06-26 15:25:47','2025-06-30 10:21:26',NULL,NULL,NULL,'5905ab05-229b-49c0-bfe0-345d68a4407c'),(444,214,NULL,206,90,'craft\\elements\\Entry',1,0,'2025-06-26 15:26:13','2025-06-26 15:26:13',NULL,NULL,NULL,'25d03417-68cc-4549-bcea-c02026f47733'),(445,425,NULL,207,15,'craft\\elements\\Entry',1,0,'2025-06-26 15:26:13','2025-06-30 10:21:27',NULL,NULL,NULL,'d7dac12a-8028-4429-bf91-6b6cca8d0d97'),(446,426,NULL,208,92,'craft\\elements\\Entry',1,0,'2025-06-26 15:26:13','2025-06-30 10:21:27',NULL,NULL,NULL,'2e531613-75c2-4532-9593-5a35403aa96f'),(451,NULL,NULL,NULL,92,'craft\\elements\\Entry',1,0,'2025-06-26 15:28:12','2025-06-26 15:28:12',NULL,NULL,NULL,'6c32ab5d-8880-47fa-96b6-13c550ebfaf9'),(452,NULL,NULL,NULL,15,'craft\\elements\\Entry',1,0,'2025-06-26 15:28:12','2025-06-26 15:28:12',NULL,NULL,NULL,'4d2c1605-c095-416a-8963-8f5bba4c2331'),(453,NULL,NULL,NULL,58,'craft\\elements\\Entry',1,0,'2025-06-26 15:28:13','2025-06-26 15:28:39',NULL,NULL,NULL,'ff36455a-65c5-4cfc-8dcd-bd5dc533e0c5'),(454,173,NULL,209,41,'craft\\elements\\Entry',1,0,'2025-06-26 15:28:12','2025-06-26 15:28:13',NULL,NULL,NULL,'7eb99c02-8d4d-4da2-8cb0-51b27d574dc5'),(455,451,NULL,210,92,'craft\\elements\\Entry',1,0,'2025-06-26 15:28:12','2025-06-26 15:28:13',NULL,NULL,NULL,'dd001ab0-3862-4602-8f00-fea564c9f263'),(456,452,NULL,211,15,'craft\\elements\\Entry',1,0,'2025-06-26 15:28:12','2025-06-26 15:28:13',NULL,NULL,NULL,'be19dcc1-036d-4fe7-a26a-5067f6b51f85'),(457,453,NULL,212,58,'craft\\elements\\Entry',1,0,'2025-06-26 15:28:13','2025-06-26 15:28:13',NULL,NULL,NULL,'cfbd9918-fb01-48ca-85c4-08386ba2263a'),(460,173,NULL,213,41,'craft\\elements\\Entry',1,0,'2025-06-26 15:28:38','2025-06-26 15:28:39',NULL,NULL,NULL,'66276e95-089b-4326-8a61-b5714ec30bb5'),(461,453,NULL,214,58,'craft\\elements\\Entry',1,0,'2025-06-26 15:28:39','2025-06-26 15:28:39',NULL,NULL,NULL,'89c1dffb-3dd0-467a-bc6e-356a95c24064'),(467,NULL,NULL,NULL,92,'craft\\elements\\Entry',1,0,'2025-06-26 15:47:29','2025-06-26 15:47:29',NULL,NULL,NULL,'c9b2ac5a-c8ae-4c4f-993e-7bb6e40f2cca'),(468,NULL,NULL,NULL,105,'craft\\elements\\Entry',1,0,'2025-06-26 15:47:29','2025-06-26 15:47:29',NULL,NULL,NULL,'9b6603d4-5ee6-4a0f-8d3c-22a8d5cca64f'),(469,NULL,NULL,NULL,15,'craft\\elements\\Entry',1,0,'2025-06-26 15:47:29','2025-06-26 15:48:04',NULL,NULL,NULL,'6fd7e0fc-63c7-4016-ab3d-fdc2a986ded6'),(470,216,NULL,215,98,'craft\\elements\\Entry',1,0,'2025-06-26 15:47:29','2025-06-26 15:47:29',NULL,NULL,NULL,'c1ccb194-3e80-4f59-8752-f4dadfe07229'),(471,467,NULL,216,92,'craft\\elements\\Entry',1,0,'2025-06-26 15:47:29','2025-06-26 15:47:29',NULL,NULL,NULL,'9731e7e1-47f4-462e-ba6f-93d0b97e064b'),(472,468,NULL,217,105,'craft\\elements\\Entry',1,0,'2025-06-26 15:47:29','2025-06-26 15:47:30',NULL,NULL,NULL,'88d4bdb7-5f23-4187-a876-2361ab43a623'),(473,469,NULL,218,15,'craft\\elements\\Entry',1,0,'2025-06-26 15:47:29','2025-06-26 15:47:30',NULL,NULL,NULL,'46bb26bb-ba1d-4c5f-9431-29643863ed9a'),(477,216,NULL,219,98,'craft\\elements\\Entry',1,0,'2025-06-26 15:48:03','2025-06-26 15:48:04',NULL,NULL,NULL,'8b30cdbc-ba0c-4c4f-a1ba-fe1c5c44928b'),(478,469,NULL,220,15,'craft\\elements\\Entry',1,0,'2025-06-26 15:48:04','2025-06-26 15:48:04',NULL,NULL,NULL,'08b646bb-3057-424e-a5f1-cf00855d2106'),(485,NULL,NULL,NULL,3,'craft\\elements\\Asset',1,0,'2025-06-26 15:49:15','2025-06-26 15:49:15',NULL,NULL,NULL,'11766f03-960d-49e7-9589-8432a424dccc'),(486,NULL,NULL,NULL,3,'craft\\elements\\Asset',1,0,'2025-06-26 15:49:16','2025-06-26 15:49:16',NULL,NULL,NULL,'17449283-02d4-4c04-834b-39af88e662ad'),(487,NULL,NULL,NULL,3,'craft\\elements\\Asset',1,0,'2025-06-26 15:49:17','2025-06-26 15:49:17',NULL,NULL,NULL,'51824f9e-1585-4ba4-9cd7-859f16418636'),(488,NULL,NULL,NULL,3,'craft\\elements\\Asset',1,0,'2025-06-26 15:49:18','2025-06-26 15:49:18',NULL,NULL,NULL,'f90983e3-54fd-4e1f-af13-0beb74dcbfba'),(489,NULL,NULL,NULL,3,'craft\\elements\\Asset',1,0,'2025-06-26 15:49:19','2025-06-26 15:49:19',NULL,NULL,NULL,'1c01ee40-4e07-427f-a08c-0796b877e4f0'),(490,NULL,NULL,NULL,3,'craft\\elements\\Asset',1,0,'2025-06-26 15:49:20','2025-06-26 15:49:20',NULL,NULL,NULL,'b3a1f51c-8760-4022-91d1-baa311b7c4b9'),(491,NULL,NULL,NULL,92,'craft\\elements\\Entry',1,0,'2025-06-26 15:50:01','2025-06-26 15:50:01',NULL,NULL,NULL,'a15c79a7-67c6-4600-b9fc-4def0bb8eec6'),(492,NULL,NULL,NULL,50,'craft\\elements\\Entry',1,0,'2025-06-26 15:50:01','2025-06-26 15:59:25',NULL,NULL,NULL,'9c222d31-a969-45b4-ab9d-ba7bc5da2988'),(493,NULL,NULL,NULL,9,'craft\\elements\\Entry',1,0,'2025-06-26 15:50:01','2025-06-26 15:59:25',NULL,NULL,NULL,'756b2bc7-e90f-4941-b737-7349643e56e2'),(494,NULL,NULL,NULL,51,'craft\\elements\\Entry',1,0,'2025-06-26 15:50:02','2025-06-26 15:59:26',NULL,NULL,NULL,'36e77167-bfc8-420b-974b-9a598b36f6e4'),(495,NULL,NULL,NULL,52,'craft\\elements\\Entry',1,0,'2025-06-26 15:50:02','2025-07-09 14:37:14',NULL,NULL,NULL,'a6cf9cbb-a75d-444e-8ca6-dfe9a68f38b0'),(496,NULL,NULL,NULL,92,'craft\\elements\\Entry',1,0,'2025-06-26 15:50:02','2025-06-26 15:59:27',NULL,NULL,NULL,'7c07c8ff-8684-4b18-9445-21567a1c7357'),(497,171,NULL,221,40,'craft\\elements\\Entry',1,0,'2025-06-26 15:50:01','2025-06-26 15:50:02',NULL,NULL,NULL,'ffc65799-d2c7-45b5-a7d1-2b8095940314'),(498,491,NULL,222,92,'craft\\elements\\Entry',1,0,'2025-06-26 15:50:01','2025-06-26 15:50:02',NULL,NULL,NULL,'d1ae625c-e6b0-4e7d-94f0-b64c3b70080f'),(499,492,NULL,223,50,'craft\\elements\\Entry',1,0,'2025-06-26 15:50:01','2025-06-26 15:50:02',NULL,NULL,NULL,'5a64baba-5753-4960-a7d8-c17bd3eb4383'),(500,493,NULL,224,9,'craft\\elements\\Entry',1,0,'2025-06-26 15:50:01','2025-06-26 15:50:02',NULL,NULL,NULL,'a470dde5-62d9-4c68-b08e-396548be7f82'),(501,494,NULL,225,51,'craft\\elements\\Entry',1,0,'2025-06-26 15:50:02','2025-06-26 15:50:03',NULL,NULL,NULL,'70bd7fc7-e106-4d65-85ae-791313564dc6'),(502,495,NULL,226,52,'craft\\elements\\Entry',1,0,'2025-06-26 15:50:02','2025-06-26 15:50:03',NULL,NULL,NULL,'68608e65-76cf-45ff-ad15-5d4c1971328c'),(503,496,NULL,227,92,'craft\\elements\\Entry',1,0,'2025-06-26 15:50:02','2025-06-26 15:50:03',NULL,NULL,NULL,'585f5047-3b72-4b16-b40c-483997383436'),(520,NULL,NULL,NULL,9,'craft\\elements\\Entry',1,0,'2025-06-26 15:59:25','2025-06-26 15:59:25',NULL,NULL,NULL,'ba37a6a0-ac4d-4e2d-b71a-849939844dc8'),(521,NULL,NULL,NULL,9,'craft\\elements\\Entry',1,0,'2025-06-26 15:59:26','2025-06-26 15:59:26',NULL,NULL,NULL,'f6ef9f32-46b3-4bb2-b1d2-2beffb9f8777'),(522,NULL,NULL,NULL,9,'craft\\elements\\Entry',1,0,'2025-06-26 15:59:26','2025-06-26 15:59:26',NULL,NULL,NULL,'97b5a3b5-cc50-426d-a0a6-7febe30e6fba'),(523,NULL,NULL,NULL,9,'craft\\elements\\Entry',1,0,'2025-06-26 15:59:26','2025-06-26 15:59:26',NULL,NULL,NULL,'119bb317-96a9-462b-b486-ae9de1e93668'),(524,NULL,NULL,NULL,9,'craft\\elements\\Entry',1,0,'2025-06-26 15:59:26','2025-06-26 15:59:26',NULL,NULL,NULL,'9f5f1061-8ec6-4fbc-a422-851f79db3224'),(525,NULL,NULL,NULL,31,'craft\\elements\\Entry',1,0,'2025-06-26 15:59:26','2025-06-26 15:59:26',NULL,NULL,NULL,'2029a61a-c41f-48ee-8704-5040ad675c86'),(526,NULL,NULL,NULL,31,'craft\\elements\\Entry',1,0,'2025-06-26 15:59:26','2025-06-26 15:59:26',NULL,NULL,NULL,'ce4c8f3b-14da-40e2-8d1e-ec0223aea927'),(527,NULL,NULL,NULL,31,'craft\\elements\\Entry',1,0,'2025-06-26 15:59:26','2025-06-26 15:59:26',NULL,NULL,NULL,'69d9b31f-fa9c-4e1e-9e75-09783f84ed15'),(528,NULL,NULL,NULL,31,'craft\\elements\\Entry',1,0,'2025-06-26 15:59:26','2025-07-09 14:37:14',NULL,NULL,NULL,'602fec81-d8ce-4e11-a471-36b344cc7681'),(529,171,NULL,228,40,'craft\\elements\\Entry',1,0,'2025-06-26 15:59:25','2025-06-26 15:59:27',NULL,NULL,NULL,'a871b22c-71ca-4003-b4e2-a5e12890a00e'),(530,492,NULL,229,50,'craft\\elements\\Entry',1,0,'2025-06-26 15:59:25','2025-06-26 15:59:27',NULL,NULL,NULL,'f95cc339-697f-4040-97a1-7dd1b30686f6'),(531,493,NULL,230,9,'craft\\elements\\Entry',1,0,'2025-06-26 15:59:25','2025-06-26 15:59:27',NULL,NULL,NULL,'76586d89-1f58-4aac-a6a6-338777616029'),(532,520,NULL,231,9,'craft\\elements\\Entry',1,0,'2025-06-26 15:59:25','2025-06-26 15:59:27',NULL,NULL,NULL,'eab1e713-5743-4ee6-9c59-49d0a68a27ba'),(533,521,NULL,232,9,'craft\\elements\\Entry',1,0,'2025-06-26 15:59:26','2025-06-26 15:59:27',NULL,NULL,NULL,'e5cadfc5-f686-47d8-9658-2cbbb483d071'),(534,494,NULL,233,51,'craft\\elements\\Entry',1,0,'2025-06-26 15:59:26','2025-06-26 15:59:27',NULL,NULL,NULL,'63d5a4e8-0160-4586-9f2c-e8566ad24ddc'),(535,522,NULL,234,9,'craft\\elements\\Entry',1,0,'2025-06-26 15:59:26','2025-06-26 15:59:27',NULL,NULL,NULL,'93e59b2a-616b-4f8c-a46d-534684d2ddee'),(536,495,NULL,235,52,'craft\\elements\\Entry',1,0,'2025-06-26 15:59:26','2025-06-26 15:59:27',NULL,NULL,NULL,'7b38e90c-8c5c-45fb-adad-e6ef130b802e'),(537,523,NULL,236,9,'craft\\elements\\Entry',1,0,'2025-06-26 15:59:26','2025-06-26 15:59:28',NULL,NULL,NULL,'fbe0f4a7-dae2-410c-90be-20defce5e051'),(538,524,NULL,237,9,'craft\\elements\\Entry',1,0,'2025-06-26 15:59:26','2025-06-26 15:59:28',NULL,NULL,NULL,'92251b05-7daa-4bda-b8ab-5f0810a0cc24'),(539,525,NULL,238,31,'craft\\elements\\Entry',1,0,'2025-06-26 15:59:26','2025-06-26 15:59:28',NULL,NULL,NULL,'097be447-6523-4f33-967f-35a8f8b2108d'),(540,526,NULL,239,31,'craft\\elements\\Entry',1,0,'2025-06-26 15:59:26','2025-06-26 15:59:28',NULL,NULL,NULL,'a5b3881a-e5d4-441c-8e08-5b40e20161c2'),(541,527,NULL,240,31,'craft\\elements\\Entry',1,0,'2025-06-26 15:59:26','2025-06-26 15:59:28',NULL,NULL,NULL,'382bb6bd-081d-4a51-994a-95fe9c553a1a'),(542,528,NULL,241,31,'craft\\elements\\Entry',1,0,'2025-06-26 15:59:26','2025-06-26 15:59:28',NULL,NULL,NULL,'c95ee02f-9ed7-48a0-b526-74ea493e6834'),(543,496,NULL,242,92,'craft\\elements\\Entry',1,0,'2025-06-26 15:59:27','2025-06-26 15:59:28',NULL,NULL,NULL,'42d673e8-4f62-496d-85c8-dba4fe8d065a'),(546,NULL,NULL,NULL,28,'craft\\elements\\Entry',1,0,'2025-06-26 17:03:04','2025-06-26 17:03:34',NULL,NULL,NULL,'cdaea6fb-33f1-41d0-9188-e806bee44b49'),(547,NULL,NULL,NULL,28,'craft\\elements\\Entry',1,0,'2025-06-26 17:03:37','2025-06-26 17:03:46',NULL,NULL,NULL,'d9f49165-a06b-4733-a4f9-11e835135146'),(548,NULL,NULL,NULL,28,'craft\\elements\\Entry',1,0,'2025-06-26 17:03:48','2025-06-26 17:04:02',NULL,NULL,NULL,'f76fdf2a-0253-40bd-a950-ab7a16e96e98'),(549,NULL,NULL,NULL,28,'craft\\elements\\Entry',1,0,'2025-06-26 17:04:03','2025-06-26 17:04:14',NULL,NULL,NULL,'d9cd93ab-ee58-47fa-b53b-d3823be8b638'),(550,NULL,NULL,NULL,28,'craft\\elements\\Entry',1,0,'2025-06-26 17:04:16','2025-06-26 17:04:25',NULL,NULL,NULL,'b1846b53-c023-462c-8d87-8329637fb1fb'),(551,NULL,NULL,NULL,28,'craft\\elements\\Entry',1,0,'2025-06-26 17:04:27','2025-06-26 17:04:35',NULL,NULL,NULL,'8c757e6b-a11d-4dc5-9e25-d957eb1b468a'),(552,NULL,NULL,NULL,3,'craft\\elements\\Asset',1,0,'2025-06-27 08:31:11','2025-06-27 08:31:11',NULL,NULL,NULL,'f1b1f8cb-41f5-496a-8dc0-d8e2419056e5'),(553,NULL,NULL,NULL,3,'craft\\elements\\Asset',1,0,'2025-06-27 08:31:12','2025-06-27 08:31:12',NULL,NULL,NULL,'e27f0a15-144e-465d-8eb0-9402111c7bbe'),(554,NULL,NULL,NULL,3,'craft\\elements\\Asset',1,0,'2025-06-27 08:31:13','2025-06-27 08:31:13',NULL,NULL,NULL,'26ad2ad2-b5d8-41f1-a791-0101ef32d7a2'),(555,NULL,NULL,NULL,3,'craft\\elements\\Asset',1,0,'2025-06-27 08:31:14','2025-06-27 08:31:14',NULL,NULL,NULL,'860f05fe-a66f-43e2-9d08-40e3d904e496'),(556,NULL,NULL,NULL,3,'craft\\elements\\Asset',1,0,'2025-06-27 08:31:15','2025-06-27 08:31:15',NULL,NULL,NULL,'ac9547db-ff61-4484-8759-d520c3b83c02'),(557,NULL,NULL,NULL,3,'craft\\elements\\Asset',1,0,'2025-06-27 08:31:15','2025-06-27 08:31:15',NULL,NULL,NULL,'46cff92f-fdf8-4627-a6d8-8636696a53ca'),(558,NULL,NULL,NULL,3,'craft\\elements\\Asset',1,0,'2025-06-27 08:31:16','2025-06-27 08:31:16',NULL,NULL,NULL,'a6134d7f-c1a3-4b6f-94de-ec9d4dce05a9'),(559,NULL,NULL,NULL,3,'craft\\elements\\Asset',1,0,'2025-06-27 08:31:18','2025-06-27 08:31:18',NULL,NULL,NULL,'f997bbe5-fb01-4f9e-ad51-dfcd54162b44'),(560,NULL,NULL,NULL,3,'craft\\elements\\Asset',1,0,'2025-06-27 08:31:19','2025-06-27 08:31:19',NULL,NULL,NULL,'83bac2e1-813e-4fbe-94a0-85b897df6b47'),(561,NULL,NULL,NULL,3,'craft\\elements\\Asset',1,0,'2025-06-27 08:31:21','2025-06-27 08:31:21',NULL,NULL,NULL,'8e755e8c-fe69-4dee-afbd-8df827329def'),(562,NULL,NULL,NULL,3,'craft\\elements\\Asset',1,0,'2025-06-27 08:31:22','2025-06-27 08:31:22',NULL,NULL,NULL,'91612ba5-cbf9-4fdc-bb96-1cc65cff2ff6'),(563,NULL,NULL,NULL,3,'craft\\elements\\Asset',1,0,'2025-06-27 08:31:23','2025-06-27 08:31:23',NULL,NULL,NULL,'1c47e50f-9191-46b1-a701-cc926c46ba8b'),(564,NULL,NULL,NULL,3,'craft\\elements\\Asset',1,0,'2025-06-27 08:31:25','2025-06-27 08:31:25',NULL,NULL,NULL,'b8bdb8ec-e97f-4971-8105-6749c5ab3f77'),(571,NULL,NULL,NULL,3,'craft\\elements\\Asset',1,0,'2025-06-27 08:35:20','2025-06-30 16:41:17',NULL,NULL,NULL,'86a75806-4a99-4741-88e0-fefba720a762'),(574,NULL,NULL,NULL,79,'craft\\elements\\Entry',1,0,'2025-06-27 08:37:01','2025-06-27 08:37:02',NULL,NULL,NULL,'e83d5f18-ff92-4089-a1f8-38b124a3d464'),(575,NULL,NULL,NULL,79,'craft\\elements\\Entry',1,0,'2025-06-27 08:37:02','2025-06-27 08:37:02',NULL,NULL,NULL,'3c88c04b-8b9f-4c92-b389-59f359b395a5'),(576,165,NULL,243,38,'craft\\elements\\Entry',1,0,'2025-06-27 08:37:01','2025-06-27 08:37:02',NULL,NULL,NULL,'810242de-54ce-4129-ac6a-3753a6a9e94e'),(577,343,NULL,244,45,'craft\\elements\\Entry',1,0,'2025-06-27 08:37:01','2025-06-27 08:37:02',NULL,NULL,NULL,'af313174-0a1a-4125-94c9-6d95117558dd'),(578,344,NULL,245,79,'craft\\elements\\Entry',1,0,'2025-06-27 08:37:01','2025-06-27 08:37:02',NULL,NULL,NULL,'5f4fb45c-a139-4675-9532-d70d1d4d4b79'),(579,574,NULL,246,79,'craft\\elements\\Entry',1,0,'2025-06-27 08:37:02','2025-06-27 08:37:02',NULL,NULL,NULL,'6a18c2d3-3189-4cbe-a6d0-8a3ab865354a'),(580,575,NULL,247,79,'craft\\elements\\Entry',1,0,'2025-06-27 08:37:02','2025-06-27 08:37:03',NULL,NULL,NULL,'d0ab54fe-6000-4c7b-99f5-bb74af51cdda'),(581,346,NULL,248,79,'craft\\elements\\Entry',1,0,'2025-06-27 08:37:02','2025-06-27 08:37:03',NULL,NULL,NULL,'6d4fc4c8-0545-4d20-b0f5-5f434a7d1f9e'),(582,347,NULL,249,79,'craft\\elements\\Entry',1,0,'2025-06-27 08:37:02','2025-06-27 08:37:03',NULL,NULL,NULL,'b9d9083e-2a0b-4f36-a871-83677b6a77cd'),(594,NULL,NULL,NULL,3,'craft\\elements\\Asset',1,0,'2025-06-27 08:40:27','2025-06-27 08:40:27',NULL,NULL,NULL,'c455d060-35f6-44e4-9f04-0a1866335a3f'),(595,NULL,NULL,NULL,3,'craft\\elements\\Asset',1,0,'2025-06-27 08:40:28','2025-06-27 08:40:28',NULL,NULL,NULL,'596082b5-6acd-4922-82de-d360f673c348'),(596,NULL,NULL,NULL,3,'craft\\elements\\Asset',1,0,'2025-06-27 08:40:29','2025-06-27 08:40:29',NULL,NULL,NULL,'fce93669-6616-4914-b992-e999ec618b44'),(597,NULL,NULL,NULL,3,'craft\\elements\\Asset',1,0,'2025-06-27 08:40:29','2025-06-27 08:40:29',NULL,NULL,NULL,'64930e23-320a-4e5c-869f-63c6da59fb52'),(607,NULL,NULL,NULL,3,'craft\\elements\\Asset',1,0,'2025-06-27 08:42:42','2025-06-27 08:42:42',NULL,NULL,NULL,'88851179-5483-455e-a625-3e61c2e2b510'),(608,NULL,NULL,NULL,3,'craft\\elements\\Asset',1,0,'2025-06-27 08:42:43','2025-06-27 08:42:43',NULL,NULL,NULL,'9c4b82c9-4644-4b9d-9710-d37748db2331'),(609,NULL,NULL,NULL,3,'craft\\elements\\Asset',1,0,'2025-06-27 08:42:46','2025-06-27 08:42:46',NULL,NULL,NULL,'d79c3d64-7996-41bd-92ea-d71f815ecde1'),(610,NULL,NULL,NULL,3,'craft\\elements\\Asset',1,0,'2025-06-27 08:42:48','2025-06-27 08:42:48',NULL,NULL,NULL,'7ae84c73-e844-48f2-8601-648433ca8c58'),(611,NULL,NULL,NULL,3,'craft\\elements\\Asset',1,0,'2025-06-27 08:42:49','2025-06-27 08:42:49',NULL,NULL,NULL,'f8bfb410-aba3-4752-b1f3-729d436ed502'),(612,NULL,NULL,NULL,3,'craft\\elements\\Asset',1,0,'2025-06-27 08:42:50','2025-06-27 08:42:50',NULL,NULL,NULL,'b19ae761-e6e8-4a69-9398-7b0344d8e5d1'),(619,NULL,NULL,NULL,3,'craft\\elements\\Asset',1,0,'2025-06-27 08:44:54','2025-06-27 08:44:54',NULL,NULL,NULL,'481f93f8-7d3d-4382-bf93-c551af85754c'),(620,NULL,NULL,NULL,3,'craft\\elements\\Asset',1,0,'2025-06-27 08:44:55','2025-06-27 08:44:55',NULL,NULL,NULL,'bb5023fc-8317-414a-9c12-a85ee59fbd02'),(621,NULL,NULL,NULL,3,'craft\\elements\\Asset',1,0,'2025-06-27 08:45:02','2025-06-27 08:45:02',NULL,NULL,NULL,'ba8aee3a-c5f5-4716-a0f2-a76cedbf0207'),(622,NULL,NULL,NULL,3,'craft\\elements\\Asset',1,0,'2025-06-27 08:45:04','2025-06-27 08:45:04',NULL,NULL,NULL,'c90f18ec-a4da-43eb-84ea-6964b23a2c99'),(626,NULL,NULL,NULL,79,'craft\\elements\\Entry',1,0,'2025-06-27 08:46:03','2025-06-27 08:46:03',NULL,NULL,NULL,'e5f1bc84-2079-451d-ad2c-37fe2ae07ad8'),(627,NULL,NULL,NULL,79,'craft\\elements\\Entry',1,0,'2025-06-27 08:46:03','2025-06-27 08:46:03',NULL,NULL,NULL,'6c81ef73-e963-4b30-9354-8dbf005c5ad6'),(628,NULL,NULL,NULL,79,'craft\\elements\\Entry',1,0,'2025-06-27 08:46:03','2025-06-27 08:46:03',NULL,NULL,NULL,'c037ee93-84ff-4733-bbdd-f553ddfe7e95'),(629,NULL,NULL,NULL,79,'craft\\elements\\Entry',1,0,'2025-06-27 08:46:03','2025-06-27 08:46:03',NULL,NULL,NULL,'fa72b0e0-d987-46f5-8cbc-d81466a41e46'),(630,NULL,NULL,NULL,79,'craft\\elements\\Entry',1,0,'2025-06-27 08:46:03','2025-06-27 08:46:03',NULL,NULL,NULL,'515c1c16-499a-4ea5-94c5-652a76eca06d'),(631,NULL,NULL,NULL,79,'craft\\elements\\Entry',1,0,'2025-06-27 08:46:03','2025-06-27 08:46:03',NULL,NULL,NULL,'822aa080-274e-4045-8aec-34ae5b8eeaa0'),(632,NULL,NULL,NULL,79,'craft\\elements\\Entry',1,0,'2025-06-27 08:46:03','2025-06-27 08:46:03',NULL,NULL,NULL,'e7d7ea8b-1964-4625-a287-3ff401a92313'),(633,NULL,NULL,NULL,79,'craft\\elements\\Entry',1,0,'2025-06-27 08:46:04','2025-06-27 08:46:04',NULL,NULL,NULL,'9dbd02cf-2fc0-411a-aca2-7b9cd8dae278'),(634,NULL,NULL,NULL,79,'craft\\elements\\Entry',1,0,'2025-06-27 08:46:04','2025-06-27 08:46:04',NULL,NULL,NULL,'3783bcc7-64aa-4184-9a61-0c0166111751'),(635,NULL,NULL,NULL,79,'craft\\elements\\Entry',1,0,'2025-06-27 08:46:04','2025-06-27 08:46:04',NULL,NULL,NULL,'0c86a9e9-a4c1-4347-bd16-fb7ce9121862'),(636,NULL,NULL,NULL,79,'craft\\elements\\Entry',1,0,'2025-06-27 08:46:04','2025-06-27 08:46:04',NULL,NULL,NULL,'b83d04e1-50d0-4fde-adec-23493e74be91'),(637,NULL,NULL,NULL,79,'craft\\elements\\Entry',1,0,'2025-06-27 08:46:04','2025-06-27 08:46:04',NULL,NULL,NULL,'d2fa0bda-b446-4793-bcf8-9d5ab987e98d'),(638,NULL,NULL,NULL,79,'craft\\elements\\Entry',1,0,'2025-06-27 08:46:04','2025-06-27 08:46:04',NULL,NULL,NULL,'bf1c08ba-8590-4ccf-8560-b3e188db92c9'),(639,NULL,NULL,NULL,79,'craft\\elements\\Entry',1,0,'2025-06-27 08:46:04','2025-06-27 11:26:25',NULL,NULL,NULL,'56893eca-ac52-4355-9a05-117c654ab054'),(640,NULL,NULL,NULL,79,'craft\\elements\\Entry',1,0,'2025-06-27 08:46:04','2025-06-27 08:46:04',NULL,NULL,NULL,'d95f8197-8910-42af-b39e-82406acf397e'),(641,NULL,NULL,NULL,79,'craft\\elements\\Entry',1,0,'2025-06-27 08:46:04','2025-06-27 08:46:05',NULL,NULL,NULL,'a17dc145-7773-4e31-b5e7-f0f4ff6b90d9'),(642,NULL,NULL,NULL,79,'craft\\elements\\Entry',1,0,'2025-06-27 08:46:05','2025-06-27 08:46:05',NULL,NULL,NULL,'5fd588e3-a766-4a4c-9006-e0047693b38c'),(643,NULL,NULL,NULL,79,'craft\\elements\\Entry',1,0,'2025-06-27 08:46:05','2025-06-27 08:46:05',NULL,NULL,NULL,'7235ad2b-a98e-4951-8838-7cd0f941d9ac'),(644,NULL,NULL,NULL,79,'craft\\elements\\Entry',1,0,'2025-06-27 08:46:05','2025-06-27 08:46:05',NULL,NULL,NULL,'2f5ddb32-35a0-43c0-bf5e-1147037109a1'),(645,NULL,NULL,NULL,79,'craft\\elements\\Entry',1,0,'2025-06-27 08:46:05','2025-06-27 08:46:05',NULL,NULL,NULL,'83d0a5d0-aa5f-4b33-b9ad-8f8484673e30'),(646,NULL,NULL,NULL,79,'craft\\elements\\Entry',1,0,'2025-06-27 08:46:05','2025-06-27 08:46:05',NULL,NULL,NULL,'497faedd-8193-4d7d-9d96-4a1541daddb3'),(647,NULL,NULL,NULL,79,'craft\\elements\\Entry',1,0,'2025-06-27 08:46:05','2025-06-27 08:46:05',NULL,NULL,NULL,'99bbb743-ccb0-4a1a-986c-3875632f11d1'),(648,165,NULL,250,38,'craft\\elements\\Entry',1,0,'2025-06-27 08:46:02','2025-06-27 08:46:05',NULL,NULL,NULL,'0f439371-e39d-4e90-907c-a12d797f56d2'),(649,343,NULL,251,45,'craft\\elements\\Entry',1,0,'2025-06-27 08:46:03','2025-06-27 08:46:05',NULL,NULL,NULL,'2bac88e9-0ac6-4659-ab2a-ce7b9bfff345'),(650,346,NULL,252,79,'craft\\elements\\Entry',1,0,'2025-06-27 08:46:03','2025-06-27 08:46:06',NULL,NULL,NULL,'7ce43c54-cb75-4799-9790-1486884d33f6'),(651,626,NULL,253,79,'craft\\elements\\Entry',1,0,'2025-06-27 08:46:03','2025-06-27 08:46:06',NULL,NULL,NULL,'3963e30c-2f2a-4cee-848c-a939da1db0b4'),(652,627,NULL,254,79,'craft\\elements\\Entry',1,0,'2025-06-27 08:46:03','2025-06-27 08:46:06',NULL,NULL,NULL,'01a5933f-cc6e-4813-85cc-8f5e60f5655f'),(653,628,NULL,255,79,'craft\\elements\\Entry',1,0,'2025-06-27 08:46:03','2025-06-27 08:46:06',NULL,NULL,NULL,'0d9be116-bce7-42f7-95a1-bc24f44243f6'),(654,629,NULL,256,79,'craft\\elements\\Entry',1,0,'2025-06-27 08:46:03','2025-06-27 08:46:06',NULL,NULL,NULL,'03a48e50-5a4c-4bba-89d6-37954872c503'),(655,630,NULL,257,79,'craft\\elements\\Entry',1,0,'2025-06-27 08:46:03','2025-06-27 08:46:06',NULL,NULL,NULL,'23122e99-8d5a-4b12-849c-9b29acbe6412'),(656,631,NULL,258,79,'craft\\elements\\Entry',1,0,'2025-06-27 08:46:03','2025-06-27 08:46:06',NULL,NULL,NULL,'7a5d07c2-f945-4eb6-9380-e46eb44a84a0'),(657,632,NULL,259,79,'craft\\elements\\Entry',1,0,'2025-06-27 08:46:03','2025-06-27 08:46:06',NULL,NULL,NULL,'c823fad6-8548-407e-bff9-a4a4e1c77fee'),(658,633,NULL,260,79,'craft\\elements\\Entry',1,0,'2025-06-27 08:46:04','2025-06-27 08:46:07',NULL,NULL,NULL,'1d41447b-3488-4b6d-a1ca-5035ff4c40c2'),(659,634,NULL,261,79,'craft\\elements\\Entry',1,0,'2025-06-27 08:46:04','2025-06-27 08:46:07',NULL,NULL,NULL,'38c9be12-9200-400a-a4ad-76799a204d6b'),(660,635,NULL,262,79,'craft\\elements\\Entry',1,0,'2025-06-27 08:46:04','2025-06-27 08:46:07',NULL,NULL,NULL,'1928d899-a948-4329-aed1-4c93870c301d'),(661,636,NULL,263,79,'craft\\elements\\Entry',1,0,'2025-06-27 08:46:04','2025-06-27 08:46:07',NULL,NULL,NULL,'a7c173d2-50f6-4ccc-8514-ad47dde21c83'),(662,637,NULL,264,79,'craft\\elements\\Entry',1,0,'2025-06-27 08:46:04','2025-06-27 08:46:07',NULL,NULL,NULL,'d4e890f1-2b0b-4ac0-94e2-15926e49dcf8'),(663,638,NULL,265,79,'craft\\elements\\Entry',1,0,'2025-06-27 08:46:04','2025-06-27 08:46:07',NULL,NULL,NULL,'de777f27-d526-4980-a1ce-18dab4394f79'),(664,639,NULL,266,79,'craft\\elements\\Entry',1,0,'2025-06-27 08:46:04','2025-06-27 08:46:07',NULL,NULL,NULL,'9adb489e-42c0-4e5f-a71a-527d71a3eab1'),(665,640,NULL,267,79,'craft\\elements\\Entry',1,0,'2025-06-27 08:46:04','2025-06-27 08:46:07',NULL,NULL,NULL,'42af84e5-6aae-4ab5-be1e-f6f351479171'),(666,641,NULL,268,79,'craft\\elements\\Entry',1,0,'2025-06-27 08:46:05','2025-06-27 08:46:08',NULL,NULL,NULL,'8dffe69e-dd4a-4710-8fd2-2b9262528723'),(667,642,NULL,269,79,'craft\\elements\\Entry',1,0,'2025-06-27 08:46:05','2025-06-27 08:46:08',NULL,NULL,NULL,'141a2250-1420-4215-815e-e5d653ebd244'),(668,643,NULL,270,79,'craft\\elements\\Entry',1,0,'2025-06-27 08:46:05','2025-06-27 08:46:08',NULL,NULL,NULL,'b109b459-3480-4e92-aad6-2c28779686d4'),(669,644,NULL,271,79,'craft\\elements\\Entry',1,0,'2025-06-27 08:46:05','2025-06-27 08:46:08',NULL,NULL,NULL,'a9a6e867-feb4-41bd-8b70-eb1ce33550cd'),(670,645,NULL,272,79,'craft\\elements\\Entry',1,0,'2025-06-27 08:46:05','2025-06-27 08:46:08',NULL,NULL,NULL,'51783fc2-4cec-4ddd-b1c7-ad7c555ba772'),(671,646,NULL,273,79,'craft\\elements\\Entry',1,0,'2025-06-27 08:46:05','2025-06-27 08:46:08',NULL,NULL,NULL,'83634ff2-aeef-4c80-9c32-9298a7ddcbd3'),(672,647,NULL,274,79,'craft\\elements\\Entry',1,0,'2025-06-27 08:46:05','2025-06-27 08:46:08',NULL,NULL,NULL,'e3e597c3-aed1-46a8-ae0e-1b84883d3666'),(673,NULL,NULL,NULL,3,'craft\\elements\\Asset',1,0,'2025-06-27 08:46:39','2025-07-02 09:43:08',NULL,NULL,NULL,'208e8a72-13f9-40d5-9224-5b2688fdb9ea'),(674,NULL,NULL,NULL,3,'craft\\elements\\Asset',1,0,'2025-06-27 08:46:40','2025-07-02 09:43:08',NULL,NULL,NULL,'e0220e5f-8705-45ca-9bfd-19bb6afde286'),(677,165,NULL,275,38,'craft\\elements\\Entry',1,0,'2025-06-27 08:46:48','2025-06-27 08:46:49',NULL,NULL,NULL,'8945aed9-d73e-4a73-8504-9069597ebde4'),(678,348,NULL,276,46,'craft\\elements\\Entry',1,0,'2025-06-27 08:46:48','2025-06-27 08:46:49',NULL,NULL,NULL,'d9675200-63e2-4a12-974c-8d3297f1b579'),(679,NULL,NULL,NULL,3,'craft\\elements\\Asset',1,0,'2025-06-27 08:47:20','2025-06-27 08:47:20',NULL,NULL,NULL,'0a4f4eb9-2ce3-48a2-86b8-af4bf8389fd6'),(680,NULL,NULL,NULL,3,'craft\\elements\\Asset',1,0,'2025-06-27 08:47:21','2025-06-27 08:47:21',NULL,NULL,NULL,'b3cef3c0-5bb5-44f2-8193-c56a2df7ceb7'),(681,NULL,NULL,NULL,3,'craft\\elements\\Asset',1,0,'2025-06-27 08:47:22','2025-06-27 08:47:22',NULL,NULL,NULL,'8ccb2078-c9b4-4115-b612-6355b2eb7d7b'),(682,NULL,NULL,NULL,3,'craft\\elements\\Asset',1,0,'2025-06-27 08:47:23','2025-06-27 08:47:23',NULL,NULL,NULL,'a88d84b2-2004-4471-b233-f10cd9c82c28'),(683,NULL,NULL,NULL,3,'craft\\elements\\Asset',1,0,'2025-06-27 08:47:24','2025-06-27 08:47:24',NULL,NULL,NULL,'3b68a352-f8da-453a-8a25-6eaa4b998a26'),(684,NULL,NULL,NULL,3,'craft\\elements\\Asset',1,0,'2025-06-27 08:47:25','2025-06-27 08:47:25',NULL,NULL,NULL,'78dc8a7e-8d65-495f-91e1-6578f19612ab'),(687,167,NULL,277,39,'craft\\elements\\Entry',1,0,'2025-06-27 08:47:37','2025-06-27 08:47:37',NULL,NULL,NULL,'baf782e5-c78e-4f53-a5c6-452a33d7710c'),(688,374,NULL,278,88,'craft\\elements\\Entry',1,0,'2025-06-27 08:47:37','2025-06-27 08:47:37',NULL,NULL,NULL,'3855bbcd-a4b4-4843-b27d-2cb68e869200'),(689,NULL,NULL,NULL,37,'craft\\elements\\Entry',1,0,'2025-06-27 08:55:00','2025-06-27 08:56:09',NULL,NULL,NULL,'f2a9f9e3-7e15-4773-bd0f-7ebc6917a708'),(690,NULL,NULL,NULL,3,'craft\\elements\\Asset',1,0,'2025-06-27 08:55:55','2025-06-27 08:55:55',NULL,NULL,NULL,'d564cc18-37ab-44f6-bbe9-1d1697789beb'),(691,689,NULL,279,37,'craft\\elements\\Entry',1,0,'2025-06-27 08:56:09','2025-06-27 08:56:09',NULL,NULL,NULL,'5d9d7ab6-049f-4ffd-933b-9a2f2617b0c8'),(692,NULL,NULL,NULL,37,'craft\\elements\\Entry',1,0,'2025-06-27 08:56:09','2025-06-27 09:01:40',NULL,NULL,NULL,'ad4b6b7b-02e6-4f0d-bc7e-981490273b74'),(693,NULL,NULL,NULL,3,'craft\\elements\\Asset',1,0,'2025-06-27 08:56:39','2025-06-27 08:56:39',NULL,NULL,NULL,'e45c93b5-b47a-4182-b5cc-a3f8052f1ba9'),(694,NULL,NULL,NULL,3,'craft\\elements\\Asset',1,0,'2025-06-27 08:56:43','2025-06-27 08:56:43',NULL,NULL,NULL,'afd108cd-fcc6-4183-ade6-129d6bd8e472'),(695,NULL,NULL,NULL,3,'craft\\elements\\Asset',1,0,'2025-06-27 08:56:45','2025-06-27 08:56:45',NULL,NULL,NULL,'96ce0cc3-37e8-4469-b0b9-e279e3ed61ac'),(696,NULL,NULL,NULL,3,'craft\\elements\\Asset',1,0,'2025-06-27 08:56:47','2025-06-27 08:56:47',NULL,NULL,NULL,'32456f4e-4954-4c05-81a5-585bdfd3d523'),(697,NULL,NULL,NULL,3,'craft\\elements\\Asset',1,0,'2025-06-27 08:56:51','2025-06-27 08:56:51',NULL,NULL,NULL,'e2567009-8dad-4bb4-824b-53e2cfb8d846'),(698,NULL,NULL,NULL,3,'craft\\elements\\Asset',1,0,'2025-06-27 08:56:54','2025-06-27 08:56:54',NULL,NULL,NULL,'722cf2b8-dac6-43c3-aaef-84ea1c9cc21d'),(699,NULL,NULL,NULL,3,'craft\\elements\\Asset',1,0,'2025-06-27 08:56:58','2025-06-27 08:56:58',NULL,NULL,NULL,'91834225-7968-48dc-a48d-e46c2415b17c'),(700,692,NULL,280,37,'craft\\elements\\Entry',1,0,'2025-06-27 08:57:08','2025-06-27 08:57:08',NULL,NULL,NULL,'b146319c-625d-4746-a897-2c58c39c53ab'),(701,NULL,NULL,NULL,37,'craft\\elements\\Entry',1,0,'2025-06-27 08:57:08','2025-06-27 08:57:32',NULL,NULL,NULL,'28559596-fa24-41fa-abb9-dd8acd42de98'),(702,701,NULL,281,37,'craft\\elements\\Entry',1,0,'2025-06-27 08:57:32','2025-06-27 08:57:32',NULL,NULL,NULL,'6036d3e1-28db-40f7-b5f4-2d8cddaa1493'),(703,NULL,NULL,NULL,37,'craft\\elements\\Entry',1,0,'2025-06-27 08:57:33','2025-06-27 08:58:13',NULL,NULL,NULL,'3198db76-4038-47da-8943-c2de1172f3e6'),(704,NULL,NULL,NULL,3,'craft\\elements\\Asset',1,0,'2025-06-27 08:58:05','2025-06-27 08:58:05',NULL,NULL,NULL,'4f9273c1-b296-426f-802c-eab45d9f6b40'),(705,703,NULL,282,37,'craft\\elements\\Entry',1,0,'2025-06-27 08:58:13','2025-06-27 08:58:13',NULL,NULL,NULL,'7ba93b11-a440-465a-8480-7cc2a2abcefc'),(706,NULL,NULL,NULL,37,'craft\\elements\\Entry',1,0,'2025-06-27 08:58:13','2025-06-27 08:58:36',NULL,NULL,NULL,'97fa40b9-d85f-4684-83ce-024747ff2b21'),(707,706,NULL,283,37,'craft\\elements\\Entry',1,0,'2025-06-27 08:58:36','2025-06-27 08:58:36',NULL,NULL,NULL,'ad30fbf4-a2f0-4e4e-9fe4-852bc7e3d62d'),(708,NULL,NULL,NULL,37,'craft\\elements\\Entry',1,0,'2025-06-27 08:58:36','2025-06-27 08:58:55',NULL,NULL,NULL,'36dabc82-9eff-4753-8652-02b075a931b8'),(709,708,NULL,284,37,'craft\\elements\\Entry',1,0,'2025-06-27 08:58:55','2025-06-27 08:58:55',NULL,NULL,NULL,'2c20c918-d264-419c-aec2-78cc0fb83a2f'),(710,NULL,NULL,NULL,37,'craft\\elements\\Entry',1,0,'2025-06-27 08:58:55','2025-06-27 08:59:13',NULL,NULL,NULL,'4d6937e7-fd36-4d46-810e-6d61fbd4630a'),(711,710,NULL,285,37,'craft\\elements\\Entry',1,0,'2025-06-27 08:59:13','2025-06-27 08:59:13',NULL,NULL,NULL,'c8a2c353-6a4f-41ae-8ac4-75f06cd80b0b'),(712,NULL,NULL,NULL,37,'craft\\elements\\Entry',1,0,'2025-06-27 08:59:13','2025-06-27 08:59:31',NULL,NULL,NULL,'793b0a93-da31-4af6-b070-71e69782ea89'),(713,712,NULL,286,37,'craft\\elements\\Entry',1,0,'2025-06-27 08:59:31','2025-06-27 08:59:31',NULL,NULL,NULL,'ebc99c2a-65cd-4499-93b1-f99a99e19167'),(714,NULL,NULL,NULL,37,'craft\\elements\\Entry',1,0,'2025-06-27 08:59:31','2025-06-27 08:59:50',NULL,NULL,NULL,'1c6c69c7-6541-4aa5-ab46-f099953ddfaa'),(715,714,NULL,287,37,'craft\\elements\\Entry',1,0,'2025-06-27 08:59:50','2025-06-27 08:59:50',NULL,NULL,NULL,'b4a91b73-f164-458c-82ec-fabb8c79a8cf'),(716,NULL,NULL,NULL,37,'craft\\elements\\Entry',1,0,'2025-06-27 08:59:50','2025-06-27 09:00:58',NULL,NULL,NULL,'590adf38-f7ef-464a-98dc-ef85bc8347ca'),(717,NULL,NULL,NULL,3,'craft\\elements\\Asset',1,0,'2025-06-27 09:00:46','2025-06-27 09:00:46',NULL,NULL,NULL,'ba8195aa-d038-4d6a-9338-b5d57dd9c8a8'),(718,716,NULL,288,37,'craft\\elements\\Entry',1,0,'2025-06-27 09:00:58','2025-06-27 09:00:58',NULL,NULL,NULL,'282f71e2-0dab-4233-9156-4204f0b3f6be'),(720,692,NULL,289,37,'craft\\elements\\Entry',1,0,'2025-06-27 09:01:40','2025-06-27 09:01:40',NULL,NULL,NULL,'4a86066b-2e0e-4ce0-8ad0-a073540734ba'),(721,NULL,NULL,NULL,42,'craft\\elements\\Entry',1,0,'2025-06-27 10:10:43','2025-07-02 10:44:47',NULL,NULL,NULL,'557df56d-0ee7-4435-9c32-88019e96caf6'),(722,NULL,NULL,NULL,3,'craft\\elements\\Asset',1,0,'2025-06-27 10:12:14','2025-06-27 10:12:14',NULL,NULL,NULL,'d81f185f-3465-4d45-bdd9-111b528e7299'),(723,721,NULL,290,42,'craft\\elements\\Entry',1,0,'2025-06-27 10:12:34','2025-06-27 10:12:35',NULL,NULL,NULL,'450dd180-4138-4fcb-9c68-cb75a38d689b'),(725,721,NULL,291,42,'craft\\elements\\Entry',1,0,'2025-06-27 10:13:06','2025-06-27 10:13:06',NULL,NULL,NULL,'3bcb5eb0-4fa4-48a9-b740-f1a6ac43367a'),(726,NULL,NULL,NULL,42,'craft\\elements\\Entry',1,0,'2025-06-27 10:13:06','2025-07-02 10:44:48',NULL,NULL,NULL,'c830350e-27f5-4b13-9992-5c07c061e3a0'),(727,NULL,NULL,NULL,3,'craft\\elements\\Asset',1,0,'2025-06-27 10:13:57','2025-06-27 10:13:57',NULL,NULL,NULL,'9b0af6e3-9e10-4a96-a28d-6ad182833bd4'),(728,726,NULL,292,42,'craft\\elements\\Entry',1,0,'2025-06-27 10:14:17','2025-06-27 10:14:17',NULL,NULL,NULL,'0472a833-6979-4594-8733-b1ea10903e31'),(733,165,NULL,293,38,'craft\\elements\\Entry',1,0,'2025-06-27 11:26:25','2025-06-27 11:26:26',NULL,NULL,NULL,'3fa05586-bf97-4cb9-85e5-5e06bb7075dc'),(734,343,NULL,294,45,'craft\\elements\\Entry',1,0,'2025-06-27 11:26:25','2025-06-27 11:26:26',NULL,NULL,NULL,'c0be347f-5bb9-4619-a694-df76761cba03'),(735,639,NULL,295,79,'craft\\elements\\Entry',1,0,'2025-06-27 11:26:25','2025-06-27 11:26:26',NULL,NULL,NULL,'68524cb4-c757-4449-9199-60968b782fc6'),(736,NULL,NULL,NULL,103,'craft\\elements\\Entry',1,0,'2025-06-27 16:06:24','2025-07-02 10:58:12',NULL,NULL,NULL,'fde28c58-4ae8-4a0d-9bc0-6d38445cd8b3'),(737,736,NULL,296,103,'craft\\elements\\Entry',1,0,'2025-06-30 09:05:09','2025-06-30 09:05:09',NULL,NULL,NULL,'5a5b899e-bd5a-43df-8ada-e0b6dac38667'),(739,736,NULL,297,103,'craft\\elements\\Entry',1,0,'2025-06-30 09:08:46','2025-06-30 09:08:46',NULL,NULL,NULL,'b7881c01-1da3-4d95-b421-d786c3d0f300'),(741,736,NULL,298,103,'craft\\elements\\Entry',1,0,'2025-06-30 09:20:46','2025-06-30 09:20:46',NULL,NULL,NULL,'8f4a8922-5d1d-45e9-8339-441956a074a5'),(742,736,NULL,299,103,'craft\\elements\\Entry',1,0,'2025-06-30 09:20:56','2025-06-30 09:20:56',NULL,NULL,NULL,'28cceec0-1bb6-46f5-9cdc-81c4d4cc498a'),(743,NULL,NULL,NULL,103,'craft\\elements\\Entry',1,0,'2025-06-30 09:20:56','2025-06-30 16:43:55',NULL,'2025-06-30 16:43:55',NULL,'457b681e-a7fb-480f-9f99-a4276bbf9471'),(744,743,NULL,300,103,'craft\\elements\\Entry',1,0,'2025-06-30 09:21:33','2025-06-30 09:21:33',NULL,'2025-06-30 16:43:55',NULL,'f8027abb-f9da-43f5-8a7d-e26542aaf537'),(745,NULL,NULL,NULL,91,'craft\\elements\\Entry',1,0,'2025-06-30 09:36:51','2025-07-09 14:56:29',NULL,'2025-07-09 14:56:29',NULL,'08f182fa-a1f3-4679-b224-c6b2cf32e854'),(746,745,NULL,301,91,'craft\\elements\\Entry',1,0,'2025-06-30 09:37:11','2025-06-30 09:37:11',NULL,'2025-07-09 14:56:29',NULL,'42410562-45e4-41de-b383-ad783fd5278f'),(747,745,NULL,302,91,'craft\\elements\\Entry',1,0,'2025-06-30 09:38:27','2025-06-30 09:38:27',NULL,'2025-07-09 14:56:29',NULL,'b143bb42-344b-4d6c-b7a5-14014e5a4d38'),(749,745,NULL,303,91,'craft\\elements\\Entry',1,0,'2025-06-30 09:39:37','2025-06-30 09:39:37',NULL,'2025-07-09 14:56:29',NULL,'6d0472f6-5658-4efb-9838-afad1333c069'),(751,745,NULL,304,91,'craft\\elements\\Entry',1,0,'2025-06-30 09:42:30','2025-06-30 09:42:30',NULL,'2025-07-09 14:56:29',NULL,'019720f3-5b6f-42f2-92d8-720937411448'),(752,745,NULL,305,91,'craft\\elements\\Entry',1,0,'2025-06-30 09:42:48','2025-06-30 09:42:48',NULL,'2025-07-09 14:56:29',NULL,'d6295782-2d32-47ec-b031-59a884b554b8'),(753,745,NULL,306,91,'craft\\elements\\Entry',1,0,'2025-06-30 09:43:06','2025-06-30 09:43:06',NULL,'2025-07-09 14:56:29',NULL,'34711681-64df-4cf7-aebf-4638c02f4a75'),(754,NULL,NULL,NULL,91,'craft\\elements\\Entry',1,0,'2025-06-30 09:43:30','2025-07-09 14:56:29',NULL,'2025-07-09 14:56:29',NULL,'b5a4a4e2-14c9-49fc-ba2d-290086132793'),(755,754,NULL,307,91,'craft\\elements\\Entry',1,0,'2025-06-30 09:43:30','2025-06-30 09:43:30',NULL,'2025-07-09 14:56:29',NULL,'cdd50e5b-9492-467f-8a84-b5f5f12202c2'),(756,745,NULL,308,91,'craft\\elements\\Entry',1,0,'2025-06-30 09:43:43','2025-06-30 09:43:43',NULL,'2025-07-09 14:56:29',NULL,'90affee0-b9c7-49ba-bd22-93f4fe32c838'),(757,754,NULL,309,91,'craft\\elements\\Entry',1,0,'2025-06-30 09:45:12','2025-06-30 09:45:12',NULL,'2025-07-09 14:56:29',NULL,'909e83fb-9d1e-45fc-8423-b913dca93549'),(758,745,NULL,310,91,'craft\\elements\\Entry',1,0,'2025-06-30 09:45:33','2025-06-30 09:45:33',NULL,'2025-07-09 14:56:29',NULL,'565b7ca4-f5f9-46c2-a6a1-2272be58433c'),(759,214,NULL,311,90,'craft\\elements\\Entry',1,0,'2025-06-30 10:21:15','2025-06-30 10:21:15',NULL,NULL,NULL,'5423acff-6568-43aa-b258-3621b1e8640a'),(760,214,NULL,312,90,'craft\\elements\\Entry',1,0,'2025-06-30 10:24:39','2025-06-30 10:24:39',NULL,NULL,NULL,'bac10b55-8e12-4ac9-ae15-159fa012a530'),(761,414,NULL,313,92,'craft\\elements\\Entry',1,0,'2025-06-30 10:21:24','2025-06-30 10:24:40',NULL,NULL,NULL,'d3614357-f75c-4df4-b257-69f22391f50c'),(762,415,NULL,314,17,'craft\\elements\\Entry',1,0,'2025-06-30 10:21:24','2025-06-30 10:24:40',NULL,NULL,NULL,'e9180ebd-b2dc-4365-88f0-53184f2f18aa'),(763,416,NULL,315,94,'craft\\elements\\Entry',1,0,'2025-06-30 10:21:24','2025-06-30 10:24:40',NULL,NULL,NULL,'c199fb65-9f43-4ab1-83fc-5be3d3def34b'),(764,425,NULL,316,15,'craft\\elements\\Entry',1,0,'2025-06-30 10:21:25','2025-06-30 10:24:40',NULL,NULL,NULL,'76b57c00-cf6b-47ad-a477-2400a9531784'),(765,426,NULL,317,92,'craft\\elements\\Entry',1,0,'2025-06-30 10:21:25','2025-06-30 10:24:40',NULL,NULL,NULL,'81457641-b048-457e-91d6-a8176ab71156'),(766,214,NULL,318,90,'craft\\elements\\Entry',1,0,'2025-06-30 10:24:40','2025-06-30 10:24:40',NULL,NULL,NULL,'204f5f1e-fe33-4c96-a34b-a4c86a0bc103'),(768,721,NULL,319,42,'craft\\elements\\Entry',1,0,'2025-06-30 14:36:11','2025-06-30 14:36:12',NULL,NULL,NULL,'89f2c56b-bf84-416f-a413-a729e4849795'),(769,NULL,NULL,NULL,102,'craft\\elements\\Entry',1,0,'2025-06-30 14:59:33','2025-07-01 11:05:17',NULL,NULL,NULL,'f5019854-0fff-4420-b039-9ca996b5d3bc'),(770,NULL,NULL,NULL,3,'craft\\elements\\Asset',1,0,'2025-06-30 15:10:33','2025-06-30 15:10:33',NULL,NULL,NULL,'a551ad9f-97fc-46d6-93c9-551d38f5e2ed'),(771,NULL,NULL,NULL,3,'craft\\elements\\Asset',1,0,'2025-06-30 15:10:34','2025-06-30 15:10:34',NULL,NULL,NULL,'a48c6062-aa9e-493b-994b-ef8909baece2'),(772,NULL,NULL,NULL,3,'craft\\elements\\Asset',1,0,'2025-06-30 15:11:04','2025-07-01 11:24:18',NULL,'2025-07-01 11:24:18',NULL,'22c9349c-c475-481e-86c2-3e8d79d0bdab'),(773,769,NULL,320,102,'craft\\elements\\Entry',1,0,'2025-06-30 15:11:07','2025-06-30 15:11:07',NULL,NULL,NULL,'cec5fc26-72e7-4dc7-ba06-f8ef8e4ef66b'),(774,NULL,NULL,NULL,102,'craft\\elements\\Entry',1,0,'2025-06-30 15:11:11','2025-07-01 11:07:11',NULL,NULL,NULL,'83cb26c1-d5d1-487e-9096-6c67cc916b90'),(775,774,NULL,321,102,'craft\\elements\\Entry',1,0,'2025-06-30 15:25:00','2025-06-30 15:25:00',NULL,NULL,NULL,'419b0255-ec05-46ca-859e-2ecedd1724a2'),(776,NULL,NULL,NULL,3,'craft\\elements\\Asset',1,0,'2025-06-30 16:22:24','2025-07-01 11:24:18',NULL,'2025-07-01 11:24:18',NULL,'151e8db4-ceb2-406a-94d4-4998eb810584'),(778,774,NULL,322,102,'craft\\elements\\Entry',1,0,'2025-06-30 16:22:27','2025-06-30 16:22:27',NULL,NULL,NULL,'8d630141-b354-44a7-804a-85145b18620c'),(779,NULL,NULL,NULL,103,'craft\\elements\\Entry',1,0,'2025-06-30 16:34:31','2025-06-30 16:44:18',NULL,NULL,NULL,'ad53bbe9-c066-4d2e-bb36-359c83f1d899'),(780,NULL,NULL,NULL,3,'craft\\elements\\Asset',1,0,'2025-06-30 16:34:55','2025-06-30 16:34:55',NULL,NULL,NULL,'59361c32-1554-4b1b-a92a-2415777e4314'),(781,779,NULL,323,103,'craft\\elements\\Entry',1,0,'2025-06-30 16:35:40','2025-06-30 16:35:40',NULL,NULL,NULL,'3086e423-7a87-4b4d-842d-527fdecaa635'),(782,779,NULL,324,103,'craft\\elements\\Entry',1,0,'2025-06-30 16:35:53','2025-06-30 16:35:53',NULL,NULL,NULL,'6ccf7d01-613e-4331-9bfb-223b251cc213'),(783,NULL,NULL,NULL,103,'craft\\elements\\Entry',1,0,'2025-06-30 16:35:53','2025-06-30 16:37:14',NULL,NULL,NULL,'b6f15e40-9036-4949-a256-2cbf932aba42'),(784,NULL,NULL,NULL,3,'craft\\elements\\Asset',1,0,'2025-06-30 16:36:18','2025-06-30 16:36:18',NULL,NULL,NULL,'5c7470e0-7df3-4d8d-bdc1-f0c191f2cbe8'),(785,NULL,NULL,NULL,3,'craft\\elements\\Asset',1,0,'2025-06-30 16:36:29','2025-06-30 16:36:29',NULL,NULL,NULL,'75e03de8-fd62-4f45-8174-b5aa93085569'),(786,783,NULL,325,103,'craft\\elements\\Entry',1,0,'2025-06-30 16:37:14','2025-06-30 16:37:14',NULL,NULL,NULL,'becf76a7-325b-41e3-8884-b03cff8def5a'),(787,NULL,NULL,NULL,103,'craft\\elements\\Entry',1,0,'2025-06-30 16:37:14','2025-06-30 16:37:43',NULL,NULL,NULL,'28f7d2c6-8186-42ca-9636-6ac4a1c46b16'),(788,787,NULL,326,103,'craft\\elements\\Entry',1,0,'2025-06-30 16:37:30','2025-06-30 16:37:30',NULL,NULL,NULL,'6d358929-773c-44e3-afc3-929ed1de5a29'),(789,787,NULL,327,103,'craft\\elements\\Entry',1,0,'2025-06-30 16:37:43','2025-06-30 16:37:43',NULL,NULL,NULL,'d038d025-8782-4ee5-bcbc-274714f59164'),(790,NULL,NULL,NULL,103,'craft\\elements\\Entry',1,0,'2025-06-30 16:37:43','2025-06-30 16:40:10',NULL,NULL,NULL,'5005d0e6-a875-48ed-b073-9974ddcb7421'),(791,NULL,NULL,NULL,3,'craft\\elements\\Asset',1,0,'2025-06-30 16:38:54','2025-06-30 16:38:54',NULL,NULL,NULL,'8a7023d8-186c-46d9-be85-4440cab1dbed'),(792,790,NULL,328,103,'craft\\elements\\Entry',1,0,'2025-06-30 16:40:10','2025-06-30 16:40:10',NULL,NULL,NULL,'d0748130-360e-4993-a4fb-f8d8adbbeaf5'),(793,NULL,NULL,NULL,103,'craft\\elements\\Entry',1,0,'2025-06-30 16:40:10','2025-06-30 16:40:43',NULL,NULL,NULL,'2dc109a6-adf5-467d-a6db-441289ff138e'),(794,NULL,NULL,NULL,3,'craft\\elements\\Asset',1,0,'2025-06-30 16:40:30','2025-06-30 16:40:30',NULL,NULL,NULL,'824c4831-d294-47a1-b67a-a875bd58e160'),(795,793,NULL,329,103,'craft\\elements\\Entry',1,0,'2025-06-30 16:40:43','2025-06-30 16:40:43',NULL,NULL,NULL,'06fd1a05-eaad-4d72-9484-9d5c445cdf81'),(796,NULL,NULL,NULL,103,'craft\\elements\\Entry',1,0,'2025-06-30 16:40:43','2025-06-30 16:43:17',NULL,NULL,NULL,'db344fd2-18cf-4394-9acc-cc33caab3f1c'),(797,NULL,NULL,NULL,3,'craft\\elements\\Asset',1,0,'2025-06-30 16:41:04','2025-06-30 16:41:24',NULL,'2025-06-30 16:41:24',NULL,'0236c772-6912-4d92-9928-a8ed54fa9834'),(798,796,NULL,330,103,'craft\\elements\\Entry',1,0,'2025-06-30 16:41:56','2025-06-30 16:41:56',NULL,NULL,NULL,'275aa282-337a-4c0c-b15c-81bae5c7de3f'),(799,796,NULL,331,103,'craft\\elements\\Entry',1,0,'2025-06-30 16:43:17','2025-06-30 16:43:18',NULL,NULL,NULL,'f92e26f2-88d2-4f3f-bd36-d8238d340cc8'),(800,NULL,NULL,NULL,103,'craft\\elements\\Entry',1,0,'2025-06-30 16:43:18','2025-07-01 11:44:56',NULL,NULL,NULL,'6c853e31-b3a3-4c36-9e5c-6009231ca27a'),(801,779,NULL,332,103,'craft\\elements\\Entry',1,0,'2025-06-30 16:44:18','2025-06-30 16:44:18',NULL,NULL,NULL,'11489fff-a6ea-48db-9a58-17da38af1e12'),(803,NULL,NULL,NULL,3,'craft\\elements\\Asset',1,0,'2025-07-01 10:50:53','2025-07-01 10:50:53',NULL,NULL,NULL,'47b05ee5-2984-452b-b300-838d4494cec4'),(804,769,NULL,333,102,'craft\\elements\\Entry',1,0,'2025-07-01 10:53:34','2025-07-01 10:53:34',NULL,NULL,NULL,'a312a507-f1ff-40be-9020-0f8b5a854d59'),(805,NULL,NULL,NULL,3,'craft\\elements\\Asset',1,0,'2025-07-01 10:55:04','2025-07-01 10:55:04',NULL,NULL,NULL,'8a74bbd4-66f8-4dec-b034-4183cebf597a'),(807,769,NULL,334,102,'craft\\elements\\Entry',1,0,'2025-07-01 10:55:09','2025-07-01 10:55:09',NULL,NULL,NULL,'90ad6f31-71c3-49e0-a6b6-c0bfdfe067ba'),(809,NULL,NULL,NULL,3,'craft\\elements\\Asset',1,0,'2025-07-01 10:55:29','2025-07-01 10:55:29',NULL,NULL,NULL,'44d1ded1-f7d6-4368-8f80-3fdf15206a8b'),(810,774,NULL,335,102,'craft\\elements\\Entry',1,0,'2025-07-01 10:56:22','2025-07-01 10:56:22',NULL,NULL,NULL,'423a6865-5ec4-4da7-aac6-67721d94fa6a'),(811,NULL,NULL,NULL,102,'craft\\elements\\Entry',1,0,'2025-07-01 10:59:29','2025-07-01 11:03:45',NULL,NULL,NULL,'13727af0-1bcc-4b3b-97aa-1efd5bc384df'),(812,NULL,NULL,NULL,3,'craft\\elements\\Asset',1,0,'2025-07-01 10:59:46','2025-07-01 10:59:46',NULL,NULL,NULL,'f29beff1-38bc-4baf-a8c3-172ddb2315e5'),(813,NULL,NULL,NULL,3,'craft\\elements\\Asset',1,0,'2025-07-01 11:02:30','2025-07-01 11:02:30',NULL,NULL,NULL,'5d402453-1932-4b8e-86f8-5e0885134079'),(814,811,NULL,336,102,'craft\\elements\\Entry',1,0,'2025-07-01 11:03:45','2025-07-01 11:03:45',NULL,NULL,NULL,'b41ee29b-120d-476e-95a1-41cc61e74a91'),(815,NULL,NULL,NULL,102,'craft\\elements\\Entry',1,0,'2025-07-01 11:03:48','2025-07-01 11:05:06',NULL,NULL,NULL,'436c7040-19aa-48a6-91b2-0abd0574472d'),(816,NULL,NULL,NULL,3,'craft\\elements\\Asset',1,0,'2025-07-01 11:04:07','2025-07-01 11:04:07',NULL,NULL,NULL,'5f742190-345b-4d5a-9de5-266ac22445b9'),(817,NULL,NULL,NULL,3,'craft\\elements\\Asset',1,0,'2025-07-01 11:04:46','2025-07-01 11:04:46',NULL,NULL,NULL,'818c3c2c-dba2-4369-93e2-4e0426a96f18'),(818,815,NULL,337,102,'craft\\elements\\Entry',1,0,'2025-07-01 11:04:52','2025-07-01 11:04:52',NULL,NULL,NULL,'741a1fd1-d902-4849-ba70-b7596f49f1fd'),(820,815,NULL,338,102,'craft\\elements\\Entry',1,0,'2025-07-01 11:05:06','2025-07-01 11:05:06',NULL,NULL,NULL,'22e1da1a-2d7e-4f92-9f22-a8f88f823da5'),(822,769,NULL,339,102,'craft\\elements\\Entry',1,0,'2025-07-01 11:05:17','2025-07-01 11:05:17',NULL,NULL,NULL,'2e6880d7-6c8e-4ea5-9d86-c8ace3e97793'),(823,NULL,NULL,NULL,102,'craft\\elements\\Entry',1,0,'2025-07-01 11:05:21','2025-07-01 11:36:34',NULL,NULL,NULL,'30b9c327-4110-49a4-82e9-f3c5975de9aa'),(824,NULL,NULL,NULL,3,'craft\\elements\\Asset',1,0,'2025-07-01 11:05:39','2025-07-01 11:05:39',NULL,NULL,NULL,'a472687c-0b04-4673-98fa-f79a7b7b9c3b'),(825,NULL,NULL,NULL,3,'craft\\elements\\Asset',1,0,'2025-07-01 11:06:33','2025-07-01 11:06:33',NULL,NULL,NULL,'fd98c441-3ac0-40af-a2e5-9863b463c43a'),(826,823,NULL,340,102,'craft\\elements\\Entry',1,0,'2025-07-01 11:07:01','2025-07-01 11:07:01',NULL,NULL,NULL,'ea59e27f-d04e-4814-9004-b3239215958e'),(828,774,NULL,341,102,'craft\\elements\\Entry',1,0,'2025-07-01 11:07:11','2025-07-01 11:07:11',NULL,NULL,NULL,'f3a22972-39e0-43dc-ae45-d975b4e23427'),(830,NULL,NULL,NULL,3,'craft\\elements\\Asset',1,0,'2025-07-01 11:25:50','2025-07-01 11:25:50',NULL,NULL,NULL,'3f280bef-73ea-45ce-acf3-07eff1aabd29'),(831,823,NULL,342,102,'craft\\elements\\Entry',1,0,'2025-07-01 11:36:34','2025-07-01 11:36:34',NULL,NULL,NULL,'4cc498fe-ca94-45f7-b29f-85efbdbd1331'),(832,NULL,NULL,NULL,102,'craft\\elements\\Entry',1,0,'2025-07-01 11:36:59','2025-07-01 11:44:10',NULL,NULL,NULL,'662f90b2-230e-4169-bac4-73b2caafa9c5'),(833,NULL,NULL,NULL,3,'craft\\elements\\Asset',1,0,'2025-07-01 11:37:11','2025-07-01 11:37:11',NULL,NULL,NULL,'6c732372-5e82-411c-bc15-01367d7e8c8b'),(834,NULL,NULL,NULL,3,'craft\\elements\\Asset',1,0,'2025-07-01 11:39:10','2025-07-01 11:39:10',NULL,NULL,NULL,'ac36b396-94d7-4c9a-9510-7516f9f0494c'),(835,832,NULL,343,102,'craft\\elements\\Entry',1,0,'2025-07-01 11:44:10','2025-07-01 11:44:10',NULL,NULL,NULL,'0f1709c8-c6c2-4bd5-bebf-e78841ba2efa'),(836,NULL,NULL,NULL,103,'craft\\elements\\Entry',1,0,'2025-07-01 11:44:34','2025-07-01 11:45:19',NULL,NULL,NULL,'f5404670-5d6f-49a9-9455-248a61bd7139'),(837,800,NULL,344,103,'craft\\elements\\Entry',1,0,'2025-07-01 11:44:56','2025-07-01 11:44:56',NULL,NULL,NULL,'603f58c1-4979-4a6c-aefb-0a5590a71161'),(838,836,NULL,345,103,'craft\\elements\\Entry',1,0,'2025-07-01 11:45:19','2025-07-01 11:45:19',NULL,NULL,NULL,'c354e1ad-f32c-4570-a92f-b2d56b40babc'),(839,NULL,NULL,NULL,NULL,'Solspace\\Freeform\\Elements\\Submission',1,0,'2025-07-01 11:49:07','2025-07-02 11:09:55',NULL,'2025-07-02 11:09:55',NULL,'50b227b9-0c7a-48fd-91af-496eac6bf628'),(840,NULL,NULL,NULL,NULL,'Solspace\\Freeform\\Elements\\Submission',1,0,'2025-07-01 11:54:59','2025-07-02 11:09:55',NULL,'2025-07-02 11:09:55',NULL,'cea7271a-e6ba-4508-9d0e-39218ca34c59'),(841,216,NULL,346,98,'craft\\elements\\Entry',1,0,'2025-07-01 13:17:58','2025-07-01 13:17:58',NULL,NULL,NULL,'935f11d2-c861-4253-b412-eb254582d116'),(842,171,NULL,347,40,'craft\\elements\\Entry',1,0,'2025-07-01 13:18:01','2025-07-01 13:18:01',NULL,NULL,NULL,'2a57bf52-e020-455e-9d0d-23e3383e5668'),(843,NULL,NULL,NULL,3,'craft\\elements\\Asset',1,0,'2025-07-01 13:37:56','2025-07-02 11:09:55',NULL,'2025-07-02 11:09:55',NULL,'78c6985f-9855-4911-891f-04faa934cf40'),(844,NULL,NULL,NULL,NULL,'Solspace\\Freeform\\Elements\\Submission',1,0,'2025-07-01 13:37:57','2025-07-02 11:09:55',NULL,'2025-07-02 11:09:55',NULL,'3746092c-271c-4fc2-b15f-d4dd13baabad'),(846,121,NULL,348,35,'craft\\elements\\Entry',1,0,'2025-07-01 16:59:24','2025-07-01 16:59:24',NULL,NULL,NULL,'5dbcfa7c-2eba-4aef-a626-9dcc0dd62aa9'),(848,121,NULL,349,35,'craft\\elements\\Entry',1,0,'2025-07-01 17:02:04','2025-07-01 17:02:04',NULL,NULL,NULL,'026f8f3a-84a3-410a-b6f8-e538040aee1d'),(849,NULL,269,NULL,28,'craft\\elements\\Entry',1,0,'2025-07-01 17:03:01','2025-07-01 17:03:01',NULL,NULL,NULL,'a1bc105c-8d3b-4e9d-8890-4ff146538a7e'),(850,NULL,NULL,NULL,28,'craft\\elements\\Entry',1,0,'2025-07-01 17:03:06','2025-07-01 17:03:27',NULL,NULL,NULL,'a3c253f2-94c6-4118-b496-64d0fce334d8'),(851,NULL,NULL,NULL,3,'craft\\elements\\Asset',1,0,'2025-07-01 17:06:16','2025-07-01 17:06:16',NULL,NULL,NULL,'225df94c-f527-4344-af41-42697c3470b6'),(852,NULL,NULL,NULL,28,'craft\\elements\\Entry',1,0,'2025-07-01 17:06:19','2025-07-01 17:06:58',NULL,NULL,NULL,'cd9470ba-d05b-43ec-b8fc-672c2e2711bd'),(860,NULL,NULL,NULL,3,'craft\\elements\\Asset',1,0,'2025-07-02 09:43:04','2025-07-02 09:43:08',NULL,'2025-07-02 09:43:08',NULL,'09d12205-10a2-48ed-9a49-13447ad8c0ad'),(861,NULL,NULL,NULL,3,'craft\\elements\\Asset',1,0,'2025-07-02 09:43:05','2025-07-02 09:43:08',NULL,'2025-07-02 09:43:08',NULL,'4afa3d0c-00fa-4705-9799-ed597c33e803'),(862,165,NULL,350,38,'craft\\elements\\Entry',1,0,'2025-07-02 09:43:22','2025-07-02 09:43:23',NULL,NULL,NULL,'500d87bb-98fb-4a80-9f45-cb332d432707'),(863,348,NULL,351,46,'craft\\elements\\Entry',1,0,'2025-07-02 09:43:22','2025-07-02 09:43:23',NULL,NULL,NULL,'17f3fbbd-99ee-4d53-be12-c1fb53ebe3a2'),(864,NULL,NULL,NULL,NULL,'Solspace\\Freeform\\Elements\\Submission',1,0,'2025-07-02 10:18:23','2025-07-02 11:09:55',NULL,'2025-07-02 11:09:55',NULL,'263e820e-ba9e-4908-ad1d-349373459412'),(866,721,NULL,352,42,'craft\\elements\\Entry',1,0,'2025-07-02 10:44:47','2025-07-02 10:44:47',NULL,NULL,NULL,'ab0e7167-fb04-44ce-b525-cace5cf3436b'),(867,726,NULL,353,42,'craft\\elements\\Entry',1,0,'2025-07-02 10:44:48','2025-07-02 10:44:48',NULL,NULL,NULL,'9426cd54-06ce-48e9-9463-c27cc56ea235'),(868,NULL,NULL,NULL,42,'craft\\elements\\Entry',1,0,'2025-07-02 10:44:50','2025-07-02 10:47:40',NULL,NULL,NULL,'5d5c58fd-0e27-4023-b409-066846ba6526'),(869,NULL,NULL,NULL,3,'craft\\elements\\Asset',1,0,'2025-07-02 10:45:51','2025-07-02 10:45:51',NULL,NULL,NULL,'96c9854c-63b2-4bd4-8335-fc417f2c6b39'),(870,868,NULL,354,42,'craft\\elements\\Entry',1,0,'2025-07-02 10:46:14','2025-07-02 10:46:14',NULL,NULL,NULL,'e0acd14d-ad06-43db-a9de-96fd1e9611ac'),(871,NULL,NULL,NULL,42,'craft\\elements\\Entry',1,0,'2025-07-02 10:46:16','2025-07-02 10:47:30',NULL,NULL,NULL,'fa199d09-20e9-401f-843c-a8a4f7b56bac'),(872,NULL,NULL,NULL,3,'craft\\elements\\Asset',1,0,'2025-07-02 10:47:03','2025-07-02 10:47:03',NULL,NULL,NULL,'1f390d18-c127-4ade-a15a-8b70f1caade7'),(873,871,NULL,355,42,'craft\\elements\\Entry',1,0,'2025-07-02 10:47:30','2025-07-02 10:47:30',NULL,NULL,NULL,'9d784cb9-4951-4151-8b7a-f1d416cfdde8'),(875,868,NULL,356,42,'craft\\elements\\Entry',1,0,'2025-07-02 10:47:40','2025-07-02 10:47:40',NULL,NULL,NULL,'e6a76f5b-9cee-4108-a420-bc3b93f4ce3d'),(876,NULL,NULL,NULL,42,'craft\\elements\\Entry',1,0,'2025-07-02 10:48:14','2025-07-02 10:49:06',NULL,NULL,NULL,'d610173f-4899-41ca-9d94-c6a1e1be1f0f'),(877,NULL,NULL,NULL,3,'craft\\elements\\Asset',1,0,'2025-07-02 10:48:52','2025-07-02 10:48:52',NULL,NULL,NULL,'aed58c79-e09a-4aa5-aa78-1f4dc5014d97'),(878,876,NULL,357,42,'craft\\elements\\Entry',1,0,'2025-07-02 10:49:06','2025-07-02 10:49:06',NULL,NULL,NULL,'1109f959-ab4b-4137-adbd-b517daeb7338'),(879,NULL,NULL,NULL,42,'craft\\elements\\Entry',1,0,'2025-07-02 10:49:07','2025-07-02 10:50:22',NULL,NULL,NULL,'e974d910-48be-4407-8f38-c3ecf75c395a'),(880,NULL,NULL,NULL,3,'craft\\elements\\Asset',1,0,'2025-07-02 10:50:08','2025-07-02 10:50:08',NULL,NULL,NULL,'3887f7b0-48ac-4235-9407-46f4afad8a90'),(881,879,NULL,358,42,'craft\\elements\\Entry',1,0,'2025-07-02 10:50:22','2025-07-02 10:50:22',NULL,NULL,NULL,'4df31342-d3b8-4144-b291-a5b65bfa13b5'),(882,NULL,NULL,NULL,42,'craft\\elements\\Entry',1,0,'2025-07-02 10:50:31','2025-07-02 10:51:04',NULL,NULL,NULL,'c8f85ee8-89f6-45f3-9e1c-617d3961f32a'),(883,NULL,NULL,NULL,3,'craft\\elements\\Asset',1,0,'2025-07-02 10:50:51','2025-07-02 10:50:51',NULL,NULL,NULL,'37e32a6a-26f5-49ec-bec7-8d02d8d78bac'),(884,882,NULL,359,42,'craft\\elements\\Entry',1,0,'2025-07-02 10:51:04','2025-07-02 10:51:04',NULL,NULL,NULL,'108ce8d6-bee2-4f70-9e3a-3fcf19cf89d8'),(885,NULL,NULL,NULL,42,'craft\\elements\\Entry',1,0,'2025-07-02 10:51:10','2025-07-02 10:52:09',NULL,NULL,NULL,'99d612e5-a2ca-4819-b066-81cdae110710'),(886,NULL,NULL,NULL,3,'craft\\elements\\Asset',1,0,'2025-07-02 10:51:45','2025-07-02 10:51:45',NULL,NULL,NULL,'1eb5ac5f-6338-4ab9-8178-1d4ab3b0c50d'),(887,885,NULL,360,42,'craft\\elements\\Entry',1,0,'2025-07-02 10:52:09','2025-07-02 10:52:09',NULL,NULL,NULL,'8e7253b4-ba80-4850-9f1f-44ce7edfdb08'),(888,NULL,NULL,NULL,42,'craft\\elements\\Entry',1,0,'2025-07-02 10:52:11','2025-07-02 10:53:05',NULL,NULL,NULL,'eb500e51-c61d-41b3-b626-1ca7259af5c7'),(889,NULL,NULL,NULL,3,'craft\\elements\\Asset',1,0,'2025-07-02 10:52:47','2025-07-02 10:52:47',NULL,NULL,NULL,'552ccae9-758d-4c70-8d6e-8a7fd1fe23f0'),(890,888,NULL,361,42,'craft\\elements\\Entry',1,0,'2025-07-02 10:53:05','2025-07-02 10:53:05',NULL,NULL,NULL,'5a40a6f3-6443-4871-8eed-8b4f1fe4c739'),(891,NULL,NULL,NULL,42,'craft\\elements\\Entry',1,0,'2025-07-02 10:53:06','2025-07-02 10:54:09',NULL,NULL,NULL,'317dc250-3897-4ae3-a9e7-aa4e5d406ba6'),(892,NULL,NULL,NULL,3,'craft\\elements\\Asset',1,0,'2025-07-02 10:53:46','2025-07-02 10:53:46',NULL,NULL,NULL,'81f4f785-b9fb-4b77-bc95-1734532959b6'),(893,891,NULL,362,42,'craft\\elements\\Entry',1,0,'2025-07-02 10:54:09','2025-07-02 10:54:09',NULL,NULL,NULL,'fdae7012-ef91-4da1-b630-571a7f39e24a'),(894,NULL,NULL,NULL,42,'craft\\elements\\Entry',1,0,'2025-07-02 10:54:11','2025-07-02 10:54:45',NULL,NULL,NULL,'a5e844e6-d156-4d52-9c07-27ce34df47ef'),(895,NULL,NULL,NULL,3,'craft\\elements\\Asset',1,0,'2025-07-02 10:54:32','2025-07-02 10:54:32',NULL,NULL,NULL,'57096ced-4e06-4db6-b53c-56901c5b3dd2'),(896,894,NULL,363,42,'craft\\elements\\Entry',1,0,'2025-07-02 10:54:45','2025-07-02 10:54:45',NULL,NULL,NULL,'9b998bba-e026-4346-a2c0-8446a44db31d'),(897,NULL,NULL,NULL,42,'craft\\elements\\Entry',1,0,'2025-07-02 10:54:46','2025-07-02 10:55:21',NULL,NULL,NULL,'376d306d-a362-47ce-a466-8fcc7a4d5526'),(898,NULL,NULL,NULL,3,'craft\\elements\\Asset',1,0,'2025-07-02 10:55:09','2025-07-02 10:55:09',NULL,NULL,NULL,'834cb2ea-afa4-4383-a3ba-33426737df39'),(899,897,NULL,364,42,'craft\\elements\\Entry',1,0,'2025-07-02 10:55:21','2025-07-02 10:55:21',NULL,NULL,NULL,'5efdce10-6670-47bb-9148-4a65975ee66c'),(901,NULL,NULL,NULL,3,'craft\\elements\\Asset',1,0,'2025-07-02 10:57:57','2025-07-02 10:57:57',NULL,NULL,NULL,'3cc66ae4-0d9b-463d-8b0c-01a18c1684f9'),(902,736,NULL,365,103,'craft\\elements\\Entry',1,0,'2025-07-02 10:58:12','2025-07-02 10:58:12',NULL,NULL,NULL,'a700f04f-a053-4820-8011-a0278a4ce9e7'),(903,NULL,NULL,NULL,103,'craft\\elements\\Entry',1,0,'2025-07-02 10:58:12','2025-07-02 10:59:00',NULL,NULL,NULL,'d55ac80c-b857-40c3-9476-f0b3e414f5ae'),(904,NULL,NULL,NULL,3,'craft\\elements\\Asset',1,0,'2025-07-02 10:58:48','2025-07-02 10:58:48',NULL,NULL,NULL,'b24ea87d-b42c-41e3-ace2-90859f4888f2'),(905,903,NULL,366,103,'craft\\elements\\Entry',1,0,'2025-07-02 10:59:00','2025-07-02 10:59:00',NULL,NULL,NULL,'46fbadc4-6914-4a2b-bac8-a1073a691354'),(906,NULL,NULL,NULL,NULL,'Solspace\\Freeform\\Elements\\Submission',1,0,'2025-07-02 11:03:45','2025-07-02 11:09:55',NULL,'2025-07-02 11:09:55',NULL,'a698ade8-cb48-4333-945d-1c89cc64786f'),(907,NULL,NULL,NULL,NULL,'Solspace\\Freeform\\Elements\\Submission',1,0,'2025-07-02 11:07:29','2025-07-02 11:09:55',NULL,'2025-07-02 11:09:55',NULL,'7d435294-65d5-4fec-85c1-1761d923e85d'),(908,NULL,NULL,NULL,NULL,'Solspace\\Freeform\\Elements\\Submission',1,0,'2025-07-02 11:08:13','2025-07-02 11:09:55',NULL,'2025-07-02 11:09:55',NULL,'27499007-9b0c-47de-831e-ff3f4c043dd2'),(909,NULL,NULL,NULL,NULL,'Solspace\\Freeform\\Elements\\Submission',1,0,'2025-07-02 11:08:31','2025-07-02 11:09:55',NULL,'2025-07-02 11:09:55',NULL,'25084f47-3217-4ee5-9bd1-240221d67d26'),(910,NULL,NULL,NULL,NULL,'Solspace\\Freeform\\Elements\\Submission',1,0,'2025-07-02 11:09:30','2025-07-02 11:09:55',NULL,'2025-07-02 11:09:55',NULL,'362f5ca9-fd07-497c-a7b7-b954f5389ebd'),(911,NULL,NULL,NULL,NULL,'Solspace\\Freeform\\Elements\\Submission',1,0,'2025-07-02 11:14:06','2025-07-09 16:09:25',NULL,'2025-07-09 16:09:25',NULL,'f3fab1ec-199f-4a4a-be57-cd911d518ca3'),(912,NULL,NULL,NULL,NULL,'Solspace\\Freeform\\Elements\\Submission',1,0,'2025-07-08 15:57:07','2025-07-09 16:09:16',NULL,'2025-07-09 16:09:16',NULL,'c4e4dfdc-b57d-4e73-afbf-0292f95930b9'),(916,171,NULL,367,40,'craft\\elements\\Entry',1,0,'2025-07-09 14:37:14','2025-07-09 14:37:15',NULL,NULL,NULL,'dd18c53c-10d0-44ec-a0a4-7c91b921facc'),(917,495,NULL,368,52,'craft\\elements\\Entry',1,0,'2025-07-09 14:37:14','2025-07-09 14:37:15',NULL,NULL,NULL,'844cfad3-3c08-4d3f-accb-1806452e1c24'),(918,528,NULL,369,31,'craft\\elements\\Entry',1,0,'2025-07-09 14:37:14','2025-07-09 14:37:15',NULL,NULL,NULL,'22e0b12a-621c-48da-8585-80afcb742964'),(920,NULL,NULL,NULL,NULL,'Solspace\\Freeform\\Elements\\Submission',1,0,'2025-07-09 15:06:59','2025-07-09 16:09:25',NULL,'2025-07-09 16:09:25',NULL,'029c9a10-4c64-4815-9815-c7ecb4abc9f6'),(921,NULL,NULL,NULL,NULL,'Solspace\\Freeform\\Elements\\Submission',1,0,'2025-07-09 15:07:41','2025-07-09 16:09:25',NULL,'2025-07-09 16:09:25',NULL,'ff1b29ec-f99d-4721-96d3-8ade5b59ebcc'),(922,NULL,NULL,NULL,NULL,'Solspace\\Freeform\\Elements\\Submission',1,0,'2025-07-09 15:09:24','2025-07-09 16:09:25',NULL,'2025-07-09 16:09:25',NULL,'923282ff-c3f0-4cd3-8de6-795c18ce85a2'),(923,NULL,NULL,NULL,NULL,'Solspace\\Freeform\\Elements\\Submission',1,0,'2025-07-09 15:11:50','2025-07-09 16:09:25',NULL,'2025-07-09 16:09:25',NULL,'21f9fd3e-2cab-4808-8ef7-e73bc443f132'),(924,NULL,NULL,NULL,NULL,'Solspace\\Freeform\\Elements\\Submission',1,0,'2025-07-09 15:57:17','2025-07-09 16:09:25',NULL,'2025-07-09 16:09:25',NULL,'7d089b70-0e0f-4f9b-a3c4-4ac7c6d557c4'),(925,NULL,NULL,NULL,NULL,'Solspace\\Freeform\\Elements\\Submission',1,0,'2025-07-09 15:58:21','2025-07-09 16:09:25',NULL,'2025-07-09 16:09:25',NULL,'c0ef5c30-d0b2-4b2d-aa5d-1f34d0b493fc'),(926,NULL,NULL,NULL,NULL,'Solspace\\Freeform\\Elements\\Submission',1,0,'2025-07-09 15:59:59','2025-07-09 16:09:25',NULL,'2025-07-09 16:09:25',NULL,'479ca517-2b40-415e-9ec6-e000d5aa28a7'),(927,NULL,NULL,NULL,NULL,'Solspace\\Freeform\\Elements\\Submission',1,0,'2025-07-09 16:02:21','2025-07-09 16:09:26',NULL,'2025-07-09 16:09:26',NULL,'2d4c50ef-6d98-4ab1-90b4-c5b2c0ac82dc'),(928,NULL,NULL,NULL,NULL,'Solspace\\Freeform\\Elements\\Submission',1,0,'2025-07-09 16:03:46','2025-07-09 16:09:26',NULL,'2025-07-09 16:09:26',NULL,'e515d063-9c83-475a-9acb-1681bb077098'),(929,NULL,NULL,NULL,NULL,'Solspace\\Freeform\\Elements\\Submission',1,0,'2025-07-09 16:05:30','2025-07-09 16:09:26',NULL,'2025-07-09 16:09:26',NULL,'2f1df9b1-9608-48b9-a6f0-f482c0b0be4c'),(930,NULL,NULL,NULL,NULL,'Solspace\\Freeform\\Elements\\Submission',1,0,'2025-07-09 16:06:43','2025-07-09 16:09:26',NULL,'2025-07-09 16:09:26',NULL,'ee5ac1f0-5e8a-4e0b-a5c3-710d24ca6a04'),(931,NULL,NULL,NULL,NULL,'Solspace\\Freeform\\Elements\\Submission',1,0,'2025-07-09 16:06:56','2025-07-09 16:09:26',NULL,'2025-07-09 16:09:26',NULL,'95ca1a4d-2d93-493e-a66b-c0dad448ba30'),(932,NULL,NULL,NULL,3,'craft\\elements\\Asset',1,0,'2025-10-24 10:59:27','2025-10-24 10:59:27',NULL,NULL,NULL,'ae318f45-4378-499d-a9b0-4eba23bfe06e'),(933,NULL,NULL,NULL,3,'craft\\elements\\Asset',1,0,'2025-10-24 10:59:38','2025-10-24 10:59:43',NULL,'2025-10-24 10:59:43',NULL,'5cb2825f-849c-46ee-aac6-ea649c649021'),(934,NULL,NULL,NULL,3,'craft\\elements\\Asset',1,0,'2025-10-24 10:59:48','2025-10-24 10:59:48',NULL,NULL,NULL,'204c5813-3a49-4d54-8cc6-08374dc6c2ea');
commit;

--
